[INFO] fetching crate olympus-pro 1.0.0...
[INFO] testing olympus-pro-1.0.0 against 1.69.0 for beta-1.70-1
[INFO] extracting crate olympus-pro 1.0.0 into /workspace/builds/worker-4-tc1/source
[INFO] validating manifest of crates.io crate olympus-pro 1.0.0 on toolchain 1.69.0
[INFO] running `Command { std: CARGO_HOME="/workspace/cargo-home" RUSTUP_HOME="/workspace/rustup-home" "/workspace/cargo-home/bin/cargo" "+1.69.0" "metadata" "--manifest-path" "Cargo.toml" "--no-deps", kill_on_drop: false }`
[INFO] removed /workspace/builds/worker-4-tc1/source/.cargo/config
[INFO] started tweaking crates.io crate olympus-pro 1.0.0
[INFO] finished tweaking crates.io crate olympus-pro 1.0.0
[INFO] tweaked toml for crates.io crate olympus-pro 1.0.0 written to /workspace/builds/worker-4-tc1/source/Cargo.toml
[INFO] running `Command { std: CARGO_HOME="/workspace/cargo-home" RUSTUP_HOME="/workspace/rustup-home" __CARGO_TEST_CHANNEL_OVERRIDE_DO_NOT_USE_THIS="nightly" "/workspace/cargo-home/bin/cargo" "+1.69.0" "generate-lockfile" "--manifest-path" "Cargo.toml" "-Zno-index-update", kill_on_drop: false }`
[INFO] running `Command { std: CARGO_HOME="/workspace/cargo-home" RUSTUP_HOME="/workspace/rustup-home" "/workspace/cargo-home/bin/cargo" "+1.69.0" "fetch" "--manifest-path" "Cargo.toml", kill_on_drop: false }`
[INFO] [stderr]     Blocking waiting for file lock on package cache
[INFO] [stderr]  Downloading crates ...
[INFO] [stderr]   Downloaded cw20 v0.13.4
[INFO] [stderr]   Downloaded cw-utils v0.13.4
[INFO] [stderr]   Downloaded cosmwasm-crypto v1.0.1
[INFO] [stderr]   Downloaded cosmwasm-std v1.0.1
[INFO] [stderr]   Downloaded rfc6979 v0.1.0
[INFO] [stderr]   Downloaded terra-cosmwasm v2.2.0
[INFO] [stderr]   Downloaded ecdsa v0.13.4
[INFO] [stderr]   Downloaded cosmwasm-crypto v0.16.7
[INFO] [stderr]   Downloaded cw0 v0.8.1
[INFO] [stderr]   Downloaded cosmwasm-storage v0.16.7
[INFO] [stderr]   Downloaded ecdsa v0.12.4
[INFO] [stderr]   Downloaded group v0.10.0
[INFO] [stderr]   Downloaded elliptic-curve v0.10.6
[INFO] [stderr]   Downloaded ff v0.10.1
[INFO] [stderr]   Downloaded signature v1.3.2
[INFO] [stderr]   Downloaded group v0.11.0
[INFO] [stderr]   Downloaded cw20 v0.8.1
[INFO] [stderr]   Downloaded ed25519-zebra v2.2.0
[INFO] [stderr]   Downloaded k256 v0.9.6
[INFO] [stderr]   Downloaded cosmwasm-derive v0.16.7
[INFO] [stderr]   Downloaded serde-json-wasm v0.3.2
[INFO] [stderr]   Downloaded cosmwasm-std v0.16.7
[INFO] [stderr]   Downloaded ff v0.11.1
[INFO] [stderr]   Downloaded sec1 v0.2.1
[INFO] [stderr]   Downloaded k256 v0.10.4
[INFO] [stderr]   Downloaded terraswap v2.8.0
[INFO] [stderr]   Downloaded cosmwasm-storage v1.0.1
[INFO] running `Command { std: "docker" "create" "-v" "/var/lib/crater-agent-workspace/builds/worker-4-tc1/target:/opt/rustwide/target:rw,Z" "-v" "/var/lib/crater-agent-workspace/builds/worker-4-tc1/source:/opt/rustwide/workdir:ro,Z" "-v" "/var/lib/crater-agent-workspace/cargo-home:/opt/rustwide/cargo-home:ro,Z" "-v" "/var/lib/crater-agent-workspace/rustup-home:/opt/rustwide/rustup-home:ro,Z" "-e" "SOURCE_DIR=/opt/rustwide/workdir" "-e" "CARGO_TARGET_DIR=/opt/rustwide/target" "-e" "CARGO_HOME=/opt/rustwide/cargo-home" "-e" "RUSTUP_HOME=/opt/rustwide/rustup-home" "-w" "/opt/rustwide/workdir" "-m" "1610612736" "--user" "0:0" "--network" "none" "ghcr.io/rust-lang/crates-build-env/linux@sha256:5ff2268d62e97bff2cde7d5815dd6ed5b47097566f13b8d0ca110b04b60e07ed" "/opt/rustwide/cargo-home/bin/cargo" "+1.69.0" "metadata" "--no-deps" "--format-version=1", kill_on_drop: false }`
[INFO] [stdout] 725d11686e0542f2a4351cc7422b709063deb33182c2568d2aa3fb6022423cdd
[INFO] running `Command { std: "docker" "start" "-a" "725d11686e0542f2a4351cc7422b709063deb33182c2568d2aa3fb6022423cdd", kill_on_drop: false }`
[INFO] running `Command { std: "docker" "inspect" "725d11686e0542f2a4351cc7422b709063deb33182c2568d2aa3fb6022423cdd", kill_on_drop: false }`
[INFO] running `Command { std: "docker" "rm" "-f" "725d11686e0542f2a4351cc7422b709063deb33182c2568d2aa3fb6022423cdd", kill_on_drop: false }`
[INFO] [stdout] 725d11686e0542f2a4351cc7422b709063deb33182c2568d2aa3fb6022423cdd
[INFO] running `Command { std: "docker" "create" "-v" "/var/lib/crater-agent-workspace/builds/worker-4-tc1/target:/opt/rustwide/target:rw,Z" "-v" "/var/lib/crater-agent-workspace/builds/worker-4-tc1/source:/opt/rustwide/workdir:ro,Z" "-v" "/var/lib/crater-agent-workspace/cargo-home:/opt/rustwide/cargo-home:ro,Z" "-v" "/var/lib/crater-agent-workspace/rustup-home:/opt/rustwide/rustup-home:ro,Z" "-e" "SOURCE_DIR=/opt/rustwide/workdir" "-e" "CARGO_TARGET_DIR=/opt/rustwide/target" "-e" "CARGO_INCREMENTAL=0" "-e" "RUST_BACKTRACE=full" "-e" "RUSTFLAGS=--cap-lints=warn" "-e" "RUSTDOCFLAGS=--cap-lints=warn" "-e" "CARGO_HOME=/opt/rustwide/cargo-home" "-e" "RUSTUP_HOME=/opt/rustwide/rustup-home" "-w" "/opt/rustwide/workdir" "-m" "1610612736" "--user" "0:0" "--network" "none" "ghcr.io/rust-lang/crates-build-env/linux@sha256:5ff2268d62e97bff2cde7d5815dd6ed5b47097566f13b8d0ca110b04b60e07ed" "/opt/rustwide/cargo-home/bin/cargo" "+1.69.0" "build" "--frozen" "--message-format=json", kill_on_drop: false }`
[INFO] [stdout] ee05d8e276dfebf4313dae62704a2d537189903dff542d1a03d5bdcc591b724c
[INFO] running `Command { std: "docker" "start" "-a" "ee05d8e276dfebf4313dae62704a2d537189903dff542d1a03d5bdcc591b724c", kill_on_drop: false }`
[INFO] [stderr]     Blocking waiting for file lock on package cache
[INFO] [stderr]    Compiling version_check v0.9.4
[INFO] [stderr]    Compiling typenum v1.16.0
[INFO] [stderr]    Compiling subtle v2.4.1
[INFO] [stderr]    Compiling zeroize v1.4.3
[INFO] [stderr]    Compiling serde_derive v1.0.160
[INFO] [stderr]    Compiling serde v1.0.160
[INFO] [stderr]    Compiling getrandom v0.1.16
[INFO] [stderr]    Compiling opaque-debug v0.3.0
[INFO] [stderr]    Compiling syn v1.0.109
[INFO] [stderr]    Compiling cpufeatures v0.2.7
[INFO] [stderr]    Compiling byteorder v1.4.3
[INFO] [stderr]    Compiling thiserror v1.0.40
[INFO] [stderr]    Compiling hex v0.4.3
[INFO] [stderr]    Compiling const-oid v0.7.1
[INFO] [stderr]    Compiling getrandom v0.2.9
[INFO] [stderr]    Compiling syn v2.0.15
[INFO] [stderr]    Compiling serde_json v1.0.96
[INFO] [stderr]    Compiling crunchy v0.2.2
[INFO] [stderr]    Compiling der v0.5.1
[INFO] [stderr]    Compiling rand_core v0.6.4
[INFO] [stderr]    Compiling base64ct v1.6.0
[INFO] [stderr]    Compiling ryu v1.0.13
[INFO] [stderr]    Compiling const-oid v0.6.2
[INFO] [stderr]    Compiling itoa v1.0.6
[INFO] [stderr]    Compiling generic-array v0.14.7
[INFO] [stderr]    Compiling schemars v0.8.12
[INFO] [stderr]    Compiling dyn-clone v1.0.11
[INFO] [stderr]    Compiling der v0.4.5
[INFO] [stderr]    Compiling static_assertions v1.1.0
[INFO] [stderr]    Compiling rand_core v0.5.1
[INFO] [stderr]    Compiling ff v0.11.1
[INFO] [stderr]    Compiling ff v0.10.1
[INFO] [stderr]    Compiling ahash v0.7.6
[INFO] [stderr]    Compiling forward_ref v1.0.0
[INFO] [stderr]    Compiling base64 v0.13.1
[INFO] [stderr]    Compiling uint v0.9.5
[INFO] [stderr]    Compiling once_cell v1.17.1
[INFO] [stderr]    Compiling group v0.11.0
[INFO] [stderr]    Compiling base16ct v0.1.1
[INFO] [stderr]    Compiling group v0.10.0
[INFO] [stderr]    Compiling protobuf v2.28.0
[INFO] [stderr]    Compiling bytes v1.4.0
[INFO] [stderr]    Compiling spki v0.5.4
[INFO] [stderr]    Compiling pkcs8 v0.8.0
[INFO] [stderr]    Compiling spki v0.4.1
[INFO] [stderr]    Compiling pkcs8 v0.7.6
[INFO] [stderr]    Compiling hashbrown v0.12.3
[INFO] [stderr]    Compiling thiserror-impl v1.0.40
[INFO] [stderr]    Compiling digest v0.9.0
[INFO] [stderr]    Compiling crypto-mac v0.11.1
[INFO] [stderr]    Compiling block-buffer v0.9.0
[INFO] [stderr]    Compiling crypto-bigint v0.3.2
[INFO] [stderr]    Compiling sec1 v0.2.1
[INFO] [stderr]    Compiling crypto-bigint v0.2.11
[INFO] [stderr]    Compiling signature v1.3.2
[INFO] [stderr]    Compiling curve25519-dalek v3.2.0
[INFO] [stderr]    Compiling hmac v0.11.0
[INFO] [stderr]    Compiling sha2 v0.9.9
[INFO] [stderr]    Compiling elliptic-curve v0.10.6
[INFO] [stderr]    Compiling rfc6979 v0.1.0
[INFO] [stderr]    Compiling elliptic-curve v0.11.12
[INFO] [stderr]    Compiling ecdsa v0.12.4
[INFO] [stderr]    Compiling ecdsa v0.13.4
[INFO] [stderr]    Compiling k256 v0.9.6
[INFO] [stderr]    Compiling k256 v0.10.4
[INFO] [stderr]    Compiling serde_derive_internals v0.26.0
[INFO] [stderr]    Compiling cosmwasm-derive v0.16.7
[INFO] [stderr]    Compiling cosmwasm-derive v1.2.4
[INFO] [stderr]    Compiling schemars_derive v0.8.12
[INFO] [stderr]    Compiling ed25519-zebra v3.1.0
[INFO] [stderr]    Compiling ed25519-zebra v2.2.0
[INFO] [stderr]    Compiling serde-json-wasm v0.3.2
[INFO] [stderr]    Compiling serde-json-wasm v0.4.1
[INFO] [stderr]    Compiling cosmwasm-crypto v0.16.7
[INFO] [stderr]    Compiling cosmwasm-crypto v1.0.1
[INFO] [stderr]    Compiling cosmwasm-std v1.0.1
[INFO] [stderr]    Compiling cosmwasm-std v0.16.7
[INFO] [stderr]    Compiling cw0 v0.8.1
[INFO] [stderr]    Compiling cosmwasm-storage v0.16.7
[INFO] [stderr]    Compiling terra-cosmwasm v2.2.0
[INFO] [stderr]    Compiling cw20 v0.8.1
[INFO] [stderr]    Compiling cw-utils v0.13.4
[INFO] [stderr]    Compiling cosmwasm-storage v1.0.1
[INFO] [stderr]    Compiling cw20 v0.13.4
[INFO] [stderr]    Compiling terraswap v2.8.0
[INFO] [stderr]    Compiling olympus-pro v1.0.0 (/opt/rustwide/workdir)
[INFO] [stdout] error[E0308]: mismatched types
[INFO] [stdout]   --> src/utils.rs:10:9
[INFO] [stdout]    |
[INFO] [stdout] 8  | ) -> Uint128 {
[INFO] [stdout]    |      ------- expected `Uint128` because of return type
[INFO] [stdout] 9  |     if payout_decimals == principal_decimals {
[INFO] [stdout] 10 |         principal_asset.amount
[INFO] [stdout]    |         ^^^^^^^^^^^^^^^^^^^^^^ expected `Uint128`, found a different `Uint128`
[INFO] [stdout]    |
[INFO] [stdout]    = note: `Uint128` and `Uint128` have similar names, but are actually distinct types
[INFO] [stdout] note: `Uint128` is defined in crate `cosmwasm_std`
[INFO] [stdout]   --> /opt/rustwide/cargo-home/registry/src/github.com-1ecc6299db9ec823/cosmwasm-std-1.0.1/src/math/uint128.rs:35:1
[INFO] [stdout]    |
[INFO] [stdout] 35 | pub struct Uint128(#[schemars(with = "String")] u128);
[INFO] [stdout]    | ^^^^^^^^^^^^^^^^^^
[INFO] [stdout] note: `Uint128` is defined in crate `cosmwasm_std`
[INFO] [stdout]   --> /opt/rustwide/cargo-home/registry/src/github.com-1ecc6299db9ec823/cosmwasm-std-0.16.7/src/math/uint128.rs:34:1
[INFO] [stdout]    |
[INFO] [stdout] 34 | pub struct Uint128(#[schemars(with = "String")] u128);
[INFO] [stdout]    | ^^^^^^^^^^^^^^^^^^
[INFO] [stdout]    = note: perhaps two different versions of crate `cosmwasm_std` are being used?
[INFO] [stdout] 
[INFO] [stdout] 
[INFO] [stdout] error[E0277]: cannot multiply `cosmwasm_std::math::uint128::Uint128` by `Uint128`
[INFO] [stdout]   --> src/utils.rs:13:13
[INFO] [stdout]    |
[INFO] [stdout] 13 |             * Uint128::from(
[INFO] [stdout]    |             ^ no implementation for `cosmwasm_std::math::uint128::Uint128 * Uint128`
[INFO] [stdout]    |
[INFO] [stdout]    = help: the trait `std::ops::Mul<Uint128>` is not implemented for `cosmwasm_std::math::uint128::Uint128`
[INFO] [stdout]    = help: the following other types implement trait `std::ops::Mul<Rhs>`:
[INFO] [stdout]              <&'a cosmwasm_std::math::uint128::Uint128 as std::ops::Mul<cosmwasm_std::math::uint128::Uint128>>
[INFO] [stdout]              <&cosmwasm_std::math::uint128::Uint128 as std::ops::Mul<&cosmwasm_std::math::uint128::Uint128>>
[INFO] [stdout]              <cosmwasm_std::math::uint128::Uint128 as std::ops::Mul<&cosmwasm_std::math::uint128::Uint128>>
[INFO] [stdout]              <cosmwasm_std::math::uint128::Uint128 as std::ops::Mul<cosmwasm_std::math::decimal::Decimal>>
[INFO] [stdout]              <cosmwasm_std::math::uint128::Uint128 as std::ops::Mul>
[INFO] [stdout] 
[INFO] [stdout] 
[INFO] [stdout] error[E0277]: cannot multiply `cosmwasm_std::math::uint128::Uint128` by `Decimal`
[INFO] [stdout]   --> src/utils.rs:20:13
[INFO] [stdout]    |
[INFO] [stdout] 20 |             * Decimal::from_ratio(
[INFO] [stdout]    |             ^ no implementation for `cosmwasm_std::math::uint128::Uint128 * Decimal`
[INFO] [stdout]    |
[INFO] [stdout]    = help: the trait `std::ops::Mul<Decimal>` is not implemented for `cosmwasm_std::math::uint128::Uint128`
[INFO] [stdout]    = help: the following other types implement trait `std::ops::Mul<Rhs>`:
[INFO] [stdout]              <&'a cosmwasm_std::math::uint128::Uint128 as std::ops::Mul<cosmwasm_std::math::uint128::Uint128>>
[INFO] [stdout]              <&cosmwasm_std::math::uint128::Uint128 as std::ops::Mul<&cosmwasm_std::math::uint128::Uint128>>
[INFO] [stdout]              <cosmwasm_std::math::uint128::Uint128 as std::ops::Mul<&cosmwasm_std::math::uint128::Uint128>>
[INFO] [stdout]              <cosmwasm_std::math::uint128::Uint128 as std::ops::Mul<cosmwasm_std::math::decimal::Decimal>>
[INFO] [stdout]              <cosmwasm_std::math::uint128::Uint128 as std::ops::Mul>
[INFO] [stdout] 
[INFO] [stdout] 
[INFO] [stdout] error: aborting due to 3 previous errors
[INFO] [stdout] 
[INFO] [stdout] 
[INFO] [stdout] Some errors have detailed explanations: E0277, E0308.
[INFO] [stdout] 
[INFO] [stdout] For more information about an error, try `rustc --explain E0277`.
[INFO] [stdout] 
[INFO] [stderr] error: could not compile `olympus-pro` due to 4 previous errors
[INFO] running `Command { std: "docker" "inspect" "ee05d8e276dfebf4313dae62704a2d537189903dff542d1a03d5bdcc591b724c", kill_on_drop: false }`
[INFO] running `Command { std: "docker" "rm" "-f" "ee05d8e276dfebf4313dae62704a2d537189903dff542d1a03d5bdcc591b724c", kill_on_drop: false }`
[INFO] [stdout] ee05d8e276dfebf4313dae62704a2d537189903dff542d1a03d5bdcc591b724c
