[INFO] fetching crate ogc 0.6.0...
[INFO] testing ogc-0.6.0 against 1.69.0 for beta-1.70-1
[INFO] extracting crate ogc 0.6.0 into /workspace/builds/worker-0-tc1/source
[INFO] validating manifest of crates.io crate ogc 0.6.0 on toolchain 1.69.0
[INFO] running `Command { std: CARGO_HOME="/workspace/cargo-home" RUSTUP_HOME="/workspace/rustup-home" "/workspace/cargo-home/bin/cargo" "+1.69.0" "metadata" "--manifest-path" "Cargo.toml" "--no-deps", kill_on_drop: false }`
[INFO] started tweaking crates.io crate ogc 0.6.0
[INFO] finished tweaking crates.io crate ogc 0.6.0
[INFO] tweaked toml for crates.io crate ogc 0.6.0 written to /workspace/builds/worker-0-tc1/source/Cargo.toml
[INFO] running `Command { std: CARGO_HOME="/workspace/cargo-home" RUSTUP_HOME="/workspace/rustup-home" __CARGO_TEST_CHANNEL_OVERRIDE_DO_NOT_USE_THIS="nightly" "/workspace/cargo-home/bin/cargo" "+1.69.0" "generate-lockfile" "--manifest-path" "Cargo.toml" "-Zno-index-update", kill_on_drop: false }`
[INFO] running `Command { std: CARGO_HOME="/workspace/cargo-home" RUSTUP_HOME="/workspace/rustup-home" "/workspace/cargo-home/bin/cargo" "+1.69.0" "fetch" "--manifest-path" "Cargo.toml", kill_on_drop: false }`
[INFO] [stderr]  Downloading crates ...
[INFO] [stderr]   Downloaded postgres-protocol v0.5.3
[INFO] [stderr]   Downloaded serde-xml-rs v0.4.1
[INFO] [stderr]   Downloaded tokio-postgres v0.6.0
[INFO] [stderr]   Downloaded bytes v0.6.0
[INFO] [stderr]   Downloaded postgres-types v0.1.3
[INFO] [stderr]   Downloaded tokio-util v0.4.0
[INFO] [stderr]   Downloaded handlebars v3.5.5
[INFO] [stderr]   Downloaded tokio v0.3.7
[INFO] [stderr]   Downloaded postgres v0.18.1
[INFO] [stderr]   Downloaded epsg v0.4.0
[INFO] running `Command { std: "docker" "create" "-v" "/var/lib/crater-agent-workspace/builds/worker-0-tc1/target:/opt/rustwide/target:rw,Z" "-v" "/var/lib/crater-agent-workspace/builds/worker-0-tc1/source:/opt/rustwide/workdir:ro,Z" "-v" "/var/lib/crater-agent-workspace/cargo-home:/opt/rustwide/cargo-home:ro,Z" "-v" "/var/lib/crater-agent-workspace/rustup-home:/opt/rustwide/rustup-home:ro,Z" "-e" "SOURCE_DIR=/opt/rustwide/workdir" "-e" "CARGO_TARGET_DIR=/opt/rustwide/target" "-e" "CARGO_HOME=/opt/rustwide/cargo-home" "-e" "RUSTUP_HOME=/opt/rustwide/rustup-home" "-w" "/opt/rustwide/workdir" "-m" "1610612736" "--user" "0:0" "--network" "none" "ghcr.io/rust-lang/crates-build-env/linux@sha256:5ff2268d62e97bff2cde7d5815dd6ed5b47097566f13b8d0ca110b04b60e07ed" "/opt/rustwide/cargo-home/bin/cargo" "+1.69.0" "metadata" "--no-deps" "--format-version=1", kill_on_drop: false }`
[INFO] [stdout] bb44eb40bd6bbb199650f9719ad28a1f9f8b808972bed33fd45413ffefa8a4f6
[INFO] running `Command { std: "docker" "start" "-a" "bb44eb40bd6bbb199650f9719ad28a1f9f8b808972bed33fd45413ffefa8a4f6", kill_on_drop: false }`
[INFO] running `Command { std: "docker" "inspect" "bb44eb40bd6bbb199650f9719ad28a1f9f8b808972bed33fd45413ffefa8a4f6", kill_on_drop: false }`
[INFO] running `Command { std: "docker" "rm" "-f" "bb44eb40bd6bbb199650f9719ad28a1f9f8b808972bed33fd45413ffefa8a4f6", kill_on_drop: false }`
[INFO] [stdout] bb44eb40bd6bbb199650f9719ad28a1f9f8b808972bed33fd45413ffefa8a4f6
[INFO] running `Command { std: "docker" "create" "-v" "/var/lib/crater-agent-workspace/builds/worker-0-tc1/target:/opt/rustwide/target:rw,Z" "-v" "/var/lib/crater-agent-workspace/builds/worker-0-tc1/source:/opt/rustwide/workdir:ro,Z" "-v" "/var/lib/crater-agent-workspace/cargo-home:/opt/rustwide/cargo-home:ro,Z" "-v" "/var/lib/crater-agent-workspace/rustup-home:/opt/rustwide/rustup-home:ro,Z" "-e" "SOURCE_DIR=/opt/rustwide/workdir" "-e" "CARGO_TARGET_DIR=/opt/rustwide/target" "-e" "CARGO_INCREMENTAL=0" "-e" "RUST_BACKTRACE=full" "-e" "RUSTFLAGS=--cap-lints=warn" "-e" "RUSTDOCFLAGS=--cap-lints=warn" "-e" "CARGO_HOME=/opt/rustwide/cargo-home" "-e" "RUSTUP_HOME=/opt/rustwide/rustup-home" "-w" "/opt/rustwide/workdir" "-m" "1610612736" "--user" "0:0" "--network" "none" "ghcr.io/rust-lang/crates-build-env/linux@sha256:5ff2268d62e97bff2cde7d5815dd6ed5b47097566f13b8d0ca110b04b60e07ed" "/opt/rustwide/cargo-home/bin/cargo" "+1.69.0" "build" "--frozen" "--message-format=json", kill_on_drop: false }`
[INFO] [stdout] b45d34437b51a38a17f6d6b6c4e69ca46b525dcdecf8fb378fd9a05583f424a3
[INFO] running `Command { std: "docker" "start" "-a" "b45d34437b51a38a17f6d6b6c4e69ca46b525dcdecf8fb378fd9a05583f424a3", kill_on_drop: false }`
[INFO] [stderr]    Compiling libc v0.2.142
[INFO] [stderr]    Compiling autocfg v1.1.0
[INFO] [stderr]    Compiling version_check v0.9.4
[INFO] [stderr]    Compiling memchr v2.5.0
[INFO] [stderr]    Compiling futures-core v0.3.28
[INFO] [stderr]    Compiling pin-project-lite v0.2.9
[INFO] [stderr]    Compiling syn v2.0.15
[INFO] [stderr]    Compiling once_cell v1.17.1
[INFO] [stderr]    Compiling getrandom v0.1.16
[INFO] [stderr]    Compiling futures-sink v0.3.28
[INFO] [stderr]    Compiling typenum v1.16.0
[INFO] [stderr]    Compiling futures-task v0.3.28
[INFO] [stderr]    Compiling generic-array v0.14.7
[INFO] [stderr]    Compiling slab v0.4.8
[INFO] [stderr]    Compiling futures-channel v0.3.28
[INFO] [stderr]    Compiling futures-util v0.3.28
[INFO] [stderr]    Compiling proc-macro-hack v0.5.20+deprecated
[INFO] [stderr]    Compiling tinyvec_macros v0.1.1
[INFO] [stderr]    Compiling tinyvec v1.6.0
[INFO] [stderr]    Compiling ppv-lite86 v0.2.17
[INFO] [stderr]    Compiling pin-utils v0.1.0
[INFO] [stderr]    Compiling pkg-config v0.3.26
[INFO] [stderr]    Compiling cc v1.0.79
[INFO] [stderr]    Compiling futures-io v0.3.28
[INFO] [stderr]    Compiling standback v0.2.17
[INFO] [stderr]    Compiling unicode-normalization v0.1.22
[INFO] [stderr]    Compiling bytes v1.4.0
[INFO] [stderr]    Compiling rand_core v0.5.1
[INFO] [stderr]    Compiling unicode-bidi v0.3.13
[INFO] [stderr]    Compiling thiserror v1.0.40
[INFO] [stderr]    Compiling rand_chacha v0.2.2
[INFO] [stderr]    Compiling rand_pcg v0.2.1
[INFO] [stderr]    Compiling tokio v1.28.0
[INFO] [stderr]    Compiling digest v0.9.0
[INFO] [stderr]    Compiling openssl-sys v0.9.87
[INFO] [stderr]    Compiling rand v0.7.3
[INFO] [stderr]    Compiling mio v0.8.6
[INFO] [stderr]    Compiling socket2 v0.4.9
[INFO] [stderr]    Compiling subtle v2.5.0
[INFO] [stderr]    Compiling percent-encoding v2.2.0
[INFO] [stderr]    Compiling fnv v1.0.7
[INFO] [stderr]    Compiling siphasher v0.3.10
[INFO] [stderr]    Compiling bytes v0.5.6
[INFO] [stderr]    Compiling const_fn v0.4.9
[INFO] [stderr]    Compiling crypto-mac v0.9.1
[INFO] [stderr]    Compiling phf_shared v0.8.0
[INFO] [stderr]    Compiling time-macros-impl v0.1.2
[INFO] [stderr]    Compiling block-buffer v0.9.0
[INFO] [stderr]    Compiling indexmap v1.9.3
[INFO] [stderr]    Compiling tokio v0.3.7
[INFO] [stderr]    Compiling lock_api v0.4.9
[INFO] [stderr]    Compiling time v0.2.27
[INFO] [stderr]    Compiling tracing-core v0.1.30
[INFO] [stderr]    Compiling cpufeatures v0.2.7
[INFO] [stderr]    Compiling foreign-types-shared v0.1.1
[INFO] [stderr]    Compiling openssl v0.10.52
[INFO] [stderr]    Compiling ucd-trie v0.1.5
[INFO] [stderr]    Compiling opaque-debug v0.3.0
[INFO] [stderr]    Compiling parking_lot_core v0.8.6
[INFO] [stderr]    Compiling sha2 v0.9.9
[INFO] [stderr]    Compiling time-macros v0.1.1
[INFO] [stderr]    Compiling tracing v0.1.37
[INFO] [stderr]    Compiling foreign-types v0.3.2
[INFO] [stderr]    Compiling phf_generator v0.8.0
[INFO] [stderr]    Compiling hmac v0.9.0
[INFO] [stderr]    Compiling http v0.2.9
[INFO] [stderr]    Compiling stringprep v0.1.2
[INFO] [stderr]    Compiling mio v0.7.14
[INFO] [stderr]    Compiling instant v0.1.12
[INFO] [stderr]    Compiling hashbrown v0.12.3
[INFO] [stderr]    Compiling futures-macro v0.3.28
[INFO] [stderr]    Compiling thiserror-impl v1.0.40
[INFO] [stderr]    Compiling serde_derive v1.0.160
[INFO] [stderr]    Compiling openssl-macros v0.1.1
[INFO] [stderr]    Compiling scopeguard v1.1.0
[INFO] [stderr]    Compiling smallvec v1.10.0
[INFO] [stderr]    Compiling pin-project-lite v0.1.12
[INFO] [stderr]    Compiling native-tls v0.2.11
[INFO] [stderr]    Compiling httparse v1.8.0
[INFO] [stderr]    Compiling bitflags v1.3.2
[INFO] [stderr]    Compiling async-trait v0.1.68
[INFO] [stderr]    Compiling base64 v0.13.1
[INFO] [stderr]    Compiling byteorder v1.4.3
[INFO] [stderr]    Compiling md5 v0.7.0
[INFO] [stderr]    Compiling fallible-iterator v0.2.0
[INFO] [stderr]    Compiling bytes v0.6.0
[INFO] [stderr]    Compiling postgres-protocol v0.5.3
[INFO] [stderr]    Compiling tokio-util v0.7.8
[INFO] [stderr]    Compiling pest v2.6.0
[INFO] [stderr]    Compiling pest_meta v2.6.0
[INFO] [stderr]    Compiling phf_macros v0.8.0
[INFO] [stderr]    Compiling serde v1.0.160
[INFO] [stderr]    Compiling openssl-probe v0.1.5
[INFO] [stderr]    Compiling try-lock v0.2.4
[INFO] [stderr]    Compiling futures-executor v0.3.28
[INFO] [stderr]    Compiling tokio-util v0.4.0
[INFO] [stderr]    Compiling phf v0.8.0
[INFO] [stderr]    Compiling futures v0.3.28
[INFO] [stderr]    Compiling want v0.3.0
[INFO] [stderr]    Compiling h2 v0.3.18
[INFO] [stderr]    Compiling net2 v0.2.38
[INFO] [stderr]    Compiling pest_generator v2.6.0
[INFO] [stderr]    Compiling postgres-types v0.1.3
[INFO] [stderr]    Compiling parking_lot v0.11.2
[INFO] [stderr]    Compiling http-body v0.4.5
[INFO] [stderr]    Compiling form_urlencoded v1.1.0
[INFO] [stderr]    Compiling iovec v0.1.4
[INFO] [stderr]    Compiling tower-service v0.3.2
[INFO] [stderr]    Compiling httpdate v1.0.2
[INFO] [stderr]    Compiling mio v0.6.23
[INFO] [stderr]    Compiling pest_derive v2.6.0
[INFO] [stderr]    Compiling tokio-native-tls v0.3.1
[INFO] [stderr]    Compiling idna v0.3.0
[INFO] [stderr]    Compiling quick-error v2.0.1
[INFO] [stderr]    Compiling anyhow v1.0.71
[INFO] [stderr]    Compiling signal-hook-registry v1.4.1
[INFO] [stderr]    Compiling serde_json v1.0.96
[INFO] [stderr]    Compiling mio-uds v0.6.8
[INFO] [stderr]    Compiling url v2.3.1
[INFO] [stderr]    Compiling hyper v0.14.26
[INFO] [stderr]    Compiling serde_urlencoded v0.7.1
[INFO] [stderr]    Compiling num_cpus v1.15.0
[INFO] [stderr]    Compiling tokio-postgres v0.6.0
[INFO] [stderr]    Compiling tokio-macros v0.2.6
[INFO] [stderr]    Compiling encoding_rs v0.8.32
[INFO] [stderr]    Compiling handlebars v3.5.5
[INFO] [stderr]    Compiling xml-rs v0.8.4
[INFO] [stderr]    Compiling ipnet v2.7.2
[INFO] [stderr]    Compiling mime v0.3.17
[INFO] [stderr]    Compiling postgres v0.18.1
[INFO] [stderr]    Compiling base64 v0.21.0
[INFO] [stderr]    Compiling hyper-tls v0.5.0
[INFO] [stderr]    Compiling serde-xml-rs v0.4.1
[INFO] [stderr]    Compiling reqwest v0.11.17
[INFO] [stderr]    Compiling epsg v0.4.0
[INFO] [stderr]    Compiling tokio v0.2.25
[INFO] [stderr]    Compiling ogc v0.6.0 (/opt/rustwide/workdir)
[INFO] [stderr]     Finished dev [unoptimized + debuginfo] target(s) in 1m 03s
[INFO] running `Command { std: "docker" "inspect" "b45d34437b51a38a17f6d6b6c4e69ca46b525dcdecf8fb378fd9a05583f424a3", kill_on_drop: false }`
[INFO] running `Command { std: "docker" "rm" "-f" "b45d34437b51a38a17f6d6b6c4e69ca46b525dcdecf8fb378fd9a05583f424a3", kill_on_drop: false }`
[INFO] [stdout] b45d34437b51a38a17f6d6b6c4e69ca46b525dcdecf8fb378fd9a05583f424a3
[INFO] running `Command { std: "docker" "create" "-v" "/var/lib/crater-agent-workspace/builds/worker-0-tc1/target:/opt/rustwide/target:rw,Z" "-v" "/var/lib/crater-agent-workspace/builds/worker-0-tc1/source:/opt/rustwide/workdir:ro,Z" "-v" "/var/lib/crater-agent-workspace/cargo-home:/opt/rustwide/cargo-home:ro,Z" "-v" "/var/lib/crater-agent-workspace/rustup-home:/opt/rustwide/rustup-home:ro,Z" "-e" "SOURCE_DIR=/opt/rustwide/workdir" "-e" "CARGO_TARGET_DIR=/opt/rustwide/target" "-e" "CARGO_INCREMENTAL=0" "-e" "RUST_BACKTRACE=full" "-e" "RUSTFLAGS=--cap-lints=warn" "-e" "RUSTDOCFLAGS=--cap-lints=warn" "-e" "CARGO_HOME=/opt/rustwide/cargo-home" "-e" "RUSTUP_HOME=/opt/rustwide/rustup-home" "-w" "/opt/rustwide/workdir" "-m" "1610612736" "--user" "0:0" "--network" "none" "ghcr.io/rust-lang/crates-build-env/linux@sha256:5ff2268d62e97bff2cde7d5815dd6ed5b47097566f13b8d0ca110b04b60e07ed" "/opt/rustwide/cargo-home/bin/cargo" "+1.69.0" "test" "--frozen" "--no-run" "--message-format=json", kill_on_drop: false }`
[INFO] [stdout] 30e78e147746c2218d9b134c9aee647ac20c4965233fdd99dd24f470a5a94137
[INFO] running `Command { std: "docker" "start" "-a" "30e78e147746c2218d9b134c9aee647ac20c4965233fdd99dd24f470a5a94137", kill_on_drop: false }`
[INFO] [stderr]    Compiling ogc v0.6.0 (/opt/rustwide/workdir)
[INFO] [stdout] warning: panic message is not a string literal
[INFO] [stdout]    --> src/wms.rs:460:16
[INFO] [stdout]     |
[INFO] [stdout] 460 |         panic!(e);
[INFO] [stdout]     |                ^
[INFO] [stdout]     |
[INFO] [stdout]     = note: this usage of `panic!()` is deprecated; it will be a hard error in Rust 2021
[INFO] [stdout]     = note: for more information, see <https://doc.rust-lang.org/nightly/edition-guide/rust-2021/panic-macro-consistency.html>
[INFO] [stdout]     = note: `#[warn(non_fmt_panics)]` on by default
[INFO] [stdout] help: add a "{}" format string to `Display` the message
[INFO] [stdout]     |
[INFO] [stdout] 460 |         panic!("{}", e);
[INFO] [stdout]     |                +++++
[INFO] [stdout] help: or use std::panic::panic_any instead
[INFO] [stdout]     |
[INFO] [stdout] 460 |         std::panic::panic_any(e);
[INFO] [stdout]     |         ~~~~~~~~~~~~~~~~~~~~~
[INFO] [stdout] 
[INFO] [stdout] 
[INFO] [stdout] warning: 1 warning emitted
[INFO] [stdout] 
[INFO] [stdout] 
[INFO] [stderr]     Finished test [unoptimized + debuginfo] target(s) in 2.73s
[INFO] running `Command { std: "docker" "inspect" "30e78e147746c2218d9b134c9aee647ac20c4965233fdd99dd24f470a5a94137", kill_on_drop: false }`
[INFO] running `Command { std: "docker" "rm" "-f" "30e78e147746c2218d9b134c9aee647ac20c4965233fdd99dd24f470a5a94137", kill_on_drop: false }`
[INFO] [stdout] 30e78e147746c2218d9b134c9aee647ac20c4965233fdd99dd24f470a5a94137
[INFO] running `Command { std: "docker" "create" "-v" "/var/lib/crater-agent-workspace/builds/worker-0-tc1/target:/opt/rustwide/target:rw,Z" "-v" "/var/lib/crater-agent-workspace/builds/worker-0-tc1/source:/opt/rustwide/workdir:ro,Z" "-v" "/var/lib/crater-agent-workspace/cargo-home:/opt/rustwide/cargo-home:ro,Z" "-v" "/var/lib/crater-agent-workspace/rustup-home:/opt/rustwide/rustup-home:ro,Z" "-e" "SOURCE_DIR=/opt/rustwide/workdir" "-e" "CARGO_TARGET_DIR=/opt/rustwide/target" "-e" "CARGO_INCREMENTAL=0" "-e" "RUST_BACKTRACE=full" "-e" "RUSTFLAGS=--cap-lints=warn" "-e" "RUSTDOCFLAGS=--cap-lints=warn" "-e" "CARGO_HOME=/opt/rustwide/cargo-home" "-e" "RUSTUP_HOME=/opt/rustwide/rustup-home" "-w" "/opt/rustwide/workdir" "-m" "1610612736" "--user" "0:0" "--network" "none" "ghcr.io/rust-lang/crates-build-env/linux@sha256:5ff2268d62e97bff2cde7d5815dd6ed5b47097566f13b8d0ca110b04b60e07ed" "/opt/rustwide/cargo-home/bin/cargo" "+1.69.0" "test" "--frozen", kill_on_drop: false }`
[INFO] [stdout] c0e363aa72cda54c5c3d8b519d42a01493570f666904e97a3c4dfab4b6b78240
[INFO] running `Command { std: "docker" "start" "-a" "c0e363aa72cda54c5c3d8b519d42a01493570f666904e97a3c4dfab4b6b78240", kill_on_drop: false }`
[INFO] [stderr] warning: panic message is not a string literal
[INFO] [stderr]    --> src/wms.rs:460:16
[INFO] [stderr]     |
[INFO] [stderr] 460 |         panic!(e);
[INFO] [stderr]     |                ^
[INFO] [stderr]     |
[INFO] [stderr]     = note: this usage of `panic!()` is deprecated; it will be a hard error in Rust 2021
[INFO] [stderr]     = note: for more information, see <https://doc.rust-lang.org/nightly/edition-guide/rust-2021/panic-macro-consistency.html>
[INFO] [stderr]     = note: `#[warn(non_fmt_panics)]` on by default
[INFO] [stderr] help: add a "{}" format string to `Display` the message
[INFO] [stderr]     |
[INFO] [stderr] 460 |         panic!("{}", e);
[INFO] [stderr]     |                +++++
[INFO] [stderr] help: or use std::panic::panic_any instead
[INFO] [stderr]     |
[INFO] [stderr] 460 |         std::panic::panic_any(e);
[INFO] [stderr]     |         ~~~~~~~~~~~~~~~~~~~~~
[INFO] [stderr] 
[INFO] [stderr] warning: `ogc` (lib test) generated 1 warning (run `cargo fix --lib -p ogc --tests` to apply 1 suggestion)
[INFO] [stderr]     Finished test [unoptimized + debuginfo] target(s) in 0.12s
[INFO] [stderr]      Running unittests src/lib.rs (/opt/rustwide/target/debug/deps/ogc-20114eb661339a9f)
[INFO] [stdout] 
[INFO] [stdout] running 5 tests
[INFO] [stdout] test wms::tests::test_boundingbox ... ok
[INFO] [stdout] test wms::tests::test_basic_parse_v1_3_0 ... ok
[INFO] [stdout] test wms::tests::test_get_crs_layer ... ok
[INFO] [stdout] test wms::tests::test_get_map ... FAILED
[INFO] [stdout] test wms::tests::test_basic_parse_v1_1_1 ... ok
[INFO] [stdout] 
[INFO] [stdout] failures:
[INFO] [stdout] 
[INFO] [stdout] ---- wms::tests::test_get_map stdout ----
[INFO] [stdout] thread 'wms::tests::test_get_map' panicked at 'there is no reactor running, must be called from the context of a Tokio 1.x runtime', /opt/rustwide/cargo-home/registry/src/github.com-1ecc6299db9ec823/hyper-0.14.26/src/client/connect/dns.rs:121:24
[INFO] [stdout] stack backtrace:
[INFO] [stdout]    0:     0x556d618de31a - std::backtrace_rs::backtrace::libunwind::trace::ha9053a9a07ca49cb
[INFO] [stdout]                                at /rustc/84c898d65adf2f39a5a98507f1fe0ce10a2b8dbc/library/std/src/../../backtrace/src/backtrace/libunwind.rs:93:5
[INFO] [stdout]    1:     0x556d618de31a - std::backtrace_rs::backtrace::trace_unsynchronized::h9c2852a457ad564e
[INFO] [stdout]                                at /rustc/84c898d65adf2f39a5a98507f1fe0ce10a2b8dbc/library/std/src/../../backtrace/src/backtrace/mod.rs:66:5
[INFO] [stdout]    2:     0x556d618de31a - std::sys_common::backtrace::_print_fmt::h457936fbfaa0070f
[INFO] [stdout]                                at /rustc/84c898d65adf2f39a5a98507f1fe0ce10a2b8dbc/library/std/src/sys_common/backtrace.rs:65:5
[INFO] [stdout]    3:     0x556d618de31a - <std::sys_common::backtrace::_print::DisplayBacktrace as core::fmt::Display>::fmt::h5779d7bf7f70cb0c
[INFO] [stdout]                                at /rustc/84c898d65adf2f39a5a98507f1fe0ce10a2b8dbc/library/std/src/sys_common/backtrace.rs:44:22
[INFO] [stdout]    4:     0x556d6190670e - core::fmt::write::h5a4baaff1bcd3eb5
[INFO] [stdout]                                at /rustc/84c898d65adf2f39a5a98507f1fe0ce10a2b8dbc/library/core/src/fmt/mod.rs:1232:17
[INFO] [stdout]    5:     0x556d618daca5 - std::io::Write::write_fmt::h478f79c628ef31d1
[INFO] [stdout]                                at /rustc/84c898d65adf2f39a5a98507f1fe0ce10a2b8dbc/library/std/src/io/mod.rs:1684:15
[INFO] [stdout]    6:     0x556d618de0e5 - std::sys_common::backtrace::_print::h5fcdc36060f177e8
[INFO] [stdout]                                at /rustc/84c898d65adf2f39a5a98507f1fe0ce10a2b8dbc/library/std/src/sys_common/backtrace.rs:47:5
[INFO] [stdout]    7:     0x556d618de0e5 - std::sys_common::backtrace::print::h54ca9458b876c8bf
[INFO] [stdout]                                at /rustc/84c898d65adf2f39a5a98507f1fe0ce10a2b8dbc/library/std/src/sys_common/backtrace.rs:34:9
[INFO] [stdout]    8:     0x556d618dfeaf - std::panicking::default_hook::{{closure}}::hbe471161c7664ed6
[INFO] [stdout]                                at /rustc/84c898d65adf2f39a5a98507f1fe0ce10a2b8dbc/library/std/src/panicking.rs:271:22
[INFO] [stdout]    9:     0x556d618dfb6f - std::panicking::default_hook::ha3500da57aa4ac4f
[INFO] [stdout]                                at /rustc/84c898d65adf2f39a5a98507f1fe0ce10a2b8dbc/library/std/src/panicking.rs:287:9
[INFO] [stdout]   10:     0x556d617a4ef7 - <alloc::boxed::Box<F,A> as core::ops::function::Fn<Args>>::call::hdf1b89dd137ece34
[INFO] [stdout]                                at /rustc/84c898d65adf2f39a5a98507f1fe0ce10a2b8dbc/library/alloc/src/boxed.rs:2001:9
[INFO] [stdout]   11:     0x556d617a4ef7 - test::test_main::{{closure}}::h9081a79f20e75698
[INFO] [stdout]                                at /rustc/84c898d65adf2f39a5a98507f1fe0ce10a2b8dbc/library/test/src/lib.rs:135:21
[INFO] [stdout]   12:     0x556d618e05dd - <alloc::boxed::Box<F,A> as core::ops::function::Fn<Args>>::call::h6507bddc3eebb4a5
[INFO] [stdout]                                at /rustc/84c898d65adf2f39a5a98507f1fe0ce10a2b8dbc/library/alloc/src/boxed.rs:2001:9
[INFO] [stdout]   13:     0x556d618e05dd - std::panicking::rust_panic_with_hook::h50c09d000dc561d2
[INFO] [stdout]                                at /rustc/84c898d65adf2f39a5a98507f1fe0ce10a2b8dbc/library/std/src/panicking.rs:696:13
[INFO] [stdout]   14:     0x556d618e0359 - std::panicking::begin_panic_handler::{{closure}}::h9e2b2176e00e0d9c
[INFO] [stdout]                                at /rustc/84c898d65adf2f39a5a98507f1fe0ce10a2b8dbc/library/std/src/panicking.rs:583:13
[INFO] [stdout]   15:     0x556d618de786 - std::sys_common::backtrace::__rust_end_short_backtrace::h5739b8e512c09d02
[INFO] [stdout]                                at /rustc/84c898d65adf2f39a5a98507f1fe0ce10a2b8dbc/library/std/src/sys_common/backtrace.rs:150:18
[INFO] [stdout]   16:     0x556d618e0062 - rust_begin_unwind
[INFO] [stdout]                                at /rustc/84c898d65adf2f39a5a98507f1fe0ce10a2b8dbc/library/std/src/panicking.rs:579:5
[INFO] [stdout]   17:     0x556d613d6423 - core::panicking::panic_fmt::hf33a1475b4dc5c3e
[INFO] [stdout]                                at /rustc/84c898d65adf2f39a5a98507f1fe0ce10a2b8dbc/library/core/src/panicking.rs:64:14
[INFO] [stdout]   18:     0x556d6171fb4c - core::panicking::panic_display::hbb43eadbd092ed15
[INFO] [stdout]                                at /rustc/84c898d65adf2f39a5a98507f1fe0ce10a2b8dbc/library/core/src/panicking.rs:147:5
[INFO] [stdout]   19:     0x556d6170fafa - tokio::runtime::scheduler::Handle::current::h9cfef187c5d43363
[INFO] [stdout]                                at /opt/rustwide/cargo-home/registry/src/github.com-1ecc6299db9ec823/tokio-1.28.0/src/runtime/scheduler/mod.rs:57:27
[INFO] [stdout]   20:     0x556d6170e0e7 - tokio::runtime::handle::Handle::current::h1989e25dd5e29b29
[INFO] [stdout]                                at /opt/rustwide/cargo-home/registry/src/github.com-1ecc6299db9ec823/tokio-1.28.0/src/runtime/handle.rs:102:20
[INFO] [stdout]   21:     0x556d6160d763 - tokio::runtime::blocking::pool::spawn_blocking::h15aa6fbdd23268af
[INFO] [stdout]                                at /opt/rustwide/cargo-home/registry/src/github.com-1ecc6299db9ec823/tokio-1.28.0/src/runtime/blocking/pool.rs:182:14
[INFO] [stdout]   22:     0x556d61630c64 - tokio::task::blocking::spawn_blocking::heced37d4524bdd53
[INFO] [stdout]                                at /opt/rustwide/cargo-home/registry/src/github.com-1ecc6299db9ec823/tokio-1.28.0/src/task/blocking.rs:209:9
[INFO] [stdout]   23:     0x556d61642aa4 - <hyper::client::connect::dns::GaiResolver as tower_service::Service<hyper::client::connect::dns::Name>>::call::h461cc8c2238ce56b
[INFO] [stdout]                                at /opt/rustwide/cargo-home/registry/src/github.com-1ecc6299db9ec823/hyper-0.14.26/src/client/connect/dns.rs:121:24
[INFO] [stdout]   24:     0x556d61527ccd - <reqwest::dns::gai::GaiResolver as reqwest::dns::resolve::Resolve>::resolve::h6d00b5a33373878b
[INFO] [stdout]                                at /opt/rustwide/cargo-home/registry/src/github.com-1ecc6299db9ec823/reqwest-0.11.17/src/dns/gai.rs:26:18
[INFO] [stdout]   25:     0x556d61538e6a - <reqwest::dns::resolve::DynResolver as tower_service::Service<hyper::client::connect::dns::Name>>::call::h0a0622088f7218ac
[INFO] [stdout]                                at /opt/rustwide/cargo-home/registry/src/github.com-1ecc6299db9ec823/reqwest-0.11.17/src/dns/resolve.rs:53:9
[INFO] [stdout]   26:     0x556d61536dbb - <S as hyper::client::connect::dns::sealed::Resolve>::resolve::h3cd22d8878903661
[INFO] [stdout]                                at /opt/rustwide/cargo-home/registry/src/github.com-1ecc6299db9ec823/hyper-0.14.26/src/client/connect/dns.rs:350:13
[INFO] [stdout]   27:     0x556d6146ff6d - hyper::client::connect::dns::resolve::{{closure}}::hf17fb44174708eda
[INFO] [stdout]                                at /opt/rustwide/cargo-home/registry/src/github.com-1ecc6299db9ec823/hyper-0.14.26/src/client/connect/dns.rs:360:5
[INFO] [stdout]   28:     0x556d61524957 - hyper::client::connect::http::HttpConnector<R>::call_async::{{closure}}::h7bc8ec7bee224fdc
[INFO] [stdout]                                at /opt/rustwide/cargo-home/registry/src/github.com-1ecc6299db9ec823/hyper-0.14.26/src/client/connect/http.rs:338:17
[INFO] [stdout]   29:     0x556d6150ae38 - <hyper::client::connect::http::HttpConnector<R> as tower_service::Service<http::uri::Uri>>::call::{{closure}}::h2aae730860493d85
[INFO] [stdout]                                at /opt/rustwide/cargo-home/registry/src/github.com-1ecc6299db9ec823/hyper-0.14.26/src/client/connect/http.rs:271:61
[INFO] [stdout]   30:     0x556d6145f0ae - <core::pin::Pin<P> as core::future::future::Future>::poll::h1d5a8300fd7869d8
[INFO] [stdout]                                at /rustc/84c898d65adf2f39a5a98507f1fe0ce10a2b8dbc/library/core/src/future/future.rs:125:9
[INFO] [stdout]   31:     0x556d61509ce3 - <hyper::client::connect::http::HttpConnecting<R> as core::future::future::Future>::poll::hfa71c0ed3a2a10e2
[INFO] [stdout]                                at /opt/rustwide/cargo-home/registry/src/github.com-1ecc6299db9ec823/hyper-0.14.26/src/client/connect/http.rs:406:9
[INFO] [stdout]   32:     0x556d6146547d - <hyper_tls::client::HttpsConnector<T> as tower_service::Service<http::uri::Uri>>::call::{{closure}}::h131fa7a9be7582a9
[INFO] [stdout]                                at /opt/rustwide/cargo-home/registry/src/github.com-1ecc6299db9ec823/hyper-tls-0.5.0/src/client.rs:136:33
[INFO] [stdout]   33:     0x556d6145f3ee - <core::pin::Pin<P> as core::future::future::Future>::poll::hacf459cf9fb75ac5
[INFO] [stdout]                                at /rustc/84c898d65adf2f39a5a98507f1fe0ce10a2b8dbc/library/core/src/future/future.rs:125:9
[INFO] [stdout]   34:     0x556d61473c55 - <hyper_tls::client::HttpsConnecting<T> as core::future::future::Future>::poll::hda84201fc33b6dcb
[INFO] [stdout]                                at /opt/rustwide/cargo-home/registry/src/github.com-1ecc6299db9ec823/hyper-tls-0.5.0/src/client.rs:162:9
[INFO] [stdout]   35:     0x556d6149e41e - reqwest::connect::Connector::connect_with_maybe_proxy::{{closure}}::h833e326427e6da9f
[INFO] [stdout]                                at /opt/rustwide/cargo-home/registry/src/github.com-1ecc6299db9ec823/reqwest-0.11.17/src/connect.rs:247:40
[INFO] [stdout]   36:     0x556d614a1b8b - reqwest::connect::with_timeout::{{closure}}::ha91439c5a727c59e
[INFO] [stdout]                                at /opt/rustwide/cargo-home/registry/src/github.com-1ecc6299db9ec823/reqwest-0.11.17/src/connect.rs:415:10
[INFO] [stdout]   37:     0x556d6145f11e - <core::pin::Pin<P> as core::future::future::Future>::poll::h425bf66f434809be
[INFO] [stdout]                                at /rustc/84c898d65adf2f39a5a98507f1fe0ce10a2b8dbc/library/core/src/future/future.rs:125:9
[INFO] [stdout]   38:     0x556d6147406d - <hyper::service::oneshot::Oneshot<S,Req> as core::future::future::Future>::poll::hd631e4d206a19de9
[INFO] [stdout]                                at /opt/rustwide/cargo-home/registry/src/github.com-1ecc6299db9ec823/hyper-0.14.26/src/service/oneshot.rs:60:28
[INFO] [stdout]   39:     0x556d6146fabb - <F as futures_core::future::TryFuture>::try_poll::h7ee9eb60a471ed1d
[INFO] [stdout]                                at /opt/rustwide/cargo-home/registry/src/github.com-1ecc6299db9ec823/futures-core-0.3.28/src/future.rs:82:9
[INFO] [stdout]   40:     0x556d614ee053 - <futures_util::future::try_future::into_future::IntoFuture<Fut> as core::future::future::Future>::poll::ha6146fee8fbe50e5
[INFO] [stdout]                                at /opt/rustwide/cargo-home/registry/src/github.com-1ecc6299db9ec823/futures-util-0.3.28/src/future/try_future/into_future.rs:34:9
[INFO] [stdout]   41:     0x556d614bb9f3 - <futures_util::future::future::map::Map<Fut,F> as core::future::future::Future>::poll::hfefb8e1af5820e5a
[INFO] [stdout]                                at /opt/rustwide/cargo-home/registry/src/github.com-1ecc6299db9ec823/futures-util-0.3.28/src/future/future/map.rs:55:37
[INFO] [stdout]   42:     0x556d61474bd3 - <futures_util::future::future::Map<Fut,F> as core::future::future::Future>::poll::h877f8a421d4480a6
[INFO] [stdout]                                at /opt/rustwide/cargo-home/registry/src/github.com-1ecc6299db9ec823/futures-util-0.3.28/src/lib.rs:91:13
[INFO] [stdout]   43:     0x556d61464ae3 - <futures_util::future::try_future::MapErr<Fut,F> as core::future::future::Future>::poll::h9dce65f939bf026d
[INFO] [stdout]                                at /opt/rustwide/cargo-home/registry/src/github.com-1ecc6299db9ec823/futures-util-0.3.28/src/lib.rs:91:13
[INFO] [stdout]   44:     0x556d6146fa2b - <F as futures_core::future::TryFuture>::try_poll::h175237a94d408b16
[INFO] [stdout]                                at /opt/rustwide/cargo-home/registry/src/github.com-1ecc6299db9ec823/futures-core-0.3.28/src/future.rs:82:9
[INFO] [stdout]   45:     0x556d614ee003 - <futures_util::future::try_future::into_future::IntoFuture<Fut> as core::future::future::Future>::poll::h78fa785f50ebed6e
[INFO] [stdout]                                at /opt/rustwide/cargo-home/registry/src/github.com-1ecc6299db9ec823/futures-util-0.3.28/src/future/try_future/into_future.rs:34:9
[INFO] [stdout]   46:     0x556d614b9293 - <futures_util::future::future::map::Map<Fut,F> as core::future::future::Future>::poll::h13771030660536b0
[INFO] [stdout]                                at /opt/rustwide/cargo-home/registry/src/github.com-1ecc6299db9ec823/futures-util-0.3.28/src/future/future/map.rs:55:37
[INFO] [stdout]   47:     0x556d61474a83 - <futures_util::future::future::Map<Fut,F> as core::future::future::Future>::poll::h557447761142c579
[INFO] [stdout]                                at /opt/rustwide/cargo-home/registry/src/github.com-1ecc6299db9ec823/futures-util-0.3.28/src/lib.rs:91:13
[INFO] [stdout]   48:     0x556d614644e3 - <futures_util::future::try_future::MapOk<Fut,F> as core::future::future::Future>::poll::h7bb80f2aa5fc224e
[INFO] [stdout]                                at /opt/rustwide/cargo-home/registry/src/github.com-1ecc6299db9ec823/futures-util-0.3.28/src/lib.rs:91:13
[INFO] [stdout]   49:     0x556d6146fa8b - <F as futures_core::future::TryFuture>::try_poll::h7e57f8bacd087d8a
[INFO] [stdout]                                at /opt/rustwide/cargo-home/registry/src/github.com-1ecc6299db9ec823/futures-core-0.3.28/src/future.rs:82:9
[INFO] [stdout]   50:     0x556d6154402b - <futures_util::future::try_future::try_flatten::TryFlatten<Fut,<Fut as futures_core::future::TryFuture>::Ok> as core::future::future::Future>::poll::h8979fb1289ef47ad
[INFO] [stdout]                                at /opt/rustwide/cargo-home/registry/src/github.com-1ecc6299db9ec823/futures-util-0.3.28/src/future/try_future/try_flatten.rs:49:61
[INFO] [stdout]   51:     0x556d61465d63 - <futures_util::future::try_future::TryFlatten<Fut1,Fut2> as core::future::future::Future>::poll::h7eb3bea66022e42e
[INFO] [stdout]                                at /opt/rustwide/cargo-home/registry/src/github.com-1ecc6299db9ec823/futures-util-0.3.28/src/lib.rs:91:13
[INFO] [stdout]   52:     0x556d61465db3 - <futures_util::future::try_future::AndThen<Fut1,Fut2,F> as core::future::future::Future>::poll::h7c6799e09cfcfef4
[INFO] [stdout]                                at /opt/rustwide/cargo-home/registry/src/github.com-1ecc6299db9ec823/futures-util-0.3.28/src/lib.rs:91:13
[INFO] [stdout]   53:     0x556d614640df - <futures_util::future::either::Either<A,B> as core::future::future::Future>::poll::hab09f143ad61df7d
[INFO] [stdout]                                at /opt/rustwide/cargo-home/registry/src/github.com-1ecc6299db9ec823/futures-util-0.3.28/src/future/either.rs:109:32
[INFO] [stdout]   54:     0x556d614734ea - <hyper::common::lazy::Lazy<F,R> as core::future::future::Future>::poll::hd9db824d00580b2c
[INFO] [stdout]                                at /opt/rustwide/cargo-home/registry/src/github.com-1ecc6299db9ec823/hyper-0.14.26/src/common/lazy.rs:69:28
[INFO] [stdout]   55:     0x556d6146784a - futures_util::future::future::FutureExt::poll_unpin::h7767b510c3d3658e
[INFO] [stdout]                                at /opt/rustwide/cargo-home/registry/src/github.com-1ecc6299db9ec823/futures-util-0.3.28/src/future/future/mod.rs:562:9
[INFO] [stdout]   56:     0x556d61484851 - <futures_util::future::select::Select<A,B> as core::future::future::Future>::poll::h7bdfc01d031b1b3c
[INFO] [stdout]                                at /opt/rustwide/cargo-home/registry/src/github.com-1ecc6299db9ec823/futures-util-0.3.28/src/future/select.rs:118:35
[INFO] [stdout]   57:     0x556d6151e23d - hyper::client::client::Client<C,B>::connection_for::{{closure}}::h454825e75ccab904
[INFO] [stdout]                                at /opt/rustwide/cargo-home/registry/src/github.com-1ecc6299db9ec823/hyper-0.14.26/src/client/client.rs:368:48
[INFO] [stdout]   58:     0x556d6151bcb7 - hyper::client::client::Client<C,B>::send_request::{{closure}}::hb67533df1783b593
[INFO] [stdout]                                at /opt/rustwide/cargo-home/registry/src/github.com-1ecc6299db9ec823/hyper-0.14.26/src/client/client.rs:236:61
[INFO] [stdout]   59:     0x556d6151fbb1 - hyper::client::client::Client<C,B>::retryably_send_request::{{closure}}::hf1cbb87c868be999
[INFO] [stdout]                                at /opt/rustwide/cargo-home/registry/src/github.com-1ecc6299db9ec823/hyper-0.14.26/src/client/client.rs:206:65
[INFO] [stdout]   60:     0x556d616369e5 - <hyper::client::client::ResponseFuture as core::future::future::Future>::poll::h6ab2a459166642b4
[INFO] [stdout]                                at /opt/rustwide/cargo-home/registry/src/github.com-1ecc6299db9ec823/hyper-0.14.26/src/client/client.rs:623:9
[INFO] [stdout]   61:     0x556d6155f737 - <reqwest::async_impl::client::PendingRequest as core::future::future::Future>::poll::h8920f99f56d40633
[INFO] [stdout]                                at /opt/rustwide/cargo-home/registry/src/github.com-1ecc6299db9ec823/reqwest-0.11.17/src/async_impl/client.rs:2126:53
[INFO] [stdout]   62:     0x556d6155f483 - <reqwest::async_impl::client::Pending as core::future::future::Future>::poll::hb19c0be6e07b852b
[INFO] [stdout]                                at /opt/rustwide/cargo-home/registry/src/github.com-1ecc6299db9ec823/reqwest-0.11.17/src/async_impl/client.rs:2104:51
[INFO] [stdout]   63:     0x556d613f21f4 - reqwest::get::{{closure}}::h94ac11f62f5ccf52
[INFO] [stdout]                                at /opt/rustwide/cargo-home/registry/src/github.com-1ecc6299db9ec823/reqwest-0.11.17/src/lib.rs:287:47
[INFO] [stdout]   64:     0x556d613da84e - <ogc::wms::WebMappingService as ogc::wms::Wms>::get_map::{{closure}}::h1a9bda7f0cf595c7
[INFO] [stdout]                                at /opt/rustwide/workdir/src/wms.rs:152:33
[INFO] [stdout]   65:     0x556d614102ad - <core::pin::Pin<P> as core::future::future::Future>::poll::heaed6452357b3f49
[INFO] [stdout]                                at /rustc/84c898d65adf2f39a5a98507f1fe0ce10a2b8dbc/library/core/src/future/future.rs:125:9
[INFO] [stdout]   66:     0x556d613f32a2 - ogc::wms::tests::test_get_map::{{closure}}::hb5bd2bbefd249ef5
[INFO] [stdout]                                at /opt/rustwide/workdir/src/wms.rs:452:7
[INFO] [stdout]   67:     0x556d613fddd4 - tokio::runtime::basic_scheduler::BasicScheduler<P>::block_on::{{closure}}::{{closure}}::h7d7c5739555bff80
[INFO] [stdout]                                at /opt/rustwide/cargo-home/registry/src/github.com-1ecc6299db9ec823/tokio-0.2.25/src/runtime/basic_scheduler.rs:131:58
[INFO] [stdout]   68:     0x556d6140a750 - tokio::coop::with_budget::{{closure}}::h93def31565487b58
[INFO] [stdout]                                at /opt/rustwide/cargo-home/registry/src/github.com-1ecc6299db9ec823/tokio-0.2.25/src/coop.rs:127:9
[INFO] [stdout]   69:     0x556d61412b84 - std::thread::local::LocalKey<T>::try_with::h823272b7c928e342
[INFO] [stdout]                                at /rustc/84c898d65adf2f39a5a98507f1fe0ce10a2b8dbc/library/std/src/thread/local.rs:446:16
[INFO] [stdout]   70:     0x556d6141156a - std::thread::local::LocalKey<T>::with::h18f24ee745621bf6
[INFO] [stdout]                                at /rustc/84c898d65adf2f39a5a98507f1fe0ce10a2b8dbc/library/std/src/thread/local.rs:422:9
[INFO] [stdout]   71:     0x556d613fceac - tokio::coop::with_budget::h5441e7230f1eefe6
[INFO] [stdout]                                at /opt/rustwide/cargo-home/registry/src/github.com-1ecc6299db9ec823/tokio-0.2.25/src/coop.rs:120:5
[INFO] [stdout]   72:     0x556d613fceac - tokio::coop::budget::h674d9ca0ea255f3f
[INFO] [stdout]                                at /opt/rustwide/cargo-home/registry/src/github.com-1ecc6299db9ec823/tokio-0.2.25/src/coop.rs:96:5
[INFO] [stdout]   73:     0x556d613fceac - tokio::runtime::basic_scheduler::BasicScheduler<P>::block_on::{{closure}}::h40170ada686d686f
[INFO] [stdout]                                at /opt/rustwide/cargo-home/registry/src/github.com-1ecc6299db9ec823/tokio-0.2.25/src/runtime/basic_scheduler.rs:131:35
[INFO] [stdout]   74:     0x556d613fefff - tokio::runtime::basic_scheduler::enter::{{closure}}::hfe5b76bb2edd9474
[INFO] [stdout]                                at /opt/rustwide/cargo-home/registry/src/github.com-1ecc6299db9ec823/tokio-0.2.25/src/runtime/basic_scheduler.rs:213:29
[INFO] [stdout]   75:     0x556d613e6c61 - tokio::macros::scoped_tls::ScopedKey<T>::set::h3f362fc732f92e4d
[INFO] [stdout]                                at /opt/rustwide/cargo-home/registry/src/github.com-1ecc6299db9ec823/tokio-0.2.25/src/macros/scoped_tls.rs:63:9
[INFO] [stdout]   76:     0x556d613fe6d5 - tokio::runtime::basic_scheduler::enter::h0ca61411c2e0d3cb
[INFO] [stdout]                                at /opt/rustwide/cargo-home/registry/src/github.com-1ecc6299db9ec823/tokio-0.2.25/src/runtime/basic_scheduler.rs:213:5
[INFO] [stdout]   77:     0x556d613fbb82 - tokio::runtime::basic_scheduler::BasicScheduler<P>::block_on::he949f61701875f9e
[INFO] [stdout]                                at /opt/rustwide/cargo-home/registry/src/github.com-1ecc6299db9ec823/tokio-0.2.25/src/runtime/basic_scheduler.rs:123:9
[INFO] [stdout]   78:     0x556d6141ff20 - tokio::runtime::Runtime::block_on::{{closure}}::ha3dac7e9d369dea2
[INFO] [stdout]                                at /opt/rustwide/cargo-home/registry/src/github.com-1ecc6299db9ec823/tokio-0.2.25/src/runtime/mod.rs:444:34
[INFO] [stdout]   79:     0x556d6140b416 - tokio::runtime::context::enter::hdee757b6ccfbfa85
[INFO] [stdout]                                at /opt/rustwide/cargo-home/registry/src/github.com-1ecc6299db9ec823/tokio-0.2.25/src/runtime/context.rs:72:5
[INFO] [stdout]   80:     0x556d6141f99c - tokio::runtime::handle::Handle::enter::h9d1a6f96b996208a
[INFO] [stdout]                                at /opt/rustwide/cargo-home/registry/src/github.com-1ecc6299db9ec823/tokio-0.2.25/src/runtime/handle.rs:76:9
[INFO] [stdout]   81:     0x556d6141fba2 - tokio::runtime::Runtime::block_on::hc6c995d6ca0bd81b
[INFO] [stdout]                                at /opt/rustwide/cargo-home/registry/src/github.com-1ecc6299db9ec823/tokio-0.2.25/src/runtime/mod.rs:441:9
[INFO] [stdout]   82:     0x556d613f2b50 - ogc::wms::tests::test_get_map::h3b6befb6992b0197
[INFO] [stdout]                                at /opt/rustwide/workdir/src/wms.rs:428:3
[INFO] [stdout]   83:     0x556d613f2a37 - ogc::wms::tests::test_get_map::{{closure}}::h9b1929245a15eb6e
[INFO] [stdout]                                at /opt/rustwide/workdir/src/wms.rs:428:3
[INFO] [stdout]   84:     0x556d613f5b05 - core::ops::function::FnOnce::call_once::h396a3e116b34d2af
[INFO] [stdout]                                at /rustc/84c898d65adf2f39a5a98507f1fe0ce10a2b8dbc/library/core/src/ops/function.rs:250:5
[INFO] [stdout]   85:     0x556d617aa2df - core::ops::function::FnOnce::call_once::h7d969581be7d0075
[INFO] [stdout]                                at /rustc/84c898d65adf2f39a5a98507f1fe0ce10a2b8dbc/library/core/src/ops/function.rs:250:5
[INFO] [stdout]   86:     0x556d617aa2df - test::__rust_begin_short_backtrace::hca25a52684e56655
[INFO] [stdout]                                at /rustc/84c898d65adf2f39a5a98507f1fe0ce10a2b8dbc/library/test/src/lib.rs:656:18
[INFO] [stdout]   87:     0x556d6177b8fc - test::run_test::{{closure}}::ha8ac744c4af1a4bb
[INFO] [stdout]                                at /rustc/84c898d65adf2f39a5a98507f1fe0ce10a2b8dbc/library/test/src/lib.rs:647:30
[INFO] [stdout]   88:     0x556d6177b8fc - core::ops::function::FnOnce::call_once{{vtable.shim}}::h7b411a9ed45bdecf
[INFO] [stdout]                                at /rustc/84c898d65adf2f39a5a98507f1fe0ce10a2b8dbc/library/core/src/ops/function.rs:250:5
[INFO] [stdout]   89:     0x556d617a92a6 - <alloc::boxed::Box<F,A> as core::ops::function::FnOnce<Args>>::call_once::hd05328869a8ed200
[INFO] [stdout]                                at /rustc/84c898d65adf2f39a5a98507f1fe0ce10a2b8dbc/library/alloc/src/boxed.rs:1987:9
[INFO] [stdout]   90:     0x556d617a92a6 - <core::panic::unwind_safe::AssertUnwindSafe<F> as core::ops::function::FnOnce<()>>::call_once::h0c601ce20bd5b2be
[INFO] [stdout]                                at /rustc/84c898d65adf2f39a5a98507f1fe0ce10a2b8dbc/library/core/src/panic/unwind_safe.rs:271:9
[INFO] [stdout]   91:     0x556d617a92a6 - std::panicking::try::do_call::ha4be5c164fe30854
[INFO] [stdout]                                at /rustc/84c898d65adf2f39a5a98507f1fe0ce10a2b8dbc/library/std/src/panicking.rs:487:40
[INFO] [stdout]   92:     0x556d617a92a6 - std::panicking::try::h604546f3609af05f
[INFO] [stdout]                                at /rustc/84c898d65adf2f39a5a98507f1fe0ce10a2b8dbc/library/std/src/panicking.rs:451:19
[INFO] [stdout]   93:     0x556d617a92a6 - std::panic::catch_unwind::h5bfa8afe44c9c2f9
[INFO] [stdout]                                at /rustc/84c898d65adf2f39a5a98507f1fe0ce10a2b8dbc/library/std/src/panic.rs:140:14
[INFO] [stdout]   94:     0x556d617a92a6 - test::run_test_in_process::hd50dee55dd63e6aa
[INFO] [stdout]                                at /rustc/84c898d65adf2f39a5a98507f1fe0ce10a2b8dbc/library/test/src/lib.rs:679:27
[INFO] [stdout]   95:     0x556d617a92a6 - test::run_test::run_test_inner::{{closure}}::h4aa0f433aa85cea8
[INFO] [stdout]                                at /rustc/84c898d65adf2f39a5a98507f1fe0ce10a2b8dbc/library/test/src/lib.rs:573:39
[INFO] [stdout]   96:     0x556d61775f71 - test::run_test::run_test_inner::{{closure}}::had56431adf24b4d6
[INFO] [stdout]                                at /rustc/84c898d65adf2f39a5a98507f1fe0ce10a2b8dbc/library/test/src/lib.rs:600:37
[INFO] [stdout]   97:     0x556d61775f71 - std::sys_common::backtrace::__rust_begin_short_backtrace::ha8d9890e0c73bf13
[INFO] [stdout]                                at /rustc/84c898d65adf2f39a5a98507f1fe0ce10a2b8dbc/library/std/src/sys_common/backtrace.rs:134:18
[INFO] [stdout]   98:     0x556d6177b98b - std::thread::Builder::spawn_unchecked_::{{closure}}::{{closure}}::h251832bcb4a95327
[INFO] [stdout]                                at /rustc/84c898d65adf2f39a5a98507f1fe0ce10a2b8dbc/library/std/src/thread/mod.rs:560:17
[INFO] [stdout]   99:     0x556d6177b98b - <core::panic::unwind_safe::AssertUnwindSafe<F> as core::ops::function::FnOnce<()>>::call_once::h8fdff598fa414831
[INFO] [stdout]                                at /rustc/84c898d65adf2f39a5a98507f1fe0ce10a2b8dbc/library/core/src/panic/unwind_safe.rs:271:9
[INFO] [stdout]  100:     0x556d6177b98b - std::panicking::try::do_call::h455dd2f7764a950f
[INFO] [stdout]                                at /rustc/84c898d65adf2f39a5a98507f1fe0ce10a2b8dbc/library/std/src/panicking.rs:487:40
[INFO] [stdout]  101:     0x556d6177b98b - std::panicking::try::had6f23b7b73ae72a
[INFO] [stdout]                                at /rustc/84c898d65adf2f39a5a98507f1fe0ce10a2b8dbc/library/std/src/panicking.rs:451:19
[INFO] [stdout]  102:     0x556d6177b98b - std::panic::catch_unwind::ha6a5ca3915b4dad0
[INFO] [stdout]                                at /rustc/84c898d65adf2f39a5a98507f1fe0ce10a2b8dbc/library/std/src/panic.rs:140:14
[INFO] [stdout]  103:     0x556d6177b98b - std::thread::Builder::spawn_unchecked_::{{closure}}::h883b72ef75da6231
[INFO] [stdout]                                at /rustc/84c898d65adf2f39a5a98507f1fe0ce10a2b8dbc/library/std/src/thread/mod.rs:559:30
[INFO] [stdout]  104:     0x556d6177b98b - core::ops::function::FnOnce::call_once{{vtable.shim}}::hb7dff73dc8bd2ccb
[INFO] [stdout]                                at /rustc/84c898d65adf2f39a5a98507f1fe0ce10a2b8dbc/library/core/src/ops/function.rs:250:5
[INFO] [stdout]  105:     0x556d618e4b63 - <alloc::boxed::Box<F,A> as core::ops::function::FnOnce<Args>>::call_once::h39990b24eedef2ab
[INFO] [stdout]                                at /rustc/84c898d65adf2f39a5a98507f1fe0ce10a2b8dbc/library/alloc/src/boxed.rs:1987:9
[INFO] [stdout]  106:     0x556d618e4b63 - <alloc::boxed::Box<F,A> as core::ops::function::FnOnce<Args>>::call_once::h01a027258444143b
[INFO] [stdout]                                at /rustc/84c898d65adf2f39a5a98507f1fe0ce10a2b8dbc/library/alloc/src/boxed.rs:1987:9
[INFO] [stdout]  107:     0x556d618e4b63 - std::sys::unix::thread::Thread::new::thread_start::ha4f1cdd9c25884ba
[INFO] [stdout]                                at /rustc/84c898d65adf2f39a5a98507f1fe0ce10a2b8dbc/library/std/src/sys/unix/thread.rs:108:17
[INFO] [stdout]  108:     0x7eff2ff6db43 - <unknown>
[INFO] [stdout]  109:     0x7eff2fffebb4 - __clone
[INFO] [stdout]  110:                0x0 - <unknown>
[INFO] [stdout] 
[INFO] [stdout] 
[INFO] [stdout] failures:
[INFO] [stdout]     wms::tests::test_get_map
[INFO] [stdout] 
[INFO] [stdout] test result: FAILED. 4 passed; 1 failed; 0 ignored; 0 measured; 0 filtered out; finished in 0.83s
[INFO] [stdout] 
[INFO] [stderr] error: test failed, to rerun pass `--lib`
[INFO] running `Command { std: "docker" "inspect" "c0e363aa72cda54c5c3d8b519d42a01493570f666904e97a3c4dfab4b6b78240", kill_on_drop: false }`
[INFO] running `Command { std: "docker" "rm" "-f" "c0e363aa72cda54c5c3d8b519d42a01493570f666904e97a3c4dfab4b6b78240", kill_on_drop: false }`
[INFO] [stdout] c0e363aa72cda54c5c3d8b519d42a01493570f666904e97a3c4dfab4b6b78240
