[INFO] fetching crate odra-proc-macros 0.2.0...
[INFO] testing odra-proc-macros-0.2.0 against 1.69.0 for beta-1.70-1
[INFO] extracting crate odra-proc-macros 0.2.0 into /workspace/builds/worker-0-tc1/source
[INFO] validating manifest of crates.io crate odra-proc-macros 0.2.0 on toolchain 1.69.0
[INFO] running `Command { std: CARGO_HOME="/workspace/cargo-home" RUSTUP_HOME="/workspace/rustup-home" "/workspace/cargo-home/bin/cargo" "+1.69.0" "metadata" "--manifest-path" "Cargo.toml" "--no-deps", kill_on_drop: false }`
[INFO] started tweaking crates.io crate odra-proc-macros 0.2.0
[INFO] finished tweaking crates.io crate odra-proc-macros 0.2.0
[INFO] tweaked toml for crates.io crate odra-proc-macros 0.2.0 written to /workspace/builds/worker-0-tc1/source/Cargo.toml
[INFO] running `Command { std: CARGO_HOME="/workspace/cargo-home" RUSTUP_HOME="/workspace/rustup-home" __CARGO_TEST_CHANNEL_OVERRIDE_DO_NOT_USE_THIS="nightly" "/workspace/cargo-home/bin/cargo" "+1.69.0" "generate-lockfile" "--manifest-path" "Cargo.toml" "-Zno-index-update", kill_on_drop: false }`
[INFO] running `Command { std: CARGO_HOME="/workspace/cargo-home" RUSTUP_HOME="/workspace/rustup-home" "/workspace/cargo-home/bin/cargo" "+1.69.0" "fetch" "--manifest-path" "Cargo.toml", kill_on_drop: false }`
[INFO] [stderr]  Downloading crates ...
[INFO] [stderr]   Downloaded odra-ir v0.2.0
[INFO] [stderr]   Downloaded odra-utils v0.2.0
[INFO] [stderr]   Downloaded odra-codegen v0.2.0
[INFO] running `Command { std: "docker" "create" "-v" "/var/lib/crater-agent-workspace/builds/worker-0-tc1/target:/opt/rustwide/target:rw,Z" "-v" "/var/lib/crater-agent-workspace/builds/worker-0-tc1/source:/opt/rustwide/workdir:ro,Z" "-v" "/var/lib/crater-agent-workspace/cargo-home:/opt/rustwide/cargo-home:ro,Z" "-v" "/var/lib/crater-agent-workspace/rustup-home:/opt/rustwide/rustup-home:ro,Z" "-e" "SOURCE_DIR=/opt/rustwide/workdir" "-e" "CARGO_TARGET_DIR=/opt/rustwide/target" "-e" "CARGO_HOME=/opt/rustwide/cargo-home" "-e" "RUSTUP_HOME=/opt/rustwide/rustup-home" "-w" "/opt/rustwide/workdir" "-m" "1610612736" "--user" "0:0" "--network" "none" "ghcr.io/rust-lang/crates-build-env/linux@sha256:5ff2268d62e97bff2cde7d5815dd6ed5b47097566f13b8d0ca110b04b60e07ed" "/opt/rustwide/cargo-home/bin/cargo" "+1.69.0" "metadata" "--no-deps" "--format-version=1", kill_on_drop: false }`
[INFO] [stdout] a4ee7d5510d38001ff9625c399df8db749d2e92034d88c913a9645d6ba273c43
[INFO] running `Command { std: "docker" "start" "-a" "a4ee7d5510d38001ff9625c399df8db749d2e92034d88c913a9645d6ba273c43", kill_on_drop: false }`
[INFO] running `Command { std: "docker" "inspect" "a4ee7d5510d38001ff9625c399df8db749d2e92034d88c913a9645d6ba273c43", kill_on_drop: false }`
[INFO] running `Command { std: "docker" "rm" "-f" "a4ee7d5510d38001ff9625c399df8db749d2e92034d88c913a9645d6ba273c43", kill_on_drop: false }`
[INFO] [stdout] a4ee7d5510d38001ff9625c399df8db749d2e92034d88c913a9645d6ba273c43
[INFO] running `Command { std: "docker" "create" "-v" "/var/lib/crater-agent-workspace/builds/worker-0-tc1/target:/opt/rustwide/target:rw,Z" "-v" "/var/lib/crater-agent-workspace/builds/worker-0-tc1/source:/opt/rustwide/workdir:ro,Z" "-v" "/var/lib/crater-agent-workspace/cargo-home:/opt/rustwide/cargo-home:ro,Z" "-v" "/var/lib/crater-agent-workspace/rustup-home:/opt/rustwide/rustup-home:ro,Z" "-e" "SOURCE_DIR=/opt/rustwide/workdir" "-e" "CARGO_TARGET_DIR=/opt/rustwide/target" "-e" "CARGO_INCREMENTAL=0" "-e" "RUST_BACKTRACE=full" "-e" "RUSTFLAGS=--cap-lints=warn" "-e" "RUSTDOCFLAGS=--cap-lints=warn" "-e" "CARGO_HOME=/opt/rustwide/cargo-home" "-e" "RUSTUP_HOME=/opt/rustwide/rustup-home" "-w" "/opt/rustwide/workdir" "-m" "1610612736" "--user" "0:0" "--network" "none" "ghcr.io/rust-lang/crates-build-env/linux@sha256:5ff2268d62e97bff2cde7d5815dd6ed5b47097566f13b8d0ca110b04b60e07ed" "/opt/rustwide/cargo-home/bin/cargo" "+1.69.0" "build" "--frozen" "--message-format=json", kill_on_drop: false }`
[INFO] [stdout] 197cdfbd1758b0bbcadbcaef77bb257d82af2e20582d7bdb6f23a223a83d3df0
[INFO] running `Command { std: "docker" "start" "-a" "197cdfbd1758b0bbcadbcaef77bb257d82af2e20582d7bdb6f23a223a83d3df0", kill_on_drop: false }`
[INFO] [stderr]    Compiling syn v1.0.109
[INFO] [stderr]    Compiling either v1.8.1
[INFO] [stderr]    Compiling convert_case v0.5.0
[INFO] [stderr]    Compiling proc-macro-error-attr v1.0.4
[INFO] [stderr]    Compiling proc-macro-error v1.0.4
[INFO] [stderr]    Compiling itertools v0.10.5
[INFO] [stderr]    Compiling odra-utils v0.2.0
[INFO] [stderr]    Compiling odra-ir v0.2.0
[INFO] [stderr]    Compiling derive_more v0.99.17
[INFO] [stderr]    Compiling odra-codegen v0.2.0
[INFO] [stderr]    Compiling odra-proc-macros v0.2.0 (/opt/rustwide/workdir)
[INFO] [stderr]     Finished dev [unoptimized + debuginfo] target(s) in 10.81s
[INFO] running `Command { std: "docker" "inspect" "197cdfbd1758b0bbcadbcaef77bb257d82af2e20582d7bdb6f23a223a83d3df0", kill_on_drop: false }`
[INFO] running `Command { std: "docker" "rm" "-f" "197cdfbd1758b0bbcadbcaef77bb257d82af2e20582d7bdb6f23a223a83d3df0", kill_on_drop: false }`
[INFO] [stdout] 197cdfbd1758b0bbcadbcaef77bb257d82af2e20582d7bdb6f23a223a83d3df0
[INFO] running `Command { std: "docker" "create" "-v" "/var/lib/crater-agent-workspace/builds/worker-0-tc1/target:/opt/rustwide/target:rw,Z" "-v" "/var/lib/crater-agent-workspace/builds/worker-0-tc1/source:/opt/rustwide/workdir:ro,Z" "-v" "/var/lib/crater-agent-workspace/cargo-home:/opt/rustwide/cargo-home:ro,Z" "-v" "/var/lib/crater-agent-workspace/rustup-home:/opt/rustwide/rustup-home:ro,Z" "-e" "SOURCE_DIR=/opt/rustwide/workdir" "-e" "CARGO_TARGET_DIR=/opt/rustwide/target" "-e" "CARGO_INCREMENTAL=0" "-e" "RUST_BACKTRACE=full" "-e" "RUSTFLAGS=--cap-lints=warn" "-e" "RUSTDOCFLAGS=--cap-lints=warn" "-e" "CARGO_HOME=/opt/rustwide/cargo-home" "-e" "RUSTUP_HOME=/opt/rustwide/rustup-home" "-w" "/opt/rustwide/workdir" "-m" "1610612736" "--user" "0:0" "--network" "none" "ghcr.io/rust-lang/crates-build-env/linux@sha256:5ff2268d62e97bff2cde7d5815dd6ed5b47097566f13b8d0ca110b04b60e07ed" "/opt/rustwide/cargo-home/bin/cargo" "+1.69.0" "test" "--frozen" "--no-run" "--message-format=json", kill_on_drop: false }`
[INFO] [stdout] 7a6e6e38dbafeb2836b5f5d3c1fd2ec417dedcb830739255e38088a5e503965a
[INFO] running `Command { std: "docker" "start" "-a" "7a6e6e38dbafeb2836b5f5d3c1fd2ec417dedcb830739255e38088a5e503965a", kill_on_drop: false }`
[INFO] [stderr]    Compiling odra-proc-macros v0.2.0 (/opt/rustwide/workdir)
[INFO] [stderr]     Finished test [unoptimized + debuginfo] target(s) in 0.78s
[INFO] running `Command { std: "docker" "inspect" "7a6e6e38dbafeb2836b5f5d3c1fd2ec417dedcb830739255e38088a5e503965a", kill_on_drop: false }`
[INFO] running `Command { std: "docker" "rm" "-f" "7a6e6e38dbafeb2836b5f5d3c1fd2ec417dedcb830739255e38088a5e503965a", kill_on_drop: false }`
[INFO] [stdout] 7a6e6e38dbafeb2836b5f5d3c1fd2ec417dedcb830739255e38088a5e503965a
[INFO] running `Command { std: "docker" "create" "-v" "/var/lib/crater-agent-workspace/builds/worker-0-tc1/target:/opt/rustwide/target:rw,Z" "-v" "/var/lib/crater-agent-workspace/builds/worker-0-tc1/source:/opt/rustwide/workdir:ro,Z" "-v" "/var/lib/crater-agent-workspace/cargo-home:/opt/rustwide/cargo-home:ro,Z" "-v" "/var/lib/crater-agent-workspace/rustup-home:/opt/rustwide/rustup-home:ro,Z" "-e" "SOURCE_DIR=/opt/rustwide/workdir" "-e" "CARGO_TARGET_DIR=/opt/rustwide/target" "-e" "CARGO_INCREMENTAL=0" "-e" "RUST_BACKTRACE=full" "-e" "RUSTFLAGS=--cap-lints=warn" "-e" "RUSTDOCFLAGS=--cap-lints=warn" "-e" "CARGO_HOME=/opt/rustwide/cargo-home" "-e" "RUSTUP_HOME=/opt/rustwide/rustup-home" "-w" "/opt/rustwide/workdir" "-m" "1610612736" "--user" "0:0" "--network" "none" "ghcr.io/rust-lang/crates-build-env/linux@sha256:5ff2268d62e97bff2cde7d5815dd6ed5b47097566f13b8d0ca110b04b60e07ed" "/opt/rustwide/cargo-home/bin/cargo" "+1.69.0" "test" "--frozen", kill_on_drop: false }`
[INFO] [stdout] 1c133638c9b622367969f64ddadc6ee0e8675fb9a93aeaebc71aee0f54c25cd8
[INFO] running `Command { std: "docker" "start" "-a" "1c133638c9b622367969f64ddadc6ee0e8675fb9a93aeaebc71aee0f54c25cd8", kill_on_drop: false }`
[INFO] [stderr]     Finished test [unoptimized + debuginfo] target(s) in 0.02s
[INFO] [stderr]      Running unittests src/lib.rs (/opt/rustwide/target/debug/deps/odra_proc_macros-73118541c8c8dfbb)
[INFO] [stdout] 
[INFO] [stderr]    Doc-tests odra-proc-macros
[INFO] [stdout] running 0 tests
[INFO] [stdout] 
[INFO] [stdout] test result: ok. 0 passed; 0 failed; 0 ignored; 0 measured; 0 filtered out; finished in 0.00s
[INFO] [stdout] 
[INFO] [stdout] 
[INFO] [stdout] running 6 tests
[INFO] [stdout] test src/lib.rs - external_contract (line 68) ... FAILED
[INFO] [stdout] test src/lib.rs - execution_error (line 143) - compile fail ... ok
[INFO] [stdout] test src/lib.rs - execution_error (line 157) - compile fail ... ok
[INFO] [stdout] test src/lib.rs - derive_event (line 92) ... FAILED
[INFO] [stdout] test src/lib.rs - module (line 25) ... FAILED
[INFO] [stdout] test src/lib.rs - execution_error (line 128) ... FAILED
[INFO] [stdout] 
[INFO] [stdout] failures:
[INFO] [stdout] 
[INFO] [stdout] ---- src/lib.rs - external_contract (line 68) stdout ----
[INFO] [stdout] error[E0432]: unresolved import `odra`
[INFO] [stdout]  --> src/lib.rs:69:5
[INFO] [stdout]   |
[INFO] [stdout] 3 | use odra;
[INFO] [stdout]   |     ^^^^ no external crate `odra`
[INFO] [stdout] 
[INFO] [stdout] error: cannot determine resolution for the attribute macro `odra::external_contract`
[INFO] [stdout]  --> src/lib.rs:71:3
[INFO] [stdout]   |
[INFO] [stdout] 5 | #[odra::external_contract]
[INFO] [stdout]   |   ^^^^^^^^^^^^^^^^^^^^^^^
[INFO] [stdout]   |
[INFO] [stdout]   = note: import resolution is stuck, try simplifying macro imports
[INFO] [stdout] 
[INFO] [stdout] error[E0433]: failed to resolve: use of undeclared type `GetterRef`
[INFO] [stdout]   --> src/lib.rs:78:14
[INFO] [stdout]    |
[INFO] [stdout] 12 | let getter = GetterRef::at(contract_address);
[INFO] [stdout]    |              ^^^^^^^^^
[INFO] [stdout]    |              |
[INFO] [stdout]    |              use of undeclared type `GetterRef`
[INFO] [stdout]    |              help: a trait with a similar name exists: `Getter`
[INFO] [stdout] 
[INFO] [stdout] error: aborting due to 3 previous errors
[INFO] [stdout] 
[INFO] [stdout] Some errors have detailed explanations: E0432, E0433.
[INFO] [stdout] For more information about an error, try `rustc --explain E0432`.
[INFO] [stdout] Couldn't compile the test.
[INFO] [stdout] ---- src/lib.rs - derive_event (line 92) stdout ----
[INFO] [stdout] error[E0433]: failed to resolve: use of undeclared crate or module `odra`
[INFO] [stdout]  --> src/lib.rs:93:10
[INFO] [stdout]   |
[INFO] [stdout] 3 | #[derive(odra::Event)]
[INFO] [stdout]   |          ^^^^ use of undeclared crate or module `odra`
[INFO] [stdout] 
[INFO] [stdout] error[E0433]: failed to resolve: use of undeclared crate or module `odra`
[INFO] [stdout]  --> src/lib.rs:98:6
[INFO] [stdout]   |
[INFO] [stdout] 8 | impl odra::types::BorshSerialize for ValueUpdated {
[INFO] [stdout]   |      ^^^^ use of undeclared crate or module `odra`
[INFO] [stdout] 
[INFO] [stdout] error[E0433]: failed to resolve: use of undeclared crate or module `odra`
[INFO] [stdout]   --> src/lib.rs:100:8
[INFO] [stdout]    |
[INFO] [stdout] 10 |        odra::types::BorshSerialize::serialize("ValueUpdated", writer)?;
[INFO] [stdout]    |        ^^^^ use of undeclared crate or module `odra`
[INFO] [stdout] 
[INFO] [stdout] error[E0433]: failed to resolve: use of undeclared crate or module `odra`
[INFO] [stdout]   --> src/lib.rs:101:8
[INFO] [stdout]    |
[INFO] [stdout] 11 |        odra::types::BorshSerialize::serialize(&self.value, writer)?;
[INFO] [stdout]    |        ^^^^ use of undeclared crate or module `odra`
[INFO] [stdout] 
[INFO] [stdout] error[E0433]: failed to resolve: use of undeclared crate or module `odra`
[INFO] [stdout]   --> src/lib.rs:105:6
[INFO] [stdout]    |
[INFO] [stdout] 15 | impl odra::types::BorshDeserialize for ValueUpdated {
[INFO] [stdout]    |      ^^^^ use of undeclared crate or module `odra`
[INFO] [stdout] 
[INFO] [stdout] error[E0433]: failed to resolve: use of undeclared crate or module `odra`
[INFO] [stdout]   --> src/lib.rs:107:27
[INFO] [stdout]    |
[INFO] [stdout] 17 |        let _ = <String as odra::types::BorshDeserialize>::deserialize(buf)?;
[INFO] [stdout]    |                           ^^^^ use of undeclared crate or module `odra`
[INFO] [stdout] 
[INFO] [stdout] error[E0433]: failed to resolve: use of undeclared crate or module `odra`
[INFO] [stdout]   --> src/lib.rs:109:19
[INFO] [stdout]    |
[INFO] [stdout] 19 |            value: odra::types::BorshDeserialize::deserialize(buf)?,
[INFO] [stdout]    |                   ^^^^ use of undeclared crate or module `odra`
[INFO] [stdout] 
[INFO] [stdout] error[E0433]: failed to resolve: use of undeclared crate or module `odra`
[INFO] [stdout]   --> src/lib.rs:115:30
[INFO] [stdout]    |
[INFO] [stdout] 25 | assert_eq!(&<ValueUpdated as odra::types::event::OdraEvent>::name(), "ValueUpdated");
[INFO] [stdout]    |                              ^^^^ use of undeclared crate or module `odra`
[INFO] [stdout] 
[INFO] [stdout] error: aborting due to 8 previous errors
[INFO] [stdout] 
[INFO] [stdout] For more information about this error, try `rustc --explain E0433`.
[INFO] [stdout] Couldn't compile the test.
[INFO] [stdout] ---- src/lib.rs - module (line 25) stdout ----
[INFO] [stdout] error[E0432]: unresolved import `odra`
[INFO] [stdout]  --> src/lib.rs:26:5
[INFO] [stdout]   |
[INFO] [stdout] 3 | use odra;
[INFO] [stdout]   |     ^^^^ no external crate `odra`
[INFO] [stdout] 
[INFO] [stdout] error: cannot determine resolution for the attribute macro `odra::module`
[INFO] [stdout]   --> src/lib.rs:33:3
[INFO] [stdout]    |
[INFO] [stdout] 10 | #[odra::module]
[INFO] [stdout]    |   ^^^^^^^^^^^^
[INFO] [stdout]    |
[INFO] [stdout]    = note: import resolution is stuck, try simplifying macro imports
[INFO] [stdout] 
[INFO] [stdout] error: cannot determine resolution for the attribute macro `odra::module`
[INFO] [stdout]  --> src/lib.rs:28:3
[INFO] [stdout]   |
[INFO] [stdout] 5 | #[odra::module]
[INFO] [stdout]   |   ^^^^^^^^^^^^
[INFO] [stdout]   |
[INFO] [stdout]   = note: import resolution is stuck, try simplifying macro imports
[INFO] [stdout] 
[INFO] [stdout] error: cannot determine resolution for the attribute macro `odra`
[INFO] [stdout]   --> src/lib.rs:35:7
[INFO] [stdout]    |
[INFO] [stdout] 12 |     #[odra(init)]
[INFO] [stdout]    |       ^^^^
[INFO] [stdout]    |
[INFO] [stdout]    = note: import resolution is stuck, try simplifying macro imports
[INFO] [stdout] 
[INFO] [stdout] error: aborting due to 4 previous errors
[INFO] [stdout] 
[INFO] [stdout] For more information about this error, try `rustc --explain E0432`.
[INFO] [stdout] Couldn't compile the test.
[INFO] [stdout] ---- src/lib.rs - execution_error (line 128) stdout ----
[INFO] [stdout] error[E0432]: unresolved import `odra`
[INFO] [stdout]  --> src/lib.rs:129:5
[INFO] [stdout]   |
[INFO] [stdout] 3 | use odra;
[INFO] [stdout]   |     ^^^^ no external crate `odra`
[INFO] [stdout] 
[INFO] [stdout] error: cannot determine resolution for the macro `odra::execution_error`
[INFO] [stdout]  --> src/lib.rs:131:1
[INFO] [stdout]   |
[INFO] [stdout] 5 | odra::execution_error! {
[INFO] [stdout]   | ^^^^^^^^^^^^^^^^^^^^^
[INFO] [stdout]   |
[INFO] [stdout]   = note: import resolution is stuck, try simplifying macro imports
[INFO] [stdout] 
[INFO] [stdout] error[E0433]: failed to resolve: use of undeclared type `Error`
[INFO] [stdout]   --> src/lib.rs:138:47
[INFO] [stdout]    |
[INFO] [stdout] 12 | let exec_error: odra::types::ExecutionError = Error::Fatal.into();
[INFO] [stdout]    |                                               ^^^^^ use of undeclared type `Error`
[INFO] [stdout] 
[INFO] [stdout] error[E0433]: failed to resolve: use of undeclared type `Error`
[INFO] [stdout]   --> src/lib.rs:139:42
[INFO] [stdout]    |
[INFO] [stdout] 13 | let odra_error: odra::types::OdraError = Error::Checked.into();
[INFO] [stdout]    |                                          ^^^^^ use of undeclared type `Error`
[INFO] [stdout] 
[INFO] [stdout] error: aborting due to 4 previous errors
[INFO] [stdout] 
[INFO] [stdout] Some errors have detailed explanations: E0432, E0433.
[INFO] [stdout] For more information about an error, try `rustc --explain E0432`.
[INFO] [stdout] Couldn't compile the test.
[INFO] [stdout] 
[INFO] [stdout] failures:
[INFO] [stdout]     src/lib.rs - derive_event (line 92)
[INFO] [stdout]     src/lib.rs - execution_error (line 128)
[INFO] [stdout]     src/lib.rs - external_contract (line 68)
[INFO] [stdout]     src/lib.rs - module (line 25)
[INFO] [stdout] 
[INFO] [stdout] test result: FAILED. 2 passed; 4 failed; 0 ignored; 0 measured; 0 filtered out; finished in 0.12s
[INFO] [stdout] 
[INFO] [stderr] error: doctest failed, to rerun pass `--doc`
[INFO] running `Command { std: "docker" "inspect" "1c133638c9b622367969f64ddadc6ee0e8675fb9a93aeaebc71aee0f54c25cd8", kill_on_drop: false }`
[INFO] running `Command { std: "docker" "rm" "-f" "1c133638c9b622367969f64ddadc6ee0e8675fb9a93aeaebc71aee0f54c25cd8", kill_on_drop: false }`
[INFO] [stdout] 1c133638c9b622367969f64ddadc6ee0e8675fb9a93aeaebc71aee0f54c25cd8
