[INFO] fetching crate ocpi 0.3.5...
[INFO] testing ocpi-0.3.5 against 1.69.0 for beta-1.70-1
[INFO] extracting crate ocpi 0.3.5 into /workspace/builds/worker-2-tc1/source
[INFO] validating manifest of crates.io crate ocpi 0.3.5 on toolchain 1.69.0
[INFO] running `Command { std: CARGO_HOME="/workspace/cargo-home" RUSTUP_HOME="/workspace/rustup-home" "/workspace/cargo-home/bin/cargo" "+1.69.0" "metadata" "--manifest-path" "Cargo.toml" "--no-deps", kill_on_drop: false }`
[INFO] started tweaking crates.io crate ocpi 0.3.5
[INFO] finished tweaking crates.io crate ocpi 0.3.5
[INFO] tweaked toml for crates.io crate ocpi 0.3.5 written to /workspace/builds/worker-2-tc1/source/Cargo.toml
[INFO] running `Command { std: CARGO_HOME="/workspace/cargo-home" RUSTUP_HOME="/workspace/rustup-home" __CARGO_TEST_CHANNEL_OVERRIDE_DO_NOT_USE_THIS="nightly" "/workspace/cargo-home/bin/cargo" "+1.69.0" "generate-lockfile" "--manifest-path" "Cargo.toml" "-Zno-index-update", kill_on_drop: false }`
[INFO] [stderr]     Blocking waiting for file lock on package cache
[INFO] running `Command { std: CARGO_HOME="/workspace/cargo-home" RUSTUP_HOME="/workspace/rustup-home" "/workspace/cargo-home/bin/cargo" "+1.69.0" "fetch" "--manifest-path" "Cargo.toml", kill_on_drop: false }`
[INFO] [stderr]  Downloading crates ...
[INFO] [stderr]   Downloaded isolanguage-1 v0.2.2
[INFO] running `Command { std: "docker" "create" "-v" "/var/lib/crater-agent-workspace/builds/worker-2-tc1/target:/opt/rustwide/target:rw,Z" "-v" "/var/lib/crater-agent-workspace/builds/worker-2-tc1/source:/opt/rustwide/workdir:ro,Z" "-v" "/var/lib/crater-agent-workspace/cargo-home:/opt/rustwide/cargo-home:ro,Z" "-v" "/var/lib/crater-agent-workspace/rustup-home:/opt/rustwide/rustup-home:ro,Z" "-e" "SOURCE_DIR=/opt/rustwide/workdir" "-e" "CARGO_TARGET_DIR=/opt/rustwide/target" "-e" "CARGO_HOME=/opt/rustwide/cargo-home" "-e" "RUSTUP_HOME=/opt/rustwide/rustup-home" "-w" "/opt/rustwide/workdir" "-m" "1610612736" "--user" "0:0" "--network" "none" "ghcr.io/rust-lang/crates-build-env/linux@sha256:5ff2268d62e97bff2cde7d5815dd6ed5b47097566f13b8d0ca110b04b60e07ed" "/opt/rustwide/cargo-home/bin/cargo" "+1.69.0" "metadata" "--no-deps" "--format-version=1", kill_on_drop: false }`
[INFO] [stdout] e7f3881e4c2a0b8c64e97ff2a96b8cff85b08891ec2d027d4fa5ab0684a6d2bd
[INFO] running `Command { std: "docker" "start" "-a" "e7f3881e4c2a0b8c64e97ff2a96b8cff85b08891ec2d027d4fa5ab0684a6d2bd", kill_on_drop: false }`
[INFO] running `Command { std: "docker" "inspect" "e7f3881e4c2a0b8c64e97ff2a96b8cff85b08891ec2d027d4fa5ab0684a6d2bd", kill_on_drop: false }`
[INFO] running `Command { std: "docker" "rm" "-f" "e7f3881e4c2a0b8c64e97ff2a96b8cff85b08891ec2d027d4fa5ab0684a6d2bd", kill_on_drop: false }`
[INFO] [stdout] e7f3881e4c2a0b8c64e97ff2a96b8cff85b08891ec2d027d4fa5ab0684a6d2bd
[INFO] running `Command { std: "docker" "create" "-v" "/var/lib/crater-agent-workspace/builds/worker-2-tc1/target:/opt/rustwide/target:rw,Z" "-v" "/var/lib/crater-agent-workspace/builds/worker-2-tc1/source:/opt/rustwide/workdir:ro,Z" "-v" "/var/lib/crater-agent-workspace/cargo-home:/opt/rustwide/cargo-home:ro,Z" "-v" "/var/lib/crater-agent-workspace/rustup-home:/opt/rustwide/rustup-home:ro,Z" "-e" "SOURCE_DIR=/opt/rustwide/workdir" "-e" "CARGO_TARGET_DIR=/opt/rustwide/target" "-e" "CARGO_INCREMENTAL=0" "-e" "RUST_BACKTRACE=full" "-e" "RUSTFLAGS=--cap-lints=warn" "-e" "RUSTDOCFLAGS=--cap-lints=warn" "-e" "CARGO_HOME=/opt/rustwide/cargo-home" "-e" "RUSTUP_HOME=/opt/rustwide/rustup-home" "-w" "/opt/rustwide/workdir" "-m" "1610612736" "--user" "0:0" "--network" "none" "ghcr.io/rust-lang/crates-build-env/linux@sha256:5ff2268d62e97bff2cde7d5815dd6ed5b47097566f13b8d0ca110b04b60e07ed" "/opt/rustwide/cargo-home/bin/cargo" "+1.69.0" "build" "--frozen" "--message-format=json", kill_on_drop: false }`
[INFO] [stdout] 920f2bfc6cfa9bddd67be133efb989bf486ddcf327281949b82938a770d36a07
[INFO] running `Command { std: "docker" "start" "-a" "920f2bfc6cfa9bddd67be133efb989bf486ddcf327281949b82938a770d36a07", kill_on_drop: false }`
[INFO] [stderr]    Compiling tokio v1.28.0
[INFO] [stderr]    Compiling futures-task v0.3.28
[INFO] [stderr]    Compiling futures-util v0.3.28
[INFO] [stderr]    Compiling generic-array v0.14.7
[INFO] [stderr]    Compiling syn v1.0.109
[INFO] [stderr]    Compiling socket2 v0.4.9
[INFO] [stderr]    Compiling mio v0.8.6
[INFO] [stderr]    Compiling unicase v2.6.0
[INFO] [stderr]    Compiling syn v2.0.15
[INFO] [stderr]    Compiling serde_json v1.0.96
[INFO] [stderr]    Compiling tower-layer v0.3.2
[INFO] [stderr]    Compiling headers-core v0.2.0
[INFO] [stderr]    Compiling http-range-header v0.3.0
[INFO] [stderr]    Compiling rustls-pemfile v1.0.2
[INFO] [stderr]    Compiling time v0.1.45
[INFO] [stderr]    Compiling sync_wrapper v0.1.2
[INFO] [stderr]    Compiling matchit v0.5.0
[INFO] [stderr]    Compiling scoped-tls v1.0.1
[INFO] [stderr]    Compiling uuid v1.3.2
[INFO] [stderr]    Compiling mime_guess v2.0.4
[INFO] [stderr]    Compiling crypto-common v0.1.6
[INFO] [stderr]    Compiling block-buffer v0.10.4
[INFO] [stderr]    Compiling digest v0.10.6
[INFO] [stderr]    Compiling sha1 v0.10.5
[INFO] [stderr]    Compiling headers v0.3.8
[INFO] [stderr]    Compiling serde_derive v1.0.160
[INFO] [stderr]    Compiling async-trait v0.1.68
[INFO] [stderr]    Compiling thiserror-impl v1.0.40
[INFO] [stderr]    Compiling pin-project-internal v1.0.12
[INFO] [stderr]    Compiling tokio-util v0.7.8
[INFO] [stderr]    Compiling tokio-stream v0.1.14
[INFO] [stderr]    Compiling axum-core v0.2.9
[INFO] [stderr]    Compiling thiserror v1.0.40
[INFO] [stderr]    Compiling h2 v0.3.18
[INFO] [stderr]    Compiling pin-project v1.0.12
[INFO] [stderr]    Compiling tower v0.4.13
[INFO] [stderr]    Compiling tower-http v0.3.5
[INFO] [stderr]    Compiling serde v1.0.160
[INFO] [stderr]    Compiling hyper v0.14.26
[INFO] [stderr]    Compiling serde_urlencoded v0.7.1
[INFO] [stderr]    Compiling url v2.3.1
[INFO] [stderr]    Compiling isolanguage-1 v0.2.2
[INFO] [stderr]    Compiling chrono v0.4.24
[INFO] [stderr]    Compiling reqwest v0.11.17
[INFO] [stderr]    Compiling warp v0.3.5
[INFO] [stderr]    Compiling axum v0.5.17
[INFO] [stderr]    Compiling ocpi v0.3.5 (/opt/rustwide/workdir)
[INFO] [stdout] warning: use of deprecated associated function `chrono::NaiveDate::from_ymd`: use `from_ymd_opt()` instead
[INFO] [stdout]   --> src/types/date_time.rs:10:33
[INFO] [stdout]    |
[INFO] [stdout] 10 |         Date(chrono::NaiveDate::from_ymd(year, month, day))
[INFO] [stdout]    |                                 ^^^^^^^^
[INFO] [stdout]    |
[INFO] [stdout]    = note: `#[warn(deprecated)]` on by default
[INFO] [stdout] 
[INFO] [stdout] 
[INFO] [stdout] warning: use of deprecated method `chrono::NaiveDate::and_hms`: use `and_hms_opt()` instead
[INFO] [stdout]   --> src/types/date_time.rs:14:25
[INFO] [stdout]    |
[INFO] [stdout] 14 |         DateTime(self.0.and_hms(hour, min, sec))
[INFO] [stdout]    |                         ^^^^^^^
[INFO] [stdout] 
[INFO] [stdout] 
[INFO] [stdout] warning: use of deprecated method `chrono::NaiveDate::and_hms_milli`: use `and_hms_milli_opt()` instead
[INFO] [stdout]   --> src/types/date_time.rs:18:25
[INFO] [stdout]    |
[INFO] [stdout] 18 |         DateTime(self.0.and_hms_milli(hour, min, sec, millis))
[INFO] [stdout]    |                         ^^^^^^^^^^^^^
[INFO] [stdout] 
[INFO] [stdout] 
[INFO] [stdout] warning: 3 warnings emitted
[INFO] [stdout] 
[INFO] [stdout] 
[INFO] [stderr]     Finished dev [unoptimized + debuginfo] target(s) in 18.94s
[INFO] running `Command { std: "docker" "inspect" "920f2bfc6cfa9bddd67be133efb989bf486ddcf327281949b82938a770d36a07", kill_on_drop: false }`
[INFO] running `Command { std: "docker" "rm" "-f" "920f2bfc6cfa9bddd67be133efb989bf486ddcf327281949b82938a770d36a07", kill_on_drop: false }`
[INFO] [stdout] 920f2bfc6cfa9bddd67be133efb989bf486ddcf327281949b82938a770d36a07
[INFO] running `Command { std: "docker" "create" "-v" "/var/lib/crater-agent-workspace/builds/worker-2-tc1/target:/opt/rustwide/target:rw,Z" "-v" "/var/lib/crater-agent-workspace/builds/worker-2-tc1/source:/opt/rustwide/workdir:ro,Z" "-v" "/var/lib/crater-agent-workspace/cargo-home:/opt/rustwide/cargo-home:ro,Z" "-v" "/var/lib/crater-agent-workspace/rustup-home:/opt/rustwide/rustup-home:ro,Z" "-e" "SOURCE_DIR=/opt/rustwide/workdir" "-e" "CARGO_TARGET_DIR=/opt/rustwide/target" "-e" "CARGO_INCREMENTAL=0" "-e" "RUST_BACKTRACE=full" "-e" "RUSTFLAGS=--cap-lints=warn" "-e" "RUSTDOCFLAGS=--cap-lints=warn" "-e" "CARGO_HOME=/opt/rustwide/cargo-home" "-e" "RUSTUP_HOME=/opt/rustwide/rustup-home" "-w" "/opt/rustwide/workdir" "-m" "1610612736" "--user" "0:0" "--network" "none" "ghcr.io/rust-lang/crates-build-env/linux@sha256:5ff2268d62e97bff2cde7d5815dd6ed5b47097566f13b8d0ca110b04b60e07ed" "/opt/rustwide/cargo-home/bin/cargo" "+1.69.0" "test" "--frozen" "--no-run" "--message-format=json", kill_on_drop: false }`
[INFO] [stdout] b5684db8b2ed66104b482f95a234681f92101c58b56caf73148b4307b15b21e2
[INFO] running `Command { std: "docker" "start" "-a" "b5684db8b2ed66104b482f95a234681f92101c58b56caf73148b4307b15b21e2", kill_on_drop: false }`
[INFO] [stderr]    Compiling futures-io v0.3.28
[INFO] [stderr]    Compiling tokio v1.28.0
[INFO] [stderr]    Compiling futures-macro v0.3.28
[INFO] [stderr]    Compiling tokio-macros v2.1.0
[INFO] [stderr]    Compiling crossbeam-utils v0.8.15
[INFO] [stderr]    Compiling getrandom v0.1.16
[INFO] [stderr]    Compiling http-types v2.12.0
[INFO] [stderr]    Compiling parking v2.1.0
[INFO] [stderr]    Compiling event-listener v2.5.3
[INFO] [stderr]    Compiling serde_qs v0.8.5
[INFO] [stderr]    Compiling retain_mut v0.1.9
[INFO] [stderr]    Compiling infer v0.2.3
[INFO] [stderr]    Compiling deadpool-runtime v0.1.2
[INFO] [stderr]    Compiling assert-json-diff v2.0.2
[INFO] [stderr]    Compiling futures-lite v1.13.0
[INFO] [stderr]    Compiling rand_core v0.5.1
[INFO] [stderr]    Compiling rand_chacha v0.2.2
[INFO] [stderr]    Compiling concurrent-queue v2.2.0
[INFO] [stderr]    Compiling rand v0.7.3
[INFO] [stderr]    Compiling async-channel v1.8.0
[INFO] [stderr]    Compiling futures-util v0.3.28
[INFO] [stderr]    Compiling axum-core v0.2.9
[INFO] [stderr]    Compiling futures-executor v0.3.28
[INFO] [stderr]    Compiling futures v0.3.28
[INFO] [stderr]    Compiling tokio-util v0.7.8
[INFO] [stderr]    Compiling tower v0.4.13
[INFO] [stderr]    Compiling tokio-stream v0.1.14
[INFO] [stderr]    Compiling deadpool v0.9.5
[INFO] [stderr]    Compiling tower-http v0.3.5
[INFO] [stderr]    Compiling h2 v0.3.18
[INFO] [stderr]    Compiling hyper v0.14.26
[INFO] [stderr]    Compiling axum v0.5.17
[INFO] [stderr]    Compiling reqwest v0.11.17
[INFO] [stderr]    Compiling warp v0.3.5
[INFO] [stderr]    Compiling wiremock v0.5.18
[INFO] [stderr]    Compiling ocpi v0.3.5 (/opt/rustwide/workdir)
[INFO] [stdout] warning: use of deprecated associated function `chrono::NaiveDate::from_ymd`: use `from_ymd_opt()` instead
[INFO] [stdout]   --> src/types/date_time.rs:10:33
[INFO] [stdout]    |
[INFO] [stdout] 10 |         Date(chrono::NaiveDate::from_ymd(year, month, day))
[INFO] [stdout]    |                                 ^^^^^^^^
[INFO] [stdout]    |
[INFO] [stdout]    = note: `#[warn(deprecated)]` on by default
[INFO] [stdout] 
[INFO] [stdout] 
[INFO] [stdout] warning: use of deprecated method `chrono::NaiveDate::and_hms`: use `and_hms_opt()` instead
[INFO] [stdout]   --> src/types/date_time.rs:14:25
[INFO] [stdout]    |
[INFO] [stdout] 14 |         DateTime(self.0.and_hms(hour, min, sec))
[INFO] [stdout]    |                         ^^^^^^^
[INFO] [stdout] 
[INFO] [stdout] 
[INFO] [stdout] warning: use of deprecated method `chrono::NaiveDate::and_hms_milli`: use `and_hms_milli_opt()` instead
[INFO] [stdout]   --> src/types/date_time.rs:18:25
[INFO] [stdout]    |
[INFO] [stdout] 18 |         DateTime(self.0.and_hms_milli(hour, min, sec, millis))
[INFO] [stdout]    |                         ^^^^^^^^^^^^^
[INFO] [stdout] 
[INFO] [stdout] 
[INFO] [stdout] warning: use of deprecated associated function `chrono::NaiveDate::from_ymd`: use `from_ymd_opt()` instead
[INFO] [stdout]   --> src/types/date_time.rs:10:33
[INFO] [stdout]    |
[INFO] [stdout] 10 |         Date(chrono::NaiveDate::from_ymd(year, month, day))
[INFO] [stdout]    |                                 ^^^^^^^^
[INFO] [stdout]    |
[INFO] [stdout]    = note: `#[warn(deprecated)]` on by default
[INFO] [stdout] 
[INFO] [stdout] 
[INFO] [stdout] warning: use of deprecated method `chrono::NaiveDate::and_hms`: use `and_hms_opt()` instead
[INFO] [stdout]   --> src/types/date_time.rs:14:25
[INFO] [stdout]    |
[INFO] [stdout] 14 |         DateTime(self.0.and_hms(hour, min, sec))
[INFO] [stdout]    |                         ^^^^^^^
[INFO] [stdout] 
[INFO] [stdout] 
[INFO] [stdout] warning: use of deprecated method `chrono::NaiveDate::and_hms_milli`: use `and_hms_milli_opt()` instead
[INFO] [stdout]   --> src/types/date_time.rs:18:25
[INFO] [stdout]    |
[INFO] [stdout] 18 |         DateTime(self.0.and_hms_milli(hour, min, sec, millis))
[INFO] [stdout]    |                         ^^^^^^^^^^^^^
[INFO] [stdout] 
[INFO] [stdout] 
[INFO] [stdout] warning: function `test` is never used
[INFO] [stdout]   --> src/versions_store.rs:75:8
[INFO] [stdout]    |
[INFO] [stdout] 75 | pub fn test(base_url: types::Url) -> SimpleVersionsStore {
[INFO] [stdout]    |        ^^^^
[INFO] [stdout]    |
[INFO] [stdout]    = note: `#[warn(dead_code)]` on by default
[INFO] [stdout] 
[INFO] [stdout] 
[INFO] [stdout] warning: 3 warnings emitted
[INFO] [stdout] 
[INFO] [stdout] 
[INFO] [stdout] error[E0277]: the trait bound `TestStore: FromStr` is not satisfied
[INFO] [stdout]   --> tests/lib.rs:26:37
[INFO] [stdout]    |
[INFO] [stdout] 26 |             "http://localhost:8000".parse().expect("parsing unused url"),
[INFO] [stdout]    |                                     ^^^^^ the trait `FromStr` is not implemented for `TestStore`
[INFO] [stdout]    |
[INFO] [stdout]    = help: the following other types implement trait `FromStr`:
[INFO] [stdout]              CommandType
[INFO] [stdout]              DateTime
[INFO] [stdout]              HeaderName
[INFO] [stdout]              HeaderValue
[INFO] [stdout]              ImageCategory
[INFO] [stdout]              InterfaceRole
[INFO] [stdout]              IpAddr
[INFO] [stdout]              Ipv4Addr
[INFO] [stdout]            and 82 others
[INFO] [stdout] note: required by a bound in `core::str::<impl str>::parse`
[INFO] [stdout]   --> /rustc/84c898d65adf2f39a5a98507f1fe0ce10a2b8dbc/library/core/src/str/mod.rs:2352:5
[INFO] [stdout] 
[INFO] [stdout] 
[INFO] [stdout] error[E0061]: this function takes 2 arguments but 3 arguments were supplied
[INFO] [stdout]    --> tests/lib.rs:25:9
[INFO] [stdout]     |
[INFO] [stdout] 25  |           ocpi::Cpo::new(
[INFO] [stdout]     |           ^^^^^^^^^^^^^^
[INFO] [stdout] 26  |               "http://localhost:8000".parse().expect("parsing unused url"),
[INFO] [stdout]     |  _________________________________________________________________________-
[INFO] [stdout] 27  | |             store.clone(),
[INFO] [stdout]     | |             -------------
[INFO] [stdout]     | |_____________|___________|
[INFO] [stdout]     |               |           help: remove the extra argument
[INFO] [stdout]     |               unexpected argument of type `TestStore`
[INFO] [stdout]     |
[INFO] [stdout] note: associated function defined here
[INFO] [stdout]    --> /opt/rustwide/workdir/src/lib.rs:219:12
[INFO] [stdout]     |
[INFO] [stdout] 219 |     pub fn new(db: DB, client: Client) -> Self {
[INFO] [stdout]     |            ^^^
[INFO] [stdout] 
[INFO] [stdout] 
[INFO] [stdout] error[E0599]: the method `credentials_post` exists for struct `Cpo<TestStore, NoCommandsHandler>`, but its trait bounds were not satisfied
[INFO] [stdout]    --> tests/lib.rs:147:10
[INFO] [stdout]     |
[INFO] [stdout] 146 |       let cpo_credentials = cpo
[INFO] [stdout]     |  ___________________________-
[INFO] [stdout] 147 | |         .credentials_post(
[INFO] [stdout]     | |         -^^^^^^^^^^^^^^^^ method cannot be called on `Cpo<TestStore, NoCommandsHandler>` due to unsatisfied trait bounds
[INFO] [stdout]     | |_________|
[INFO] [stdout]     | 
[INFO] [stdout]     |
[INFO] [stdout]    ::: tests/test_store.rs:44:1
[INFO] [stdout]     |
[INFO] [stdout] 44  |   pub struct TestStore {
[INFO] [stdout]     |   -------------------- doesn't satisfy `TestStore: VersionsStore`
[INFO] [stdout]     |
[INFO] [stdout]    ::: /opt/rustwide/workdir/src/lib.rs:200:1
[INFO] [stdout]     |
[INFO] [stdout] 200 |   pub struct Cpo<DB, CH>
[INFO] [stdout]     |   ---------------------- doesn't satisfy `_: CredentialsModule`
[INFO] [stdout]     |
[INFO] [stdout]     = note: the following trait bounds were not satisfied:
[INFO] [stdout]             `TestStore: VersionsStore`
[INFO] [stdout]             which is required by `ocpi::Cpo<TestStore, NoCommandsHandler>: CredentialsModule`
[INFO] [stdout] note: the trait `VersionsStore` must be implemented
[INFO] [stdout]    --> /opt/rustwide/workdir/src/versions_store.rs:6:1
[INFO] [stdout]     |
[INFO] [stdout] 6   | pub trait VersionsStore {
[INFO] [stdout]     | ^^^^^^^^^^^^^^^^^^^^^^^
[INFO] [stdout] 
[INFO] [stdout] 
[INFO] [stdout] error[E0599]: the method `credentials_post` exists for struct `Cpo<TestStore, NoCommandsHandler>`, but its trait bounds were not satisfied
[INFO] [stdout]    --> tests/lib.rs:200:10
[INFO] [stdout]     |
[INFO] [stdout] 199 |       let cpo_credentials = cpo
[INFO] [stdout]     |  ___________________________-
[INFO] [stdout] 200 | |         .credentials_post(
[INFO] [stdout]     | |         -^^^^^^^^^^^^^^^^ method cannot be called on `Cpo<TestStore, NoCommandsHandler>` due to unsatisfied trait bounds
[INFO] [stdout]     | |_________|
[INFO] [stdout]     | 
[INFO] [stdout]     |
[INFO] [stdout]    ::: tests/test_store.rs:44:1
[INFO] [stdout]     |
[INFO] [stdout] 44  |   pub struct TestStore {
[INFO] [stdout]     |   -------------------- doesn't satisfy `TestStore: VersionsStore`
[INFO] [stdout]     |
[INFO] [stdout]    ::: /opt/rustwide/workdir/src/lib.rs:200:1
[INFO] [stdout]     |
[INFO] [stdout] 200 |   pub struct Cpo<DB, CH>
[INFO] [stdout]     |   ---------------------- doesn't satisfy `_: CredentialsModule`
[INFO] [stdout]     |
[INFO] [stdout]     = note: the following trait bounds were not satisfied:
[INFO] [stdout]             `TestStore: VersionsStore`
[INFO] [stdout]             which is required by `ocpi::Cpo<TestStore, NoCommandsHandler>: CredentialsModule`
[INFO] [stdout] note: the trait `VersionsStore` must be implemented
[INFO] [stdout]    --> /opt/rustwide/workdir/src/versions_store.rs:6:1
[INFO] [stdout]     |
[INFO] [stdout] 6   | pub trait VersionsStore {
[INFO] [stdout]     | ^^^^^^^^^^^^^^^^^^^^^^^
[INFO] [stdout] 
[INFO] [stdout] 
[INFO] [stdout] error[E0599]: the method `credentials_put` exists for struct `Cpo<TestStore, NoCommandsHandler>`, but its trait bounds were not satisfied
[INFO] [stdout]    --> tests/lib.rs:224:10
[INFO] [stdout]     |
[INFO] [stdout] 223 |       let cpo_credentials = cpo
[INFO] [stdout]     |  ___________________________-
[INFO] [stdout] 224 | |         .credentials_put(
[INFO] [stdout]     | |         -^^^^^^^^^^^^^^^ method cannot be called on `Cpo<TestStore, NoCommandsHandler>` due to unsatisfied trait bounds
[INFO] [stdout]     | |_________|
[INFO] [stdout]     | 
[INFO] [stdout]     |
[INFO] [stdout]    ::: tests/test_store.rs:44:1
[INFO] [stdout]     |
[INFO] [stdout] 44  |   pub struct TestStore {
[INFO] [stdout]     |   -------------------- doesn't satisfy `TestStore: VersionsStore`
[INFO] [stdout]     |
[INFO] [stdout]    ::: /opt/rustwide/workdir/src/lib.rs:200:1
[INFO] [stdout]     |
[INFO] [stdout] 200 |   pub struct Cpo<DB, CH>
[INFO] [stdout]     |   ---------------------- doesn't satisfy `_: CredentialsModule`
[INFO] [stdout]     |
[INFO] [stdout]     = note: the following trait bounds were not satisfied:
[INFO] [stdout]             `TestStore: VersionsStore`
[INFO] [stdout]             which is required by `ocpi::Cpo<TestStore, NoCommandsHandler>: CredentialsModule`
[INFO] [stdout] note: the trait `VersionsStore` must be implemented
[INFO] [stdout]    --> /opt/rustwide/workdir/src/versions_store.rs:6:1
[INFO] [stdout]     |
[INFO] [stdout] 6   | pub trait VersionsStore {
[INFO] [stdout]     | ^^^^^^^^^^^^^^^^^^^^^^^
[INFO] [stdout] 
[INFO] [stdout] 
[INFO] [stdout] warning: unused import: `CredentialsModule`
[INFO] [stdout]  --> tests/lib.rs:6:9
[INFO] [stdout]   |
[INFO] [stdout] 6 |         CredentialsModule,
[INFO] [stdout]   |         ^^^^^^^^^^^^^^^^^
[INFO] [stdout]   |
[INFO] [stdout]   = note: `#[warn(unused_imports)]` on by default
[INFO] [stdout] 
[INFO] [stdout] 
[INFO] [stdout] error: aborting due to 5 previous errors; 1 warning emitted
[INFO] [stdout] 
[INFO] [stdout] 
[INFO] [stdout] Some errors have detailed explanations: E0061, E0277, E0599.
[INFO] [stdout] 
[INFO] [stdout] For more information about an error, try `rustc --explain E0061`.
[INFO] [stdout] 
[INFO] [stderr] error: could not compile `ocpi` due to 6 previous errors; 1 warning emitted
[INFO] [stderr] warning: build failed, waiting for other jobs to finish...
[INFO] [stdout] warning: 4 warnings emitted
[INFO] [stdout] 
[INFO] [stdout] 
[INFO] running `Command { std: "docker" "inspect" "b5684db8b2ed66104b482f95a234681f92101c58b56caf73148b4307b15b21e2", kill_on_drop: false }`
[INFO] running `Command { std: "docker" "rm" "-f" "b5684db8b2ed66104b482f95a234681f92101c58b56caf73148b4307b15b21e2", kill_on_drop: false }`
[INFO] [stdout] b5684db8b2ed66104b482f95a234681f92101c58b56caf73148b4307b15b21e2
