[INFO] fetching crate ockam_identity 0.73.0...
[INFO] testing ockam_identity-0.73.0 against 1.69.0 for beta-1.70-1
[INFO] extracting crate ockam_identity 0.73.0 into /workspace/builds/worker-0-tc1/source
[INFO] validating manifest of crates.io crate ockam_identity 0.73.0 on toolchain 1.69.0
[INFO] running `Command { std: CARGO_HOME="/workspace/cargo-home" RUSTUP_HOME="/workspace/rustup-home" "/workspace/cargo-home/bin/cargo" "+1.69.0" "metadata" "--manifest-path" "Cargo.toml" "--no-deps", kill_on_drop: false }`
[INFO] started tweaking crates.io crate ockam_identity 0.73.0
[INFO] finished tweaking crates.io crate ockam_identity 0.73.0
[INFO] tweaked toml for crates.io crate ockam_identity 0.73.0 written to /workspace/builds/worker-0-tc1/source/Cargo.toml
[INFO] running `Command { std: CARGO_HOME="/workspace/cargo-home" RUSTUP_HOME="/workspace/rustup-home" __CARGO_TEST_CHANNEL_OVERRIDE_DO_NOT_USE_THIS="nightly" "/workspace/cargo-home/bin/cargo" "+1.69.0" "generate-lockfile" "--manifest-path" "Cargo.toml" "-Zno-index-update", kill_on_drop: false }`
[INFO] running `Command { std: CARGO_HOME="/workspace/cargo-home" RUSTUP_HOME="/workspace/rustup-home" "/workspace/cargo-home/bin/cargo" "+1.69.0" "fetch" "--manifest-path" "Cargo.toml", kill_on_drop: false }`
[INFO] [stderr]  Downloading crates ...
[INFO] [stderr]   Downloaded serde-big-array v0.5.1
[INFO] [stderr]   Downloaded ockam_vault v0.75.0
[INFO] [stderr]   Downloaded ockam_transport_core v0.52.0
[INFO] [stderr]   Downloaded ockam_node v0.82.0
[INFO] [stderr]   Downloaded ockam_core v0.79.0
[INFO] [stderr]   Downloaded ockam_macros v0.28.0
[INFO] [stderr]   Downloaded ockam_key_exchange_xx v0.75.0
[INFO] [stderr]   Downloaded ockam_executor v0.47.0
[INFO] [stderr]   Downloaded serde_bare v0.5.0
[INFO] running `Command { std: "docker" "create" "-v" "/var/lib/crater-agent-workspace/builds/worker-0-tc1/target:/opt/rustwide/target:rw,Z" "-v" "/var/lib/crater-agent-workspace/builds/worker-0-tc1/source:/opt/rustwide/workdir:ro,Z" "-v" "/var/lib/crater-agent-workspace/cargo-home:/opt/rustwide/cargo-home:ro,Z" "-v" "/var/lib/crater-agent-workspace/rustup-home:/opt/rustwide/rustup-home:ro,Z" "-e" "SOURCE_DIR=/opt/rustwide/workdir" "-e" "CARGO_TARGET_DIR=/opt/rustwide/target" "-e" "CARGO_HOME=/opt/rustwide/cargo-home" "-e" "RUSTUP_HOME=/opt/rustwide/rustup-home" "-w" "/opt/rustwide/workdir" "-m" "1610612736" "--user" "0:0" "--network" "none" "ghcr.io/rust-lang/crates-build-env/linux@sha256:5ff2268d62e97bff2cde7d5815dd6ed5b47097566f13b8d0ca110b04b60e07ed" "/opt/rustwide/cargo-home/bin/cargo" "+1.69.0" "metadata" "--no-deps" "--format-version=1", kill_on_drop: false }`
[INFO] [stdout] 308ab7afed94e9e0f4f2257f91a4aa8d645c992292d8fc305e58ec84898a0f76
[INFO] running `Command { std: "docker" "start" "-a" "308ab7afed94e9e0f4f2257f91a4aa8d645c992292d8fc305e58ec84898a0f76", kill_on_drop: false }`
[INFO] running `Command { std: "docker" "inspect" "308ab7afed94e9e0f4f2257f91a4aa8d645c992292d8fc305e58ec84898a0f76", kill_on_drop: false }`
[INFO] running `Command { std: "docker" "rm" "-f" "308ab7afed94e9e0f4f2257f91a4aa8d645c992292d8fc305e58ec84898a0f76", kill_on_drop: false }`
[INFO] [stdout] 308ab7afed94e9e0f4f2257f91a4aa8d645c992292d8fc305e58ec84898a0f76
[INFO] running `Command { std: "docker" "create" "-v" "/var/lib/crater-agent-workspace/builds/worker-0-tc1/target:/opt/rustwide/target:rw,Z" "-v" "/var/lib/crater-agent-workspace/builds/worker-0-tc1/source:/opt/rustwide/workdir:ro,Z" "-v" "/var/lib/crater-agent-workspace/cargo-home:/opt/rustwide/cargo-home:ro,Z" "-v" "/var/lib/crater-agent-workspace/rustup-home:/opt/rustwide/rustup-home:ro,Z" "-e" "SOURCE_DIR=/opt/rustwide/workdir" "-e" "CARGO_TARGET_DIR=/opt/rustwide/target" "-e" "CARGO_INCREMENTAL=0" "-e" "RUST_BACKTRACE=full" "-e" "RUSTFLAGS=--cap-lints=warn" "-e" "RUSTDOCFLAGS=--cap-lints=warn" "-e" "CARGO_HOME=/opt/rustwide/cargo-home" "-e" "RUSTUP_HOME=/opt/rustwide/rustup-home" "-w" "/opt/rustwide/workdir" "-m" "1610612736" "--user" "0:0" "--network" "none" "ghcr.io/rust-lang/crates-build-env/linux@sha256:5ff2268d62e97bff2cde7d5815dd6ed5b47097566f13b8d0ca110b04b60e07ed" "/opt/rustwide/cargo-home/bin/cargo" "+1.69.0" "build" "--frozen" "--message-format=json", kill_on_drop: false }`
[INFO] [stdout] 16dfe2fdd02bba07f4b0dcca63a611b9127b3a5ef29ff07a9b4dda2f69df3a41
[INFO] running `Command { std: "docker" "start" "-a" "16dfe2fdd02bba07f4b0dcca63a611b9127b3a5ef29ff07a9b4dda2f69df3a41", kill_on_drop: false }`
[INFO] [stderr]    Compiling version_check v0.9.4
[INFO] [stderr]    Compiling libc v0.2.142
[INFO] [stderr]    Compiling typenum v1.16.0
[INFO] [stderr]    Compiling subtle v2.4.1
[INFO] [stderr]    Compiling autocfg v1.1.0
[INFO] [stderr]    Compiling const-oid v0.9.2
[INFO] [stderr]    Compiling once_cell v1.17.1
[INFO] [stderr]    Compiling syn v1.0.109
[INFO] [stderr]    Compiling pin-project-lite v0.2.9
[INFO] [stderr]    Compiling semver v1.0.17
[INFO] [stderr]    Compiling byteorder v1.4.3
[INFO] [stderr]    Compiling serde_derive v1.0.160
[INFO] [stderr]    Compiling serde v1.0.160
[INFO] [stderr]    Compiling memchr v2.5.0
[INFO] [stderr]    Compiling futures-core v0.3.28
[INFO] [stderr]    Compiling syn v2.0.15
[INFO] [stderr]    Compiling futures-channel v0.3.28
[INFO] [stderr]    Compiling tracing-core v0.1.30
[INFO] [stderr]    Compiling base64ct v1.6.0
[INFO] [stderr]    Compiling futures-task v0.3.28
[INFO] [stderr]    Compiling lock_api v0.4.9
[INFO] [stderr]    Compiling slab v0.4.8
[INFO] [stderr]    Compiling generic-array v0.14.7
[INFO] [stderr]    Compiling ahash v0.8.3
[INFO] [stderr]    Compiling cpufeatures v0.2.7
[INFO] [stderr]    Compiling ppv-lite86 v0.2.17
[INFO] [stderr]    Compiling futures-sink v0.3.28
[INFO] [stderr]    Compiling futures-util v0.3.28
[INFO] [stderr]    Compiling pem-rfc7468 v0.7.0
[INFO] [stderr]    Compiling futures-io v0.3.28
[INFO] [stderr]    Compiling rustc_version v0.4.0
[INFO] [stderr]    Compiling async-trait v0.1.68
[INFO] [stderr]    Compiling pin-utils v0.1.0
[INFO] [stderr]    Compiling minicbor v0.19.1
[INFO] [stderr]    Compiling hash32 v0.2.1
[INFO] [stderr]    Compiling spin v0.9.8
[INFO] [stderr]    Compiling opaque-debug v0.3.0
[INFO] [stderr]    Compiling tinyvec_macros v0.1.1
[INFO] [stderr]    Compiling stable_deref_trait v1.2.0
[INFO] [stderr]    Compiling log v0.4.17
[INFO] [stderr]    Compiling tinyvec v1.6.0
[INFO] [stderr]    Compiling getrandom v0.1.16
[INFO] [stderr]    Compiling core2 v0.4.0
[INFO] [stderr]    Compiling heapless v0.7.16
[INFO] [stderr]    Compiling regex-syntax v0.6.29
[INFO] [stderr]    Compiling crossbeam-utils v0.8.15
[INFO] [stderr]    Compiling hex v0.4.3
[INFO] [stderr]    Compiling base16ct v0.2.0
[INFO] [stderr]    Compiling tokio v1.28.0
[INFO] [stderr]    Compiling regex-syntax v0.7.1
[INFO] [stderr]    Compiling crossbeam-queue v0.3.8
[INFO] [stderr]    Compiling overload v0.1.1
[INFO] [stderr]    Compiling sharded-slab v0.1.4
[INFO] [stderr]    Compiling nu-ansi-term v0.46.0
[INFO] [stderr]    Compiling thread_local v1.1.7
[INFO] [stderr]    Compiling pkg-config v0.3.26
[INFO] [stderr]    Compiling getrandom v0.2.9
[INFO] [stderr]    Compiling tracing-log v0.1.3
[INFO] [stderr]    Compiling rand_core v0.6.4
[INFO] [stderr]    Compiling num_cpus v1.15.0
[INFO] [stderr]    Compiling smallvec v1.10.0
[INFO] [stderr]    Compiling rand_core v0.5.1
[INFO] [stderr]    Compiling cc v1.0.79
[INFO] [stderr]    Compiling rand_chacha v0.3.1
[INFO] [stderr]    Compiling ff v0.13.0
[INFO] [stderr]    Compiling signature v1.6.4
[INFO] [stderr]    Compiling rand v0.8.5
[INFO] [stderr]    Compiling ed25519 v1.5.3
[INFO] [stderr]    Compiling time-core v0.1.0
[INFO] [stderr]    Compiling fs2 v0.4.3
[INFO] [stderr]    Compiling arrayref v0.3.7
[INFO] [stderr]    Compiling group v0.13.0
[INFO] [stderr]    Compiling bitflags v1.3.2
[INFO] [stderr]    Compiling time-macros v0.2.8
[INFO] [stderr]    Compiling regex v1.8.1
[INFO] [stderr]    Compiling lmdb-rkv-sys v0.11.2
[INFO] [stderr]    Compiling regex-automata v0.1.10
[INFO] [stderr]    Compiling time v0.3.20
[INFO] [stderr]    Compiling matchers v0.1.0
[INFO] [stderr]    Compiling zeroize_derive v1.4.2
[INFO] [stderr]    Compiling tracing-attributes v0.1.24
[INFO] [stderr]    Compiling futures-macro v0.3.28
[INFO] [stderr]    Compiling ockam_macros v0.28.0
[INFO] [stderr]    Compiling tokio-macros v2.1.0
[INFO] [stderr]    Compiling lmdb-rkv v0.14.0
[INFO] [stderr]    Compiling zeroize v1.6.0
[INFO] [stderr]    Compiling der v0.7.5
[INFO] [stderr]    Compiling tracing v0.1.37
[INFO] [stderr]    Compiling minicbor-derive v0.13.0
[INFO] [stderr]    Compiling pin-project-internal v1.0.12
[INFO] [stderr]    Compiling tracing-subscriber v0.3.17
[INFO] [stderr]    Compiling crypto-common v0.1.6
[INFO] [stderr]    Compiling block-buffer v0.10.4
[INFO] [stderr]    Compiling crypto-bigint v0.5.2
[INFO] [stderr]    Compiling digest v0.9.0
[INFO] [stderr]    Compiling cipher v0.3.0
[INFO] [stderr]    Compiling universal-hash v0.4.1
[INFO] [stderr]    Compiling block-buffer v0.9.0
[INFO] [stderr]    Compiling aead v0.4.3
[INFO] [stderr]    Compiling polyval v0.5.3
[INFO] [stderr]    Compiling digest v0.10.6
[INFO] [stderr]    Compiling curve25519-dalek v3.2.0
[INFO] [stderr]    Compiling sha2 v0.9.9
[INFO] [stderr]    Compiling aes v0.7.5
[INFO] [stderr]    Compiling ctr v0.8.0
[INFO] [stderr]    Compiling hmac v0.12.1
[INFO] [stderr]    Compiling signature v2.1.0
[INFO] [stderr]    Compiling ghash v0.4.4
[INFO] [stderr]    Compiling rfc6979 v0.4.0
[INFO] [stderr]    Compiling spki v0.7.1
[INFO] [stderr]    Compiling sha2 v0.10.6
[INFO] [stderr]    Compiling hkdf v0.12.3
[INFO] [stderr]    Compiling aes-gcm v0.9.4
[INFO] [stderr]    Compiling pkcs8 v0.10.2
[INFO] [stderr]    Compiling x25519-dalek v1.1.1
[INFO] [stderr]    Compiling ed25519-dalek v1.0.1
[INFO] [stderr]    Compiling sec1 v0.7.2
[INFO] [stderr]    Compiling pin-project v1.0.12
[INFO] [stderr]    Compiling tracing-error v0.2.0
[INFO] [stderr]    Compiling elliptic-curve v0.13.4
[INFO] [stderr]    Compiling primeorder v0.13.1
[INFO] [stderr]    Compiling ecdsa v0.16.6
[INFO] [stderr]    Compiling tokio-retry v0.3.0
[INFO] [stderr]    Compiling p256 v0.13.2
[INFO] [stderr]    Compiling futures v0.3.28
[INFO] [stderr]    Compiling hashbrown v0.13.2
[INFO] [stderr]    Compiling serde_bare v0.5.0
[INFO] [stderr]    Compiling serde-big-array v0.5.1
[INFO] [stderr]    Compiling ockam_core v0.79.0
[INFO] [stderr]    Compiling ockam_executor v0.47.0
[INFO] [stderr]    Compiling ockam_transport_core v0.52.0
[INFO] [stderr]    Compiling ockam_key_exchange_xx v0.75.0
[INFO] [stderr]    Compiling ockam_node v0.82.0
[INFO] [stderr]    Compiling ockam_vault v0.75.0
[INFO] [stderr]    Compiling ockam_identity v0.73.0 (/opt/rustwide/workdir)
[INFO] [stderr]     Finished dev [unoptimized + debuginfo] target(s) in 33.04s
[INFO] running `Command { std: "docker" "inspect" "16dfe2fdd02bba07f4b0dcca63a611b9127b3a5ef29ff07a9b4dda2f69df3a41", kill_on_drop: false }`
[INFO] running `Command { std: "docker" "rm" "-f" "16dfe2fdd02bba07f4b0dcca63a611b9127b3a5ef29ff07a9b4dda2f69df3a41", kill_on_drop: false }`
[INFO] [stdout] 16dfe2fdd02bba07f4b0dcca63a611b9127b3a5ef29ff07a9b4dda2f69df3a41
[INFO] running `Command { std: "docker" "create" "-v" "/var/lib/crater-agent-workspace/builds/worker-0-tc1/target:/opt/rustwide/target:rw,Z" "-v" "/var/lib/crater-agent-workspace/builds/worker-0-tc1/source:/opt/rustwide/workdir:ro,Z" "-v" "/var/lib/crater-agent-workspace/cargo-home:/opt/rustwide/cargo-home:ro,Z" "-v" "/var/lib/crater-agent-workspace/rustup-home:/opt/rustwide/rustup-home:ro,Z" "-e" "SOURCE_DIR=/opt/rustwide/workdir" "-e" "CARGO_TARGET_DIR=/opt/rustwide/target" "-e" "CARGO_INCREMENTAL=0" "-e" "RUST_BACKTRACE=full" "-e" "RUSTFLAGS=--cap-lints=warn" "-e" "RUSTDOCFLAGS=--cap-lints=warn" "-e" "CARGO_HOME=/opt/rustwide/cargo-home" "-e" "RUSTUP_HOME=/opt/rustwide/rustup-home" "-w" "/opt/rustwide/workdir" "-m" "1610612736" "--user" "0:0" "--network" "none" "ghcr.io/rust-lang/crates-build-env/linux@sha256:5ff2268d62e97bff2cde7d5815dd6ed5b47097566f13b8d0ca110b04b60e07ed" "/opt/rustwide/cargo-home/bin/cargo" "+1.69.0" "test" "--frozen" "--no-run" "--message-format=json", kill_on_drop: false }`
[INFO] [stdout] cc1539e00a4fd294ae0a1de3e3913ac9599f1de99cefacbbfe8fc5ed8cda8989
[INFO] running `Command { std: "docker" "start" "-a" "cc1539e00a4fd294ae0a1de3e3913ac9599f1de99cefacbbfe8fc5ed8cda8989", kill_on_drop: false }`
[INFO] [stderr]    Compiling serde v1.0.160
[INFO] [stderr]    Compiling aho-corasick v1.0.1
[INFO] [stderr]    Compiling parking_lot_core v0.9.7
[INFO] [stderr]    Compiling rand v0.8.5
[INFO] [stderr]    Compiling tokio v1.28.0
[INFO] [stderr]    Compiling mio v0.8.6
[INFO] [stderr]    Compiling signal-hook-registry v1.4.1
[INFO] [stderr]    Compiling socket2 v0.4.9
[INFO] [stderr]    Compiling bytes v1.4.0
[INFO] [stderr]    Compiling serde_json v1.0.96
[INFO] [stderr]    Compiling rand_xorshift v0.3.0
[INFO] [stderr]    Compiling quickcheck_macros v1.0.0
[INFO] [stderr]    Compiling parking_lot v0.12.1
[INFO] [stderr]    Compiling regex v1.8.1
[INFO] [stderr]    Compiling tracing-subscriber v0.3.17
[INFO] [stderr]    Compiling env_logger v0.8.4
[INFO] [stderr]    Compiling quickcheck v1.0.3
[INFO] [stderr]    Compiling tracing-error v0.2.0
[INFO] [stderr]    Compiling hashbrown v0.13.2
[INFO] [stderr]    Compiling serde_bare v0.5.0
[INFO] [stderr]    Compiling serde-big-array v0.5.1
[INFO] [stderr]    Compiling ockam_core v0.79.0
[INFO] [stderr]    Compiling tokio-retry v0.3.0
[INFO] [stderr]    Compiling ockam_executor v0.47.0
[INFO] [stderr]    Compiling ockam_transport_core v0.52.0
[INFO] [stderr]    Compiling ockam_key_exchange_xx v0.75.0
[INFO] [stderr]    Compiling ockam_node v0.82.0
[INFO] [stderr]    Compiling ockam_vault v0.75.0
[INFO] [stderr]    Compiling ockam_identity v0.73.0 (/opt/rustwide/workdir)
[INFO] [stdout] error[E0432]: unresolved import `ockam_transport_tcp`
[INFO] [stdout]  --> tests/common/mod.rs:8:5
[INFO] [stdout]   |
[INFO] [stdout] 8 | use ockam_transport_tcp::{TcpConnectionOptions, TcpListenerOptions, TcpTransport};
[INFO] [stdout]   |     ^^^^^^^^^^^^^^^^^^^ use of undeclared crate or module `ockam_transport_tcp`
[INFO] [stdout] 
[INFO] [stdout] 
[INFO] [stdout] error[E0432]: unresolved import `ockam_transport_tcp`
[INFO] [stdout]  --> tests/plaintext_message_flow_auth.rs:8:5
[INFO] [stdout]   |
[INFO] [stdout] 8 | use ockam_transport_tcp::{TcpConnectionOptions, TcpListenerOptions, TcpTransport};
[INFO] [stdout]   |     ^^^^^^^^^^^^^^^^^^^ use of undeclared crate or module `ockam_transport_tcp`
[INFO] [stdout] 
[INFO] [stdout] 
[INFO] [stdout] error[E0432]: unresolved import `ockam_transport_tcp`
[INFO] [stdout]  --> tests/common/mod.rs:8:5
[INFO] [stdout]   |
[INFO] [stdout] 8 | use ockam_transport_tcp::{TcpConnectionOptions, TcpListenerOptions, TcpTransport};
[INFO] [stdout]   |     ^^^^^^^^^^^^^^^^^^^ use of undeclared crate or module `ockam_transport_tcp`
[INFO] [stdout] 
[INFO] [stdout] 
[INFO] [stdout] error: aborting due to 2 previous errors
[INFO] [stdout] 
[INFO] [stdout] 
[INFO] [stdout] For more information about this error, try `rustc --explain E0432`.
[INFO] [stdout] 
[INFO] [stderr] error: could not compile `ockam_identity` due to 3 previous errors
[INFO] [stderr] warning: build failed, waiting for other jobs to finish...
[INFO] [stdout] error: aborting due to previous error
[INFO] [stdout] 
[INFO] [stdout] 
[INFO] [stdout] For more information about this error, try `rustc --explain E0432`.
[INFO] [stdout] 
[INFO] [stderr] error: could not compile `ockam_identity` due to 2 previous errors
[INFO] [stdout] error: linking with `cc` failed: exit status: 1
[INFO] [stdout]   |
[INFO] [stdout]   = note: LC_ALL="C" PATH="/opt/rustwide/rustup-home/toolchains/1.69.0-x86_64-unknown-linux-gnu/lib/rustlib/x86_64-unknown-linux-gnu/bin:/opt/rustwide/cargo-home/bin:/usr/local/sbin:/usr/local/bin:/usr/sbin:/usr/bin:/sbin:/bin" VSLANG="1033" "cc" "-m64" "/tmp/rustcYM7JbK/symbols.o" "/opt/rustwide/target/debug/deps/ockam_identity-9bec82fcf0c6a540.ockam_identity.506e6b66-cgu.0.rcgu.o" "/opt/rustwide/target/debug/deps/ockam_identity-9bec82fcf0c6a540.ockam_identity.506e6b66-cgu.1.rcgu.o" "/opt/rustwide/target/debug/deps/ockam_identity-9bec82fcf0c6a540.ockam_identity.506e6b66-cgu.10.rcgu.o" "/opt/rustwide/target/debug/deps/ockam_identity-9bec82fcf0c6a540.ockam_identity.506e6b66-cgu.11.rcgu.o" "/opt/rustwide/target/debug/deps/ockam_identity-9bec82fcf0c6a540.ockam_identity.506e6b66-cgu.12.rcgu.o" "/opt/rustwide/target/debug/deps/ockam_identity-9bec82fcf0c6a540.ockam_identity.506e6b66-cgu.13.rcgu.o" "/opt/rustwide/target/debug/deps/ockam_identity-9bec82fcf0c6a540.ockam_identity.506e6b66-cgu.14.rcgu.o" "/opt/rustwide/target/debug/deps/ockam_identity-9bec82fcf0c6a540.ockam_identity.506e6b66-cgu.15.rcgu.o" "/opt/rustwide/target/debug/deps/ockam_identity-9bec82fcf0c6a540.ockam_identity.506e6b66-cgu.2.rcgu.o" "/opt/rustwide/target/debug/deps/ockam_identity-9bec82fcf0c6a540.ockam_identity.506e6b66-cgu.3.rcgu.o" "/opt/rustwide/target/debug/deps/ockam_identity-9bec82fcf0c6a540.ockam_identity.506e6b66-cgu.4.rcgu.o" "/opt/rustwide/target/debug/deps/ockam_identity-9bec82fcf0c6a540.ockam_identity.506e6b66-cgu.5.rcgu.o" "/opt/rustwide/target/debug/deps/ockam_identity-9bec82fcf0c6a540.ockam_identity.506e6b66-cgu.6.rcgu.o" "/opt/rustwide/target/debug/deps/ockam_identity-9bec82fcf0c6a540.ockam_identity.506e6b66-cgu.7.rcgu.o" "/opt/rustwide/target/debug/deps/ockam_identity-9bec82fcf0c6a540.ockam_identity.506e6b66-cgu.8.rcgu.o" "/opt/rustwide/target/debug/deps/ockam_identity-9bec82fcf0c6a540.ockam_identity.506e6b66-cgu.9.rcgu.o" "/opt/rustwide/target/debug/deps/ockam_identity-9bec82fcf0c6a540.4c8zceh1lfoqyuil.rcgu.o" "-Wl,--as-needed" "-L" "/opt/rustwide/target/debug/deps" "-L" "/opt/rustwide/target/debug/build/lmdb-rkv-sys-fe45ed112a57a3d6/out" "-L" "/opt/rustwide/rustup-home/toolchains/1.69.0-x86_64-unknown-linux-gnu/lib/rustlib/x86_64-unknown-linux-gnu/lib" "-Wl,-Bstatic" "/opt/rustwide/rustup-home/toolchains/1.69.0-x86_64-unknown-linux-gnu/lib/rustlib/x86_64-unknown-linux-gnu/lib/libtest-7791a6353d4a7929.rlib" "/opt/rustwide/rustup-home/toolchains/1.69.0-x86_64-unknown-linux-gnu/lib/rustlib/x86_64-unknown-linux-gnu/lib/libgetopts-7b17724e9ce90a72.rlib" "/opt/rustwide/rustup-home/toolchains/1.69.0-x86_64-unknown-linux-gnu/lib/rustlib/x86_64-unknown-linux-gnu/lib/libunicode_width-596f8ce9d30a755e.rlib" "/opt/rustwide/rustup-home/toolchains/1.69.0-x86_64-unknown-linux-gnu/lib/rustlib/x86_64-unknown-linux-gnu/lib/librustc_std_workspace_std-da04f86254de594f.rlib" "/opt/rustwide/target/debug/deps/libquickcheck-25bcc08c2327eacd.rlib" "/opt/rustwide/target/debug/deps/libenv_logger-93cdc7bfb1b85cd7.rlib" "/opt/rustwide/target/debug/deps/libtokio_retry-3976b94ea4a99bc7.rlib" "/opt/rustwide/target/debug/deps/libpin_project-181b157532ce6b8a.rlib" "/opt/rustwide/target/debug/deps/liblmdb-0e87770809250082.rlib" "/opt/rustwide/target/debug/deps/libbitflags-82cc2d155c6eb112.rlib" "/opt/rustwide/target/debug/deps/liblmdb_sys-7478ca74ac8c4e83.rlib" "/opt/rustwide/target/debug/deps/libockam_key_exchange_xx-b941a9dfa0146c2f.rlib" "/opt/rustwide/target/debug/deps/libockam_vault-7fd660b8aa8424cd.rlib" "/opt/rustwide/target/debug/deps/libhkdf-17c5968998de959f.rlib" "/opt/rustwide/target/debug/deps/libx25519_dalek-fa862abdecb5b70a.rlib" "/opt/rustwide/target/debug/deps/libed25519_dalek-401b1bdc7062766f.rlib" "/opt/rustwide/target/debug/deps/libsha2-502128890f699f9e.rlib" "/opt/rustwide/target/debug/deps/libblock_buffer-ba85d4595f623881.rlib" "/opt/rustwide/target/debug/deps/libed25519-bd6585588f1e4718.rlib" "/opt/rustwide/target/debug/deps/libsignature-64afe4b9d90c109d.rlib" "/opt/rustwide/target/debug/deps/libcurve25519_dalek-ad7020eb77b48f67.rlib" "/opt/rustwide/target/debug/deps/librand_core-e8ef07a2aa3fa59e.rlib" "/opt/rustwide/target/debug/deps/libgetrandom-5fefae6858a7d4f7.rlib" "/opt/rustwide/target/debug/deps/libdigest-6dcf071f3ab03894.rlib" "/opt/rustwide/target/debug/deps/libbyteorder-f6bc7e7614c9a628.rlib" "/opt/rustwide/target/debug/deps/libaes_gcm-77661240b81cd621.rlib" "/opt/rustwide/target/debug/deps/libghash-0dae0a9103e9479c.rlib" "/opt/rustwide/target/debug/deps/libpolyval-c1ed0c2153e3ffda.rlib" "/opt/rustwide/target/debug/deps/libuniversal_hash-5c571b35219d0feb.rlib" "/opt/rustwide/target/debug/deps/libctr-da9fc16bc7db66ac.rlib" "/opt/rustwide/target/debug/deps/libaes-1676b9c4dda67409.rlib" "/opt/rustwide/target/debug/deps/libopaque_debug-502d41d476583e16.rlib" "/opt/rustwide/target/debug/deps/libcipher-922b04343dcd3cd5.rlib" "/opt/rustwide/target/debug/deps/libaead-3025630d95592e96.rlib" "/opt/rustwide/target/debug/deps/libfs2-802d4e13c010c423.rlib" "/opt/rustwide/target/debug/deps/libp256-2d9284cdd83a3cab.rlib" "/opt/rustwide/target/debug/deps/libecdsa-73959e36472d3fa8.rlib" "/opt/rustwide/target/debug/deps/librfc6979-f7c8fbcf99769e7e.rlib" "/opt/rustwide/target/debug/deps/libhmac-6f0403aff32ea1ef.rlib" "/opt/rustwide/target/debug/deps/libsignature-4fa6fe2c04c4f4b7.rlib" "/opt/rustwide/target/debug/deps/libprimeorder-99157e243cbbc3e8.rlib" "/opt/rustwide/target/debug/deps/libelliptic_curve-f8b7ebe7ee05d600.rlib" "/opt/rustwide/target/debug/deps/libsec1-87528081c80dc826.rlib" "/opt/rustwide/target/debug/deps/libpkcs8-be1840cff999fc95.rlib" "/opt/rustwide/target/debug/deps/libspki-026beb57e659d982.rlib" "/opt/rustwide/target/debug/deps/libder-a7ec6c82e7061f14.rlib" "/opt/rustwide/target/debug/deps/libpem_rfc7468-821d5ef523d9f544.rlib" "/opt/rustwide/target/debug/deps/libbase64ct-d917035c67ded3f1.rlib" "/opt/rustwide/target/debug/deps/libcrypto_bigint-594540c432f4325c.rlib" "/opt/rustwide/target/debug/deps/libbase16ct-118b9cd5d7c785a4.rlib" "/opt/rustwide/target/debug/deps/libgroup-a9287b834555d7c7.rlib" "/opt/rustwide/target/debug/deps/libff-8b822f4e9d5f2527.rlib" "/opt/rustwide/target/debug/deps/libsha2-6aa830f85714938f.rlib" "/opt/rustwide/target/debug/deps/libcpufeatures-e143b41ca3b14af5.rlib" "/opt/rustwide/target/debug/deps/libdigest-6b613747a6583041.rlib" "/opt/rustwide/target/debug/deps/libconst_oid-3da30556372bef08.rlib" "/opt/rustwide/target/debug/deps/libblock_buffer-1112c55bec6c9548.rlib" "/opt/rustwide/target/debug/deps/libcrypto_common-19e5d2cb4c96dde4.rlib" "/opt/rustwide/target/debug/deps/libgeneric_array-f410b6cd5377e454.rlib" "/opt/rustwide/target/debug/deps/libtypenum-d40a559dcc4c7492.rlib" "/opt/rustwide/target/debug/deps/libarrayref-f94ceed2723be8cd.rlib" "/opt/rustwide/target/debug/deps/libockam_node-355dce8805b6c4f4.rlib" "/opt/rustwide/target/debug/deps/libtracing_error-eb9c0eea9af76f6c.rlib" "/opt/rustwide/target/debug/deps/libtracing_subscriber-654d19ead4347a96.rlib" "/opt/rustwide/target/debug/deps/libnu_ansi_term-849ae375beaa7393.rlib" "/opt/rustwide/target/debug/deps/liboverload-ed65bb7ce1767b00.rlib" "/opt/rustwide/target/debug/deps/libsharded_slab-24ee8a9fa7a57bac.rlib" "/opt/rustwide/target/debug/deps/libmatchers-7275959fa2ddcc1d.rlib" "/opt/rustwide/target/debug/deps/libregex_automata-e94faa7ff8ab778d.rlib" "/opt/rustwide/target/debug/deps/libregex_syntax-4f5764d8391a61ee.rlib" "/opt/rustwide/target/debug/deps/libregex-4f46b793a8bd9dac.rlib" "/opt/rustwide/target/debug/deps/libaho_corasick-6fc38c3e1c0e1b2d.rlib" "/opt/rustwide/target/debug/deps/libregex_syntax-da0c128f812902d6.rlib" "/opt/rustwide/target/debug/deps/libthread_local-dbbe3fe7f5e1cd27.rlib" "/opt/rustwide/target/debug/deps/libtracing_log-02923864d9a4230d.rlib" "/opt/rustwide/target/debug/deps/liblazy_static-a15e1ed0a3c31761.rlib" "/opt/rustwide/target/debug/deps/libockam_transport_core-7f2863d3ab57d9b5.rlib" "/opt/rustwide/target/debug/deps/libfutures-3cdf76d8a4fb43ca.rlib" "/opt/rustwide/target/debug/deps/libtokio-2e0d6bda5b245f23.rlib" "/opt/rustwide/target/debug/deps/libsignal_hook_registry-0519d59f93b4969e.rlib" "/opt/rustwide/target/debug/deps/libnum_cpus-955db27608b22469.rlib" "/opt/rustwide/target/debug/deps/libsocket2-809776a880009f42.rlib" "/opt/rustwide/target/debug/deps/libbytes-e760d6ac9a2f6963.rlib" "/opt/rustwide/target/debug/deps/libmio-b667aebe5817e708.rlib" "/opt/rustwide/target/debug/deps/liblog-e4acea3c8ca43b70.rlib" "/opt/rustwide/target/debug/deps/libparking_lot-0c8f9524b562c19b.rlib" "/opt/rustwide/target/debug/deps/libparking_lot_core-4c61bf1d0fb1d4ae.rlib" "/opt/rustwide/target/debug/deps/libsmallvec-22f2447eab0ca59b.rlib" "/opt/rustwide/target/debug/deps/liblock_api-68f9f4627da435ce.rlib" "/opt/rustwide/target/debug/deps/libscopeguard-f471875f675163b5.rlib" "/opt/rustwide/target/debug/deps/libtime-21dad03c276ffcf8.rlib" "/opt/rustwide/target/debug/deps/libtime_core-4a74880e8761e797.rlib" "/opt/rustwide/target/debug/deps/libserde_json-6c2edf59b9b9b45b.rlib" "/opt/rustwide/target/debug/deps/libryu-87a43729435ac998.rlib" "/opt/rustwide/target/debug/deps/libitoa-12e0c769e046c1b6.rlib" "/opt/rustwide/target/debug/deps/libockam_core-19b9d72016d55ce7.rlib" "/opt/rustwide/target/debug/deps/libserde_bare-8319ba4255cad513.rlib" "/opt/rustwide/target/debug/deps/libsubtle-4d77bc7b9cb074bb.rlib" "/opt/rustwide/target/debug/deps/libhex-7a22b21f49496236.rlib" "/opt/rustwide/target/debug/deps/libzeroize-52b18f1f2a19b218.rlib" "/opt/rustwide/target/debug/deps/librand-9a34e85b2ad0770a.rlib" "/opt/rustwide/target/debug/deps/librand_chacha-1011df681e4d15da.rlib" "/opt/rustwide/target/debug/deps/libppv_lite86-c3ad053967cc551c.rlib" "/opt/rustwide/target/debug/deps/librand_core-e5a8f0f991f76bbb.rlib" "/opt/rustwide/target/debug/deps/libgetrandom-5d46253a319b81ee.rlib" "/opt/rustwide/target/debug/deps/liblibc-b7b14a0fe316ec96.rlib" "/opt/rustwide/target/debug/deps/libhashbrown-e26c520eb39dad99.rlib" "/opt/rustwide/target/debug/deps/libahash-cd7761ec24830f7e.rlib" "/opt/rustwide/target/debug/deps/libserde-3c82429e1ef93887.rlib" "/opt/rustwide/target/debug/deps/libtinyvec-0b667f1a92f4b509.rlib" "/opt/rustwide/target/debug/deps/libtinyvec_macros-8eb663675e81bb18.rlib" "/opt/rustwide/target/debug/deps/libfutures_util-1e27695b059e32e9.rlib" "/opt/rustwide/target/debug/deps/libmemchr-b18e4aa3c7a38625.rlib" "/opt/rustwide/target/debug/deps/libfutures_io-4614e9b19a26d89f.rlib" "/opt/rustwide/target/debug/deps/libslab-8bb798f134a0a9e7.rlib" "/opt/rustwide/target/debug/deps/libfutures_channel-ea2e64aea1dbff6c.rlib" "/opt/rustwide/target/debug/deps/libfutures_sink-393d57b22d6920a4.rlib" "/opt/rustwide/target/debug/deps/libfutures_task-b59556b3c537ad98.rlib" "/opt/rustwide/target/debug/deps/libpin_utils-0d8eaf4ac0fcb221.rlib" "/opt/rustwide/target/debug/deps/libfutures_core-782cbf5ce9142ff9.rlib" "/opt/rustwide/target/debug/deps/libtracing-5bcccabe788c5775.rlib" "/opt/rustwide/target/debug/deps/libcfg_if-e5e118dd7d121aaa.rlib" "/opt/rustwide/target/debug/deps/libpin_project_lite-e66e1bab7310d569.rlib" "/opt/rustwide/target/debug/deps/libtracing_core-4d4bce9f4f5f86a3.rlib" "/opt/rustwide/target/debug/deps/libonce_cell-f612d2e59a7f3606.rlib" "/opt/rustwide/target/debug/deps/libminicbor-0d23a8806903771f.rlib" "/opt/rustwide/rustup-home/toolchains/1.69.0-x86_64-unknown-linux-gnu/lib/rustlib/x86_64-unknown-linux-gnu/lib/libstd-89bc084783fdc439.rlib" "/opt/rustwide/rustup-home/toolchains/1.69.0-x86_64-unknown-linux-gnu/lib/rustlib/x86_64-unknown-linux-gnu/lib/libpanic_unwind-8bee4b287d4367c1.rlib" "/opt/rustwide/rustup-home/toolchains/1.69.0-x86_64-unknown-linux-gnu/lib/rustlib/x86_64-unknown-linux-gnu/lib/libobject-d61707aed80694c0.rlib" "/opt/rustwide/rustup-home/toolchains/1.69.0-x86_64-unknown-linux-gnu/lib/rustlib/x86_64-unknown-linux-gnu/lib/libmemchr-d85366256f22345b.rlib" "/opt/rustwide/rustup-home/toolchains/1.69.0-x86_64-unknown-linux-gnu/lib/rustlib/x86_64-unknown-linux-gnu/lib/libaddr2line-96069b86b8a8cae9.rlib" "/opt/rustwide/rustup-home/toolchains/1.69.0-x86_64-unknown-linux-gnu/lib/rustlib/x86_64-unknown-linux-gnu/lib/libgimli-d19d53abf68dfa6c.rlib" "/opt/rustwide/rustup-home/toolchains/1.69.0-x86_64-unknown-linux-gnu/lib/rustlib/x86_64-unknown-linux-gnu/lib/librustc_demangle-787cbccd19d64ac6.rlib" "/opt/rustwide/rustup-home/toolchains/1.69.0-x86_64-unknown-linux-gnu/lib/rustlib/x86_64-unknown-linux-gnu/lib/libstd_detect-b3837a36b830e0d0.rlib" "/opt/rustwide/rustup-home/toolchains/1.69.0-x86_64-unknown-linux-gnu/lib/rustlib/x86_64-unknown-linux-gnu/lib/libhashbrown-e3deb0e7e3f04966.rlib" "/opt/rustwide/rustup-home/toolchains/1.69.0-x86_64-unknown-linux-gnu/lib/rustlib/x86_64-unknown-linux-gnu/lib/libminiz_oxide-dabbb79c9815def4.rlib" "/opt/rustwide/rustup-home/toolchains/1.69.0-x86_64-unknown-linux-gnu/lib/rustlib/x86_64-unknown-linux-gnu/lib/libadler-305b01f34c9409f2.rlib" "/opt/rustwide/rustup-home/toolchains/1.69.0-x86_64-unknown-linux-gnu/lib/rustlib/x86_64-unknown-linux-gnu/lib/librustc_std_workspace_alloc-f833521df6074e73.rlib" "/opt/rustwide/rustup-home/toolchains/1.69.0-x86_64-unknown-linux-gnu/lib/rustlib/x86_64-unknown-linux-gnu/lib/libunwind-9ac333113350d171.rlib" "/opt/rustwide/rustup-home/toolchains/1.69.0-x86_64-unknown-linux-gnu/lib/rustlib/x86_64-unknown-linux-gnu/lib/libcfg_if-1c126114322d0eee.rlib" "/opt/rustwide/rustup-home/toolchains/1.69.0-x86_64-unknown-linux-gnu/lib/rustlib/x86_64-unknown-linux-gnu/lib/liblibc-bad9164fdeeecf92.rlib" "/opt/rustwide/rustup-home/toolchains/1.69.0-x86_64-unknown-linux-gnu/lib/rustlib/x86_64-unknown-linux-gnu/lib/liballoc-f9374b1e480fa681.rlib" "/opt/rustwide/rustup-home/toolchains/1.69.0-x86_64-unknown-linux-gnu/lib/rustlib/x86_64-unknown-linux-gnu/lib/librustc_std_workspace_core-207f06e41d9603af.rlib" "/opt/rustwide/rustup-home/toolchains/1.69.0-x86_64-unknown-linux-gnu/lib/rustlib/x86_64-unknown-linux-gnu/lib/libcore-7e2768e66e984e85.rlib" "/opt/rustwide/rustup-home/toolchains/1.69.0-x86_64-unknown-linux-gnu/lib/rustlib/x86_64-unknown-linux-gnu/lib/libcompiler_builtins-957b4aff41f8cd46.rlib" "-Wl,-Bdynamic" "-lgcc_s" "-lutil" "-lrt" "-lpthread" "-lm" "-ldl" "-lc" "-Wl,--eh-frame-hdr" "-Wl,-z,noexecstack" "-L" "/opt/rustwide/rustup-home/toolchains/1.69.0-x86_64-unknown-linux-gnu/lib/rustlib/x86_64-unknown-linux-gnu/lib" "-o" "/opt/rustwide/target/debug/deps/ockam_identity-9bec82fcf0c6a540" "-Wl,--gc-sections" "-pie" "-Wl,-z,relro,-z,now" "-nodefaultlibs"
[INFO] [stdout]   = note: collect2: fatal error: ld terminated with signal 9 [Killed]
[INFO] [stdout]           compilation terminated.
[INFO] [stdout]           
[INFO] [stdout] 
[INFO] [stdout] 
[INFO] [stdout] error: aborting due to previous error
[INFO] [stdout] 
[INFO] [stdout] 
[INFO] [stderr] error: could not compile `ockam_identity` due to 2 previous errors
[INFO] running `Command { std: "docker" "inspect" "cc1539e00a4fd294ae0a1de3e3913ac9599f1de99cefacbbfe8fc5ed8cda8989", kill_on_drop: false }`
[INFO] running `Command { std: "docker" "rm" "-f" "cc1539e00a4fd294ae0a1de3e3913ac9599f1de99cefacbbfe8fc5ed8cda8989", kill_on_drop: false }`
[INFO] [stdout] cc1539e00a4fd294ae0a1de3e3913ac9599f1de99cefacbbfe8fc5ed8cda8989
