[INFO] fetching crate nze_tiled 0.1.0...
[INFO] testing nze_tiled-0.1.0 against 1.69.0 for beta-1.70-1
[INFO] extracting crate nze_tiled 0.1.0 into /workspace/builds/worker-0-tc1/source
[INFO] validating manifest of crates.io crate nze_tiled 0.1.0 on toolchain 1.69.0
[INFO] running `Command { std: CARGO_HOME="/workspace/cargo-home" RUSTUP_HOME="/workspace/rustup-home" "/workspace/cargo-home/bin/cargo" "+1.69.0" "metadata" "--manifest-path" "Cargo.toml" "--no-deps", kill_on_drop: false }`
[INFO] started tweaking crates.io crate nze_tiled 0.1.0
[INFO] finished tweaking crates.io crate nze_tiled 0.1.0
[INFO] tweaked toml for crates.io crate nze_tiled 0.1.0 written to /workspace/builds/worker-0-tc1/source/Cargo.toml
[INFO] running `Command { std: CARGO_HOME="/workspace/cargo-home" RUSTUP_HOME="/workspace/rustup-home" __CARGO_TEST_CHANNEL_OVERRIDE_DO_NOT_USE_THIS="nightly" "/workspace/cargo-home/bin/cargo" "+1.69.0" "generate-lockfile" "--manifest-path" "Cargo.toml" "-Zno-index-update", kill_on_drop: false }`
[INFO] running `Command { std: CARGO_HOME="/workspace/cargo-home" RUSTUP_HOME="/workspace/rustup-home" "/workspace/cargo-home/bin/cargo" "+1.69.0" "fetch" "--manifest-path" "Cargo.toml", kill_on_drop: false }`
[INFO] [stderr]  Downloading crates ...
[INFO] [stderr]   Downloaded quick-xml v0.24.1
[INFO] [stderr]   Downloaded nze_geometry v0.1.0
[INFO] running `Command { std: "docker" "create" "-v" "/var/lib/crater-agent-workspace/builds/worker-0-tc1/target:/opt/rustwide/target:rw,Z" "-v" "/var/lib/crater-agent-workspace/builds/worker-0-tc1/source:/opt/rustwide/workdir:ro,Z" "-v" "/var/lib/crater-agent-workspace/cargo-home:/opt/rustwide/cargo-home:ro,Z" "-v" "/var/lib/crater-agent-workspace/rustup-home:/opt/rustwide/rustup-home:ro,Z" "-e" "SOURCE_DIR=/opt/rustwide/workdir" "-e" "CARGO_TARGET_DIR=/opt/rustwide/target" "-e" "CARGO_HOME=/opt/rustwide/cargo-home" "-e" "RUSTUP_HOME=/opt/rustwide/rustup-home" "-w" "/opt/rustwide/workdir" "-m" "1610612736" "--user" "0:0" "--network" "none" "ghcr.io/rust-lang/crates-build-env/linux@sha256:5ff2268d62e97bff2cde7d5815dd6ed5b47097566f13b8d0ca110b04b60e07ed" "/opt/rustwide/cargo-home/bin/cargo" "+1.69.0" "metadata" "--no-deps" "--format-version=1", kill_on_drop: false }`
[INFO] [stdout] c6a708308b461bb6b7eed7a43f5ca05074ff50e1268e13796d672d5ae572a49a
[INFO] running `Command { std: "docker" "start" "-a" "c6a708308b461bb6b7eed7a43f5ca05074ff50e1268e13796d672d5ae572a49a", kill_on_drop: false }`
[INFO] running `Command { std: "docker" "inspect" "c6a708308b461bb6b7eed7a43f5ca05074ff50e1268e13796d672d5ae572a49a", kill_on_drop: false }`
[INFO] running `Command { std: "docker" "rm" "-f" "c6a708308b461bb6b7eed7a43f5ca05074ff50e1268e13796d672d5ae572a49a", kill_on_drop: false }`
[INFO] [stdout] c6a708308b461bb6b7eed7a43f5ca05074ff50e1268e13796d672d5ae572a49a
[INFO] running `Command { std: "docker" "create" "-v" "/var/lib/crater-agent-workspace/builds/worker-0-tc1/target:/opt/rustwide/target:rw,Z" "-v" "/var/lib/crater-agent-workspace/builds/worker-0-tc1/source:/opt/rustwide/workdir:ro,Z" "-v" "/var/lib/crater-agent-workspace/cargo-home:/opt/rustwide/cargo-home:ro,Z" "-v" "/var/lib/crater-agent-workspace/rustup-home:/opt/rustwide/rustup-home:ro,Z" "-e" "SOURCE_DIR=/opt/rustwide/workdir" "-e" "CARGO_TARGET_DIR=/opt/rustwide/target" "-e" "CARGO_INCREMENTAL=0" "-e" "RUST_BACKTRACE=full" "-e" "RUSTFLAGS=--cap-lints=warn" "-e" "RUSTDOCFLAGS=--cap-lints=warn" "-e" "CARGO_HOME=/opt/rustwide/cargo-home" "-e" "RUSTUP_HOME=/opt/rustwide/rustup-home" "-w" "/opt/rustwide/workdir" "-m" "1610612736" "--user" "0:0" "--network" "none" "ghcr.io/rust-lang/crates-build-env/linux@sha256:5ff2268d62e97bff2cde7d5815dd6ed5b47097566f13b8d0ca110b04b60e07ed" "/opt/rustwide/cargo-home/bin/cargo" "+1.69.0" "build" "--frozen" "--message-format=json", kill_on_drop: false }`
[INFO] [stdout] 2831073df9ac8a2cd09d7a5ad1e850bc5af8d9f4ddeb14f4bb672cc74c81d313
[INFO] running `Command { std: "docker" "start" "-a" "2831073df9ac8a2cd09d7a5ad1e850bc5af8d9f4ddeb14f4bb672cc74c81d313", kill_on_drop: false }`
[INFO] [stderr]    Compiling nze_geometry v0.1.0
[INFO] [stderr]    Compiling quick-xml v0.24.1
[INFO] [stderr]    Compiling nze_tiled v0.1.0 (/opt/rustwide/workdir)
[INFO] [stderr]     Finished dev [unoptimized + debuginfo] target(s) in 1.86s
[INFO] running `Command { std: "docker" "inspect" "2831073df9ac8a2cd09d7a5ad1e850bc5af8d9f4ddeb14f4bb672cc74c81d313", kill_on_drop: false }`
[INFO] running `Command { std: "docker" "rm" "-f" "2831073df9ac8a2cd09d7a5ad1e850bc5af8d9f4ddeb14f4bb672cc74c81d313", kill_on_drop: false }`
[INFO] [stdout] 2831073df9ac8a2cd09d7a5ad1e850bc5af8d9f4ddeb14f4bb672cc74c81d313
[INFO] running `Command { std: "docker" "create" "-v" "/var/lib/crater-agent-workspace/builds/worker-0-tc1/target:/opt/rustwide/target:rw,Z" "-v" "/var/lib/crater-agent-workspace/builds/worker-0-tc1/source:/opt/rustwide/workdir:ro,Z" "-v" "/var/lib/crater-agent-workspace/cargo-home:/opt/rustwide/cargo-home:ro,Z" "-v" "/var/lib/crater-agent-workspace/rustup-home:/opt/rustwide/rustup-home:ro,Z" "-e" "SOURCE_DIR=/opt/rustwide/workdir" "-e" "CARGO_TARGET_DIR=/opt/rustwide/target" "-e" "CARGO_INCREMENTAL=0" "-e" "RUST_BACKTRACE=full" "-e" "RUSTFLAGS=--cap-lints=warn" "-e" "RUSTDOCFLAGS=--cap-lints=warn" "-e" "CARGO_HOME=/opt/rustwide/cargo-home" "-e" "RUSTUP_HOME=/opt/rustwide/rustup-home" "-w" "/opt/rustwide/workdir" "-m" "1610612736" "--user" "0:0" "--network" "none" "ghcr.io/rust-lang/crates-build-env/linux@sha256:5ff2268d62e97bff2cde7d5815dd6ed5b47097566f13b8d0ca110b04b60e07ed" "/opt/rustwide/cargo-home/bin/cargo" "+1.69.0" "test" "--frozen" "--no-run" "--message-format=json", kill_on_drop: false }`
[INFO] [stdout] 0f8ba40dffb860a830ce615b86a5a6bed1b48e2e23a609ee341cfe3c5502a487
[INFO] running `Command { std: "docker" "start" "-a" "0f8ba40dffb860a830ce615b86a5a6bed1b48e2e23a609ee341cfe3c5502a487", kill_on_drop: false }`
[INFO] [stderr]    Compiling nze_tiled v0.1.0 (/opt/rustwide/workdir)
[INFO] [stdout] error[E0432]: unresolved import `geometry`
[INFO] [stdout]   --> src/lib.rs:42:9
[INFO] [stdout]    |
[INFO] [stdout] 42 |     use geometry::*;
[INFO] [stdout]    |         ^^^^^^^^ use of undeclared crate or module `geometry`
[INFO] [stdout] 
[INFO] [stdout] 
[INFO] [stdout] error[E0422]: cannot find struct, variant or union type `Vec2` in this scope
[INFO] [stdout]    --> src/lib.rs:125:23
[INFO] [stdout]     |
[INFO] [stdout] 125 |                 .map(|Vec2 {x, y}| {
[INFO] [stdout]     |                       ^^^^
[INFO] [stdout]    --> /rustc/84c898d65adf2f39a5a98507f1fe0ce10a2b8dbc/library/alloc/src/vec/mod.rs:400:1
[INFO] [stdout]     |
[INFO] [stdout]     = note: similarly named struct `Vec` defined here
[INFO] [stdout]     |
[INFO] [stdout] help: a struct with a similar name exists
[INFO] [stdout]     |
[INFO] [stdout] 125 |                 .map(|Vec {x, y}| {
[INFO] [stdout]     |                       ~~~
[INFO] [stdout] help: consider importing this struct
[INFO] [stdout]     |
[INFO] [stdout] 40  |     use nze_geometry::Vec2;
[INFO] [stdout]     |
[INFO] [stdout] 
[INFO] [stdout] 
[INFO] [stdout] error[E0422]: cannot find struct, variant or union type `Vec2` in this scope
[INFO] [stdout]    --> src/lib.rs:141:23
[INFO] [stdout]     |
[INFO] [stdout] 141 |                 .map(|Vec2 {x, y}| {
[INFO] [stdout]     |                       ^^^^
[INFO] [stdout]    --> /rustc/84c898d65adf2f39a5a98507f1fe0ce10a2b8dbc/library/alloc/src/vec/mod.rs:400:1
[INFO] [stdout]     |
[INFO] [stdout]     = note: similarly named struct `Vec` defined here
[INFO] [stdout]     |
[INFO] [stdout] help: a struct with a similar name exists
[INFO] [stdout]     |
[INFO] [stdout] 141 |                 .map(|Vec {x, y}| {
[INFO] [stdout]     |                       ~~~
[INFO] [stdout] help: consider importing this struct
[INFO] [stdout]     |
[INFO] [stdout] 40  |     use nze_geometry::Vec2;
[INFO] [stdout]     |
[INFO] [stdout] 
[INFO] [stdout] 
[INFO] [stdout] error: aborting due to 3 previous errors
[INFO] [stdout] 
[INFO] [stdout] 
[INFO] [stdout] Some errors have detailed explanations: E0422, E0432.
[INFO] [stdout] 
[INFO] [stdout] For more information about an error, try `rustc --explain E0422`.
[INFO] [stdout] 
[INFO] [stderr] error: could not compile `nze_tiled` due to 4 previous errors
[INFO] running `Command { std: "docker" "inspect" "0f8ba40dffb860a830ce615b86a5a6bed1b48e2e23a609ee341cfe3c5502a487", kill_on_drop: false }`
[INFO] running `Command { std: "docker" "rm" "-f" "0f8ba40dffb860a830ce615b86a5a6bed1b48e2e23a609ee341cfe3c5502a487", kill_on_drop: false }`
[INFO] [stdout] 0f8ba40dffb860a830ce615b86a5a6bed1b48e2e23a609ee341cfe3c5502a487
