[INFO] fetching crate nuklear-backend-gdi 0.3.0...
[INFO] testing nuklear-backend-gdi-0.3.0 against 1.69.0 for beta-1.70-1
[INFO] extracting crate nuklear-backend-gdi 0.3.0 into /workspace/builds/worker-7-tc1/source
[INFO] validating manifest of crates.io crate nuklear-backend-gdi 0.3.0 on toolchain 1.69.0
[INFO] running `Command { std: CARGO_HOME="/workspace/cargo-home" RUSTUP_HOME="/workspace/rustup-home" "/workspace/cargo-home/bin/cargo" "+1.69.0" "metadata" "--manifest-path" "Cargo.toml" "--no-deps", kill_on_drop: false }`
[INFO] started tweaking crates.io crate nuklear-backend-gdi 0.3.0
[INFO] finished tweaking crates.io crate nuklear-backend-gdi 0.3.0
[INFO] tweaked toml for crates.io crate nuklear-backend-gdi 0.3.0 written to /workspace/builds/worker-7-tc1/source/Cargo.toml
[INFO] running `Command { std: CARGO_HOME="/workspace/cargo-home" RUSTUP_HOME="/workspace/rustup-home" __CARGO_TEST_CHANNEL_OVERRIDE_DO_NOT_USE_THIS="nightly" "/workspace/cargo-home/bin/cargo" "+1.69.0" "generate-lockfile" "--manifest-path" "Cargo.toml" "-Zno-index-update", kill_on_drop: false }`
[INFO] running `Command { std: CARGO_HOME="/workspace/cargo-home" RUSTUP_HOME="/workspace/rustup-home" "/workspace/cargo-home/bin/cargo" "+1.69.0" "fetch" "--manifest-path" "Cargo.toml", kill_on_drop: false }`
[INFO] [stderr]  Downloading crates ...
[INFO] [stderr]   Downloaded png v0.14.1
[INFO] [stderr]   Downloaded gif v0.10.3
[INFO] [stderr]   Downloaded lzw v0.10.0
[INFO] [stderr]   Downloaded tiff v0.2.2
[INFO] [stderr]   Downloaded image v0.21.3
[INFO] [stderr]   Downloaded nuklear-rust v0.6.3
[INFO] [stderr]   Downloaded nuklear-sys v4.0.5
[INFO] running `Command { std: "docker" "create" "-v" "/var/lib/crater-agent-workspace/builds/worker-7-tc1/target:/opt/rustwide/target:rw,Z" "-v" "/var/lib/crater-agent-workspace/builds/worker-7-tc1/source:/opt/rustwide/workdir:ro,Z" "-v" "/var/lib/crater-agent-workspace/cargo-home:/opt/rustwide/cargo-home:ro,Z" "-v" "/var/lib/crater-agent-workspace/rustup-home:/opt/rustwide/rustup-home:ro,Z" "-e" "SOURCE_DIR=/opt/rustwide/workdir" "-e" "CARGO_TARGET_DIR=/opt/rustwide/target" "-e" "CARGO_HOME=/opt/rustwide/cargo-home" "-e" "RUSTUP_HOME=/opt/rustwide/rustup-home" "-w" "/opt/rustwide/workdir" "-m" "1610612736" "--user" "0:0" "--network" "none" "ghcr.io/rust-lang/crates-build-env/linux@sha256:5ff2268d62e97bff2cde7d5815dd6ed5b47097566f13b8d0ca110b04b60e07ed" "/opt/rustwide/cargo-home/bin/cargo" "+1.69.0" "metadata" "--no-deps" "--format-version=1", kill_on_drop: false }`
[INFO] [stdout] 68f3cf9b5a17ffed7c1b1c670bd5c34347d6fd53c5c60f70839689636ba6f190
[INFO] running `Command { std: "docker" "start" "-a" "68f3cf9b5a17ffed7c1b1c670bd5c34347d6fd53c5c60f70839689636ba6f190", kill_on_drop: false }`
[INFO] running `Command { std: "docker" "inspect" "68f3cf9b5a17ffed7c1b1c670bd5c34347d6fd53c5c60f70839689636ba6f190", kill_on_drop: false }`
[INFO] running `Command { std: "docker" "rm" "-f" "68f3cf9b5a17ffed7c1b1c670bd5c34347d6fd53c5c60f70839689636ba6f190", kill_on_drop: false }`
[INFO] [stdout] 68f3cf9b5a17ffed7c1b1c670bd5c34347d6fd53c5c60f70839689636ba6f190
[INFO] running `Command { std: "docker" "create" "-v" "/var/lib/crater-agent-workspace/builds/worker-7-tc1/target:/opt/rustwide/target:rw,Z" "-v" "/var/lib/crater-agent-workspace/builds/worker-7-tc1/source:/opt/rustwide/workdir:ro,Z" "-v" "/var/lib/crater-agent-workspace/cargo-home:/opt/rustwide/cargo-home:ro,Z" "-v" "/var/lib/crater-agent-workspace/rustup-home:/opt/rustwide/rustup-home:ro,Z" "-e" "SOURCE_DIR=/opt/rustwide/workdir" "-e" "CARGO_TARGET_DIR=/opt/rustwide/target" "-e" "CARGO_INCREMENTAL=0" "-e" "RUST_BACKTRACE=full" "-e" "RUSTFLAGS=--cap-lints=warn" "-e" "RUSTDOCFLAGS=--cap-lints=warn" "-e" "CARGO_HOME=/opt/rustwide/cargo-home" "-e" "RUSTUP_HOME=/opt/rustwide/rustup-home" "-w" "/opt/rustwide/workdir" "-m" "1610612736" "--user" "0:0" "--network" "none" "ghcr.io/rust-lang/crates-build-env/linux@sha256:5ff2268d62e97bff2cde7d5815dd6ed5b47097566f13b8d0ca110b04b60e07ed" "/opt/rustwide/cargo-home/bin/cargo" "+1.69.0" "build" "--frozen" "--message-format=json", kill_on_drop: false }`
[INFO] [stdout] 04598bf456ff419aba8893512cf0a61f3e7715b290f5e49efa9a850a3f84461b
[INFO] running `Command { std: "docker" "start" "-a" "04598bf456ff419aba8893512cf0a61f3e7715b290f5e49efa9a850a3f84461b", kill_on_drop: false }`
[INFO] [stderr]    Compiling winapi v0.3.9
[INFO] [stderr]    Compiling nuklear-sys v4.0.5
[INFO] [stderr]    Compiling nuklear-rust v0.6.3
[INFO] [stderr]    Compiling nuklear-backend-gdi v0.3.0 (/opt/rustwide/workdir)
[INFO] [stdout] error[E0432]: unresolved import `winapi::ctypes`
[INFO] [stdout]  --> src/lib.rs:7:5
[INFO] [stdout]   |
[INFO] [stdout] 7 | use winapi::ctypes;
[INFO] [stdout]   |     ^^^^^^^^^^^^^^ no `ctypes` in the root
[INFO] [stdout] 
[INFO] [stdout] 
[INFO] [stdout] error[E0432]: unresolved import `winapi::ctypes`
[INFO] [stdout]  --> src/lib.rs:8:13
[INFO] [stdout]   |
[INFO] [stdout] 8 | use winapi::ctypes::c_void;
[INFO] [stdout]   |             ^^^^^^ could not find `ctypes` in `winapi`
[INFO] [stdout] 
[INFO] [stdout] 
[INFO] [stdout] error[E0432]: unresolved import `winapi::shared`
[INFO] [stdout]  --> src/lib.rs:9:13
[INFO] [stdout]   |
[INFO] [stdout] 9 | use winapi::shared::basetsd;
[INFO] [stdout]   |             ^^^^^^ could not find `shared` in `winapi`
[INFO] [stdout] 
[INFO] [stdout] 
[INFO] [stdout] error[E0432]: unresolved import `winapi::shared`
[INFO] [stdout]   --> src/lib.rs:10:13
[INFO] [stdout]    |
[INFO] [stdout] 10 | use winapi::shared::minwindef;
[INFO] [stdout]    |             ^^^^^^ could not find `shared` in `winapi`
[INFO] [stdout] 
[INFO] [stdout] 
[INFO] [stdout] error[E0432]: unresolved import `winapi::shared`
[INFO] [stdout]   --> src/lib.rs:11:13
[INFO] [stdout]    |
[INFO] [stdout] 11 | use winapi::shared::ntdef;
[INFO] [stdout]    |             ^^^^^^ could not find `shared` in `winapi`
[INFO] [stdout] 
[INFO] [stdout] 
[INFO] [stdout] error[E0432]: unresolved import `winapi::shared`
[INFO] [stdout]   --> src/lib.rs:12:13
[INFO] [stdout]    |
[INFO] [stdout] 12 | use winapi::shared::windef;
[INFO] [stdout]    |             ^^^^^^ could not find `shared` in `winapi`
[INFO] [stdout] 
[INFO] [stdout] 
[INFO] [stdout] error[E0432]: unresolved import `winapi::um`
[INFO] [stdout]   --> src/lib.rs:13:13
[INFO] [stdout]    |
[INFO] [stdout] 13 | use winapi::um::errhandlingapi;
[INFO] [stdout]    |             ^^ could not find `um` in `winapi`
[INFO] [stdout] 
[INFO] [stdout] 
[INFO] [stdout] error[E0432]: unresolved import `winapi::um`
[INFO] [stdout]   --> src/lib.rs:14:13
[INFO] [stdout]    |
[INFO] [stdout] 14 | use winapi::um::libloaderapi;
[INFO] [stdout]    |             ^^ could not find `um` in `winapi`
[INFO] [stdout] 
[INFO] [stdout] 
[INFO] [stdout] error[E0432]: unresolved import `winapi::um`
[INFO] [stdout]   --> src/lib.rs:15:13
[INFO] [stdout]    |
[INFO] [stdout] 15 | use winapi::um::stringapiset;
[INFO] [stdout]    |             ^^ could not find `um` in `winapi`
[INFO] [stdout] 
[INFO] [stdout] 
[INFO] [stdout] error[E0432]: unresolved import `winapi::um`
[INFO] [stdout]   --> src/lib.rs:16:13
[INFO] [stdout]    |
[INFO] [stdout] 16 | use winapi::um::winbase;
[INFO] [stdout]    |             ^^ could not find `um` in `winapi`
[INFO] [stdout] 
[INFO] [stdout] 
[INFO] [stdout] error[E0432]: unresolved import `winapi::um`
[INFO] [stdout]   --> src/lib.rs:17:13
[INFO] [stdout]    |
[INFO] [stdout] 17 | use winapi::um::wingdi;
[INFO] [stdout]    |             ^^ could not find `um` in `winapi`
[INFO] [stdout] 
[INFO] [stdout] 
[INFO] [stdout] error[E0432]: unresolved import `winapi::um`
[INFO] [stdout]   --> src/lib.rs:18:13
[INFO] [stdout]    |
[INFO] [stdout] 18 | use winapi::um::winnls;
[INFO] [stdout]    |             ^^ could not find `um` in `winapi`
[INFO] [stdout] 
[INFO] [stdout] 
[INFO] [stdout] error[E0433]: failed to resolve: could not find `windows` in `os`
[INFO] [stdout]  --> src/own_window.rs:4:14
[INFO] [stdout]   |
[INFO] [stdout] 4 | use std::os::windows::ffi::OsStrExt;
[INFO] [stdout]   |              ^^^^^^^ could not find `windows` in `os`
[INFO] [stdout] 
[INFO] [stdout] 
[INFO] [stdout] error[E0432]: unresolved import `winapi::um`
[INFO] [stdout]   --> src/lib.rs:19:13
[INFO] [stdout]    |
[INFO] [stdout] 19 | use winapi::um::winuser;
[INFO] [stdout]    |             ^^ could not find `um` in `winapi`
[INFO] [stdout] 
[INFO] [stdout] 
[INFO] [stdout] warning: use of deprecated function `std::mem::uninitialized`: use `mem::MaybeUninit` instead
[INFO] [stdout]   --> src/lib.rs:85:22
[INFO] [stdout]    |
[INFO] [stdout] 85 |             nk: mem::uninitialized(),
[INFO] [stdout]    |                      ^^^^^^^^^^^^^
[INFO] [stdout]    |
[INFO] [stdout]    = note: `#[warn(deprecated)]` on by default
[INFO] [stdout] 
[INFO] [stdout] 
[INFO] [stdout] error[E0599]: no method named `encode_wide` found for reference `&OsStr` in the current scope
[INFO] [stdout]   --> src/own_window.rs:31:59
[INFO] [stdout]    |
[INFO] [stdout] 31 |         let class_name = OsStr::new("NuklearWindowClass").encode_wide().chain(Some(0).into_iter()).collect::<Vec<_>>();
[INFO] [stdout]    |                                                           ^^^^^^^^^^^ method not found in `&OsStr`
[INFO] [stdout] 
[INFO] [stdout] 
[INFO] [stdout] error[E0599]: no method named `encode_wide` found for reference `&OsStr` in the current scope
[INFO] [stdout]   --> src/own_window.rs:61:47
[INFO] [stdout]    |
[INFO] [stdout] 61 |     let window_name = OsStr::new(window_name).encode_wide().chain(Some(0).into_iter()).collect::<Vec<_>>();
[INFO] [stdout]    |                                               ^^^^^^^^^^^ method not found in `&OsStr`
[INFO] [stdout] 
[INFO] [stdout] 
[INFO] [stdout] error[E0699]: the type of this value must be known to call a method on a raw pointer on it
[INFO] [stdout]    --> src/lib.rs:583:13
[INFO] [stdout]     |
[INFO] [stdout] 583 |     if !pen.is_null() {
[INFO] [stdout]     |             ^^^^^^^
[INFO] [stdout] 
[INFO] [stdout] 
[INFO] [stdout] error[E0699]: the type of this value must be known to call a method on a raw pointer on it
[INFO] [stdout]    --> src/lib.rs:608:13
[INFO] [stdout]     |
[INFO] [stdout] 608 |     if !pen.is_null() {
[INFO] [stdout]     |             ^^^^^^^
[INFO] [stdout] 
[INFO] [stdout] 
[INFO] [stdout] error[E0699]: the type of this value must be known to call a method on a raw pointer on it
[INFO] [stdout]    --> src/lib.rs:654:13
[INFO] [stdout]     |
[INFO] [stdout] 654 |     if !pen.is_null() {
[INFO] [stdout]     |             ^^^^^^^
[INFO] [stdout] 
[INFO] [stdout] 
[INFO] [stdout] error[E0699]: the type of this value must be known to call a method on a raw pointer on it
[INFO] [stdout]    --> src/lib.rs:699:13
[INFO] [stdout]     |
[INFO] [stdout] 699 |     if !pen.is_null() {
[INFO] [stdout]     |             ^^^^^^^
[INFO] [stdout] 
[INFO] [stdout] 
[INFO] [stdout] error[E0699]: the type of this value must be known to call a method on a raw pointer on it
[INFO] [stdout]    --> src/lib.rs:726:13
[INFO] [stdout]     |
[INFO] [stdout] 726 |     if !pen.is_null() {
[INFO] [stdout]     |             ^^^^^^^
[INFO] [stdout] 
[INFO] [stdout] 
[INFO] [stdout] error[E0699]: the type of this value must be known to call a method on a raw pointer on it
[INFO] [stdout]    --> src/lib.rs:766:13
[INFO] [stdout]     |
[INFO] [stdout] 766 |     if !pen.is_null() {
[INFO] [stdout]     |             ^^^^^^^
[INFO] [stdout] 
[INFO] [stdout] 
[INFO] [stdout] error[E0699]: the type of this value must be known to call a method on a raw pointer on it
[INFO] [stdout]    --> src/lib.rs:794:13
[INFO] [stdout]     |
[INFO] [stdout] 794 |     if !pen.is_null() {
[INFO] [stdout]     |             ^^^^^^^
[INFO] [stdout] 
[INFO] [stdout] 
[INFO] [stdout] error[E0699]: the type of this value must be known to call a method on a raw pointer on it
[INFO] [stdout]    --> src/lib.rs:821:13
[INFO] [stdout]     |
[INFO] [stdout] 821 |     if !pen.is_null() {
[INFO] [stdout]     |             ^^^^^^^
[INFO] [stdout] 
[INFO] [stdout] 
[INFO] [stdout] error: aborting due to 24 previous errors; 1 warning emitted
[INFO] [stdout] 
[INFO] [stdout] 
[INFO] [stdout] Some errors have detailed explanations: E0432, E0433, E0599, E0699.
[INFO] [stdout] 
[INFO] [stdout] For more information about an error, try `rustc --explain E0432`.
[INFO] [stdout] 
[INFO] [stderr] error: could not compile `nuklear-backend-gdi` due to 25 previous errors; 1 warning emitted
[INFO] [stderr] warning: build failed, waiting for other jobs to finish...
[INFO] running `Command { std: "docker" "inspect" "04598bf456ff419aba8893512cf0a61f3e7715b290f5e49efa9a850a3f84461b", kill_on_drop: false }`
[INFO] running `Command { std: "docker" "rm" "-f" "04598bf456ff419aba8893512cf0a61f3e7715b290f5e49efa9a850a3f84461b", kill_on_drop: false }`
[INFO] [stdout] 04598bf456ff419aba8893512cf0a61f3e7715b290f5e49efa9a850a3f84461b
