[INFO] fetching crate ntfs-3g-sys 0.1.0...
[INFO] testing ntfs-3g-sys-0.1.0 against 1.69.0 for beta-1.70-1
[INFO] extracting crate ntfs-3g-sys 0.1.0 into /workspace/builds/worker-0-tc1/source
[INFO] validating manifest of crates.io crate ntfs-3g-sys 0.1.0 on toolchain 1.69.0
[INFO] running `Command { std: CARGO_HOME="/workspace/cargo-home" RUSTUP_HOME="/workspace/rustup-home" "/workspace/cargo-home/bin/cargo" "+1.69.0" "metadata" "--manifest-path" "Cargo.toml" "--no-deps", kill_on_drop: false }`
[INFO] started tweaking crates.io crate ntfs-3g-sys 0.1.0
[INFO] finished tweaking crates.io crate ntfs-3g-sys 0.1.0
[INFO] tweaked toml for crates.io crate ntfs-3g-sys 0.1.0 written to /workspace/builds/worker-0-tc1/source/Cargo.toml
[INFO] running `Command { std: CARGO_HOME="/workspace/cargo-home" RUSTUP_HOME="/workspace/rustup-home" __CARGO_TEST_CHANNEL_OVERRIDE_DO_NOT_USE_THIS="nightly" "/workspace/cargo-home/bin/cargo" "+1.69.0" "generate-lockfile" "--manifest-path" "Cargo.toml" "-Zno-index-update", kill_on_drop: false }`
[INFO] running `Command { std: CARGO_HOME="/workspace/cargo-home" RUSTUP_HOME="/workspace/rustup-home" "/workspace/cargo-home/bin/cargo" "+1.69.0" "fetch" "--manifest-path" "Cargo.toml", kill_on_drop: false }`
[INFO] [stderr]  Downloading crates ...
[INFO] [stderr]   Downloaded rm_rf v0.6.2
[INFO] [stderr]   Downloaded bindgen v0.53.3
[INFO] running `Command { std: "docker" "create" "-v" "/var/lib/crater-agent-workspace/builds/worker-0-tc1/target:/opt/rustwide/target:rw,Z" "-v" "/var/lib/crater-agent-workspace/builds/worker-0-tc1/source:/opt/rustwide/workdir:ro,Z" "-v" "/var/lib/crater-agent-workspace/cargo-home:/opt/rustwide/cargo-home:ro,Z" "-v" "/var/lib/crater-agent-workspace/rustup-home:/opt/rustwide/rustup-home:ro,Z" "-e" "SOURCE_DIR=/opt/rustwide/workdir" "-e" "CARGO_TARGET_DIR=/opt/rustwide/target" "-e" "CARGO_HOME=/opt/rustwide/cargo-home" "-e" "RUSTUP_HOME=/opt/rustwide/rustup-home" "-w" "/opt/rustwide/workdir" "-m" "1610612736" "--user" "0:0" "--network" "none" "ghcr.io/rust-lang/crates-build-env/linux@sha256:5ff2268d62e97bff2cde7d5815dd6ed5b47097566f13b8d0ca110b04b60e07ed" "/opt/rustwide/cargo-home/bin/cargo" "+1.69.0" "metadata" "--no-deps" "--format-version=1", kill_on_drop: false }`
[INFO] [stdout] 18aa7170444b94d47eb8218d7fd3fb06972e3c7bc634d7bd7c333888d3d6d863
[INFO] running `Command { std: "docker" "start" "-a" "18aa7170444b94d47eb8218d7fd3fb06972e3c7bc634d7bd7c333888d3d6d863", kill_on_drop: false }`
[INFO] running `Command { std: "docker" "inspect" "18aa7170444b94d47eb8218d7fd3fb06972e3c7bc634d7bd7c333888d3d6d863", kill_on_drop: false }`
[INFO] running `Command { std: "docker" "rm" "-f" "18aa7170444b94d47eb8218d7fd3fb06972e3c7bc634d7bd7c333888d3d6d863", kill_on_drop: false }`
[INFO] [stdout] 18aa7170444b94d47eb8218d7fd3fb06972e3c7bc634d7bd7c333888d3d6d863
[INFO] running `Command { std: "docker" "create" "-v" "/var/lib/crater-agent-workspace/builds/worker-0-tc1/target:/opt/rustwide/target:rw,Z" "-v" "/var/lib/crater-agent-workspace/builds/worker-0-tc1/source:/opt/rustwide/workdir:ro,Z" "-v" "/var/lib/crater-agent-workspace/cargo-home:/opt/rustwide/cargo-home:ro,Z" "-v" "/var/lib/crater-agent-workspace/rustup-home:/opt/rustwide/rustup-home:ro,Z" "-e" "SOURCE_DIR=/opt/rustwide/workdir" "-e" "CARGO_TARGET_DIR=/opt/rustwide/target" "-e" "CARGO_INCREMENTAL=0" "-e" "RUST_BACKTRACE=full" "-e" "RUSTFLAGS=--cap-lints=warn" "-e" "RUSTDOCFLAGS=--cap-lints=warn" "-e" "CARGO_HOME=/opt/rustwide/cargo-home" "-e" "RUSTUP_HOME=/opt/rustwide/rustup-home" "-w" "/opt/rustwide/workdir" "-m" "1610612736" "--user" "0:0" "--network" "none" "ghcr.io/rust-lang/crates-build-env/linux@sha256:5ff2268d62e97bff2cde7d5815dd6ed5b47097566f13b8d0ca110b04b60e07ed" "/opt/rustwide/cargo-home/bin/cargo" "+1.69.0" "build" "--frozen" "--message-format=json", kill_on_drop: false }`
[INFO] [stdout] 99de69db3d1fec10144382934213c450017ec411d2eb9bc9e51fa0a17476fa5b
[INFO] running `Command { std: "docker" "start" "-a" "99de69db3d1fec10144382934213c450017ec411d2eb9bc9e51fa0a17476fa5b", kill_on_drop: false }`
[INFO] [stderr]    Compiling cc v1.0.79
[INFO] [stderr]    Compiling memchr v2.5.0
[INFO] [stderr]    Compiling cfg-if v1.0.0
[INFO] [stderr]    Compiling version_check v0.9.4
[INFO] [stderr]    Compiling glob v0.3.1
[INFO] [stderr]    Compiling log v0.4.17
[INFO] [stderr]    Compiling proc-macro2 v1.0.56
[INFO] [stderr]    Compiling atty v0.2.14
[INFO] [stderr]    Compiling quote v1.0.26
[INFO] [stderr]    Compiling unicode-width v0.1.10
[INFO] [stderr]    Compiling regex-syntax v0.7.1
[INFO] [stderr]    Compiling quick-error v1.2.3
[INFO] [stderr]    Compiling nom v5.1.3
[INFO] [stderr]    Compiling humantime v1.3.0
[INFO] [stderr]    Compiling clang-sys v0.29.3
[INFO] [stderr]    Compiling textwrap v0.11.0
[INFO] [stderr]    Compiling termcolor v1.2.0
[INFO] [stderr]    Compiling bitflags v1.3.2
[INFO] [stderr]    Compiling ansi_term v0.12.1
[INFO] [stderr]    Compiling aho-corasick v1.0.1
[INFO] [stderr]    Compiling strsim v0.8.0
[INFO] [stderr]    Compiling psm v0.1.21
[INFO] [stderr]    Compiling libloading v0.5.2
[INFO] [stderr]    Compiling stacker v0.1.15
[INFO] [stderr]    Compiling bindgen v0.53.3
[INFO] [stderr]    Compiling vec_map v0.8.2
[INFO] [stderr]    Compiling which v3.1.1
[INFO] [stderr]    Compiling clap v2.34.0
[INFO] [stderr]    Compiling rustc-hash v1.1.0
[INFO] [stderr]    Compiling cfg-if v0.1.10
[INFO] [stderr]    Compiling lazy_static v1.4.0
[INFO] [stderr]    Compiling lazycell v1.3.0
[INFO] [stderr]    Compiling peeking_take_while v0.1.2
[INFO] [stderr]    Compiling shlex v0.1.1
[INFO] [stderr]    Compiling rm_rf v0.6.2
[INFO] [stderr]    Compiling autotools v0.2.6
[INFO] [stderr]    Compiling regex v1.8.1
[INFO] [stderr]    Compiling cexpr v0.4.0
[INFO] [stderr]    Compiling env_logger v0.7.1
[INFO] [stderr]    Compiling ntfs-3g-sys v0.1.0 (/opt/rustwide/workdir)
[INFO] [stdout] error[E0507]: cannot move out of `self.resident_end` which is behind a shared reference
[INFO] [stdout]  --> /opt/rustwide/target/debug/build/ntfs-3g-sys-c0989963846daf9d/out/bindings.rs:3:97037
[INFO] [stdout]   |
[INFO] [stdout] 3 | ...e (Debug)] pub struct ATTR_RECORD__bindgen_ty_1__bindgen_ty_1 { pub value_length : le32 , pub value_offset : le16 , pub resident_flags : RESIDENT_ATTR_FLAGS , pub reservedR : s8 , pub resident_end : __IncompleteArrayField < * mut :: std :: os :: raw :: c_void > , ...
[INFO] [stdout]   |       ----- in this derive macro expansion                                                                                                                                             ^^^^^^^^^^^^^^^^^^^^^^^^^^^^^^^^^^^^^^^^^^^^^^^^^^^^^^^^^^^^^^^^^^^^^^^^^^^^^^^^^ move occurs because `self.resident_end` has type `__IncompleteArrayField<*mut c_void>`, which does not implement the `Copy` trait
[INFO] [stdout]   |
[INFO] [stdout]   = note: this error originates in the derive macro `Debug` (in Nightly builds, run with -Z macro-backtrace for more info)
[INFO] [stdout] 
[INFO] [stdout] 
[INFO] [stdout] error[E0507]: cannot move out of `self.non_resident_end` which is behind a shared reference
[INFO] [stdout]  --> /opt/rustwide/target/debug/build/ntfs-3g-sys-c0989963846daf9d/out/bindings.rs:3:99290
[INFO] [stdout]   |
[INFO] [stdout] 3 | ...e (Debug)] pub struct ATTR_RECORD__bindgen_ty_1__bindgen_ty_2 { pub lowest_vcn : leVCN , pub highest_vcn : leVCN , pub mapping_pairs_offset : le16 , pub compression_unit : ntfs_u8 , pub reserved1 : [ntfs_u8 ; 5usize] , pub allocated_size : sle64 , pub data_size : sle64 , pub initialized_size : sle64 , pub non_resident_end : __IncompleteArrayField < * mut :: std :: os :: raw :: c_void > , ...
[INFO] [stdout]   |       ----- in this derive macro expansion                                                                                                                                                                                                                                                                        ^^^^^^^^^^^^^^^^^^^^^^^^^^^^^^^^^^^^^^^^^^^^^^^^^^^^^^^^^^^^^^^^^^^^^^^^^^^^^^^^^^^^^ move occurs because `self.non_resident_end` has type `__IncompleteArrayField<*mut c_void>`, which does not implement the `Copy` trait
[INFO] [stdout]   |
[INFO] [stdout]   = note: this error originates in the derive macro `Debug` (in Nightly builds, run with -Z macro-backtrace for more info)
[INFO] [stdout] 
[INFO] [stdout] 
[INFO] [stdout] error[E0507]: cannot move out of `self.compressed_end` which is behind a shared reference
[INFO] [stdout]  --> /opt/rustwide/target/debug/build/ntfs-3g-sys-c0989963846daf9d/out/bindings.rs:3:99408
[INFO] [stdout]   |
[INFO] [stdout] 3 | ...e (Debug)] pub struct ATTR_RECORD__bindgen_ty_1__bindgen_ty_2 { pub lowest_vcn : leVCN , pub highest_vcn : leVCN , pub mapping_pairs_offset : le16 , pub compression_unit : ntfs_u8 , pub reserved1 : [ntfs_u8 ; 5usize] , pub allocated_size : sle64 , pub data_size : sle64 , pub initialized_size : sle64 , pub non_resident_end : __IncompleteArrayField < * mut :: std :: os :: raw :: c_void > , pub compressed_size : sle64 , pub compressed_end : __IncompleteArrayField < * mut :: std :: os :: raw :: c_void > , ...
[INFO] [stdout]   |       ----- in this derive macro expansion                                                                                                                                                                                                                                                                                                                                                                                              ^^^^^^^^^^^^^^^^^^^^^^^^^^^^^^^^^^^^^^^^^^^^^^^^^^^^^^^^^^^^^^^^^^^^^^^^^^^^^^^^^^^ move occurs because `self.compressed_end` has type `__IncompleteArrayField<*mut c_void>`, which does not implement the `Copy` trait
[INFO] [stdout]   |
[INFO] [stdout]   = note: this error originates in the derive macro `Debug` (in Nightly builds, run with -Z macro-backtrace for more info)
[INFO] [stdout] 
[INFO] [stdout] 
[INFO] [stdout] error[E0507]: cannot move out of `self.v1_end` which is behind a shared reference
[INFO] [stdout]  --> /opt/rustwide/target/debug/build/ntfs-3g-sys-c0989963846daf9d/out/bindings.rs:3:108957
[INFO] [stdout]   |
[INFO] [stdout] 3 | ...e (Debug)] pub struct STANDARD_INFORMATION__bindgen_ty_1__bindgen_ty_1 { pub reserved12 : [ntfs_u8 ; 12usize] , pub v1_end : __IncompleteArrayField < * mut :: std :: os :: raw :: c_void > , ...
[INFO] [stdout]   |       ----- in this derive macro expansion                                                                         ^^^^^^^^^^^^^^^^^^^^^^^^^^^^^^^^^^^^^^^^^^^^^^^^^^^^^^^^^^^^^^^^^^^^^^^^^^^ move occurs because `self.v1_end` has type `__IncompleteArrayField<*mut c_void>`, which does not implement the `Copy` trait
[INFO] [stdout]   |
[INFO] [stdout]   = note: this error originates in the derive macro `Debug` (in Nightly builds, run with -Z macro-backtrace for more info)
[INFO] [stdout] 
[INFO] [stdout] 
[INFO] [stdout] error[E0507]: cannot move out of `self.v3_end` which is behind a shared reference
[INFO] [stdout]  --> /opt/rustwide/target/debug/build/ntfs-3g-sys-c0989963846daf9d/out/bindings.rs:3:110380
[INFO] [stdout]   |
[INFO] [stdout] 3 | ...e (Debug)] pub struct STANDARD_INFORMATION__bindgen_ty_1__bindgen_ty_2 { pub maximum_versions : le32 , pub version_number : le32 , pub class_id : le32 , pub owner_id : le32 , pub security_id : le32 , pub quota_charged : le64 , pub usn : le64 , pub v3_end : __IncompleteArrayField < * mut :: std :: os :: raw :: c_void > , ...
[INFO] [stdout]   |       ----- in this derive macro expansion                                                                                                                                                                                                             ^^^^^^^^^^^^^^^^^^^^^^^^^^^^^^^^^^^^^^^^^^^^^^^^^^^^^^^^^^^^^^^^^^^^^^^^^^^ move occurs because `self.v3_end` has type `__IncompleteArrayField<*mut c_void>`, which does not implement the `Copy` trait
[INFO] [stdout]   |
[INFO] [stdout]   = note: this error originates in the derive macro `Debug` (in Nightly builds, run with -Z macro-backtrace for more info)
[INFO] [stdout] 
[INFO] [stdout] 
[INFO] [stdout] error[E0507]: cannot move out of `self.name` which is behind a shared reference
[INFO] [stdout]  --> /opt/rustwide/target/debug/build/ntfs-3g-sys-c0989963846daf9d/out/bindings.rs:3:117386
[INFO] [stdout]   |
[INFO] [stdout] 3 | ...e (Debug)] pub struct ATTR_LIST_ENTRY { pub type_ : ATTR_TYPES , pub length : le16 , pub name_length : ntfs_u8 , pub name_offset : ntfs_u8 , pub lowest_vcn : leVCN , pub mft_reference : leMFT_REF , pub instance : le16 , pub name : __IncompleteArrayField < ntfschar > , ...
[INFO] [stdout]   |       ----- in this derive macro expansion                                                                                                                                                                                     ^^^^^^^^^^^^^^^^^^^^^^^^^^^^^^^^^^^^^^^^^^^^^^ move occurs because `self.name` has type `__IncompleteArrayField<u16>`, which does not implement the `Copy` trait
[INFO] [stdout]   |
[INFO] [stdout]   = note: this error originates in the derive macro `Debug` (in Nightly builds, run with -Z macro-backtrace for more info)
[INFO] [stdout] 
[INFO] [stdout] 
[INFO] [stdout] error[E0507]: cannot move out of `self.name` which is behind a shared reference
[INFO] [stdout]  --> /opt/rustwide/target/debug/build/ntfs-3g-sys-c0989963846daf9d/out/bindings.rs:3:179614
[INFO] [stdout]   |
[INFO] [stdout] 3 | ... packed)] # [derive (Debug)] pub struct VOLUME_NAME { pub name : __IncompleteArrayField < ntfschar > , } # [test] fn bindgen_test_layo...
[INFO] [stdout]   |                         -----                            ^^^^^^^^^^^^^^^^^^^^^^^^^^^^^^^^^^^^^^^^^^^^^^ move occurs because `self.name` has type `__IncompleteArrayField<u16>`, which does not implement the `Copy` trait
[INFO] [stdout]   |                         |
[INFO] [stdout]   |                         in this derive macro expansion
[INFO] [stdout]   |
[INFO] [stdout]   = note: this error originates in the derive macro `Debug` (in Nightly builds, run with -Z macro-backtrace for more info)
[INFO] [stdout] 
[INFO] [stdout] 
[INFO] [stdout] error[E0507]: cannot move out of `self.data` which is behind a shared reference
[INFO] [stdout]  --> /opt/rustwide/target/debug/build/ntfs-3g-sys-c0989963846daf9d/out/bindings.rs:3:182960
[INFO] [stdout]   |
[INFO] [stdout] 3 | ... , packed)] # [derive (Debug)] pub struct DATA_ATTR { pub data : __IncompleteArrayField < ntfs_u8 > , } # [test] fn bindgen_test_layou...
[INFO] [stdout]   |                           -----                          ^^^^^^^^^^^^^^^^^^^^^^^^^^^^^^^^^^^^^^^^^^^^^ move occurs because `self.data` has type `__IncompleteArrayField<u8>`, which does not implement the `Copy` trait
[INFO] [stdout]   |                           |
[INFO] [stdout]   |                           in this derive macro expansion
[INFO] [stdout]   |
[INFO] [stdout]   = note: this error originates in the derive macro `Debug` (in Nightly builds, run with -Z macro-backtrace for more info)
[INFO] [stdout] 
[INFO] [stdout] 
[INFO] [stdout] error[E0507]: cannot move out of `self.bitmap` which is behind a shared reference
[INFO] [stdout]  --> /opt/rustwide/target/debug/build/ntfs-3g-sys-c0989963846daf9d/out/bindings.rs:3:210657
[INFO] [stdout]   |
[INFO] [stdout] 3 | ... packed)] # [derive (Debug)] pub struct BITMAP_ATTR { pub bitmap : __IncompleteArrayField < ntfs_u8 > , } # [test] fn bindgen_test_lay...
[INFO] [stdout]   |                         -----                            ^^^^^^^^^^^^^^^^^^^^^^^^^^^^^^^^^^^^^^^^^^^^^^^ move occurs because `self.bitmap` has type `__IncompleteArrayField<u8>`, which does not implement the `Copy` trait
[INFO] [stdout]   |                         |
[INFO] [stdout]   |                         in this derive macro expansion
[INFO] [stdout]   |
[INFO] [stdout]   = note: this error originates in the derive macro `Debug` (in Nightly builds, run with -Z macro-backtrace for more info)
[INFO] [stdout] 
[INFO] [stdout] 
[INFO] [stdout] error[E0507]: cannot move out of `self.reparse_data` which is behind a shared reference
[INFO] [stdout]  --> /opt/rustwide/target/debug/build/ntfs-3g-sys-c0989963846daf9d/out/bindings.rs:3:215917
[INFO] [stdout]   |
[INFO] [stdout] 3 | ...e (Debug)] pub struct REPARSE_POINT { pub reparse_tag : le32 , pub reparse_data_length : le16 , pub reserved : le16 , pub reparse_data : __IncompleteArrayField < ntfs_u8 > , ...
[INFO] [stdout]   |       ----- in this derive macro expansion                                                                               ^^^^^^^^^^^^^^^^^^^^^^^^^^^^^^^^^^^^^^^^^^^^^^^^^^^^^ move occurs because `self.reparse_data` has type `__IncompleteArrayField<u8>`, which does not implement the `Copy` trait
[INFO] [stdout]   |
[INFO] [stdout]   = note: this error originates in the derive macro `Debug` (in Nightly builds, run with -Z macro-backtrace for more info)
[INFO] [stdout] 
[INFO] [stdout] 
[INFO] [stdout] error[E0507]: cannot move out of `self.name` which is behind a shared reference
[INFO] [stdout]  --> /opt/rustwide/target/debug/build/ntfs-3g-sys-c0989963846daf9d/out/bindings.rs:3:219215
[INFO] [stdout]   |
[INFO] [stdout] 3 | ...e (Debug)] pub struct EA_ATTR { pub next_entry_offset : le32 , pub flags : EA_FLAGS , pub name_length : ntfs_u8 , pub value_length : le16 , pub name : __IncompleteArrayField < ntfs_u8 > , ...
[INFO] [stdout]   |       ----- in this derive macro expansion                                                                                                     ^^^^^^^^^^^^^^^^^^^^^^^^^^^^^^^^^^^^^^^^^^^^^ move occurs because `self.name` has type `__IncompleteArrayField<u8>`, which does not implement the `Copy` trait
[INFO] [stdout]   |
[INFO] [stdout]   = note: this error originates in the derive macro `Debug` (in Nightly builds, run with -Z macro-backtrace for more info)
[INFO] [stdout] 
[INFO] [stdout] 
[INFO] [stdout] error[E0507]: cannot move out of `self.value` which is behind a shared reference
[INFO] [stdout]  --> /opt/rustwide/target/debug/build/ntfs-3g-sys-c0989963846daf9d/out/bindings.rs:3:219263
[INFO] [stdout]   |
[INFO] [stdout] 3 | ...e (Debug)] pub struct EA_ATTR { pub next_entry_offset : le32 , pub flags : EA_FLAGS , pub name_length : ntfs_u8 , pub value_length : le16 , pub name : __IncompleteArrayField < ntfs_u8 > , pub value : __IncompleteArrayField < ntfs_u8 > , ...
[INFO] [stdout]   |       ----- in this derive macro expansion                                                                                                                                                     ^^^^^^^^^^^^^^^^^^^^^^^^^^^^^^^^^^^^^^^^^^^^^^ move occurs because `self.value` has type `__IncompleteArrayField<u8>`, which does not implement the `Copy` trait
[INFO] [stdout]   |
[INFO] [stdout]   = note: this error originates in the derive macro `Debug` (in Nightly builds, run with -Z macro-backtrace for more info)
[INFO] [stdout] 
[INFO] [stdout] 
[INFO] [stdout] error[E0507]: cannot move out of `self.device_end` which is behind a shared reference
[INFO] [stdout]  --> /opt/rustwide/target/debug/build/ntfs-3g-sys-c0989963846daf9d/out/bindings.rs:3:237225
[INFO] [stdout]   |
[INFO] [stdout] 3 | ...e (Debug)] pub struct INTX_FILE__bindgen_ty_1__bindgen_ty_1 { pub major : le64 , pub minor : le64 , pub device_end : __IncompleteArrayField < * mut :: std :: os :: raw :: c_void > , ...
[INFO] [stdout]   |       ----- in this derive macro expansion                                                             ^^^^^^^^^^^^^^^^^^^^^^^^^^^^^^^^^^^^^^^^^^^^^^^^^^^^^^^^^^^^^^^^^^^^^^^^^^^^^^^ move occurs because `self.device_end` has type `__IncompleteArrayField<*mut c_void>`, which does not implement the `Copy` trait
[INFO] [stdout]   |
[INFO] [stdout]   = note: this error originates in the derive macro `Debug` (in Nightly builds, run with -Z macro-backtrace for more info)
[INFO] [stdout] 
[INFO] [stdout] 
[INFO] [stdout] error[E0507]: cannot move out of `self.lcn_list` which is behind a shared reference
[INFO] [stdout]  --> /opt/rustwide/target/debug/build/ntfs-3g-sys-c0989963846daf9d/out/bindings.rs:3:395211
[INFO] [stdout]   |
[INFO] [stdout] 3 | ...e (Debug)] pub struct LOG_RECORD__bindgen_ty_1__bindgen_ty_1 { pub undo_offset : le16 , pub undo_length : le16 , pub target_attribute : le16 , pub lcns_to_follow : le16 , pub record_offset : le16 , pub attribute_offset : le16 , pub cluster_index : le16 , pub attribute_flags : ATTRIBUTE_FLAGS , pub target_vcn : leVCN , pub lcn_list : __IncompleteArrayField < leLCN > , ...
[INFO] [stdout]   |       ----- in this derive macro expansion                                                                                                                                                                                                                                                                                         ^^^^^^^^^^^^^^^^^^^^^^^^^^^^^^^^^^^^^^^^^^^^^^^ move occurs because `self.lcn_list` has type `__IncompleteArrayField<u64>`, which does not implement the `Copy` trait
[INFO] [stdout]   |
[INFO] [stdout]   = note: this error originates in the derive macro `Debug` (in Nightly builds, run with -Z macro-backtrace for more info)
[INFO] [stdout] 
[INFO] [stdout] 
[INFO] [stdout] error[E0507]: cannot move out of `self.unknown_list` which is behind a shared reference
[INFO] [stdout]  --> /opt/rustwide/target/debug/build/ntfs-3g-sys-c0989963846daf9d/out/bindings.rs:3:398690
[INFO] [stdout]   |
[INFO] [stdout] 3 | ...e (Debug)] pub struct LOG_RECORD__bindgen_ty_1__bindgen_ty_2 { pub transaction_lsn : leLSN , pub attributes_lsn : leLSN , pub names_lsn : leLSN , pub dirty_pages_lsn : leLSN , pub unknown_list : __IncompleteArrayField < le64 > , ...
[INFO] [stdout]   |       ----- in this derive macro expansion                                                                                                                                         ^^^^^^^^^^^^^^^^^^^^^^^^^^^^^^^^^^^^^^^^^^^^^^^^^^ move occurs because `self.unknown_list` has type `__IncompleteArrayField<u64>`, which does not implement the `Copy` trait
[INFO] [stdout]   |
[INFO] [stdout]   = note: this error originates in the derive macro `Debug` (in Nightly builds, run with -Z macro-backtrace for more info)
[INFO] [stdout] 
[INFO] [stdout] 
[INFO] [stdout] error: aborting due to 15 previous errors
[INFO] [stdout] 
[INFO] [stdout] 
[INFO] [stdout] For more information about this error, try `rustc --explain E0507`.
[INFO] [stdout] 
[INFO] [stderr] error: could not compile `ntfs-3g-sys` due to 16 previous errors
[INFO] running `Command { std: "docker" "inspect" "99de69db3d1fec10144382934213c450017ec411d2eb9bc9e51fa0a17476fa5b", kill_on_drop: false }`
[INFO] running `Command { std: "docker" "rm" "-f" "99de69db3d1fec10144382934213c450017ec411d2eb9bc9e51fa0a17476fa5b", kill_on_drop: false }`
[INFO] [stdout] 99de69db3d1fec10144382934213c450017ec411d2eb9bc9e51fa0a17476fa5b
