[INFO] fetching crate npc-engine-utils 0.1.0...
[INFO] testing npc-engine-utils-0.1.0 against 1.69.0 for beta-1.70-1
[INFO] extracting crate npc-engine-utils 0.1.0 into /workspace/builds/worker-2-tc1/source
[INFO] validating manifest of crates.io crate npc-engine-utils 0.1.0 on toolchain 1.69.0
[INFO] running `Command { std: CARGO_HOME="/workspace/cargo-home" RUSTUP_HOME="/workspace/rustup-home" "/workspace/cargo-home/bin/cargo" "+1.69.0" "metadata" "--manifest-path" "Cargo.toml" "--no-deps", kill_on_drop: false }`
[INFO] started tweaking crates.io crate npc-engine-utils 0.1.0
[INFO] finished tweaking crates.io crate npc-engine-utils 0.1.0
[INFO] tweaked toml for crates.io crate npc-engine-utils 0.1.0 written to /workspace/builds/worker-2-tc1/source/Cargo.toml
[INFO] running `Command { std: CARGO_HOME="/workspace/cargo-home" RUSTUP_HOME="/workspace/rustup-home" __CARGO_TEST_CHANNEL_OVERRIDE_DO_NOT_USE_THIS="nightly" "/workspace/cargo-home/bin/cargo" "+1.69.0" "generate-lockfile" "--manifest-path" "Cargo.toml" "-Zno-index-update", kill_on_drop: false }`
[INFO] running `Command { std: CARGO_HOME="/workspace/cargo-home" RUSTUP_HOME="/workspace/rustup-home" "/workspace/cargo-home/bin/cargo" "+1.69.0" "fetch" "--manifest-path" "Cargo.toml", kill_on_drop: false }`
[INFO] [stderr]  Downloading crates ...
[INFO] [stderr]   Downloaded dot v0.1.4
[INFO] [stderr]   Downloaded npc-engine-core v0.1.0
[INFO] running `Command { std: "docker" "create" "-v" "/var/lib/crater-agent-workspace/builds/worker-2-tc1/target:/opt/rustwide/target:rw,Z" "-v" "/var/lib/crater-agent-workspace/builds/worker-2-tc1/source:/opt/rustwide/workdir:ro,Z" "-v" "/var/lib/crater-agent-workspace/cargo-home:/opt/rustwide/cargo-home:ro,Z" "-v" "/var/lib/crater-agent-workspace/rustup-home:/opt/rustwide/rustup-home:ro,Z" "-e" "SOURCE_DIR=/opt/rustwide/workdir" "-e" "CARGO_TARGET_DIR=/opt/rustwide/target" "-e" "CARGO_HOME=/opt/rustwide/cargo-home" "-e" "RUSTUP_HOME=/opt/rustwide/rustup-home" "-w" "/opt/rustwide/workdir" "-m" "1610612736" "--user" "0:0" "--network" "none" "ghcr.io/rust-lang/crates-build-env/linux@sha256:5ff2268d62e97bff2cde7d5815dd6ed5b47097566f13b8d0ca110b04b60e07ed" "/opt/rustwide/cargo-home/bin/cargo" "+1.69.0" "metadata" "--no-deps" "--format-version=1", kill_on_drop: false }`
[INFO] [stdout] 7d19bbb085b1398070798eb6017b957a6ceb4638409c150d3db3b22e46bdd276
[INFO] running `Command { std: "docker" "start" "-a" "7d19bbb085b1398070798eb6017b957a6ceb4638409c150d3db3b22e46bdd276", kill_on_drop: false }`
[INFO] running `Command { std: "docker" "inspect" "7d19bbb085b1398070798eb6017b957a6ceb4638409c150d3db3b22e46bdd276", kill_on_drop: false }`
[INFO] running `Command { std: "docker" "rm" "-f" "7d19bbb085b1398070798eb6017b957a6ceb4638409c150d3db3b22e46bdd276", kill_on_drop: false }`
[INFO] [stdout] 7d19bbb085b1398070798eb6017b957a6ceb4638409c150d3db3b22e46bdd276
[INFO] running `Command { std: "docker" "create" "-v" "/var/lib/crater-agent-workspace/builds/worker-2-tc1/target:/opt/rustwide/target:rw,Z" "-v" "/var/lib/crater-agent-workspace/builds/worker-2-tc1/source:/opt/rustwide/workdir:ro,Z" "-v" "/var/lib/crater-agent-workspace/cargo-home:/opt/rustwide/cargo-home:ro,Z" "-v" "/var/lib/crater-agent-workspace/rustup-home:/opt/rustwide/rustup-home:ro,Z" "-e" "SOURCE_DIR=/opt/rustwide/workdir" "-e" "CARGO_TARGET_DIR=/opt/rustwide/target" "-e" "CARGO_INCREMENTAL=0" "-e" "RUST_BACKTRACE=full" "-e" "RUSTFLAGS=--cap-lints=warn" "-e" "RUSTDOCFLAGS=--cap-lints=warn" "-e" "CARGO_HOME=/opt/rustwide/cargo-home" "-e" "RUSTUP_HOME=/opt/rustwide/rustup-home" "-w" "/opt/rustwide/workdir" "-m" "1610612736" "--user" "0:0" "--network" "none" "ghcr.io/rust-lang/crates-build-env/linux@sha256:5ff2268d62e97bff2cde7d5815dd6ed5b47097566f13b8d0ca110b04b60e07ed" "/opt/rustwide/cargo-home/bin/cargo" "+1.69.0" "build" "--frozen" "--message-format=json", kill_on_drop: false }`
[INFO] [stdout] 82453a81525b705e0c8376de2850fec677dc804121e1ad71640df69135e1086f
[INFO] running `Command { std: "docker" "start" "-a" "82453a81525b705e0c8376de2850fec677dc804121e1ad71640df69135e1086f", kill_on_drop: false }`
[INFO] [stderr]    Compiling getrandom v0.1.16
[INFO] [stderr]    Compiling siphasher v0.3.10
[INFO] [stderr]    Compiling syn v1.0.109
[INFO] [stderr]    Compiling num-traits v0.2.15
[INFO] [stderr]    Compiling dot v0.1.4
[INFO] [stderr]    Compiling downcast-rs v1.2.0
[INFO] [stderr]    Compiling rand_chacha v0.3.1
[INFO] [stderr]    Compiling serde_derive v1.0.160
[INFO] [stderr]    Compiling phf_shared v0.8.0
[INFO] [stderr]    Compiling rand_core v0.5.1
[INFO] [stderr]    Compiling rand v0.8.5
[INFO] [stderr]    Compiling phf v0.8.0
[INFO] [stderr]    Compiling rand_pcg v0.2.1
[INFO] [stderr]    Compiling rand_chacha v0.2.2
[INFO] [stderr]    Compiling rand v0.7.3
[INFO] [stderr]    Compiling phf_generator v0.8.0
[INFO] [stderr]    Compiling phf_codegen v0.8.0
[INFO] [stderr]    Compiling palette v0.5.0
[INFO] [stderr]    Compiling approx v0.3.2
[INFO] [stderr]    Compiling ordered-float v3.7.0
[INFO] [stderr]    Compiling palette_derive v0.5.0
[INFO] [stderr]    Compiling serde v1.0.160
[INFO] [stderr]    Compiling npc-engine-core v0.1.0
[INFO] [stderr]    Compiling npc-engine-utils v0.1.0 (/opt/rustwide/workdir)
[INFO] [stderr]     Finished dev [unoptimized + debuginfo] target(s) in 9.03s
[INFO] running `Command { std: "docker" "inspect" "82453a81525b705e0c8376de2850fec677dc804121e1ad71640df69135e1086f", kill_on_drop: false }`
[INFO] running `Command { std: "docker" "rm" "-f" "82453a81525b705e0c8376de2850fec677dc804121e1ad71640df69135e1086f", kill_on_drop: false }`
[INFO] [stdout] 82453a81525b705e0c8376de2850fec677dc804121e1ad71640df69135e1086f
[INFO] running `Command { std: "docker" "create" "-v" "/var/lib/crater-agent-workspace/builds/worker-2-tc1/target:/opt/rustwide/target:rw,Z" "-v" "/var/lib/crater-agent-workspace/builds/worker-2-tc1/source:/opt/rustwide/workdir:ro,Z" "-v" "/var/lib/crater-agent-workspace/cargo-home:/opt/rustwide/cargo-home:ro,Z" "-v" "/var/lib/crater-agent-workspace/rustup-home:/opt/rustwide/rustup-home:ro,Z" "-e" "SOURCE_DIR=/opt/rustwide/workdir" "-e" "CARGO_TARGET_DIR=/opt/rustwide/target" "-e" "CARGO_INCREMENTAL=0" "-e" "RUST_BACKTRACE=full" "-e" "RUSTFLAGS=--cap-lints=warn" "-e" "RUSTDOCFLAGS=--cap-lints=warn" "-e" "CARGO_HOME=/opt/rustwide/cargo-home" "-e" "RUSTUP_HOME=/opt/rustwide/rustup-home" "-w" "/opt/rustwide/workdir" "-m" "1610612736" "--user" "0:0" "--network" "none" "ghcr.io/rust-lang/crates-build-env/linux@sha256:5ff2268d62e97bff2cde7d5815dd6ed5b47097566f13b8d0ca110b04b60e07ed" "/opt/rustwide/cargo-home/bin/cargo" "+1.69.0" "test" "--frozen" "--no-run" "--message-format=json", kill_on_drop: false }`
[INFO] [stdout] a10109cc3c0cc284e8abc3be335c322274e307633c1f0360aa8d41556c16667d
[INFO] running `Command { std: "docker" "start" "-a" "a10109cc3c0cc284e8abc3be335c322274e307633c1f0360aa8d41556c16667d", kill_on_drop: false }`
[INFO] [stderr]    Compiling regex-syntax v0.7.1
[INFO] [stderr]    Compiling humantime v2.1.0
[INFO] [stderr]    Compiling termcolor v1.2.0
[INFO] [stderr]    Compiling atty v0.2.14
[INFO] [stderr]    Compiling npc-engine-core v0.1.0
[INFO] [stderr]    Compiling npc-engine-utils v0.1.0 (/opt/rustwide/workdir)
[INFO] [stderr]    Compiling regex v1.8.1
[INFO] [stderr]    Compiling env_logger v0.9.3
[INFO] [stderr]     Finished test [unoptimized + debuginfo] target(s) in 5.90s
[INFO] running `Command { std: "docker" "inspect" "a10109cc3c0cc284e8abc3be335c322274e307633c1f0360aa8d41556c16667d", kill_on_drop: false }`
[INFO] running `Command { std: "docker" "rm" "-f" "a10109cc3c0cc284e8abc3be335c322274e307633c1f0360aa8d41556c16667d", kill_on_drop: false }`
[INFO] [stdout] a10109cc3c0cc284e8abc3be335c322274e307633c1f0360aa8d41556c16667d
[INFO] running `Command { std: "docker" "create" "-v" "/var/lib/crater-agent-workspace/builds/worker-2-tc1/target:/opt/rustwide/target:rw,Z" "-v" "/var/lib/crater-agent-workspace/builds/worker-2-tc1/source:/opt/rustwide/workdir:ro,Z" "-v" "/var/lib/crater-agent-workspace/cargo-home:/opt/rustwide/cargo-home:ro,Z" "-v" "/var/lib/crater-agent-workspace/rustup-home:/opt/rustwide/rustup-home:ro,Z" "-e" "SOURCE_DIR=/opt/rustwide/workdir" "-e" "CARGO_TARGET_DIR=/opt/rustwide/target" "-e" "CARGO_INCREMENTAL=0" "-e" "RUST_BACKTRACE=full" "-e" "RUSTFLAGS=--cap-lints=warn" "-e" "RUSTDOCFLAGS=--cap-lints=warn" "-e" "CARGO_HOME=/opt/rustwide/cargo-home" "-e" "RUSTUP_HOME=/opt/rustwide/rustup-home" "-w" "/opt/rustwide/workdir" "-m" "1610612736" "--user" "0:0" "--network" "none" "ghcr.io/rust-lang/crates-build-env/linux@sha256:5ff2268d62e97bff2cde7d5815dd6ed5b47097566f13b8d0ca110b04b60e07ed" "/opt/rustwide/cargo-home/bin/cargo" "+1.69.0" "test" "--frozen", kill_on_drop: false }`
[INFO] [stdout] e0816c5867f7037e9ef83930ac7116af835139a23e57f83d3e16be90e4758f61
[INFO] running `Command { std: "docker" "start" "-a" "e0816c5867f7037e9ef83930ac7116af835139a23e57f83d3e16be90e4758f61", kill_on_drop: false }`
[INFO] [stderr]     Finished test [unoptimized + debuginfo] target(s) in 0.03s
[INFO] [stderr]      Running unittests src/lib.rs (/opt/rustwide/target/debug/deps/npc_engine_utils-969f68251a6fa766)
[INFO] [stdout] 
[INFO] [stdout] running 11 tests
[INFO] [stdout] test coord2d::tests::abs_diff ... ok
[INFO] [stdout] test coord2d::tests::dim_dist ... ok
[INFO] [stdout] test coord2d::tests::manhattan_dist ... ok
[INFO] [stdout] test coord2d::tests::cmp ... ok
[INFO] [stdout] test neuron::tests::linear_function_1d ... ok
[INFO] [stdout] test neuron::tests::linear_function_2d ... ok
[INFO] [stdout] test neuron::tests::two_layers_optimal_must_be_stable ... ok
[INFO] [stdout] test executor::tests::threaded_executor_trivial_domain ... ok
[INFO] [stdout] test neuron::tests::linear_function_1d_hidden ... ok
[INFO] [stdout] test neuron::tests::xor ... ok
[INFO] [stderr]    Doc-tests npc-engine-utils
[INFO] [stdout] test neuron::tests::non_linear_function_1d ... ok
[INFO] [stdout] 
[INFO] [stdout] test result: ok. 11 passed; 0 failed; 0 ignored; 0 measured; 0 filtered out; finished in 1.98s
[INFO] [stdout] 
[INFO] [stdout] 
[INFO] [stdout] running 1 test
[INFO] [stdout] test src/executor.rs - executor::ExecutorState (line 60) ... FAILED
[INFO] [stdout] 
[INFO] [stdout] failures:
[INFO] [stdout] 
[INFO] [stdout] ---- src/executor.rs - executor::ExecutorState (line 60) stdout ----
[INFO] [stdout] error[E0405]: cannot find trait `ExecutorState` in this scope
[INFO] [stdout]  --> src/executor.rs:62:6
[INFO] [stdout]   |
[INFO] [stdout] 4 | impl ExecutorState<MyDomain> for MyExecutorState {}
[INFO] [stdout]   |      ^^^^^^^^^^^^^ not found in this scope
[INFO] [stdout]   |
[INFO] [stdout] help: consider importing this trait
[INFO] [stdout]   |
[INFO] [stdout] 2 | use npc_engine_utils::ExecutorState;
[INFO] [stdout]   |
[INFO] [stdout] 
[INFO] [stdout] error[E0412]: cannot find type `MyDomain` in this scope
[INFO] [stdout]  --> src/executor.rs:62:20
[INFO] [stdout]   |
[INFO] [stdout] 4 | impl ExecutorState<MyDomain> for MyExecutorState {}
[INFO] [stdout]   |                    ^^^^^^^^ not found in this scope
[INFO] [stdout]   |
[INFO] [stdout] help: you might be missing a type parameter
[INFO] [stdout]   |
[INFO] [stdout] 4 | impl<MyDomain> ExecutorState<MyDomain> for MyExecutorState {}
[INFO] [stdout]   |     ++++++++++
[INFO] [stdout] 
[INFO] [stdout] error: aborting due to 2 previous errors
[INFO] [stdout] 
[INFO] [stdout] Some errors have detailed explanations: E0405, E0412.
[INFO] [stdout] For more information about an error, try `rustc --explain E0405`.
[INFO] [stdout] Couldn't compile the test.
[INFO] [stdout] 
[INFO] [stdout] failures:
[INFO] [stdout]     src/executor.rs - executor::ExecutorState (line 60)
[INFO] [stdout] 
[INFO] [stdout] test result: FAILED. 0 passed; 1 failed; 0 ignored; 0 measured; 0 filtered out; finished in 0.06s
[INFO] [stdout] 
[INFO] [stderr] error: doctest failed, to rerun pass `--doc`
[INFO] running `Command { std: "docker" "inspect" "e0816c5867f7037e9ef83930ac7116af835139a23e57f83d3e16be90e4758f61", kill_on_drop: false }`
[INFO] running `Command { std: "docker" "rm" "-f" "e0816c5867f7037e9ef83930ac7116af835139a23e57f83d3e16be90e4758f61", kill_on_drop: false }`
[INFO] [stdout] e0816c5867f7037e9ef83930ac7116af835139a23e57f83d3e16be90e4758f61
