[INFO] fetching crate notedown_parser 0.12.0...
[INFO] testing notedown_parser-0.12.0 against 1.69.0 for beta-1.70-1
[INFO] extracting crate notedown_parser 0.12.0 into /workspace/builds/worker-6-tc1/source
[INFO] validating manifest of crates.io crate notedown_parser 0.12.0 on toolchain 1.69.0
[INFO] running `Command { std: CARGO_HOME="/workspace/cargo-home" RUSTUP_HOME="/workspace/rustup-home" "/workspace/cargo-home/bin/cargo" "+1.69.0" "metadata" "--manifest-path" "Cargo.toml" "--no-deps", kill_on_drop: false }`
[INFO] started tweaking crates.io crate notedown_parser 0.12.0
[INFO] finished tweaking crates.io crate notedown_parser 0.12.0
[INFO] tweaked toml for crates.io crate notedown_parser 0.12.0 written to /workspace/builds/worker-6-tc1/source/Cargo.toml
[INFO] running `Command { std: CARGO_HOME="/workspace/cargo-home" RUSTUP_HOME="/workspace/rustup-home" __CARGO_TEST_CHANNEL_OVERRIDE_DO_NOT_USE_THIS="nightly" "/workspace/cargo-home/bin/cargo" "+1.69.0" "generate-lockfile" "--manifest-path" "Cargo.toml" "-Zno-index-update", kill_on_drop: false }`
[INFO] running `Command { std: CARGO_HOME="/workspace/cargo-home" RUSTUP_HOME="/workspace/rustup-home" "/workspace/cargo-home/bin/cargo" "+1.69.0" "fetch" "--manifest-path" "Cargo.toml", kill_on_drop: false }`
[INFO] [stderr]  Downloading crates ...
[INFO] [stderr]   Downloaded slugify v0.1.0
[INFO] [stderr]   Downloaded unidecode v0.3.0
[INFO] [stderr]   Downloaded notedown-pest v1.0.0
[INFO] [stderr]   Downloaded ropey v1.6.0
[INFO] [stderr]   Downloaded text-utils v0.3.1
[INFO] [stderr]   Downloaded yggdrasil-shared v0.1.10
[INFO] [stderr]   Downloaded notedown_ast v0.12.11
[INFO] running `Command { std: "docker" "create" "-v" "/var/lib/crater-agent-workspace/builds/worker-6-tc1/target:/opt/rustwide/target:rw,Z" "-v" "/var/lib/crater-agent-workspace/builds/worker-6-tc1/source:/opt/rustwide/workdir:ro,Z" "-v" "/var/lib/crater-agent-workspace/cargo-home:/opt/rustwide/cargo-home:ro,Z" "-v" "/var/lib/crater-agent-workspace/rustup-home:/opt/rustwide/rustup-home:ro,Z" "-e" "SOURCE_DIR=/opt/rustwide/workdir" "-e" "CARGO_TARGET_DIR=/opt/rustwide/target" "-e" "CARGO_HOME=/opt/rustwide/cargo-home" "-e" "RUSTUP_HOME=/opt/rustwide/rustup-home" "-w" "/opt/rustwide/workdir" "-m" "1610612736" "--user" "0:0" "--network" "none" "ghcr.io/rust-lang/crates-build-env/linux@sha256:5ff2268d62e97bff2cde7d5815dd6ed5b47097566f13b8d0ca110b04b60e07ed" "/opt/rustwide/cargo-home/bin/cargo" "+1.69.0" "metadata" "--no-deps" "--format-version=1", kill_on_drop: false }`
[INFO] [stdout] b23c0260c133547c33c146f95fff971b6ea4bf5537f3c401eb728a26320c928e
[INFO] running `Command { std: "docker" "start" "-a" "b23c0260c133547c33c146f95fff971b6ea4bf5537f3c401eb728a26320c928e", kill_on_drop: false }`
[INFO] running `Command { std: "docker" "inspect" "b23c0260c133547c33c146f95fff971b6ea4bf5537f3c401eb728a26320c928e", kill_on_drop: false }`
[INFO] running `Command { std: "docker" "rm" "-f" "b23c0260c133547c33c146f95fff971b6ea4bf5537f3c401eb728a26320c928e", kill_on_drop: false }`
[INFO] [stdout] b23c0260c133547c33c146f95fff971b6ea4bf5537f3c401eb728a26320c928e
[INFO] running `Command { std: "docker" "create" "-v" "/var/lib/crater-agent-workspace/builds/worker-6-tc1/target:/opt/rustwide/target:rw,Z" "-v" "/var/lib/crater-agent-workspace/builds/worker-6-tc1/source:/opt/rustwide/workdir:ro,Z" "-v" "/var/lib/crater-agent-workspace/cargo-home:/opt/rustwide/cargo-home:ro,Z" "-v" "/var/lib/crater-agent-workspace/rustup-home:/opt/rustwide/rustup-home:ro,Z" "-e" "SOURCE_DIR=/opt/rustwide/workdir" "-e" "CARGO_TARGET_DIR=/opt/rustwide/target" "-e" "CARGO_INCREMENTAL=0" "-e" "RUST_BACKTRACE=full" "-e" "RUSTFLAGS=--cap-lints=warn" "-e" "RUSTDOCFLAGS=--cap-lints=warn" "-e" "CARGO_HOME=/opt/rustwide/cargo-home" "-e" "RUSTUP_HOME=/opt/rustwide/rustup-home" "-w" "/opt/rustwide/workdir" "-m" "1610612736" "--user" "0:0" "--network" "none" "ghcr.io/rust-lang/crates-build-env/linux@sha256:5ff2268d62e97bff2cde7d5815dd6ed5b47097566f13b8d0ca110b04b60e07ed" "/opt/rustwide/cargo-home/bin/cargo" "+1.69.0" "build" "--frozen" "--message-format=json", kill_on_drop: false }`
[INFO] [stdout] 7c6dcafdd9b85b89d7af990b06957c900a95e44fc12c3a8d97ac15a4044e0869
[INFO] running `Command { std: "docker" "start" "-a" "7c6dcafdd9b85b89d7af990b06957c900a95e44fc12c3a8d97ac15a4044e0869", kill_on_drop: false }`
[INFO] [stderr]    Compiling num-traits v0.2.15
[INFO] [stderr]    Compiling libc v0.2.142
[INFO] [stderr]    Compiling tinyvec_macros v0.1.1
[INFO] [stderr]    Compiling lock_api v0.4.9
[INFO] [stderr]    Compiling num-bigint v0.4.3
[INFO] [stderr]    Compiling smallvec v1.10.0
[INFO] [stderr]    Compiling percent-encoding v2.2.0
[INFO] [stderr]    Compiling parking_lot_core v0.9.7
[INFO] [stderr]    Compiling tinyvec v1.6.0
[INFO] [stderr]    Compiling num-iter v0.1.43
[INFO] [stderr]    Compiling num-rational v0.4.1
[INFO] [stderr]    Compiling hashbrown v0.12.3
[INFO] [stderr]    Compiling anyhow v1.0.71
[INFO] [stderr]    Compiling unicode-bidi v0.3.13
[INFO] [stderr]    Compiling form_urlencoded v1.1.0
[INFO] [stderr]    Compiling indexmap v1.9.3
[INFO] [stderr]    Compiling unicode-normalization v0.1.22
[INFO] [stderr]    Compiling str_indices v0.4.1
[INFO] [stderr]    Compiling unidecode v0.3.0
[INFO] [stderr]    Compiling once_cell v1.17.1
[INFO] [stderr]    Compiling yansi v0.5.1
[INFO] [stderr]    Compiling unicode-width v0.1.10
[INFO] [stderr]    Compiling textwrap v0.11.0
[INFO] [stderr]    Compiling ariadne v0.1.5
[INFO] [stderr]    Compiling slugify v0.1.0
[INFO] [stderr]    Compiling idna v0.3.0
[INFO] [stderr]    Compiling dashmap v5.4.0
[INFO] [stderr]    Compiling ropey v1.6.0
[INFO] [stderr]    Compiling num-integer v0.1.45
[INFO] [stderr]    Compiling num-complex v0.4.3
[INFO] [stderr]    Compiling ucd-trie v0.1.5
[INFO] [stderr]    Compiling url v2.3.1
[INFO] [stderr]    Compiling either v1.8.1
[INFO] [stderr]    Compiling pest v2.6.0
[INFO] [stderr]    Compiling text-utils v0.3.1
[INFO] [stderr]    Compiling itertools v0.10.5
[INFO] [stderr]    Compiling yggdrasil-shared v0.1.10
[INFO] [stderr]    Compiling notedown-pest v1.0.0
[INFO] [stderr]    Compiling num v0.4.0
[INFO] [stderr]    Compiling notedown_ast v0.12.11
[INFO] [stdout] error[E0432]: unresolved import `yggdrasil_shared::records::Url`
[INFO] [stdout]  --> /opt/rustwide/cargo-home/registry/src/github.com-1ecc6299db9ec823/notedown_ast-0.12.11/src/errors/mod.rs:6:5
[INFO] [stdout]   |
[INFO] [stdout] 6 | use yggdrasil_shared::records::Url;
[INFO] [stdout]   |     ^^^^^^^^^^^^^^^^^^^^^^^^^^^^^^ no `Url` in `records`
[INFO] [stdout]   |
[INFO] [stdout] help: consider importing this struct instead
[INFO] [stdout]   |
[INFO] [stdout] 6 | use yggdrasil_shared::Url;
[INFO] [stdout]   |     ~~~~~~~~~~~~~~~~~~~~~
[INFO] [stdout] 
[INFO] [stdout] 
[INFO] [stdout] error[E0432]: unresolved import `yggdrasil_shared::records::LSPRange`
[INFO] [stdout]  --> /opt/rustwide/cargo-home/registry/src/github.com-1ecc6299db9ec823/notedown_ast-0.12.11/src/traits/toc/mod.rs:1:5
[INFO] [stdout]   |
[INFO] [stdout] 1 | use yggdrasil_shared::records::LSPRange;
[INFO] [stdout]   |     ^^^^^^^^^^^^^^^^^^^^^^^^^^^^^^^^^^^ no `LSPRange` in `records`
[INFO] [stdout] 
[INFO] [stdout] 
[INFO] [stdout] error[E0603]: module `records` is private
[INFO] [stdout]  --> /opt/rustwide/cargo-home/registry/src/github.com-1ecc6299db9ec823/notedown_ast-0.12.11/src/errors/mod.rs:6:23
[INFO] [stdout]   |
[INFO] [stdout] 6 | use yggdrasil_shared::records::Url;
[INFO] [stdout]   |                       ^^^^^^^ private module
[INFO] [stdout]   |
[INFO] [stdout] note: the module `records` is defined here
[INFO] [stdout]  --> /opt/rustwide/cargo-home/registry/src/github.com-1ecc6299db9ec823/yggdrasil-shared-0.1.10/src/lib.rs:8:1
[INFO] [stdout]   |
[INFO] [stdout] 8 | pub(crate) mod records;
[INFO] [stdout]   | ^^^^^^^^^^^^^^^^^^^^^^
[INFO] [stdout] 
[INFO] [stdout] 
[INFO] [stdout] error[E0603]: module `records` is private
[INFO] [stdout]  --> /opt/rustwide/cargo-home/registry/src/github.com-1ecc6299db9ec823/notedown_ast-0.12.11/src/traits/toc/mod.rs:1:23
[INFO] [stdout]   |
[INFO] [stdout] 1 | use yggdrasil_shared::records::LSPRange;
[INFO] [stdout]   |                       ^^^^^^^ private module
[INFO] [stdout]   |
[INFO] [stdout] note: the module `records` is defined here
[INFO] [stdout]  --> /opt/rustwide/cargo-home/registry/src/github.com-1ecc6299db9ec823/yggdrasil-shared-0.1.10/src/lib.rs:8:1
[INFO] [stdout]   |
[INFO] [stdout] 8 | pub(crate) mod records;
[INFO] [stdout]   | ^^^^^^^^^^^^^^^^^^^^^^
[INFO] [stdout] 
[INFO] [stdout] 
[INFO] [stdout] error[E0603]: module `records` is private
[INFO] [stdout]   --> /opt/rustwide/cargo-home/registry/src/github.com-1ecc6299db9ec823/notedown_ast-0.12.11/src/lib.rs:14:31
[INFO] [stdout]    |
[INFO] [stdout] 14 |     pub use yggdrasil_shared::records::*;
[INFO] [stdout]    |                               ^^^^^^^ private module
[INFO] [stdout]    |
[INFO] [stdout] note: the module `records` is defined here
[INFO] [stdout]   --> /opt/rustwide/cargo-home/registry/src/github.com-1ecc6299db9ec823/yggdrasil-shared-0.1.10/src/lib.rs:8:1
[INFO] [stdout]    |
[INFO] [stdout] 8  | pub(crate) mod records;
[INFO] [stdout]    | ^^^^^^^^^^^^^^^^^^^^^^
[INFO] [stdout] 
[INFO] [stdout] 
[INFO] [stdout] error[E0554]: `#![feature]` may not be used on the stable release channel
[INFO] [stdout]  --> /opt/rustwide/cargo-home/registry/src/github.com-1ecc6299db9ec823/notedown_ast-0.12.11/src/lib.rs:2:1
[INFO] [stdout]   |
[INFO] [stdout] 2 | #![feature(box_syntax)]
[INFO] [stdout]   | ^^^^^^^^^^^^^^^^^^^^^^^
[INFO] [stdout] 
[INFO] [stdout] 
[INFO] [stdout] error: aborting due to 6 previous errors
[INFO] [stdout] 
[INFO] [stdout] 
[INFO] [stdout] Some errors have detailed explanations: E0432, E0554, E0603.
[INFO] [stdout] 
[INFO] [stdout] For more information about an error, try `rustc --explain E0432`.
[INFO] [stdout] 
[INFO] [stderr] error: could not compile `notedown_ast` due to 7 previous errors
[INFO] [stderr] warning: build failed, waiting for other jobs to finish...
[INFO] running `Command { std: "docker" "inspect" "7c6dcafdd9b85b89d7af990b06957c900a95e44fc12c3a8d97ac15a4044e0869", kill_on_drop: false }`
[INFO] running `Command { std: "docker" "rm" "-f" "7c6dcafdd9b85b89d7af990b06957c900a95e44fc12c3a8d97ac15a4044e0869", kill_on_drop: false }`
[INFO] [stdout] 7c6dcafdd9b85b89d7af990b06957c900a95e44fc12c3a8d97ac15a4044e0869
