[INFO] fetching crate notan_extra 0.9.5...
[INFO] testing notan_extra-0.9.5 against 1.69.0 for beta-1.70-1
[INFO] extracting crate notan_extra 0.9.5 into /workspace/builds/worker-3-tc1/source
[INFO] validating manifest of crates.io crate notan_extra 0.9.5 on toolchain 1.69.0
[INFO] running `Command { std: CARGO_HOME="/workspace/cargo-home" RUSTUP_HOME="/workspace/rustup-home" "/workspace/cargo-home/bin/cargo" "+1.69.0" "metadata" "--manifest-path" "Cargo.toml" "--no-deps", kill_on_drop: false }`
[INFO] started tweaking crates.io crate notan_extra 0.9.5
[INFO] finished tweaking crates.io crate notan_extra 0.9.5
[INFO] tweaked toml for crates.io crate notan_extra 0.9.5 written to /workspace/builds/worker-3-tc1/source/Cargo.toml
[INFO] running `Command { std: CARGO_HOME="/workspace/cargo-home" RUSTUP_HOME="/workspace/rustup-home" __CARGO_TEST_CHANNEL_OVERRIDE_DO_NOT_USE_THIS="nightly" "/workspace/cargo-home/bin/cargo" "+1.69.0" "generate-lockfile" "--manifest-path" "Cargo.toml" "-Zno-index-update", kill_on_drop: false }`
[INFO] running `Command { std: CARGO_HOME="/workspace/cargo-home" RUSTUP_HOME="/workspace/rustup-home" "/workspace/cargo-home/bin/cargo" "+1.69.0" "fetch" "--manifest-path" "Cargo.toml", kill_on_drop: false }`
[INFO] [stderr]  Downloading crates ...
[INFO] [stderr]   Downloaded glsl-layout-derive v0.4.0
[INFO] [stderr]   Downloaded glsl-layout v0.5.0
[INFO] [stderr]   Downloaded spin_sleep v1.1.1
[INFO] [stderr]   Downloaded platter2 v0.1.6
[INFO] [stderr]   Downloaded notan_graphics v0.9.5
[INFO] [stderr]   Downloaded notan_core v0.9.5
[INFO] [stderr]   Downloaded notan_utils v0.9.5
[INFO] [stderr]   Downloaded notan_input v0.9.5
[INFO] [stderr]   Downloaded notan_macro v0.9.5
[INFO] [stderr]   Downloaded notan_app v0.9.5
[INFO] [stderr]   Downloaded notan_math v0.9.5
[INFO] running `Command { std: "docker" "create" "-v" "/var/lib/crater-agent-workspace/builds/worker-3-tc1/target:/opt/rustwide/target:rw,Z" "-v" "/var/lib/crater-agent-workspace/builds/worker-3-tc1/source:/opt/rustwide/workdir:ro,Z" "-v" "/var/lib/crater-agent-workspace/cargo-home:/opt/rustwide/cargo-home:ro,Z" "-v" "/var/lib/crater-agent-workspace/rustup-home:/opt/rustwide/rustup-home:ro,Z" "-e" "SOURCE_DIR=/opt/rustwide/workdir" "-e" "CARGO_TARGET_DIR=/opt/rustwide/target" "-e" "CARGO_HOME=/opt/rustwide/cargo-home" "-e" "RUSTUP_HOME=/opt/rustwide/rustup-home" "-w" "/opt/rustwide/workdir" "-m" "1610612736" "--user" "0:0" "--network" "none" "ghcr.io/rust-lang/crates-build-env/linux@sha256:97d61d7686bf65f8ecb15491ab51835e82dc9176a96a831f143a431b191fc501" "/opt/rustwide/cargo-home/bin/cargo" "+1.69.0" "metadata" "--no-deps" "--format-version=1", kill_on_drop: false }`
[INFO] [stdout] 6b2538c120a89878ff6347e898c6bf39d4ac6d77f5c574946f8ead91ebf172b5
[INFO] running `Command { std: "docker" "start" "-a" "6b2538c120a89878ff6347e898c6bf39d4ac6d77f5c574946f8ead91ebf172b5", kill_on_drop: false }`
[INFO] running `Command { std: "docker" "inspect" "6b2538c120a89878ff6347e898c6bf39d4ac6d77f5c574946f8ead91ebf172b5", kill_on_drop: false }`
[INFO] running `Command { std: "docker" "rm" "-f" "6b2538c120a89878ff6347e898c6bf39d4ac6d77f5c574946f8ead91ebf172b5", kill_on_drop: false }`
[INFO] [stdout] 6b2538c120a89878ff6347e898c6bf39d4ac6d77f5c574946f8ead91ebf172b5
[INFO] running `Command { std: "docker" "create" "-v" "/var/lib/crater-agent-workspace/builds/worker-3-tc1/target:/opt/rustwide/target:rw,Z" "-v" "/var/lib/crater-agent-workspace/builds/worker-3-tc1/source:/opt/rustwide/workdir:ro,Z" "-v" "/var/lib/crater-agent-workspace/cargo-home:/opt/rustwide/cargo-home:ro,Z" "-v" "/var/lib/crater-agent-workspace/rustup-home:/opt/rustwide/rustup-home:ro,Z" "-e" "SOURCE_DIR=/opt/rustwide/workdir" "-e" "CARGO_TARGET_DIR=/opt/rustwide/target" "-e" "CARGO_INCREMENTAL=0" "-e" "RUST_BACKTRACE=full" "-e" "RUSTFLAGS=--cap-lints=warn" "-e" "RUSTDOCFLAGS=--cap-lints=warn" "-e" "CARGO_HOME=/opt/rustwide/cargo-home" "-e" "RUSTUP_HOME=/opt/rustwide/rustup-home" "-w" "/opt/rustwide/workdir" "-m" "1610612736" "--user" "0:0" "--network" "none" "ghcr.io/rust-lang/crates-build-env/linux@sha256:97d61d7686bf65f8ecb15491ab51835e82dc9176a96a831f143a431b191fc501" "/opt/rustwide/cargo-home/bin/cargo" "+1.69.0" "build" "--frozen" "--message-format=json", kill_on_drop: false }`
[INFO] [stdout] fd778cdf158f0411ab335eee7b7508704b9e1b250a69ad4b34090f4a3ab3a725
[INFO] running `Command { std: "docker" "start" "-a" "fd778cdf158f0411ab335eee7b7508704b9e1b250a69ad4b34090f4a3ab3a725", kill_on_drop: false }`
[INFO] [stderr]    Compiling num-traits v0.2.15
[INFO] [stderr]    Compiling num-integer v0.1.45
[INFO] [stderr]    Compiling num-bigint v0.4.3
[INFO] [stderr]    Compiling simd-adler32 v0.3.5
[INFO] [stderr]    Compiling syn v1.0.109
[INFO] [stderr]    Compiling crc32fast v1.3.2
[INFO] [stderr]    Compiling bytemuck v1.13.1
[INFO] [stderr]    Compiling num-iter v0.1.43
[INFO] [stderr]    Compiling num-rational v0.4.1
[INFO] [stderr]    Compiling futures-util v0.3.28
[INFO] [stderr]    Compiling jobserver v0.1.26
[INFO] [stderr]    Compiling syn v2.0.15
[INFO] [stderr]    Compiling adler v1.0.2
[INFO] [stderr]    Compiling ahash v0.8.3
[INFO] [stderr]    Compiling miniz_oxide v0.7.1
[INFO] [stderr]    Compiling cc v1.0.79
[INFO] [stderr]    Compiling lock_api v0.4.9
[INFO] [stderr]    Compiling cfg_aliases v0.1.1
[INFO] [stderr]    Compiling parking_lot_core v0.9.7
[INFO] [stderr]    Compiling glam v0.22.0
[INFO] [stderr]    Compiling notan_macro v0.9.5
[INFO] [stderr]    Compiling fdeflate v0.3.0
[INFO] [stderr]    Compiling once_cell v1.17.1
[INFO] [stderr]    Compiling smallvec v1.10.0
[INFO] [stderr]    Compiling scopeguard v1.1.0
[INFO] [stderr]    Compiling instant v0.1.12
[INFO] [stderr]    Compiling indexmap v1.9.3
[INFO] [stderr]    Compiling byteorder v1.4.3
[INFO] [stderr]    Compiling color_quant v1.1.0
[INFO] [stderr]    Compiling flate2 v1.0.26
[INFO] [stderr]    Compiling jpeg-decoder v0.3.0
[INFO] [stderr]    Compiling hashbrown v0.13.2
[INFO] [stderr]    Compiling notan_utils v0.9.5
[INFO] [stderr]    Compiling notan_core v0.9.5
[INFO] [stderr]    Compiling hashbrown v0.12.3
[INFO] [stderr]    Compiling downcast-rs v1.2.0
[INFO] [stderr]    Compiling spin_sleep v1.1.1
[INFO] [stderr]    Compiling parking_lot v0.12.1
[INFO] [stderr]    Compiling png v0.17.8
[INFO] [stderr]    Compiling spirv_cross v0.23.1
[INFO] [stderr]    Compiling num-complex v0.4.3
[INFO] [stderr]    Compiling notan_math v0.9.5
[INFO] [stderr]    Compiling notan_input v0.9.5
[INFO] [stderr]    Compiling image v0.24.6
[INFO] [stderr]    Compiling futures-macro v0.3.28
[INFO] [stderr]    Compiling num v0.4.0
[INFO] [stderr]    Compiling glsl-layout-derive v0.4.0
[INFO] [stderr]    Compiling glsl-layout v0.5.0
[INFO] [stderr]    Compiling futures-executor v0.3.28
[INFO] [stderr]    Compiling platter2 v0.1.6
[INFO] [stderr]    Compiling futures v0.3.28
[INFO] [stdout] error[E0425]: cannot find function `spirv_from` in module `shaders`
[INFO] [stdout]    --> /opt/rustwide/cargo-home/registry/src/github.com-1ecc6299db9ec823/notan_macro-0.9.5/src/lib.rs:70:26
[INFO] [stdout]     |
[INFO] [stdout] 70  |     let spirv = shaders::spirv_from(&content, shaders::ShaderType::Vertex, None).unwrap();
[INFO] [stdout]     |                          ^^^^^^^^^^ help: a function with a similar name exists: `spirv_to`
[INFO] [stdout]     |
[INFO] [stdout]    ::: /opt/rustwide/cargo-home/registry/src/github.com-1ecc6299db9ec823/notan_macro-0.9.5/src/shaders.rs:198:1
[INFO] [stdout]     |
[INFO] [stdout] 198 | fn spirv_to(spirv: &[u8], output: Output) -> Result<ShaderBytes, String> {
[INFO] [stdout]     | ------------------------------------------------------------------------ similarly named function `spirv_to` defined here
[INFO] [stdout] 
[INFO] [stdout] 
[INFO] [stdout] error[E0425]: cannot find function `spirv_from` in module `shaders`
[INFO] [stdout]    --> /opt/rustwide/cargo-home/registry/src/github.com-1ecc6299db9ec823/notan_macro-0.9.5/src/lib.rs:88:26
[INFO] [stdout]     |
[INFO] [stdout] 88  |     let spirv = shaders::spirv_from(&content, shaders::ShaderType::Fragment, None).unwrap();
[INFO] [stdout]     |                          ^^^^^^^^^^ help: a function with a similar name exists: `spirv_to`
[INFO] [stdout]     |
[INFO] [stdout]    ::: /opt/rustwide/cargo-home/registry/src/github.com-1ecc6299db9ec823/notan_macro-0.9.5/src/shaders.rs:198:1
[INFO] [stdout]     |
[INFO] [stdout] 198 | fn spirv_to(spirv: &[u8], output: Output) -> Result<ShaderBytes, String> {
[INFO] [stdout]     | ------------------------------------------------------------------------ similarly named function `spirv_to` defined here
[INFO] [stdout] 
[INFO] [stdout] 
[INFO] [stdout] error[E0425]: cannot find function `spirv_from` in this scope
[INFO] [stdout]    --> /opt/rustwide/cargo-home/registry/src/github.com-1ecc6299db9ec823/notan_macro-0.9.5/src/shaders.rs:53:5
[INFO] [stdout]     |
[INFO] [stdout] 53  |     spirv_from(&read_file(&full_path)?, typ, Some(full_path))
[INFO] [stdout]     |     ^^^^^^^^^^ help: a function with a similar name exists: `spirv_to`
[INFO] [stdout] ...
[INFO] [stdout] 198 | fn spirv_to(spirv: &[u8], output: Output) -> Result<ShaderBytes, String> {
[INFO] [stdout]     | ------------------------------------------------------------------------ similarly named function `spirv_to` defined here
[INFO] [stdout] 
[INFO] [stdout] 
[INFO] [stdout] error: aborting due to 3 previous errors
[INFO] [stdout] 
[INFO] [stdout] 
[INFO] [stdout] For more information about this error, try `rustc --explain E0425`.
[INFO] [stdout] 
[INFO] [stderr] error: could not compile `notan_macro` due to 4 previous errors
[INFO] running `Command { std: "docker" "inspect" "fd778cdf158f0411ab335eee7b7508704b9e1b250a69ad4b34090f4a3ab3a725", kill_on_drop: false }`
[INFO] running `Command { std: "docker" "rm" "-f" "fd778cdf158f0411ab335eee7b7508704b9e1b250a69ad4b34090f4a3ab3a725", kill_on_drop: false }`
[INFO] [stdout] fd778cdf158f0411ab335eee7b7508704b9e1b250a69ad4b34090f4a3ab3a725
