[INFO] fetching crate nom5_locate 0.1.1...
[INFO] testing nom5_locate-0.1.1 against 1.69.0 for beta-1.70-1
[INFO] extracting crate nom5_locate 0.1.1 into /workspace/builds/worker-4-tc1/source
[INFO] validating manifest of crates.io crate nom5_locate 0.1.1 on toolchain 1.69.0
[INFO] running `Command { std: CARGO_HOME="/workspace/cargo-home" RUSTUP_HOME="/workspace/rustup-home" "/workspace/cargo-home/bin/cargo" "+1.69.0" "metadata" "--manifest-path" "Cargo.toml" "--no-deps", kill_on_drop: false }`
[INFO] started tweaking crates.io crate nom5_locate 0.1.1
[INFO] finished tweaking crates.io crate nom5_locate 0.1.1
[INFO] tweaked toml for crates.io crate nom5_locate 0.1.1 written to /workspace/builds/worker-4-tc1/source/Cargo.toml
[INFO] running `Command { std: CARGO_HOME="/workspace/cargo-home" RUSTUP_HOME="/workspace/rustup-home" __CARGO_TEST_CHANNEL_OVERRIDE_DO_NOT_USE_THIS="nightly" "/workspace/cargo-home/bin/cargo" "+1.69.0" "generate-lockfile" "--manifest-path" "Cargo.toml" "-Zno-index-update", kill_on_drop: false }`
[INFO] running `Command { std: CARGO_HOME="/workspace/cargo-home" RUSTUP_HOME="/workspace/rustup-home" "/workspace/cargo-home/bin/cargo" "+1.69.0" "fetch" "--manifest-path" "Cargo.toml", kill_on_drop: false }`
[INFO] [stderr]  Downloading crates ...
[INFO] [stderr]   Downloaded bytecount v0.3.2
[INFO] [stderr]   Downloaded simd v0.2.4
[INFO] running `Command { std: "docker" "create" "-v" "/var/lib/crater-agent-workspace/builds/worker-4-tc1/target:/opt/rustwide/target:rw,Z" "-v" "/var/lib/crater-agent-workspace/builds/worker-4-tc1/source:/opt/rustwide/workdir:ro,Z" "-v" "/var/lib/crater-agent-workspace/cargo-home:/opt/rustwide/cargo-home:ro,Z" "-v" "/var/lib/crater-agent-workspace/rustup-home:/opt/rustwide/rustup-home:ro,Z" "-e" "SOURCE_DIR=/opt/rustwide/workdir" "-e" "CARGO_TARGET_DIR=/opt/rustwide/target" "-e" "CARGO_HOME=/opt/rustwide/cargo-home" "-e" "RUSTUP_HOME=/opt/rustwide/rustup-home" "-w" "/opt/rustwide/workdir" "-m" "1610612736" "--user" "0:0" "--network" "none" "ghcr.io/rust-lang/crates-build-env/linux@sha256:5ff2268d62e97bff2cde7d5815dd6ed5b47097566f13b8d0ca110b04b60e07ed" "/opt/rustwide/cargo-home/bin/cargo" "+1.69.0" "metadata" "--no-deps" "--format-version=1", kill_on_drop: false }`
[INFO] [stdout] 82d4ddfeca8354034b6eab48dc561668f963b41e1e68c8a467fbd89834ef0fbe
[INFO] running `Command { std: "docker" "start" "-a" "82d4ddfeca8354034b6eab48dc561668f963b41e1e68c8a467fbd89834ef0fbe", kill_on_drop: false }`
[INFO] running `Command { std: "docker" "inspect" "82d4ddfeca8354034b6eab48dc561668f963b41e1e68c8a467fbd89834ef0fbe", kill_on_drop: false }`
[INFO] running `Command { std: "docker" "rm" "-f" "82d4ddfeca8354034b6eab48dc561668f963b41e1e68c8a467fbd89834ef0fbe", kill_on_drop: false }`
[INFO] [stdout] 82d4ddfeca8354034b6eab48dc561668f963b41e1e68c8a467fbd89834ef0fbe
[INFO] running `Command { std: "docker" "create" "-v" "/var/lib/crater-agent-workspace/builds/worker-4-tc1/target:/opt/rustwide/target:rw,Z" "-v" "/var/lib/crater-agent-workspace/builds/worker-4-tc1/source:/opt/rustwide/workdir:ro,Z" "-v" "/var/lib/crater-agent-workspace/cargo-home:/opt/rustwide/cargo-home:ro,Z" "-v" "/var/lib/crater-agent-workspace/rustup-home:/opt/rustwide/rustup-home:ro,Z" "-e" "SOURCE_DIR=/opt/rustwide/workdir" "-e" "CARGO_TARGET_DIR=/opt/rustwide/target" "-e" "CARGO_INCREMENTAL=0" "-e" "RUST_BACKTRACE=full" "-e" "RUSTFLAGS=--cap-lints=warn" "-e" "RUSTDOCFLAGS=--cap-lints=warn" "-e" "CARGO_HOME=/opt/rustwide/cargo-home" "-e" "RUSTUP_HOME=/opt/rustwide/rustup-home" "-w" "/opt/rustwide/workdir" "-m" "1610612736" "--user" "0:0" "--network" "none" "ghcr.io/rust-lang/crates-build-env/linux@sha256:5ff2268d62e97bff2cde7d5815dd6ed5b47097566f13b8d0ca110b04b60e07ed" "/opt/rustwide/cargo-home/bin/cargo" "+1.69.0" "build" "--frozen" "--message-format=json", kill_on_drop: false }`
[INFO] [stdout] b7e043102fcb18bc36114a25dc33dab8d3f199059204be9922f39fd4a6e62279
[INFO] running `Command { std: "docker" "start" "-a" "b7e043102fcb18bc36114a25dc33dab8d3f199059204be9922f39fd4a6e62279", kill_on_drop: false }`
[INFO] [stderr]    Compiling lexical-core v0.7.6
[INFO] [stderr]    Compiling memchr v2.5.0
[INFO] [stderr]    Compiling static_assertions v1.1.0
[INFO] [stderr]    Compiling arrayvec v0.5.2
[INFO] [stderr]    Compiling bytecount v0.3.2
[INFO] [stderr]    Compiling nom v5.1.3
[INFO] [stderr]    Compiling nom5_locate v0.1.1 (/opt/rustwide/workdir)
[INFO] [stderr]     Finished dev [unoptimized + debuginfo] target(s) in 3.44s
[INFO] running `Command { std: "docker" "inspect" "b7e043102fcb18bc36114a25dc33dab8d3f199059204be9922f39fd4a6e62279", kill_on_drop: false }`
[INFO] running `Command { std: "docker" "rm" "-f" "b7e043102fcb18bc36114a25dc33dab8d3f199059204be9922f39fd4a6e62279", kill_on_drop: false }`
[INFO] [stdout] b7e043102fcb18bc36114a25dc33dab8d3f199059204be9922f39fd4a6e62279
[INFO] running `Command { std: "docker" "create" "-v" "/var/lib/crater-agent-workspace/builds/worker-4-tc1/target:/opt/rustwide/target:rw,Z" "-v" "/var/lib/crater-agent-workspace/builds/worker-4-tc1/source:/opt/rustwide/workdir:ro,Z" "-v" "/var/lib/crater-agent-workspace/cargo-home:/opt/rustwide/cargo-home:ro,Z" "-v" "/var/lib/crater-agent-workspace/rustup-home:/opt/rustwide/rustup-home:ro,Z" "-e" "SOURCE_DIR=/opt/rustwide/workdir" "-e" "CARGO_TARGET_DIR=/opt/rustwide/target" "-e" "CARGO_INCREMENTAL=0" "-e" "RUST_BACKTRACE=full" "-e" "RUSTFLAGS=--cap-lints=warn" "-e" "RUSTDOCFLAGS=--cap-lints=warn" "-e" "CARGO_HOME=/opt/rustwide/cargo-home" "-e" "RUSTUP_HOME=/opt/rustwide/rustup-home" "-w" "/opt/rustwide/workdir" "-m" "1610612736" "--user" "0:0" "--network" "none" "ghcr.io/rust-lang/crates-build-env/linux@sha256:5ff2268d62e97bff2cde7d5815dd6ed5b47097566f13b8d0ca110b04b60e07ed" "/opt/rustwide/cargo-home/bin/cargo" "+1.69.0" "test" "--frozen" "--no-run" "--message-format=json", kill_on_drop: false }`
[INFO] [stdout] 0aac823bc1cfeb1c03b77d5c0ac0e25e90dc1a709e624e86c9fcd04fd47fc93f
[INFO] running `Command { std: "docker" "start" "-a" "0aac823bc1cfeb1c03b77d5c0ac0e25e90dc1a709e624e86c9fcd04fd47fc93f", kill_on_drop: false }`
[INFO] [stderr]    Compiling nom5_locate v0.1.1 (/opt/rustwide/workdir)
[INFO] [stdout] error[E0463]: can't find crate for `nom_locate`
[INFO] [stdout]  --> tests/integration_tests.rs:2:1
[INFO] [stdout]   |
[INFO] [stdout] 2 | extern crate nom_locate;
[INFO] [stdout]   | ^^^^^^^^^^^^^^^^^^^^^^^^ can't find crate
[INFO] [stdout] 
[INFO] [stdout] 
[INFO] [stdout] warning: use of deprecated macro `ws`: whitespace parsing only works with macros and will not be updated anymore
[INFO] [stdout]   --> tests/integration_tests.rs:15:1
[INFO] [stdout]    |
[INFO] [stdout] 15 | / named!(simple_parser_str< StrSpan, Vec<StrSpan> >, do_parse!(
[INFO] [stdout] 16 | |     foo: ws!(tag!("foo")) >>
[INFO] [stdout] 17 | |     bar: ws!(tag!("bar")) >>
[INFO] [stdout] 18 | |     baz: many0!(complete!(ws!(tag!("baz")))) >>
[INFO] [stdout] ...  |
[INFO] [stdout] 25 | |     })
[INFO] [stdout] 26 | | ));
[INFO] [stdout]    | |__^
[INFO] [stdout]    |
[INFO] [stdout]    = note: `#[warn(deprecated)]` on by default
[INFO] [stdout]    = note: this warning originates in the macro `do_parse` which comes from the expansion of the macro `named` (in Nightly builds, run with -Z macro-backtrace for more info)
[INFO] [stdout] 
[INFO] [stdout] 
[INFO] [stdout] warning: use of deprecated macro `ws`: whitespace parsing only works with macros and will not be updated anymore
[INFO] [stdout]   --> tests/integration_tests.rs:15:1
[INFO] [stdout]    |
[INFO] [stdout] 15 | / named!(simple_parser_str< StrSpan, Vec<StrSpan> >, do_parse!(
[INFO] [stdout] 16 | |     foo: ws!(tag!("foo")) >>
[INFO] [stdout] 17 | |     bar: ws!(tag!("bar")) >>
[INFO] [stdout] 18 | |     baz: many0!(complete!(ws!(tag!("baz")))) >>
[INFO] [stdout] ...  |
[INFO] [stdout] 25 | |     })
[INFO] [stdout] 26 | | ));
[INFO] [stdout]    | |__^
[INFO] [stdout]    |
[INFO] [stdout]    = note: this warning originates in the macro `do_parse` which comes from the expansion of the macro `named` (in Nightly builds, run with -Z macro-backtrace for more info)
[INFO] [stdout] 
[INFO] [stdout] 
[INFO] [stdout] warning: use of deprecated macro `ws`: whitespace parsing only works with macros and will not be updated anymore
[INFO] [stdout]   --> tests/integration_tests.rs:15:1
[INFO] [stdout]    |
[INFO] [stdout] 15 | / named!(simple_parser_str< StrSpan, Vec<StrSpan> >, do_parse!(
[INFO] [stdout] 16 | |     foo: ws!(tag!("foo")) >>
[INFO] [stdout] 17 | |     bar: ws!(tag!("bar")) >>
[INFO] [stdout] 18 | |     baz: many0!(complete!(ws!(tag!("baz")))) >>
[INFO] [stdout] ...  |
[INFO] [stdout] 25 | |     })
[INFO] [stdout] 26 | | ));
[INFO] [stdout]    | |__^
[INFO] [stdout]    |
[INFO] [stdout]    = note: this warning originates in the macro `complete` which comes from the expansion of the macro `named` (in Nightly builds, run with -Z macro-backtrace for more info)
[INFO] [stdout] 
[INFO] [stdout] 
[INFO] [stdout] warning: use of deprecated macro `ws`: whitespace parsing only works with macros and will not be updated anymore
[INFO] [stdout]   --> tests/integration_tests.rs:28:1
[INFO] [stdout]    |
[INFO] [stdout] 28 | / named!(simple_parser_u8< BytesSpan, Vec<BytesSpan> >, do_parse!(
[INFO] [stdout] 29 | |     foo: ws!(tag!("foo")) >>
[INFO] [stdout] 30 | |     bar: ws!(tag!("bar")) >>
[INFO] [stdout] 31 | |     baz: many0!(complete!(ws!(tag!("baz")))) >>
[INFO] [stdout] ...  |
[INFO] [stdout] 38 | |     })
[INFO] [stdout] 39 | | ));
[INFO] [stdout]    | |__^
[INFO] [stdout]    |
[INFO] [stdout]    = note: this warning originates in the macro `do_parse` which comes from the expansion of the macro `named` (in Nightly builds, run with -Z macro-backtrace for more info)
[INFO] [stdout] 
[INFO] [stdout] 
[INFO] [stdout] warning: use of deprecated macro `ws`: whitespace parsing only works with macros and will not be updated anymore
[INFO] [stdout]   --> tests/integration_tests.rs:28:1
[INFO] [stdout]    |
[INFO] [stdout] 28 | / named!(simple_parser_u8< BytesSpan, Vec<BytesSpan> >, do_parse!(
[INFO] [stdout] 29 | |     foo: ws!(tag!("foo")) >>
[INFO] [stdout] 30 | |     bar: ws!(tag!("bar")) >>
[INFO] [stdout] 31 | |     baz: many0!(complete!(ws!(tag!("baz")))) >>
[INFO] [stdout] ...  |
[INFO] [stdout] 38 | |     })
[INFO] [stdout] 39 | | ));
[INFO] [stdout]    | |__^
[INFO] [stdout]    |
[INFO] [stdout]    = note: this warning originates in the macro `do_parse` which comes from the expansion of the macro `named` (in Nightly builds, run with -Z macro-backtrace for more info)
[INFO] [stdout] 
[INFO] [stdout] 
[INFO] [stdout] warning: use of deprecated macro `ws`: whitespace parsing only works with macros and will not be updated anymore
[INFO] [stdout]   --> tests/integration_tests.rs:28:1
[INFO] [stdout]    |
[INFO] [stdout] 28 | / named!(simple_parser_u8< BytesSpan, Vec<BytesSpan> >, do_parse!(
[INFO] [stdout] 29 | |     foo: ws!(tag!("foo")) >>
[INFO] [stdout] 30 | |     bar: ws!(tag!("bar")) >>
[INFO] [stdout] 31 | |     baz: many0!(complete!(ws!(tag!("baz")))) >>
[INFO] [stdout] ...  |
[INFO] [stdout] 38 | |     })
[INFO] [stdout] 39 | | ));
[INFO] [stdout]    | |__^
[INFO] [stdout]    |
[INFO] [stdout]    = note: this warning originates in the macro `complete` which comes from the expansion of the macro `named` (in Nightly builds, run with -Z macro-backtrace for more info)
[INFO] [stdout] 
[INFO] [stdout] 
[INFO] [stdout] error[E0618]: expected function, found `F`
[INFO] [stdout]   --> tests/integration_tests.rs:53:15
[INFO] [stdout]    |
[INFO] [stdout] 48 | fn test_str_fragments<'a, F, T>(parser: F, input: T, positions: Vec<Position>)
[INFO] [stdout]    |                                 ------ `parser` has type `F`
[INFO] [stdout] ...
[INFO] [stdout] 53 |     let res = parser(LocatedSpan::new(input.slice(..)))
[INFO] [stdout]    |               ^^^^^^-----------------------------------
[INFO] [stdout]    |               |
[INFO] [stdout]    |               call expression requires function
[INFO] [stdout] 
[INFO] [stdout] 
[INFO] [stdout] error[E0308]: mismatched types
[INFO] [stdout]   --> tests/integration_tests.rs:66:43
[INFO] [stdout]    |
[INFO] [stdout] 48 | fn test_str_fragments<'a, F, T>(parser: F, input: T, positions: Vec<Position>)
[INFO] [stdout]    |                              - this type parameter
[INFO] [stdout] ...
[INFO] [stdout] 66 |         remaining.fragment.input_len() == 0,
[INFO] [stdout]    |                                           ^ expected type parameter `T`, found integer
[INFO] [stdout]    |
[INFO] [stdout]    = note: expected type parameter `T`
[INFO] [stdout]                         found type `{integer}`
[INFO] [stdout] 
[INFO] [stdout] 
[INFO] [stdout] error[E0277]: the trait bound `&[u8; 9]: Slice<std::ops::Range<usize>>` is not satisfied
[INFO] [stdout]    --> tests/integration_tests.rs:156:9
[INFO] [stdout]     |
[INFO] [stdout] 154 |     test_str_fragments(
[INFO] [stdout]     |     ------------------ required by a bound introduced by this call
[INFO] [stdout] 155 |         simple_parser_u8,
[INFO] [stdout] 156 |         b"foobarbaz",
[INFO] [stdout]     |         ^^^^^^^^^^^^ the trait `Slice<std::ops::Range<usize>>` is not implemented for `&[u8; 9]`
[INFO] [stdout]     |
[INFO] [stdout]     = help: the following other types implement trait `Slice<R>`:
[INFO] [stdout]               <&'a [T] as Slice<RangeFrom<usize>>>
[INFO] [stdout]               <&'a [T] as Slice<RangeFull>>
[INFO] [stdout]               <&'a [T] as Slice<RangeTo<usize>>>
[INFO] [stdout]               <&'a [T] as Slice<std::ops::Range<usize>>>
[INFO] [stdout] note: required by a bound in `test_str_fragments`
[INFO] [stdout]    --> tests/integration_tests.rs:51:22
[INFO] [stdout]     |
[INFO] [stdout] 48  | fn test_str_fragments<'a, F, T>(parser: F, input: T, positions: Vec<Position>)
[INFO] [stdout]     |    ------------------ required by a bound in this function
[INFO] [stdout] ...
[INFO] [stdout] 51  |     T: InputLength + Slice<Range<usize>> + Slice<RangeFull> + Debug + PartialEq + AsBytes,
[INFO] [stdout]     |                      ^^^^^^^^^^^^^^^^^^^ required by this bound in `test_str_fragments`
[INFO] [stdout] 
[INFO] [stdout] 
[INFO] [stdout] error[E0277]: the trait bound `&[u8; 9]: Slice<RangeFull>` is not satisfied
[INFO] [stdout]    --> tests/integration_tests.rs:156:9
[INFO] [stdout]     |
[INFO] [stdout] 154 |     test_str_fragments(
[INFO] [stdout]     |     ------------------ required by a bound introduced by this call
[INFO] [stdout] 155 |         simple_parser_u8,
[INFO] [stdout] 156 |         b"foobarbaz",
[INFO] [stdout]     |         ^^^^^^^^^^^^ the trait `Slice<RangeFull>` is not implemented for `&[u8; 9]`
[INFO] [stdout]     |
[INFO] [stdout]     = help: the following other types implement trait `Slice<R>`:
[INFO] [stdout]               <&'a [T] as Slice<RangeFrom<usize>>>
[INFO] [stdout]               <&'a [T] as Slice<RangeFull>>
[INFO] [stdout]               <&'a [T] as Slice<RangeTo<usize>>>
[INFO] [stdout]               <&'a [T] as Slice<std::ops::Range<usize>>>
[INFO] [stdout] note: required by a bound in `test_str_fragments`
[INFO] [stdout]    --> tests/integration_tests.rs:51:44
[INFO] [stdout]     |
[INFO] [stdout] 48  | fn test_str_fragments<'a, F, T>(parser: F, input: T, positions: Vec<Position>)
[INFO] [stdout]     |    ------------------ required by a bound in this function
[INFO] [stdout] ...
[INFO] [stdout] 51  |     T: InputLength + Slice<Range<usize>> + Slice<RangeFull> + Debug + PartialEq + AsBytes,
[INFO] [stdout]     |                                            ^^^^^^^^^^^^^^^^ required by this bound in `test_str_fragments`
[INFO] [stdout] 
[INFO] [stdout] 
[INFO] [stdout] error[E0277]: the trait bound `&[u8; 32]: Slice<std::ops::Range<usize>>` is not satisfied
[INFO] [stdout]    --> tests/integration_tests.rs:186:9
[INFO] [stdout]     |
[INFO] [stdout] 184 |       test_str_fragments(
[INFO] [stdout]     |       ------------------ required by a bound introduced by this call
[INFO] [stdout] 185 |           simple_parser_u8,
[INFO] [stdout] 186 | /         b" foo
[INFO] [stdout] 187 | |         bar
[INFO] [stdout] 188 | |             baz",
[INFO] [stdout]     | |________________^ the trait `Slice<std::ops::Range<usize>>` is not implemented for `&[u8; 32]`
[INFO] [stdout]     |
[INFO] [stdout]     = help: the following other types implement trait `Slice<R>`:
[INFO] [stdout]               <&'a [T] as Slice<RangeFrom<usize>>>
[INFO] [stdout]               <&'a [T] as Slice<RangeFull>>
[INFO] [stdout]               <&'a [T] as Slice<RangeTo<usize>>>
[INFO] [stdout]               <&'a [T] as Slice<std::ops::Range<usize>>>
[INFO] [stdout] note: required by a bound in `test_str_fragments`
[INFO] [stdout]    --> tests/integration_tests.rs:51:22
[INFO] [stdout]     |
[INFO] [stdout] 48  | fn test_str_fragments<'a, F, T>(parser: F, input: T, positions: Vec<Position>)
[INFO] [stdout]     |    ------------------ required by a bound in this function
[INFO] [stdout] ...
[INFO] [stdout] 51  |     T: InputLength + Slice<Range<usize>> + Slice<RangeFull> + Debug + PartialEq + AsBytes,
[INFO] [stdout]     |                      ^^^^^^^^^^^^^^^^^^^ required by this bound in `test_str_fragments`
[INFO] [stdout] 
[INFO] [stdout] 
[INFO] [stdout] error[E0277]: the trait bound `&[u8; 32]: Slice<RangeFull>` is not satisfied
[INFO] [stdout]    --> tests/integration_tests.rs:186:9
[INFO] [stdout]     |
[INFO] [stdout] 184 |       test_str_fragments(
[INFO] [stdout]     |       ------------------ required by a bound introduced by this call
[INFO] [stdout] 185 |           simple_parser_u8,
[INFO] [stdout] 186 | /         b" foo
[INFO] [stdout] 187 | |         bar
[INFO] [stdout] 188 | |             baz",
[INFO] [stdout]     | |________________^ the trait `Slice<RangeFull>` is not implemented for `&[u8; 32]`
[INFO] [stdout]     |
[INFO] [stdout]     = help: the following other types implement trait `Slice<R>`:
[INFO] [stdout]               <&'a [T] as Slice<RangeFrom<usize>>>
[INFO] [stdout]               <&'a [T] as Slice<RangeFull>>
[INFO] [stdout]               <&'a [T] as Slice<RangeTo<usize>>>
[INFO] [stdout]               <&'a [T] as Slice<std::ops::Range<usize>>>
[INFO] [stdout] note: required by a bound in `test_str_fragments`
[INFO] [stdout]    --> tests/integration_tests.rs:51:44
[INFO] [stdout]     |
[INFO] [stdout] 48  | fn test_str_fragments<'a, F, T>(parser: F, input: T, positions: Vec<Position>)
[INFO] [stdout]     |    ------------------ required by a bound in this function
[INFO] [stdout] ...
[INFO] [stdout] 51  |     T: InputLength + Slice<Range<usize>> + Slice<RangeFull> + Debug + PartialEq + AsBytes,
[INFO] [stdout]     |                                            ^^^^^^^^^^^^^^^^ required by this bound in `test_str_fragments`
[INFO] [stdout] 
[INFO] [stdout] 
[INFO] [stdout] warning: unused import: `FindSubstring`
[INFO] [stdout]  --> tests/integration_tests.rs:6:20
[INFO] [stdout]   |
[INFO] [stdout] 6 | use nom::{AsBytes, FindSubstring, IResult, InputLength, Slice};
[INFO] [stdout]   |                    ^^^^^^^^^^^^^
[INFO] [stdout]   |
[INFO] [stdout]   = note: `#[warn(unused_imports)]` on by default
[INFO] [stdout] 
[INFO] [stdout] 
[INFO] [stdout] error: aborting due to 7 previous errors; 7 warnings emitted
[INFO] [stdout] 
[INFO] [stdout] 
[INFO] [stdout] Some errors have detailed explanations: E0277, E0308, E0463, E0618.
[INFO] [stdout] 
[INFO] [stdout] For more information about an error, try `rustc --explain E0277`.
[INFO] [stdout] 
[INFO] [stderr] error: could not compile `nom5_locate` due to 8 previous errors; 7 warnings emitted
[INFO] [stderr] warning: build failed, waiting for other jobs to finish...
[INFO] running `Command { std: "docker" "inspect" "0aac823bc1cfeb1c03b77d5c0ac0e25e90dc1a709e624e86c9fcd04fd47fc93f", kill_on_drop: false }`
[INFO] running `Command { std: "docker" "rm" "-f" "0aac823bc1cfeb1c03b77d5c0ac0e25e90dc1a709e624e86c9fcd04fd47fc93f", kill_on_drop: false }`
[INFO] [stdout] 0aac823bc1cfeb1c03b77d5c0ac0e25e90dc1a709e624e86c9fcd04fd47fc93f
