[INFO] fetching crate nodex 0.2.3...
[INFO] testing nodex-0.2.3 against 1.69.0 for beta-1.70-1
[INFO] extracting crate nodex 0.2.3 into /workspace/builds/worker-3-tc1/source
[INFO] validating manifest of crates.io crate nodex 0.2.3 on toolchain 1.69.0
[INFO] running `Command { std: CARGO_HOME="/workspace/cargo-home" RUSTUP_HOME="/workspace/rustup-home" "/workspace/cargo-home/bin/cargo" "+1.69.0" "metadata" "--manifest-path" "Cargo.toml" "--no-deps", kill_on_drop: false }`
[INFO] started tweaking crates.io crate nodex 0.2.3
[INFO] finished tweaking crates.io crate nodex 0.2.3
[INFO] tweaked toml for crates.io crate nodex 0.2.3 written to /workspace/builds/worker-3-tc1/source/Cargo.toml
[INFO] running `Command { std: CARGO_HOME="/workspace/cargo-home" RUSTUP_HOME="/workspace/rustup-home" __CARGO_TEST_CHANNEL_OVERRIDE_DO_NOT_USE_THIS="nightly" "/workspace/cargo-home/bin/cargo" "+1.69.0" "generate-lockfile" "--manifest-path" "Cargo.toml" "-Zno-index-update", kill_on_drop: false }`
[INFO] running `Command { std: CARGO_HOME="/workspace/cargo-home" RUSTUP_HOME="/workspace/rustup-home" "/workspace/cargo-home/bin/cargo" "+1.69.0" "fetch" "--manifest-path" "Cargo.toml", kill_on_drop: false }`
[INFO] [stderr]  Downloading crates ...
[INFO] [stderr]   Downloaded nodex-api v0.2.3
[INFO] running `Command { std: "docker" "create" "-v" "/var/lib/crater-agent-workspace/builds/worker-3-tc1/target:/opt/rustwide/target:rw,Z" "-v" "/var/lib/crater-agent-workspace/builds/worker-3-tc1/source:/opt/rustwide/workdir:ro,Z" "-v" "/var/lib/crater-agent-workspace/cargo-home:/opt/rustwide/cargo-home:ro,Z" "-v" "/var/lib/crater-agent-workspace/rustup-home:/opt/rustwide/rustup-home:ro,Z" "-e" "SOURCE_DIR=/opt/rustwide/workdir" "-e" "CARGO_TARGET_DIR=/opt/rustwide/target" "-e" "CARGO_HOME=/opt/rustwide/cargo-home" "-e" "RUSTUP_HOME=/opt/rustwide/rustup-home" "-w" "/opt/rustwide/workdir" "-m" "1610612736" "--user" "0:0" "--network" "none" "ghcr.io/rust-lang/crates-build-env/linux@sha256:5ff2268d62e97bff2cde7d5815dd6ed5b47097566f13b8d0ca110b04b60e07ed" "/opt/rustwide/cargo-home/bin/cargo" "+1.69.0" "metadata" "--no-deps" "--format-version=1", kill_on_drop: false }`
[INFO] [stdout] a6856aaab18276f4619fe594d187d44fb0bd95fa13f6ecb9f944455a3fadc459
[INFO] running `Command { std: "docker" "start" "-a" "a6856aaab18276f4619fe594d187d44fb0bd95fa13f6ecb9f944455a3fadc459", kill_on_drop: false }`
[INFO] running `Command { std: "docker" "inspect" "a6856aaab18276f4619fe594d187d44fb0bd95fa13f6ecb9f944455a3fadc459", kill_on_drop: false }`
[INFO] running `Command { std: "docker" "rm" "-f" "a6856aaab18276f4619fe594d187d44fb0bd95fa13f6ecb9f944455a3fadc459", kill_on_drop: false }`
[INFO] [stdout] a6856aaab18276f4619fe594d187d44fb0bd95fa13f6ecb9f944455a3fadc459
[INFO] running `Command { std: "docker" "create" "-v" "/var/lib/crater-agent-workspace/builds/worker-3-tc1/target:/opt/rustwide/target:rw,Z" "-v" "/var/lib/crater-agent-workspace/builds/worker-3-tc1/source:/opt/rustwide/workdir:ro,Z" "-v" "/var/lib/crater-agent-workspace/cargo-home:/opt/rustwide/cargo-home:ro,Z" "-v" "/var/lib/crater-agent-workspace/rustup-home:/opt/rustwide/rustup-home:ro,Z" "-e" "SOURCE_DIR=/opt/rustwide/workdir" "-e" "CARGO_TARGET_DIR=/opt/rustwide/target" "-e" "CARGO_INCREMENTAL=0" "-e" "RUST_BACKTRACE=full" "-e" "RUSTFLAGS=--cap-lints=warn" "-e" "RUSTDOCFLAGS=--cap-lints=warn" "-e" "CARGO_HOME=/opt/rustwide/cargo-home" "-e" "RUSTUP_HOME=/opt/rustwide/rustup-home" "-w" "/opt/rustwide/workdir" "-m" "1610612736" "--user" "0:0" "--network" "none" "ghcr.io/rust-lang/crates-build-env/linux@sha256:5ff2268d62e97bff2cde7d5815dd6ed5b47097566f13b8d0ca110b04b60e07ed" "/opt/rustwide/cargo-home/bin/cargo" "+1.69.0" "build" "--frozen" "--message-format=json", kill_on_drop: false }`
[INFO] [stdout] 5eee4f01ab4a2265d86261bddf4420b22eb3a4a4908fd98bca97c7943c80c49e
[INFO] running `Command { std: "docker" "start" "-a" "5eee4f01ab4a2265d86261bddf4420b22eb3a4a4908fd98bca97c7943c80c49e", kill_on_drop: false }`
[INFO] [stderr]    Compiling log v0.4.17
[INFO] [stderr]    Compiling nodex-api v0.2.3
[INFO] [stderr]    Compiling thiserror-impl v1.0.40
[INFO] [stderr]    Compiling thiserror v1.0.40
[INFO] [stderr]    Compiling nodex v0.2.3 (/opt/rustwide/workdir)
[INFO] [stderr]     Finished dev [unoptimized + debuginfo] target(s) in 3.31s
[INFO] running `Command { std: "docker" "inspect" "5eee4f01ab4a2265d86261bddf4420b22eb3a4a4908fd98bca97c7943c80c49e", kill_on_drop: false }`
[INFO] running `Command { std: "docker" "rm" "-f" "5eee4f01ab4a2265d86261bddf4420b22eb3a4a4908fd98bca97c7943c80c49e", kill_on_drop: false }`
[INFO] [stdout] 5eee4f01ab4a2265d86261bddf4420b22eb3a4a4908fd98bca97c7943c80c49e
[INFO] running `Command { std: "docker" "create" "-v" "/var/lib/crater-agent-workspace/builds/worker-3-tc1/target:/opt/rustwide/target:rw,Z" "-v" "/var/lib/crater-agent-workspace/builds/worker-3-tc1/source:/opt/rustwide/workdir:ro,Z" "-v" "/var/lib/crater-agent-workspace/cargo-home:/opt/rustwide/cargo-home:ro,Z" "-v" "/var/lib/crater-agent-workspace/rustup-home:/opt/rustwide/rustup-home:ro,Z" "-e" "SOURCE_DIR=/opt/rustwide/workdir" "-e" "CARGO_TARGET_DIR=/opt/rustwide/target" "-e" "CARGO_INCREMENTAL=0" "-e" "RUST_BACKTRACE=full" "-e" "RUSTFLAGS=--cap-lints=warn" "-e" "RUSTDOCFLAGS=--cap-lints=warn" "-e" "CARGO_HOME=/opt/rustwide/cargo-home" "-e" "RUSTUP_HOME=/opt/rustwide/rustup-home" "-w" "/opt/rustwide/workdir" "-m" "1610612736" "--user" "0:0" "--network" "none" "ghcr.io/rust-lang/crates-build-env/linux@sha256:5ff2268d62e97bff2cde7d5815dd6ed5b47097566f13b8d0ca110b04b60e07ed" "/opt/rustwide/cargo-home/bin/cargo" "+1.69.0" "test" "--frozen" "--no-run" "--message-format=json", kill_on_drop: false }`
[INFO] [stdout] 0f2ff3b6dfec5ed27e2ac307081f5857f33841f174c49d4d91397fc46f011d8d
[INFO] running `Command { std: "docker" "start" "-a" "0f2ff3b6dfec5ed27e2ac307081f5857f33841f174c49d4d91397fc46f011d8d", kill_on_drop: false }`
[INFO] [stderr]    Compiling nodex v0.2.3 (/opt/rustwide/workdir)
[INFO] [stderr]     Finished test [unoptimized + debuginfo] target(s) in 0.36s
[INFO] running `Command { std: "docker" "inspect" "0f2ff3b6dfec5ed27e2ac307081f5857f33841f174c49d4d91397fc46f011d8d", kill_on_drop: false }`
[INFO] running `Command { std: "docker" "rm" "-f" "0f2ff3b6dfec5ed27e2ac307081f5857f33841f174c49d4d91397fc46f011d8d", kill_on_drop: false }`
[INFO] [stdout] 0f2ff3b6dfec5ed27e2ac307081f5857f33841f174c49d4d91397fc46f011d8d
[INFO] running `Command { std: "docker" "create" "-v" "/var/lib/crater-agent-workspace/builds/worker-3-tc1/target:/opt/rustwide/target:rw,Z" "-v" "/var/lib/crater-agent-workspace/builds/worker-3-tc1/source:/opt/rustwide/workdir:ro,Z" "-v" "/var/lib/crater-agent-workspace/cargo-home:/opt/rustwide/cargo-home:ro,Z" "-v" "/var/lib/crater-agent-workspace/rustup-home:/opt/rustwide/rustup-home:ro,Z" "-e" "SOURCE_DIR=/opt/rustwide/workdir" "-e" "CARGO_TARGET_DIR=/opt/rustwide/target" "-e" "CARGO_INCREMENTAL=0" "-e" "RUST_BACKTRACE=full" "-e" "RUSTFLAGS=--cap-lints=warn" "-e" "RUSTDOCFLAGS=--cap-lints=warn" "-e" "CARGO_HOME=/opt/rustwide/cargo-home" "-e" "RUSTUP_HOME=/opt/rustwide/rustup-home" "-w" "/opt/rustwide/workdir" "-m" "1610612736" "--user" "0:0" "--network" "none" "ghcr.io/rust-lang/crates-build-env/linux@sha256:5ff2268d62e97bff2cde7d5815dd6ed5b47097566f13b8d0ca110b04b60e07ed" "/opt/rustwide/cargo-home/bin/cargo" "+1.69.0" "test" "--frozen", kill_on_drop: false }`
[INFO] [stdout] 1e333311ae3250d0baf0b3648e460c02af5c7ee2d46b7801ad80445dfcb4f9bb
[INFO] running `Command { std: "docker" "start" "-a" "1e333311ae3250d0baf0b3648e460c02af5c7ee2d46b7801ad80445dfcb4f9bb", kill_on_drop: false }`
[INFO] [stderr]     Finished test [unoptimized + debuginfo] target(s) in 0.01s
[INFO] [stderr]      Running unittests src/lib.rs (/opt/rustwide/target/debug/deps/nodex-1a4a38a12c552ad6)
[INFO] [stdout] 
[INFO] [stdout] running 0 tests
[INFO] [stdout] 
[INFO] [stdout] test result: ok. 0 passed; 0 failed; 0 ignored; 0 measured; 0 filtered out; finished in 0.00s
[INFO] [stdout] 
[INFO] [stderr]    Doc-tests nodex
[INFO] [stdout] 
[INFO] [stdout] running 14 tests
[INFO] [stdout] test src/lib.rs - (line 312) ... FAILED
[INFO] [stdout] test src/lib.rs - (line 202) ... FAILED
[INFO] [stdout] test src/lib.rs - (line 182) ... FAILED
[INFO] [stdout] test src/lib.rs - (line 371) ... ok
[INFO] [stdout] test src/lib.rs - (line 108) ... ok
[INFO] [stdout] test src/lib.rs - (line 131) ... ok
[INFO] [stdout] test src/lib.rs - (line 342) ... ok
[INFO] [stdout] test src/lib.rs - (line 120) ... ok
[INFO] [stdout] test src/lib.rs - (line 280) ... ok
[INFO] [stdout] test src/lib.rs - (line 168) ... ok
[INFO] [stdout] test src/lib.rs - (line 223) ... ok
[INFO] [stdout] test src/lib.rs - (line 252) ... ok
[INFO] [stdout] test src/lib.rs - (line 96) ... ok
[INFO] [stdout] test src/lib.rs - (line 295) ... ok
[INFO] [stdout] 
[INFO] [stdout] failures:
[INFO] [stdout] 
[INFO] [stdout] ---- src/lib.rs - (line 312) stdout ----
[INFO] [stdout] error[E0433]: failed to resolve: use of undeclared type `NapiThreadsafeFunction`
[INFO] [stdout]  --> src/lib.rs:315:16
[INFO] [stdout]   |
[INFO] [stdout] 6 |     let tsfn = NapiThreadsafeFunction::<_, 0>::new(
[INFO] [stdout]   |                ^^^^^^^^^^^^^^^^^^^^^^ use of undeclared type `NapiThreadsafeFunction`
[INFO] [stdout] 
[INFO] [stdout] error: aborting due to previous error
[INFO] [stdout] 
[INFO] [stdout] For more information about this error, try `rustc --explain E0433`.
[INFO] [stdout] Couldn't compile the test.
[INFO] [stdout] ---- src/lib.rs - (line 202) stdout ----
[INFO] [stdout] error[E0599]: no method named `add_async_cleanup_hook` found for struct `nodex::env::NapiEnv` in the current scope
[INFO] [stdout]  --> src/lib.rs:205:15
[INFO] [stdout]   |
[INFO] [stdout] 6 |     match env.add_async_cleanup_hook(|hook| {
[INFO] [stdout]   |           ----^^^^^^^^^^^^^^^^^^^^^^ method not found in `NapiEnv`
[INFO] [stdout] 
[INFO] [stdout] error: aborting due to previous error
[INFO] [stdout] 
[INFO] [stdout] For more information about this error, try `rustc --explain E0599`.
[INFO] [stdout] Couldn't compile the test.
[INFO] [stdout] ---- src/lib.rs - (line 182) stdout ----
[INFO] [stdout] error[E0599]: no method named `add_cleanup_hook` found for struct `nodex::env::NapiEnv` in the current scope
[INFO] [stdout]  --> src/lib.rs:185:9
[INFO] [stdout]   |
[INFO] [stdout] 6 |     env.add_cleanup_hook(|| {
[INFO] [stdout]   |     ----^^^^^^^^^^^^^^^^ method not found in `NapiEnv`
[INFO] [stdout] 
[INFO] [stdout] error[E0599]: no method named `add_cleanup_hook` found for struct `nodex::env::NapiEnv` in the current scope
[INFO] [stdout]   --> src/lib.rs:190:30
[INFO] [stdout]    |
[INFO] [stdout] 11 |     let hook_to_remove = env.add_cleanup_hook(|| {
[INFO] [stdout]    |                          ----^^^^^^^^^^^^^^^^ method not found in `NapiEnv`
[INFO] [stdout] 
[INFO] [stdout] error: aborting due to 2 previous errors
[INFO] [stdout] 
[INFO] [stdout] For more information about this error, try `rustc --explain E0599`.
[INFO] [stdout] Couldn't compile the test.
[INFO] [stdout] 
[INFO] [stdout] failures:
[INFO] [stdout]     src/lib.rs - (line 182)
[INFO] [stdout]     src/lib.rs - (line 202)
[INFO] [stdout]     src/lib.rs - (line 312)
[INFO] [stdout] 
[INFO] [stdout] test result: FAILED. 11 passed; 3 failed; 0 ignored; 0 measured; 0 filtered out; finished in 0.31s
[INFO] [stdout] 
[INFO] [stderr] error: doctest failed, to rerun pass `--doc`
[INFO] running `Command { std: "docker" "inspect" "1e333311ae3250d0baf0b3648e460c02af5c7ee2d46b7801ad80445dfcb4f9bb", kill_on_drop: false }`
[INFO] running `Command { std: "docker" "rm" "-f" "1e333311ae3250d0baf0b3648e460c02af5c7ee2d46b7801ad80445dfcb4f9bb", kill_on_drop: false }`
[INFO] [stdout] 1e333311ae3250d0baf0b3648e460c02af5c7ee2d46b7801ad80445dfcb4f9bb
