[INFO] fetching crate noah-plonk 0.4.0...
[INFO] testing noah-plonk-0.4.0 against 1.69.0 for beta-1.70-1
[INFO] extracting crate noah-plonk 0.4.0 into /workspace/builds/worker-1-tc1/source
[INFO] validating manifest of crates.io crate noah-plonk 0.4.0 on toolchain 1.69.0
[INFO] running `Command { std: CARGO_HOME="/workspace/cargo-home" RUSTUP_HOME="/workspace/rustup-home" "/workspace/cargo-home/bin/cargo" "+1.69.0" "metadata" "--manifest-path" "Cargo.toml" "--no-deps", kill_on_drop: false }`
[INFO] started tweaking crates.io crate noah-plonk 0.4.0
[INFO] finished tweaking crates.io crate noah-plonk 0.4.0
[INFO] tweaked toml for crates.io crate noah-plonk 0.4.0 written to /workspace/builds/worker-1-tc1/source/Cargo.toml
[INFO] running `Command { std: CARGO_HOME="/workspace/cargo-home" RUSTUP_HOME="/workspace/rustup-home" __CARGO_TEST_CHANNEL_OVERRIDE_DO_NOT_USE_THIS="nightly" "/workspace/cargo-home/bin/cargo" "+1.69.0" "generate-lockfile" "--manifest-path" "Cargo.toml" "-Zno-index-update", kill_on_drop: false }`
[INFO] running `Command { std: CARGO_HOME="/workspace/cargo-home" RUSTUP_HOME="/workspace/rustup-home" "/workspace/cargo-home/bin/cargo" "+1.69.0" "fetch" "--manifest-path" "Cargo.toml", kill_on_drop: false }`
[INFO] [stderr]  Downloading crates ...
[INFO] [stderr]   Downloaded ruc v1.0.8
[INFO] [stderr]   Downloaded ark-algebra-test-templates v0.4.2
[INFO] [stderr]   Downloaded ark-ed-on-bls12-381 v0.4.0
[INFO] [stderr]   Downloaded noah-crypto v0.4.0
[INFO] [stderr]   Downloaded ark-bulletproofs v4.0.0
[INFO] [stderr]   Downloaded ark-ed25519 v0.4.0
[INFO] [stderr]   Downloaded clear_on_drop v0.2.5
[INFO] [stderr]   Downloaded ark-secq256k1 v0.4.0
[INFO] [stderr]   Downloaded merlin v3.0.0
[INFO] [stderr]   Downloaded derivation-path v0.2.0
[INFO] [stderr]   Downloaded ark-curve25519 v0.4.0
[INFO] [stderr]   Downloaded ark-secp256k1 v0.4.0
[INFO] [stderr]   Downloaded noah-algebra v0.4.0
[INFO] [stderr]   Downloaded noah-ed25519-dalek v4.0.0
[INFO] [stderr]   Downloaded noah-x25519-dalek v4.0.0
[INFO] [stderr]   Downloaded noah-bulletproofs v4.0.0
[INFO] [stderr]   Downloaded noah-curve25519-dalek v4.0.0
[INFO] [stderr]   Downloaded ark-bls12-381 v0.4.0
[INFO] running `Command { std: "docker" "create" "-v" "/var/lib/crater-agent-workspace/builds/worker-1-tc1/target:/opt/rustwide/target:rw,Z" "-v" "/var/lib/crater-agent-workspace/builds/worker-1-tc1/source:/opt/rustwide/workdir:ro,Z" "-v" "/var/lib/crater-agent-workspace/cargo-home:/opt/rustwide/cargo-home:ro,Z" "-v" "/var/lib/crater-agent-workspace/rustup-home:/opt/rustwide/rustup-home:ro,Z" "-e" "SOURCE_DIR=/opt/rustwide/workdir" "-e" "CARGO_TARGET_DIR=/opt/rustwide/target" "-e" "CARGO_HOME=/opt/rustwide/cargo-home" "-e" "RUSTUP_HOME=/opt/rustwide/rustup-home" "-w" "/opt/rustwide/workdir" "-m" "1610612736" "--user" "0:0" "--network" "none" "ghcr.io/rust-lang/crates-build-env/linux@sha256:5ff2268d62e97bff2cde7d5815dd6ed5b47097566f13b8d0ca110b04b60e07ed" "/opt/rustwide/cargo-home/bin/cargo" "+1.69.0" "metadata" "--no-deps" "--format-version=1", kill_on_drop: false }`
[INFO] [stdout] 3e77501a8c4ee8cf4f002c4038a4ab1c9523a1a56510a3dcea021cc56281ce84
[INFO] running `Command { std: "docker" "start" "-a" "3e77501a8c4ee8cf4f002c4038a4ab1c9523a1a56510a3dcea021cc56281ce84", kill_on_drop: false }`
[INFO] running `Command { std: "docker" "inspect" "3e77501a8c4ee8cf4f002c4038a4ab1c9523a1a56510a3dcea021cc56281ce84", kill_on_drop: false }`
[INFO] running `Command { std: "docker" "rm" "-f" "3e77501a8c4ee8cf4f002c4038a4ab1c9523a1a56510a3dcea021cc56281ce84", kill_on_drop: false }`
[INFO] [stdout] 3e77501a8c4ee8cf4f002c4038a4ab1c9523a1a56510a3dcea021cc56281ce84
[INFO] running `Command { std: "docker" "create" "-v" "/var/lib/crater-agent-workspace/builds/worker-1-tc1/target:/opt/rustwide/target:rw,Z" "-v" "/var/lib/crater-agent-workspace/builds/worker-1-tc1/source:/opt/rustwide/workdir:ro,Z" "-v" "/var/lib/crater-agent-workspace/cargo-home:/opt/rustwide/cargo-home:ro,Z" "-v" "/var/lib/crater-agent-workspace/rustup-home:/opt/rustwide/rustup-home:ro,Z" "-e" "SOURCE_DIR=/opt/rustwide/workdir" "-e" "CARGO_TARGET_DIR=/opt/rustwide/target" "-e" "CARGO_INCREMENTAL=0" "-e" "RUST_BACKTRACE=full" "-e" "RUSTFLAGS=--cap-lints=warn" "-e" "RUSTDOCFLAGS=--cap-lints=warn" "-e" "CARGO_HOME=/opt/rustwide/cargo-home" "-e" "RUSTUP_HOME=/opt/rustwide/rustup-home" "-w" "/opt/rustwide/workdir" "-m" "1610612736" "--user" "0:0" "--network" "none" "ghcr.io/rust-lang/crates-build-env/linux@sha256:5ff2268d62e97bff2cde7d5815dd6ed5b47097566f13b8d0ca110b04b60e07ed" "/opt/rustwide/cargo-home/bin/cargo" "+1.69.0" "build" "--frozen" "--message-format=json", kill_on_drop: false }`
[INFO] [stdout] 311cf97a314b9a6d901fdd90b4e8807ca2f140f5c78fc99492fe00d9035ffd1c
[INFO] running `Command { std: "docker" "start" "-a" "311cf97a314b9a6d901fdd90b4e8807ca2f140f5c78fc99492fe00d9035ffd1c", kill_on_drop: false }`
[INFO] [stderr]    Compiling syn v1.0.109
[INFO] [stderr]    Compiling libc v0.2.142
[INFO] [stderr]    Compiling subtle v2.4.1
[INFO] [stderr]    Compiling num-traits v0.2.15
[INFO] [stderr]    Compiling syn v2.0.15
[INFO] [stderr]    Compiling num-integer v0.1.45
[INFO] [stderr]    Compiling digest v0.10.6
[INFO] [stderr]    Compiling indexmap v1.9.3
[INFO] [stderr]    Compiling num-bigint v0.4.3
[INFO] [stderr]    Compiling serde v1.0.160
[INFO] [stderr]    Compiling either v1.8.1
[INFO] [stderr]    Compiling itertools v0.10.5
[INFO] [stderr]    Compiling getrandom v0.2.9
[INFO] [stderr]    Compiling rand_core v0.6.4
[INFO] [stderr]    Compiling rand_chacha v0.3.1
[INFO] [stderr]    Compiling rand v0.8.5
[INFO] [stderr]    Compiling once_cell v1.17.1
[INFO] [stderr]    Compiling paste v1.0.12
[INFO] [stderr]    Compiling toml_datetime v0.6.1
[INFO] [stderr]    Compiling winnow v0.4.4
[INFO] [stderr]    Compiling wasm-bindgen-shared v0.2.84
[INFO] [stderr]    Compiling ark-std v0.4.0
[INFO] [stderr]    Compiling byteorder v1.4.3
[INFO] [stderr]    Compiling arrayvec v0.7.2
[INFO] [stderr]    Compiling byte-slice-cast v1.2.2
[INFO] [stderr]    Compiling log v0.4.17
[INFO] [stderr]    Compiling clear_on_drop v0.2.5
[INFO] [stderr]    Compiling keccak v0.1.3
[INFO] [stderr]    Compiling bumpalo v3.12.1
[INFO] [stderr]    Compiling sha2 v0.10.6
[INFO] [stderr]    Compiling failure_derive v0.1.8
[INFO] [stderr]    Compiling semver v1.0.17
[INFO] [stderr]    Compiling unicode-xid v0.2.4
[INFO] [stderr]    Compiling toml_edit v0.19.8
[INFO] [stderr]    Compiling sha3 v0.10.7
[INFO] [stderr]    Compiling inout v0.1.3
[INFO] [stderr]    Compiling hex v0.4.3
[INFO] [stderr]    Compiling wasm-bindgen v0.2.84
[INFO] [stderr]    Compiling cipher v0.4.4
[INFO] [stderr]    Compiling wasm-bindgen-backend v0.2.84
[INFO] [stderr]    Compiling synstructure v0.12.6
[INFO] [stderr]    Compiling time v0.3.20
[INFO] [stderr]    Compiling half v1.8.2
[INFO] [stderr]    Compiling os_str_bytes v6.5.0
[INFO] [stderr]    Compiling ciborium-io v0.2.0
[INFO] [stderr]    Compiling ciborium-ll v0.2.0
[INFO] [stderr]    Compiling proc-macro-crate v1.3.1
[INFO] [stderr]    Compiling wasm-bindgen-macro-support v0.2.84
[INFO] [stderr]    Compiling ruc v1.0.8
[INFO] [stderr]    Compiling clap_lex v0.2.4
[INFO] [stderr]    Compiling rustc_version v0.4.0
[INFO] [stderr]    Compiling zeroize_derive v1.4.2
[INFO] [stderr]    Compiling serde_derive v1.0.160
[INFO] [stderr]    Compiling thiserror-impl v1.0.40
[INFO] [stderr]    Compiling hmac v0.12.1
[INFO] [stderr]    Compiling same-file v1.0.6
[INFO] [stderr]    Compiling derivation-path v0.2.0
[INFO] [stderr]    Compiling regex-syntax v0.7.1
[INFO] [stderr]    Compiling cast v0.3.0
[INFO] [stderr]    Compiling base64 v0.20.0
[INFO] [stderr]    Compiling textwrap v0.16.0
[INFO] [stderr]    Compiling criterion-plot v0.5.0
[INFO] [stderr]    Compiling zeroize v1.6.0
[INFO] [stderr]    Compiling ark-serialize-derive v0.4.2
[INFO] [stderr]    Compiling ark-ff-asm v0.4.2
[INFO] [stderr]    Compiling ark-ff-macros v0.4.2
[INFO] [stderr]    Compiling derivative v2.2.0
[INFO] [stderr]    Compiling impl-trait-for-tuples v0.2.2
[INFO] [stderr]    Compiling ark-serialize v0.4.2
[INFO] [stderr]    Compiling parity-scale-codec-derive v3.1.4
[INFO] [stderr]    Compiling derive_more v0.99.17
[INFO] [stderr]    Compiling scale-info-derive v2.6.0
[INFO] [stderr]    Compiling thiserror v1.0.40
[INFO] [stderr]    Compiling merlin v3.0.0
[INFO] [stderr]    Compiling wasm-bindgen-macro v0.2.84
[INFO] [stderr]    Compiling regex v1.8.1
[INFO] [stderr]    Compiling clap v3.2.25
[INFO] [stderr]    Compiling walkdir v2.3.3
[INFO] [stderr]    Compiling noah-plonk v0.4.0 (/opt/rustwide/workdir)
[INFO] [stderr]    Compiling ark-ff v0.4.2
[INFO] [stderr]    Compiling failure v0.1.8
[INFO] [stderr]    Compiling ctr v0.9.2
[INFO] [stderr]    Compiling aes v0.8.2
[INFO] [stderr]    Compiling atty v0.2.14
[INFO] [stderr]    Compiling anes v0.1.6
[INFO] [stderr]    Compiling oorandom v11.1.3
[INFO] [stderr]    Compiling parity-scale-codec v3.4.0
[INFO] [stderr]    Compiling scale-info v2.6.0
[INFO] [stderr]    Compiling serde_json v1.0.96
[INFO] [stderr]    Compiling noah-curve25519-dalek v4.0.0
[INFO] [stderr]    Compiling ciborium v0.2.0
[INFO] [stderr]    Compiling bincode v1.3.3
[INFO] [stderr]    Compiling noah-x25519-dalek v4.0.0
[INFO] [stderr]    Compiling noah-bulletproofs v4.0.0
[INFO] [stderr]    Compiling noah-ed25519-dalek v4.0.0
[INFO] [stderr]    Compiling tinytemplate v1.2.1
[INFO] [stderr]    Compiling criterion v0.4.0
[INFO] [stderr]    Compiling ark-poly v0.4.2
[INFO] [stderr]    Compiling ark-ec v0.4.2
[INFO] [stderr]    Compiling ark-secp256k1 v0.4.0
[INFO] [stderr]    Compiling ark-curve25519 v0.4.0
[INFO] [stderr]    Compiling ark-bls12-381 v0.4.0
[INFO] [stderr]    Compiling ark-algebra-test-templates v0.4.2
[INFO] [stderr]    Compiling ark-secq256k1 v0.4.0
[INFO] [stderr]    Compiling ark-ed25519 v0.4.0
[INFO] [stderr]    Compiling ark-bulletproofs v4.0.0
[INFO] [stderr]    Compiling ark-ed-on-bls12-381 v0.4.0
[INFO] [stderr]    Compiling noah-algebra v0.4.0
[INFO] [stderr]    Compiling noah-crypto v0.4.0
[INFO] [stderr]     Finished dev [unoptimized + debuginfo] target(s) in 53.14s
[INFO] running `Command { std: "docker" "inspect" "311cf97a314b9a6d901fdd90b4e8807ca2f140f5c78fc99492fe00d9035ffd1c", kill_on_drop: false }`
[INFO] running `Command { std: "docker" "rm" "-f" "311cf97a314b9a6d901fdd90b4e8807ca2f140f5c78fc99492fe00d9035ffd1c", kill_on_drop: false }`
[INFO] [stdout] 311cf97a314b9a6d901fdd90b4e8807ca2f140f5c78fc99492fe00d9035ffd1c
[INFO] running `Command { std: "docker" "create" "-v" "/var/lib/crater-agent-workspace/builds/worker-1-tc1/target:/opt/rustwide/target:rw,Z" "-v" "/var/lib/crater-agent-workspace/builds/worker-1-tc1/source:/opt/rustwide/workdir:ro,Z" "-v" "/var/lib/crater-agent-workspace/cargo-home:/opt/rustwide/cargo-home:ro,Z" "-v" "/var/lib/crater-agent-workspace/rustup-home:/opt/rustwide/rustup-home:ro,Z" "-e" "SOURCE_DIR=/opt/rustwide/workdir" "-e" "CARGO_TARGET_DIR=/opt/rustwide/target" "-e" "CARGO_INCREMENTAL=0" "-e" "RUST_BACKTRACE=full" "-e" "RUSTFLAGS=--cap-lints=warn" "-e" "RUSTDOCFLAGS=--cap-lints=warn" "-e" "CARGO_HOME=/opt/rustwide/cargo-home" "-e" "RUSTUP_HOME=/opt/rustwide/rustup-home" "-w" "/opt/rustwide/workdir" "-m" "1610612736" "--user" "0:0" "--network" "none" "ghcr.io/rust-lang/crates-build-env/linux@sha256:5ff2268d62e97bff2cde7d5815dd6ed5b47097566f13b8d0ca110b04b60e07ed" "/opt/rustwide/cargo-home/bin/cargo" "+1.69.0" "test" "--frozen" "--no-run" "--message-format=json", kill_on_drop: false }`
[INFO] [stdout] 6a9fdd7c83f4bab7f2a5370e5e347e0a0712b6def57701a8a2308944e2103f32
[INFO] running `Command { std: "docker" "start" "-a" "6a9fdd7c83f4bab7f2a5370e5e347e0a0712b6def57701a8a2308944e2103f32", kill_on_drop: false }`
[INFO] [stderr]    Compiling noah-plonk v0.4.0 (/opt/rustwide/workdir)
[INFO] [stderr]     Finished test [unoptimized + debuginfo] target(s) in 4.17s
[INFO] running `Command { std: "docker" "inspect" "6a9fdd7c83f4bab7f2a5370e5e347e0a0712b6def57701a8a2308944e2103f32", kill_on_drop: false }`
[INFO] running `Command { std: "docker" "rm" "-f" "6a9fdd7c83f4bab7f2a5370e5e347e0a0712b6def57701a8a2308944e2103f32", kill_on_drop: false }`
[INFO] [stdout] 6a9fdd7c83f4bab7f2a5370e5e347e0a0712b6def57701a8a2308944e2103f32
[INFO] running `Command { std: "docker" "create" "-v" "/var/lib/crater-agent-workspace/builds/worker-1-tc1/target:/opt/rustwide/target:rw,Z" "-v" "/var/lib/crater-agent-workspace/builds/worker-1-tc1/source:/opt/rustwide/workdir:ro,Z" "-v" "/var/lib/crater-agent-workspace/cargo-home:/opt/rustwide/cargo-home:ro,Z" "-v" "/var/lib/crater-agent-workspace/rustup-home:/opt/rustwide/rustup-home:ro,Z" "-e" "SOURCE_DIR=/opt/rustwide/workdir" "-e" "CARGO_TARGET_DIR=/opt/rustwide/target" "-e" "CARGO_INCREMENTAL=0" "-e" "RUST_BACKTRACE=full" "-e" "RUSTFLAGS=--cap-lints=warn" "-e" "RUSTDOCFLAGS=--cap-lints=warn" "-e" "CARGO_HOME=/opt/rustwide/cargo-home" "-e" "RUSTUP_HOME=/opt/rustwide/rustup-home" "-w" "/opt/rustwide/workdir" "-m" "1610612736" "--user" "0:0" "--network" "none" "ghcr.io/rust-lang/crates-build-env/linux@sha256:5ff2268d62e97bff2cde7d5815dd6ed5b47097566f13b8d0ca110b04b60e07ed" "/opt/rustwide/cargo-home/bin/cargo" "+1.69.0" "test" "--frozen", kill_on_drop: false }`
[INFO] [stdout] 090572504d707581551e250fddb5d443c285d003b06961d052cf8743a434ca9a
[INFO] running `Command { std: "docker" "start" "-a" "090572504d707581551e250fddb5d443c285d003b06961d052cf8743a434ca9a", kill_on_drop: false }`
[INFO] [stderr]     Finished test [unoptimized + debuginfo] target(s) in 0.10s
[INFO] [stderr]      Running unittests src/lib.rs (/opt/rustwide/target/debug/deps/noah_plonk-e562e7fc5c82325e)
[INFO] [stdout] 
[INFO] [stdout] running 41 tests
[INFO] [stdout] test plonk::constraint_system::ecc::test::test_ecc_add ... ok
[INFO] [stdout] test plonk::constraint_system::anemoi_jive::test::test_jive_constraint_system ... ok
[INFO] [stdout] test plonk::constraint_system::field_simulation::fr_mul_var::test_ristretto::test_enforce_zero_trivial ... ok
[INFO] [stdout] test plonk::constraint_system::anemoi_jive::test::test_anemoi_variable_length_hash_constraint_system ... ok
[INFO] [stdout] test plonk::constraint_system::ecc::test::test_scalar_mul_with_zero_scalar ... ok
[INFO] [stdout] test plonk::constraint_system::field_simulation::fr_mul_var::test_ristretto::test_enforce_zero_panic - should panic ... ok
[INFO] [stdout] test plonk::constraint_system::field_simulation::fr_mul_var::test_secq256k1::test_enforce_zero_panic - should panic ... ok
[INFO] [stdout] test plonk::constraint_system::field_simulation::fr_mul_var::test_secq256k1::test_enforce_zero_trivial ... ok
[INFO] [stdout] test plonk::constraint_system::field_simulation::fr_var::test_ristretto::test_bounded_allocated_witness_bad - should panic ... ok
[INFO] [stdout] test plonk::constraint_system::field_simulation::fr_var::test_ristretto::test_alloc_constant ... ok
[INFO] [stdout] test plonk::constraint_system::ecc::test::test_scalar_mul ... ok
[INFO] [stdout] test plonk::constraint_system::field_simulation::fr_var::test_secq256k1::test_alloc_constant ... ok
[INFO] [stdout] test plonk::constraint_system::field_simulation::fr_var::test_ristretto::test_bounded_allocated_witness ... ok
[INFO] [stdout] test plonk::constraint_system::field_simulation::fr_var::test_ristretto::test_sub ... ok
[INFO] [stdout] test plonk::constraint_system::field_simulation::fr_var::test_secq256k1::test_bounded_allocated_witness_bad - should panic ... ok
[INFO] [stdout] test plonk::constraint_system::field_simulation::fr_var::test_ristretto::test_alloc_witness ... ok
[INFO] [stdout] test plonk::constraint_system::field_simulation::fr_var::test_secq256k1::test_bounded_allocated_witness ... ok
[INFO] [stdout] test plonk::constraint_system::field_simulation::fr_var::test_secq256k1::test_alloc_witness ... ok
[INFO] [stdout] test plonk::constraint_system::turbo::test::test_is_equal ... ok
[INFO] [stdout] test plonk::constraint_system::turbo::test::test_select ... ok
[INFO] [stdout] test plonk::constraint_system::turbo::test::test_sub_and_equal ... ok
[INFO] [stdout] test plonk::constraint_system::turbo::test::test_turbo_plonk_circuit_1 ... ok
[INFO] [stdout] test plonk::constraint_system::turbo::test::test_turbo_plonk_circuit_2 ... ok
[INFO] [stdout] test plonk::constraint_system::field_simulation::fr_var::test_ristretto::test_mul ... ok
[INFO] [stdout] test plonk::indexer::test::test_choose_ks ... ok
[INFO] [stdout] test poly_commit::field_polynomial::test::from_zeroes ... ok
[INFO] [stdout] test poly_commit::field_polynomial::test::test_fft ... ok
[INFO] [stdout] test plonk::constraint_system::field_simulation::fr_var::test_secq256k1::test_sub ... ok
[INFO] [stdout] test poly_commit::kzg_poly_com::tests_kzg_impl::test_commit ... ok
[INFO] [stdout] test plonk::helpers::test::test_z_polynomial ... ok
[INFO] [stdout] test plonk::constraint_system::field_simulation::fr_var::test_secq256k1::test_mul ... ok
[INFO] [stdout] test poly_commit::kzg_poly_com::tests_kzg_impl::test_homomorphic_poly_com_elem ... ok
[INFO] [stdout] test poly_commit::kzg_poly_com::tests_kzg_impl::test_eval ... ok
[INFO] [stdout] test poly_commit::kzg_poly_com::tests_kzg_impl::test_generation_of_crs ... ok
[INFO] [stdout] test poly_commit::pcs::test::test_pcs_batch_eval ... ok
[INFO] [stdout] test poly_commit::kzg_poly_com::tests_kzg_impl::test_public_parameters ... ok
[INFO] [stdout] test poly_commit::pcs::test::test_pcs_eval ... ok
[INFO] [stdout] test plonk::constraint_system::turbo::test::test_turbo_plonk_kzg ... ok
[INFO] [stdout] test plonk::constraint_system::field_simulation::fr_mul_var::test_secq256k1::test_enforce_zero ... ok
[INFO] [stdout] test plonk::constraint_system::field_simulation::fr_mul_var::test_ristretto::test_enforce_zero ... ok
[INFO] [stdout] test plonk::constraint_system::anemoi_jive::kzg_test::test_turbo_plonk_kzg_anemoi_jive ... ok
[INFO] [stderr]    Doc-tests noah_plonk
[INFO] [stdout] 
[INFO] [stdout] test result: ok. 41 passed; 0 failed; 0 ignored; 0 measured; 0 filtered out; finished in 9.56s
[INFO] [stdout] 
[INFO] [stdout] 
[INFO] [stdout] running 19 tests
[INFO] [stdout] test src/poly_commit/field_polynomial.rs - poly_commit::field_polynomial::FpPolynomial<F>::div_rem (line 467) ... FAILED
[INFO] [stdout] test src/poly_commit/field_polynomial.rs - poly_commit::field_polynomial::FpPolynomial<F>::add (line 212) ... FAILED
[INFO] [stdout] test src/poly_commit/field_polynomial.rs - poly_commit::field_polynomial::FpPolynomial<F>::is_zero (line 169) ... ok
[INFO] [stdout] test src/poly_commit/field_polynomial.rs - poly_commit::field_polynomial::FpPolynomial<F>::add_coef_assign (line 339) ... FAILED
[INFO] [stdout] test src/poly_commit/field_polynomial.rs - poly_commit::field_polynomial::FpPolynomial<F>::from_zeroes (line 87) ... ok
[INFO] [stdout] test src/poly_commit/field_polynomial.rs - poly_commit::field_polynomial::FpPolynomial<F>::degree (line 150) ... ok
[INFO] [stdout] test src/poly_commit/field_polynomial.rs - poly_commit::field_polynomial::FpPolynomial<F>::from_coefs (line 60) ... ok
[INFO] [stdout] test src/poly_commit/field_polynomial.rs - poly_commit::field_polynomial::FpPolynomial<F>::mul_scalar (line 401) ... ok
[INFO] [stdout] test src/poly_commit/field_polynomial.rs - poly_commit::field_polynomial::FpPolynomial<F>::mul_scalar_assign (line 368) ... ok
[INFO] [stdout] test src/poly_commit/field_polynomial.rs - poly_commit::field_polynomial::FpPolynomial<F>::mul_var (line 446) ... ok
[INFO] [stdout] test src/plonk/prover.rs - plonk::prover::prover (line 28) ... ok
[INFO] [stdout] test src/poly_commit/field_polynomial.rs - poly_commit::field_polynomial::FpPolynomial<F>::mul_var_assign (line 422) ... ok
[INFO] [stdout] test src/poly_commit/field_polynomial.rs - poly_commit::field_polynomial::FpPolynomial<F>::neg_assign (line 300) ... ok
[INFO] [stdout] test src/poly_commit/field_polynomial.rs - poly_commit::field_polynomial::FpPolynomial<F>::random (line 124) ... ok
[INFO] [stdout] test src/poly_commit/field_polynomial.rs - poly_commit::field_polynomial::FpPolynomial<F>::neg (line 319) ... ok
[INFO] [stdout] test src/poly_commit/field_polynomial.rs - poly_commit::field_polynomial::FpPolynomial<F>::one (line 43) ... ok
[INFO] [stdout] test src/poly_commit/field_polynomial.rs - poly_commit::field_polynomial::FpPolynomial<F>::sub (line 278) ... ok
[INFO] [stdout] test src/poly_commit/field_polynomial.rs - poly_commit::field_polynomial::FpPolynomial<F>::sub_assign (line 236) ... ok
[INFO] [stdout] test src/poly_commit/field_polynomial.rs - poly_commit::field_polynomial::FpPolynomial<F>::zero (line 27) ... ok
[INFO] [stdout] 
[INFO] [stdout] failures:
[INFO] [stdout] 
[INFO] [stdout] ---- src/poly_commit/field_polynomial.rs - poly_commit::field_polynomial::FpPolynomial<F>::div_rem (line 467) stdout ----
[INFO] [stdout] error: linking with `cc` failed: exit status: 1
[INFO] [stdout]   |
[INFO] [stdout]   = note: LC_ALL="C" PATH="/opt/rustwide/rustup-home/toolchains/1.69.0-x86_64-unknown-linux-gnu/lib/rustlib/x86_64-unknown-linux-gnu/bin:/opt/rustwide/cargo-home/bin:/usr/local/sbin:/usr/local/bin:/usr/sbin:/usr/bin:/sbin:/bin" VSLANG="1033" "cc" "-m64" "/tmp/rustcVu5ThO/symbols.o" "/tmp/rustdoctestv5tKcm/rust_out.rust_out.5bfee551-cgu.0.rcgu.o" "/tmp/rustdoctestv5tKcm/rust_out.j00p4ncf7xg64kg.rcgu.o" "-Wl,--as-needed" "-L" "/opt/rustwide/target/debug/deps" "-L" "/opt/rustwide/target/debug/deps" "-L" "/opt/rustwide/rustup-home/toolchains/1.69.0-x86_64-unknown-linux-gnu/lib/rustlib/x86_64-unknown-linux-gnu/lib" "-Wl,-Bstatic" "/opt/rustwide/target/debug/deps/libnoah_plonk-150f2e0dbc5d54cb.rlib" "/opt/rustwide/target/debug/deps/libnoah_crypto-53319203e95e50e3.rlib" "/opt/rustwide/target/debug/deps/libctr-711bf93fb05e5a4d.rlib" "/opt/rustwide/target/debug/deps/libnoah_ed25519_dalek-e88e73f7be000d56.rlib" "/opt/rustwide/target/debug/deps/libhmac-345b88580cf50a40.rlib" "/opt/rustwide/target/debug/deps/libderivation_path-94c2d81d2923191b.rlib" "/opt/rustwide/target/debug/deps/libsha2-2c861c23d9ed6e92.rlib" "/opt/rustwide/target/debug/deps/libed25519-f3f7c8e116b332bd.rlib" "/opt/rustwide/target/debug/deps/libsignature-17d59ebc5e76f7ba.rlib" "/opt/rustwide/target/debug/deps/libfailure-e0a6b2fd2c83888f.rlib" "/opt/rustwide/target/debug/deps/libaes-0165a7b69def6305.rlib" "/opt/rustwide/target/debug/deps/libcpufeatures-e143b41ca3b14af5.rlib" "/opt/rustwide/target/debug/deps/libcipher-8ba30ad6f02a156b.rlib" "/opt/rustwide/target/debug/deps/libinout-3ee7904d4012afba.rlib" "/opt/rustwide/target/debug/deps/libnoah_algebra-2983f0d816066a37.rlib" "/opt/rustwide/target/debug/deps/libnoah_x25519_dalek-41142ef9212ba0e4.rlib" "/opt/rustwide/target/debug/deps/libbase64-7ab4be814e6124ed.rlib" "/opt/rustwide/target/debug/deps/libnoah_bulletproofs-fae492ea1c57b8b1.rlib" "/opt/rustwide/target/debug/deps/libnoah_curve25519_dalek-d9d283d676fc541b.rlib" "/opt/rustwide/target/debug/deps/libscale_info-6ef913f54d876e14.rlib" "/opt/rustwide/target/debug/deps/libparity_scale_codec-409d9b1bc4049ec6.rlib" "/opt/rustwide/target/debug/deps/libarrayvec-eaab725bd11a1a74.rlib" "/opt/rustwide/target/debug/deps/libbyte_slice_cast-cafbde0c30dd83ef.rlib" "/opt/rustwide/target/debug/deps/libark_bulletproofs-90dae1d8737821e3.rlib" "/opt/rustwide/target/debug/deps/libmerlin-1176fa51f5a4cf26.rlib" "/opt/rustwide/target/debug/deps/libbyteorder-724e4a9e91726ea6.rlib" "/opt/rustwide/target/debug/deps/libsha3-fd9f7d4387eb1527.rlib" "/opt/rustwide/target/debug/deps/libkeccak-1afd4d313c5b4b06.rlib" "/opt/rustwide/target/debug/deps/libthiserror-df86629fcc05ea0d.rlib" "/opt/rustwide/target/debug/deps/libclear_on_drop-ea4af346e8979b9b.rlib" "/opt/rustwide/target/debug/deps/libark_ed25519-b4cfc15dcac8457b.rlib" "/opt/rustwide/target/debug/deps/libark_curve25519-f6449c39257a1563.rlib" "/opt/rustwide/target/debug/deps/libark_ed_on_bls12_381-8993eec6db8bb5ff.rlib" "/opt/rustwide/target/debug/deps/libark_secq256k1-17082e95761aca39.rlib" "/opt/rustwide/target/debug/deps/libark_secp256k1-ebebf3194ac143f8.rlib" "/opt/rustwide/target/debug/deps/libruc-edaf48050fa0d758.rlib" "/opt/rustwide/target/debug/deps/libtime-6ea733afb2681673.rlib" "/opt/rustwide/target/debug/deps/libtime_core-4a74880e8761e797.rlib" "/opt/rustwide/target/debug/deps/libwasm_bindgen-cd1e07c5ad6be583.rlib" "/opt/rustwide/target/debug/deps/libserde_json-9acf6254928e7fb5.rlib" "/opt/rustwide/target/debug/deps/libryu-87a43729435ac998.rlib" "/opt/rustwide/target/debug/deps/libitoa-12e0c769e046c1b6.rlib" "/opt/rustwide/target/debug/deps/libserde-2b6b7a9fe2c55532.rlib" "/opt/rustwide/target/debug/deps/libark_bls12_381-6859d86d9f7b740b.rlib" "/opt/rustwide/target/debug/deps/libark_ec-20df60c982e10557.rlib" "/opt/rustwide/target/debug/deps/libitertools-ea912201e9c13d48.rlib" "/opt/rustwide/target/debug/deps/libeither-cac85af8160ee6c4.rlib" "/opt/rustwide/target/debug/deps/libark_poly-8fa40bb2e15f2486.rlib" "/opt/rustwide/target/debug/deps/libhashbrown-03875e688a90f71f.rlib" "/opt/rustwide/target/debug/deps/libahash-cd7761ec24830f7e.rlib" "/opt/rustwide/target/debug/deps/libonce_cell-f612d2e59a7f3606.rlib" "/opt/rustwide/target/debug/deps/libark_ff-eebeac2531b34e2f.rlib" "/opt/rustwide/target/debug/deps/libzeroize-de66b4fdaf4401c5.rlib" "/opt/rustwide/target/debug/deps/libark_serialize-10a677a7ce17381d.rlib" "/opt/rustwide/target/debug/deps/libdigest-4a4c94a9d864e282.rlib" "/opt/rustwide/target/debug/deps/libsubtle-ae2c2164c6e4cd38.rlib" "/opt/rustwide/target/debug/deps/libblock_buffer-0933e09cece281a1.rlib" "/opt/rustwide/target/debug/deps/libcrypto_common-5a97f1b230e1e099.rlib" "/opt/rustwide/target/debug/deps/libgeneric_array-f03e3e3fb3ca464f.rlib" "/opt/rustwide/target/debug/deps/libtypenum-d40a559dcc4c7492.rlib" "/opt/rustwide/target/debug/deps/libnum_bigint-5c7a7c8431cde8e2.rlib" "/opt/rustwide/target/debug/deps/libnum_integer-4c045383f6efa3c6.rlib" "/opt/rustwide/target/debug/deps/libark_std-0609ca8f3a704fca.rlib" "/opt/rustwide/target/debug/deps/libnum_traits-b237925f6bfbb7f7.rlib" "/opt/rustwide/target/debug/deps/librand-8f31c7638be4b4cc.rlib" "/opt/rustwide/target/debug/deps/librand_chacha-038a77a93b925f69.rlib" "/opt/rustwide/target/debug/deps/libppv_lite86-c3ad053967cc551c.rlib" "/opt/rustwide/target/debug/deps/librand_core-aaa51adcda820b7e.rlib" "/opt/rustwide/target/debug/deps/libgetrandom-78a03d6cafbc6a2f.rlib" "/opt/rustwide/target/debug/deps/liblibc-9b7f1aaa310b684d.rlib" "/opt/rustwide/target/debug/deps/libcfg_if-e5e118dd7d121aaa.rlib" "/opt/rustwide/rustup-home/toolchains/1.69.0-x86_64-unknown-linux-gnu/lib/rustlib/x86_64-unknown-linux-gnu/lib/libstd-89bc084783fdc439.rlib" "/opt/rustwide/rustup-home/toolchains/1.69.0-x86_64-unknown-linux-gnu/lib/rustlib/x86_64-unknown-linux-gnu/lib/libpanic_unwind-8bee4b287d4367c1.rlib" "/opt/rustwide/rustup-home/toolchains/1.69.0-x86_64-unknown-linux-gnu/lib/rustlib/x86_64-unknown-linux-gnu/lib/libobject-d61707aed80694c0.rlib" "/opt/rustwide/rustup-home/toolchains/1.69.0-x86_64-unknown-linux-gnu/lib/rustlib/x86_64-unknown-linux-gnu/lib/libmemchr-d85366256f22345b.rlib" "/opt/rustwide/rustup-home/toolchains/1.69.0-x86_64-unknown-linux-gnu/lib/rustlib/x86_64-unknown-linux-gnu/lib/libaddr2line-96069b86b8a8cae9.rlib" "/opt/rustwide/rustup-home/toolchains/1.69.0-x86_64-unknown-linux-gnu/lib/rustlib/x86_64-unknown-linux-gnu/lib/libgimli-d19d53abf68dfa6c.rlib" "/opt/rustwide/rustup-home/toolchains/1.69.0-x86_64-unknown-linux-gnu/lib/rustlib/x86_64-unknown-linux-gnu/lib/librustc_demangle-787cbccd19d64ac6.rlib" "/opt/rustwide/rustup-home/toolchains/1.69.0-x86_64-unknown-linux-gnu/lib/rustlib/x86_64-unknown-linux-gnu/lib/libstd_detect-b3837a36b830e0d0.rlib" "/opt/rustwide/rustup-home/toolchains/1.69.0-x86_64-unknown-linux-gnu/lib/rustlib/x86_64-unknown-linux-gnu/lib/libhashbrown-e3deb0e7e3f04966.rlib" "/opt/rustwide/rustup-home/toolchains/1.69.0-x86_64-unknown-linux-gnu/lib/rustlib/x86_64-unknown-linux-gnu/lib/libminiz_oxide-dabbb79c9815def4.rlib" "/opt/rustwide/rustup-home/toolchains/1.69.0-x86_64-unknown-linux-gnu/lib/rustlib/x86_64-unknown-linux-gnu/lib/libadler-305b01f34c9409f2.rlib" "/opt/rustwide/rustup-home/toolchains/1.69.0-x86_64-unknown-linux-gnu/lib/rustlib/x86_64-unknown-linux-gnu/lib/librustc_std_workspace_alloc-f833521df6074e73.rlib" "/opt/rustwide/rustup-home/toolchains/1.69.0-x86_64-unknown-linux-gnu/lib/rustlib/x86_64-unknown-linux-gnu/lib/libunwind-9ac333113350d171.rlib" "/opt/rustwide/rustup-home/toolchains/1.69.0-x86_64-unknown-linux-gnu/lib/rustlib/x86_64-unknown-linux-gnu/lib/libcfg_if-1c126114322d0eee.rlib" "/opt/rustwide/rustup-home/toolchains/1.69.0-x86_64-unknown-linux-gnu/lib/rustlib/x86_64-unknown-linux-gnu/lib/liblibc-bad9164fdeeecf92.rlib" "/opt/rustwide/rustup-home/toolchains/1.69.0-x86_64-unknown-linux-gnu/lib/rustlib/x86_64-unknown-linux-gnu/lib/liballoc-f9374b1e480fa681.rlib" "/opt/rustwide/rustup-home/toolchains/1.69.0-x86_64-unknown-linux-gnu/lib/rustlib/x86_64-unknown-linux-gnu/lib/librustc_std_workspace_core-207f06e41d9603af.rlib" "/opt/rustwide/rustup-home/toolchains/1.69.0-x86_64-unknown-linux-gnu/lib/rustlib/x86_64-unknown-linux-gnu/lib/libcore-7e2768e66e984e85.rlib" "/opt/rustwide/rustup-home/toolchains/1.69.0-x86_64-unknown-linux-gnu/lib/rustlib/x86_64-unknown-linux-gnu/lib/libcompiler_builtins-957b4aff41f8cd46.rlib" "-Wl,-Bdynamic" "-lc" "-lm" "-lrt" "-lpthread" "-lgcc_s" "-lutil" "-lrt" "-lpthread" "-lm" "-ldl" "-lc" "-Wl,--eh-frame-hdr" "-Wl,-z,noexecstack" "-L" "/opt/rustwide/rustup-home/toolchains/1.69.0-x86_64-unknown-linux-gnu/lib/rustlib/x86_64-unknown-linux-gnu/lib" "-o" "/tmp/rustdoctestv5tKcm/rust_out" "-Wl,--gc-sections" "-pie" "-Wl,-z,relro,-z,now" "-nodefaultlibs"
[INFO] [stdout]   = note: collect2: fatal error: ld terminated with signal 9 [Killed]
[INFO] [stdout]           compilation terminated.
[INFO] [stdout]           
[INFO] [stdout] 
[INFO] [stdout] error: aborting due to previous error
[INFO] [stdout] 
[INFO] [stdout] Couldn't compile the test.
[INFO] [stdout] ---- src/poly_commit/field_polynomial.rs - poly_commit::field_polynomial::FpPolynomial<F>::add (line 212) stdout ----
[INFO] [stdout] error: linking with `cc` failed: exit status: 1
[INFO] [stdout]   |
[INFO] [stdout]   = note: LC_ALL="C" PATH="/opt/rustwide/rustup-home/toolchains/1.69.0-x86_64-unknown-linux-gnu/lib/rustlib/x86_64-unknown-linux-gnu/bin:/opt/rustwide/cargo-home/bin:/usr/local/sbin:/usr/local/bin:/usr/sbin:/usr/bin:/sbin:/bin" VSLANG="1033" "cc" "-m64" "/tmp/rustc3Q7s1N/symbols.o" "/tmp/rustdoctestyKbIem/rust_out.rust_out.5bfee551-cgu.0.rcgu.o" "/tmp/rustdoctestyKbIem/rust_out.j00p4ncf7xg64kg.rcgu.o" "-Wl,--as-needed" "-L" "/opt/rustwide/target/debug/deps" "-L" "/opt/rustwide/target/debug/deps" "-L" "/opt/rustwide/rustup-home/toolchains/1.69.0-x86_64-unknown-linux-gnu/lib/rustlib/x86_64-unknown-linux-gnu/lib" "-Wl,-Bstatic" "/opt/rustwide/target/debug/deps/libnoah_plonk-150f2e0dbc5d54cb.rlib" "/opt/rustwide/target/debug/deps/libnoah_crypto-53319203e95e50e3.rlib" "/opt/rustwide/target/debug/deps/libctr-711bf93fb05e5a4d.rlib" "/opt/rustwide/target/debug/deps/libnoah_ed25519_dalek-e88e73f7be000d56.rlib" "/opt/rustwide/target/debug/deps/libhmac-345b88580cf50a40.rlib" "/opt/rustwide/target/debug/deps/libderivation_path-94c2d81d2923191b.rlib" "/opt/rustwide/target/debug/deps/libsha2-2c861c23d9ed6e92.rlib" "/opt/rustwide/target/debug/deps/libed25519-f3f7c8e116b332bd.rlib" "/opt/rustwide/target/debug/deps/libsignature-17d59ebc5e76f7ba.rlib" "/opt/rustwide/target/debug/deps/libfailure-e0a6b2fd2c83888f.rlib" "/opt/rustwide/target/debug/deps/libaes-0165a7b69def6305.rlib" "/opt/rustwide/target/debug/deps/libcpufeatures-e143b41ca3b14af5.rlib" "/opt/rustwide/target/debug/deps/libcipher-8ba30ad6f02a156b.rlib" "/opt/rustwide/target/debug/deps/libinout-3ee7904d4012afba.rlib" "/opt/rustwide/target/debug/deps/libnoah_algebra-2983f0d816066a37.rlib" "/opt/rustwide/target/debug/deps/libnoah_x25519_dalek-41142ef9212ba0e4.rlib" "/opt/rustwide/target/debug/deps/libbase64-7ab4be814e6124ed.rlib" "/opt/rustwide/target/debug/deps/libnoah_bulletproofs-fae492ea1c57b8b1.rlib" "/opt/rustwide/target/debug/deps/libnoah_curve25519_dalek-d9d283d676fc541b.rlib" "/opt/rustwide/target/debug/deps/libscale_info-6ef913f54d876e14.rlib" "/opt/rustwide/target/debug/deps/libparity_scale_codec-409d9b1bc4049ec6.rlib" "/opt/rustwide/target/debug/deps/libarrayvec-eaab725bd11a1a74.rlib" "/opt/rustwide/target/debug/deps/libbyte_slice_cast-cafbde0c30dd83ef.rlib" "/opt/rustwide/target/debug/deps/libark_bulletproofs-90dae1d8737821e3.rlib" "/opt/rustwide/target/debug/deps/libmerlin-1176fa51f5a4cf26.rlib" "/opt/rustwide/target/debug/deps/libbyteorder-724e4a9e91726ea6.rlib" "/opt/rustwide/target/debug/deps/libsha3-fd9f7d4387eb1527.rlib" "/opt/rustwide/target/debug/deps/libkeccak-1afd4d313c5b4b06.rlib" "/opt/rustwide/target/debug/deps/libthiserror-df86629fcc05ea0d.rlib" "/opt/rustwide/target/debug/deps/libclear_on_drop-ea4af346e8979b9b.rlib" "/opt/rustwide/target/debug/deps/libark_ed25519-b4cfc15dcac8457b.rlib" "/opt/rustwide/target/debug/deps/libark_curve25519-f6449c39257a1563.rlib" "/opt/rustwide/target/debug/deps/libark_ed_on_bls12_381-8993eec6db8bb5ff.rlib" "/opt/rustwide/target/debug/deps/libark_secq256k1-17082e95761aca39.rlib" "/opt/rustwide/target/debug/deps/libark_secp256k1-ebebf3194ac143f8.rlib" "/opt/rustwide/target/debug/deps/libruc-edaf48050fa0d758.rlib" "/opt/rustwide/target/debug/deps/libtime-6ea733afb2681673.rlib" "/opt/rustwide/target/debug/deps/libtime_core-4a74880e8761e797.rlib" "/opt/rustwide/target/debug/deps/libwasm_bindgen-cd1e07c5ad6be583.rlib" "/opt/rustwide/target/debug/deps/libserde_json-9acf6254928e7fb5.rlib" "/opt/rustwide/target/debug/deps/libryu-87a43729435ac998.rlib" "/opt/rustwide/target/debug/deps/libitoa-12e0c769e046c1b6.rlib" "/opt/rustwide/target/debug/deps/libserde-2b6b7a9fe2c55532.rlib" "/opt/rustwide/target/debug/deps/libark_bls12_381-6859d86d9f7b740b.rlib" "/opt/rustwide/target/debug/deps/libark_ec-20df60c982e10557.rlib" "/opt/rustwide/target/debug/deps/libitertools-ea912201e9c13d48.rlib" "/opt/rustwide/target/debug/deps/libeither-cac85af8160ee6c4.rlib" "/opt/rustwide/target/debug/deps/libark_poly-8fa40bb2e15f2486.rlib" "/opt/rustwide/target/debug/deps/libhashbrown-03875e688a90f71f.rlib" "/opt/rustwide/target/debug/deps/libahash-cd7761ec24830f7e.rlib" "/opt/rustwide/target/debug/deps/libonce_cell-f612d2e59a7f3606.rlib" "/opt/rustwide/target/debug/deps/libark_ff-eebeac2531b34e2f.rlib" "/opt/rustwide/target/debug/deps/libzeroize-de66b4fdaf4401c5.rlib" "/opt/rustwide/target/debug/deps/libark_serialize-10a677a7ce17381d.rlib" "/opt/rustwide/target/debug/deps/libdigest-4a4c94a9d864e282.rlib" "/opt/rustwide/target/debug/deps/libsubtle-ae2c2164c6e4cd38.rlib" "/opt/rustwide/target/debug/deps/libblock_buffer-0933e09cece281a1.rlib" "/opt/rustwide/target/debug/deps/libcrypto_common-5a97f1b230e1e099.rlib" "/opt/rustwide/target/debug/deps/libgeneric_array-f03e3e3fb3ca464f.rlib" "/opt/rustwide/target/debug/deps/libtypenum-d40a559dcc4c7492.rlib" "/opt/rustwide/target/debug/deps/libnum_bigint-5c7a7c8431cde8e2.rlib" "/opt/rustwide/target/debug/deps/libnum_integer-4c045383f6efa3c6.rlib" "/opt/rustwide/target/debug/deps/libark_std-0609ca8f3a704fca.rlib" "/opt/rustwide/target/debug/deps/libnum_traits-b237925f6bfbb7f7.rlib" "/opt/rustwide/target/debug/deps/librand-8f31c7638be4b4cc.rlib" "/opt/rustwide/target/debug/deps/librand_chacha-038a77a93b925f69.rlib" "/opt/rustwide/target/debug/deps/libppv_lite86-c3ad053967cc551c.rlib" "/opt/rustwide/target/debug/deps/librand_core-aaa51adcda820b7e.rlib" "/opt/rustwide/target/debug/deps/libgetrandom-78a03d6cafbc6a2f.rlib" "/opt/rustwide/target/debug/deps/liblibc-9b7f1aaa310b684d.rlib" "/opt/rustwide/target/debug/deps/libcfg_if-e5e118dd7d121aaa.rlib" "/opt/rustwide/rustup-home/toolchains/1.69.0-x86_64-unknown-linux-gnu/lib/rustlib/x86_64-unknown-linux-gnu/lib/libstd-89bc084783fdc439.rlib" "/opt/rustwide/rustup-home/toolchains/1.69.0-x86_64-unknown-linux-gnu/lib/rustlib/x86_64-unknown-linux-gnu/lib/libpanic_unwind-8bee4b287d4367c1.rlib" "/opt/rustwide/rustup-home/toolchains/1.69.0-x86_64-unknown-linux-gnu/lib/rustlib/x86_64-unknown-linux-gnu/lib/libobject-d61707aed80694c0.rlib" "/opt/rustwide/rustup-home/toolchains/1.69.0-x86_64-unknown-linux-gnu/lib/rustlib/x86_64-unknown-linux-gnu/lib/libmemchr-d85366256f22345b.rlib" "/opt/rustwide/rustup-home/toolchains/1.69.0-x86_64-unknown-linux-gnu/lib/rustlib/x86_64-unknown-linux-gnu/lib/libaddr2line-96069b86b8a8cae9.rlib" "/opt/rustwide/rustup-home/toolchains/1.69.0-x86_64-unknown-linux-gnu/lib/rustlib/x86_64-unknown-linux-gnu/lib/libgimli-d19d53abf68dfa6c.rlib" "/opt/rustwide/rustup-home/toolchains/1.69.0-x86_64-unknown-linux-gnu/lib/rustlib/x86_64-unknown-linux-gnu/lib/librustc_demangle-787cbccd19d64ac6.rlib" "/opt/rustwide/rustup-home/toolchains/1.69.0-x86_64-unknown-linux-gnu/lib/rustlib/x86_64-unknown-linux-gnu/lib/libstd_detect-b3837a36b830e0d0.rlib" "/opt/rustwide/rustup-home/toolchains/1.69.0-x86_64-unknown-linux-gnu/lib/rustlib/x86_64-unknown-linux-gnu/lib/libhashbrown-e3deb0e7e3f04966.rlib" "/opt/rustwide/rustup-home/toolchains/1.69.0-x86_64-unknown-linux-gnu/lib/rustlib/x86_64-unknown-linux-gnu/lib/libminiz_oxide-dabbb79c9815def4.rlib" "/opt/rustwide/rustup-home/toolchains/1.69.0-x86_64-unknown-linux-gnu/lib/rustlib/x86_64-unknown-linux-gnu/lib/libadler-305b01f34c9409f2.rlib" "/opt/rustwide/rustup-home/toolchains/1.69.0-x86_64-unknown-linux-gnu/lib/rustlib/x86_64-unknown-linux-gnu/lib/librustc_std_workspace_alloc-f833521df6074e73.rlib" "/opt/rustwide/rustup-home/toolchains/1.69.0-x86_64-unknown-linux-gnu/lib/rustlib/x86_64-unknown-linux-gnu/lib/libunwind-9ac333113350d171.rlib" "/opt/rustwide/rustup-home/toolchains/1.69.0-x86_64-unknown-linux-gnu/lib/rustlib/x86_64-unknown-linux-gnu/lib/libcfg_if-1c126114322d0eee.rlib" "/opt/rustwide/rustup-home/toolchains/1.69.0-x86_64-unknown-linux-gnu/lib/rustlib/x86_64-unknown-linux-gnu/lib/liblibc-bad9164fdeeecf92.rlib" "/opt/rustwide/rustup-home/toolchains/1.69.0-x86_64-unknown-linux-gnu/lib/rustlib/x86_64-unknown-linux-gnu/lib/liballoc-f9374b1e480fa681.rlib" "/opt/rustwide/rustup-home/toolchains/1.69.0-x86_64-unknown-linux-gnu/lib/rustlib/x86_64-unknown-linux-gnu/lib/librustc_std_workspace_core-207f06e41d9603af.rlib" "/opt/rustwide/rustup-home/toolchains/1.69.0-x86_64-unknown-linux-gnu/lib/rustlib/x86_64-unknown-linux-gnu/lib/libcore-7e2768e66e984e85.rlib" "/opt/rustwide/rustup-home/toolchains/1.69.0-x86_64-unknown-linux-gnu/lib/rustlib/x86_64-unknown-linux-gnu/lib/libcompiler_builtins-957b4aff41f8cd46.rlib" "-Wl,-Bdynamic" "-lc" "-lm" "-lrt" "-lpthread" "-lgcc_s" "-lutil" "-lrt" "-lpthread" "-lm" "-ldl" "-lc" "-Wl,--eh-frame-hdr" "-Wl,-z,noexecstack" "-L" "/opt/rustwide/rustup-home/toolchains/1.69.0-x86_64-unknown-linux-gnu/lib/rustlib/x86_64-unknown-linux-gnu/lib" "-o" "/tmp/rustdoctestyKbIem/rust_out" "-Wl,--gc-sections" "-pie" "-Wl,-z,relro,-z,now" "-nodefaultlibs"
[INFO] [stdout]   = note: collect2: fatal error: ld terminated with signal 9 [Killed]
[INFO] [stdout]           compilation terminated.
[INFO] [stdout]           
[INFO] [stdout] 
[INFO] [stdout] error: aborting due to previous error
[INFO] [stdout] 
[INFO] [stdout] Couldn't compile the test.
[INFO] [stdout] ---- src/poly_commit/field_polynomial.rs - poly_commit::field_polynomial::FpPolynomial<F>::add_coef_assign (line 339) stdout ----
[INFO] [stdout] error: linking with `cc` failed: exit status: 1
[INFO] [stdout]   |
[INFO] [stdout]   = note: LC_ALL="C" PATH="/opt/rustwide/rustup-home/toolchains/1.69.0-x86_64-unknown-linux-gnu/lib/rustlib/x86_64-unknown-linux-gnu/bin:/opt/rustwide/cargo-home/bin:/usr/local/sbin:/usr/local/bin:/usr/sbin:/usr/bin:/sbin:/bin" VSLANG="1033" "cc" "-m64" "/tmp/rustcynbKul/symbols.o" "/tmp/rustdoctestfjifac/rust_out.rust_out.5bfee551-cgu.0.rcgu.o" "/tmp/rustdoctestfjifac/rust_out.j00p4ncf7xg64kg.rcgu.o" "-Wl,--as-needed" "-L" "/opt/rustwide/target/debug/deps" "-L" "/opt/rustwide/target/debug/deps" "-L" "/opt/rustwide/rustup-home/toolchains/1.69.0-x86_64-unknown-linux-gnu/lib/rustlib/x86_64-unknown-linux-gnu/lib" "-Wl,-Bstatic" "/opt/rustwide/target/debug/deps/libnoah_plonk-150f2e0dbc5d54cb.rlib" "/opt/rustwide/target/debug/deps/libnoah_crypto-53319203e95e50e3.rlib" "/opt/rustwide/target/debug/deps/libctr-711bf93fb05e5a4d.rlib" "/opt/rustwide/target/debug/deps/libnoah_ed25519_dalek-e88e73f7be000d56.rlib" "/opt/rustwide/target/debug/deps/libhmac-345b88580cf50a40.rlib" "/opt/rustwide/target/debug/deps/libderivation_path-94c2d81d2923191b.rlib" "/opt/rustwide/target/debug/deps/libsha2-2c861c23d9ed6e92.rlib" "/opt/rustwide/target/debug/deps/libed25519-f3f7c8e116b332bd.rlib" "/opt/rustwide/target/debug/deps/libsignature-17d59ebc5e76f7ba.rlib" "/opt/rustwide/target/debug/deps/libfailure-e0a6b2fd2c83888f.rlib" "/opt/rustwide/target/debug/deps/libaes-0165a7b69def6305.rlib" "/opt/rustwide/target/debug/deps/libcpufeatures-e143b41ca3b14af5.rlib" "/opt/rustwide/target/debug/deps/libcipher-8ba30ad6f02a156b.rlib" "/opt/rustwide/target/debug/deps/libinout-3ee7904d4012afba.rlib" "/opt/rustwide/target/debug/deps/libnoah_algebra-2983f0d816066a37.rlib" "/opt/rustwide/target/debug/deps/libnoah_x25519_dalek-41142ef9212ba0e4.rlib" "/opt/rustwide/target/debug/deps/libbase64-7ab4be814e6124ed.rlib" "/opt/rustwide/target/debug/deps/libnoah_bulletproofs-fae492ea1c57b8b1.rlib" "/opt/rustwide/target/debug/deps/libnoah_curve25519_dalek-d9d283d676fc541b.rlib" "/opt/rustwide/target/debug/deps/libscale_info-6ef913f54d876e14.rlib" "/opt/rustwide/target/debug/deps/libparity_scale_codec-409d9b1bc4049ec6.rlib" "/opt/rustwide/target/debug/deps/libarrayvec-eaab725bd11a1a74.rlib" "/opt/rustwide/target/debug/deps/libbyte_slice_cast-cafbde0c30dd83ef.rlib" "/opt/rustwide/target/debug/deps/libark_bulletproofs-90dae1d8737821e3.rlib" "/opt/rustwide/target/debug/deps/libmerlin-1176fa51f5a4cf26.rlib" "/opt/rustwide/target/debug/deps/libbyteorder-724e4a9e91726ea6.rlib" "/opt/rustwide/target/debug/deps/libsha3-fd9f7d4387eb1527.rlib" "/opt/rustwide/target/debug/deps/libkeccak-1afd4d313c5b4b06.rlib" "/opt/rustwide/target/debug/deps/libthiserror-df86629fcc05ea0d.rlib" "/opt/rustwide/target/debug/deps/libclear_on_drop-ea4af346e8979b9b.rlib" "/opt/rustwide/target/debug/deps/libark_ed25519-b4cfc15dcac8457b.rlib" "/opt/rustwide/target/debug/deps/libark_curve25519-f6449c39257a1563.rlib" "/opt/rustwide/target/debug/deps/libark_ed_on_bls12_381-8993eec6db8bb5ff.rlib" "/opt/rustwide/target/debug/deps/libark_secq256k1-17082e95761aca39.rlib" "/opt/rustwide/target/debug/deps/libark_secp256k1-ebebf3194ac143f8.rlib" "/opt/rustwide/target/debug/deps/libruc-edaf48050fa0d758.rlib" "/opt/rustwide/target/debug/deps/libtime-6ea733afb2681673.rlib" "/opt/rustwide/target/debug/deps/libtime_core-4a74880e8761e797.rlib" "/opt/rustwide/target/debug/deps/libwasm_bindgen-cd1e07c5ad6be583.rlib" "/opt/rustwide/target/debug/deps/libserde_json-9acf6254928e7fb5.rlib" "/opt/rustwide/target/debug/deps/libryu-87a43729435ac998.rlib" "/opt/rustwide/target/debug/deps/libitoa-12e0c769e046c1b6.rlib" "/opt/rustwide/target/debug/deps/libserde-2b6b7a9fe2c55532.rlib" "/opt/rustwide/target/debug/deps/libark_bls12_381-6859d86d9f7b740b.rlib" "/opt/rustwide/target/debug/deps/libark_ec-20df60c982e10557.rlib" "/opt/rustwide/target/debug/deps/libitertools-ea912201e9c13d48.rlib" "/opt/rustwide/target/debug/deps/libeither-cac85af8160ee6c4.rlib" "/opt/rustwide/target/debug/deps/libark_poly-8fa40bb2e15f2486.rlib" "/opt/rustwide/target/debug/deps/libhashbrown-03875e688a90f71f.rlib" "/opt/rustwide/target/debug/deps/libahash-cd7761ec24830f7e.rlib" "/opt/rustwide/target/debug/deps/libonce_cell-f612d2e59a7f3606.rlib" "/opt/rustwide/target/debug/deps/libark_ff-eebeac2531b34e2f.rlib" "/opt/rustwide/target/debug/deps/libzeroize-de66b4fdaf4401c5.rlib" "/opt/rustwide/target/debug/deps/libark_serialize-10a677a7ce17381d.rlib" "/opt/rustwide/target/debug/deps/libdigest-4a4c94a9d864e282.rlib" "/opt/rustwide/target/debug/deps/libsubtle-ae2c2164c6e4cd38.rlib" "/opt/rustwide/target/debug/deps/libblock_buffer-0933e09cece281a1.rlib" "/opt/rustwide/target/debug/deps/libcrypto_common-5a97f1b230e1e099.rlib" "/opt/rustwide/target/debug/deps/libgeneric_array-f03e3e3fb3ca464f.rlib" "/opt/rustwide/target/debug/deps/libtypenum-d40a559dcc4c7492.rlib" "/opt/rustwide/target/debug/deps/libnum_bigint-5c7a7c8431cde8e2.rlib" "/opt/rustwide/target/debug/deps/libnum_integer-4c045383f6efa3c6.rlib" "/opt/rustwide/target/debug/deps/libark_std-0609ca8f3a704fca.rlib" "/opt/rustwide/target/debug/deps/libnum_traits-b237925f6bfbb7f7.rlib" "/opt/rustwide/target/debug/deps/librand-8f31c7638be4b4cc.rlib" "/opt/rustwide/target/debug/deps/librand_chacha-038a77a93b925f69.rlib" "/opt/rustwide/target/debug/deps/libppv_lite86-c3ad053967cc551c.rlib" "/opt/rustwide/target/debug/deps/librand_core-aaa51adcda820b7e.rlib" "/opt/rustwide/target/debug/deps/libgetrandom-78a03d6cafbc6a2f.rlib" "/opt/rustwide/target/debug/deps/liblibc-9b7f1aaa310b684d.rlib" "/opt/rustwide/target/debug/deps/libcfg_if-e5e118dd7d121aaa.rlib" "/opt/rustwide/rustup-home/toolchains/1.69.0-x86_64-unknown-linux-gnu/lib/rustlib/x86_64-unknown-linux-gnu/lib/libstd-89bc084783fdc439.rlib" "/opt/rustwide/rustup-home/toolchains/1.69.0-x86_64-unknown-linux-gnu/lib/rustlib/x86_64-unknown-linux-gnu/lib/libpanic_unwind-8bee4b287d4367c1.rlib" "/opt/rustwide/rustup-home/toolchains/1.69.0-x86_64-unknown-linux-gnu/lib/rustlib/x86_64-unknown-linux-gnu/lib/libobject-d61707aed80694c0.rlib" "/opt/rustwide/rustup-home/toolchains/1.69.0-x86_64-unknown-linux-gnu/lib/rustlib/x86_64-unknown-linux-gnu/lib/libmemchr-d85366256f22345b.rlib" "/opt/rustwide/rustup-home/toolchains/1.69.0-x86_64-unknown-linux-gnu/lib/rustlib/x86_64-unknown-linux-gnu/lib/libaddr2line-96069b86b8a8cae9.rlib" "/opt/rustwide/rustup-home/toolchains/1.69.0-x86_64-unknown-linux-gnu/lib/rustlib/x86_64-unknown-linux-gnu/lib/libgimli-d19d53abf68dfa6c.rlib" "/opt/rustwide/rustup-home/toolchains/1.69.0-x86_64-unknown-linux-gnu/lib/rustlib/x86_64-unknown-linux-gnu/lib/librustc_demangle-787cbccd19d64ac6.rlib" "/opt/rustwide/rustup-home/toolchains/1.69.0-x86_64-unknown-linux-gnu/lib/rustlib/x86_64-unknown-linux-gnu/lib/libstd_detect-b3837a36b830e0d0.rlib" "/opt/rustwide/rustup-home/toolchains/1.69.0-x86_64-unknown-linux-gnu/lib/rustlib/x86_64-unknown-linux-gnu/lib/libhashbrown-e3deb0e7e3f04966.rlib" "/opt/rustwide/rustup-home/toolchains/1.69.0-x86_64-unknown-linux-gnu/lib/rustlib/x86_64-unknown-linux-gnu/lib/libminiz_oxide-dabbb79c9815def4.rlib" "/opt/rustwide/rustup-home/toolchains/1.69.0-x86_64-unknown-linux-gnu/lib/rustlib/x86_64-unknown-linux-gnu/lib/libadler-305b01f34c9409f2.rlib" "/opt/rustwide/rustup-home/toolchains/1.69.0-x86_64-unknown-linux-gnu/lib/rustlib/x86_64-unknown-linux-gnu/lib/librustc_std_workspace_alloc-f833521df6074e73.rlib" "/opt/rustwide/rustup-home/toolchains/1.69.0-x86_64-unknown-linux-gnu/lib/rustlib/x86_64-unknown-linux-gnu/lib/libunwind-9ac333113350d171.rlib" "/opt/rustwide/rustup-home/toolchains/1.69.0-x86_64-unknown-linux-gnu/lib/rustlib/x86_64-unknown-linux-gnu/lib/libcfg_if-1c126114322d0eee.rlib" "/opt/rustwide/rustup-home/toolchains/1.69.0-x86_64-unknown-linux-gnu/lib/rustlib/x86_64-unknown-linux-gnu/lib/liblibc-bad9164fdeeecf92.rlib" "/opt/rustwide/rustup-home/toolchains/1.69.0-x86_64-unknown-linux-gnu/lib/rustlib/x86_64-unknown-linux-gnu/lib/liballoc-f9374b1e480fa681.rlib" "/opt/rustwide/rustup-home/toolchains/1.69.0-x86_64-unknown-linux-gnu/lib/rustlib/x86_64-unknown-linux-gnu/lib/librustc_std_workspace_core-207f06e41d9603af.rlib" "/opt/rustwide/rustup-home/toolchains/1.69.0-x86_64-unknown-linux-gnu/lib/rustlib/x86_64-unknown-linux-gnu/lib/libcore-7e2768e66e984e85.rlib" "/opt/rustwide/rustup-home/toolchains/1.69.0-x86_64-unknown-linux-gnu/lib/rustlib/x86_64-unknown-linux-gnu/lib/libcompiler_builtins-957b4aff41f8cd46.rlib" "-Wl,-Bdynamic" "-lc" "-lm" "-lrt" "-lpthread" "-lgcc_s" "-lutil" "-lrt" "-lpthread" "-lm" "-ldl" "-lc" "-Wl,--eh-frame-hdr" "-Wl,-z,noexecstack" "-L" "/opt/rustwide/rustup-home/toolchains/1.69.0-x86_64-unknown-linux-gnu/lib/rustlib/x86_64-unknown-linux-gnu/lib" "-o" "/tmp/rustdoctestfjifac/rust_out" "-Wl,--gc-sections" "-pie" "-Wl,-z,relro,-z,now" "-nodefaultlibs"
[INFO] [stdout]   = note: collect2: fatal error: ld terminated with signal 9 [Killed]
[INFO] [stdout]           compilation terminated.
[INFO] [stdout]           
[INFO] [stdout] 
[INFO] [stdout] error: aborting due to previous error
[INFO] [stdout] 
[INFO] [stdout] Couldn't compile the test.
[INFO] [stdout] 
[INFO] [stdout] failures:
[INFO] [stdout]     src/poly_commit/field_polynomial.rs - poly_commit::field_polynomial::FpPolynomial<F>::add (line 212)
[INFO] [stdout]     src/poly_commit/field_polynomial.rs - poly_commit::field_polynomial::FpPolynomial<F>::add_coef_assign (line 339)
[INFO] [stdout]     src/poly_commit/field_polynomial.rs - poly_commit::field_polynomial::FpPolynomial<F>::div_rem (line 467)
[INFO] [stdout] 
[INFO] [stdout] test result: FAILED. 16 passed; 3 failed; 0 ignored; 0 measured; 0 filtered out; finished in 20.12s
[INFO] [stdout] 
[INFO] [stderr] error: doctest failed, to rerun pass `--doc`
[INFO] running `Command { std: "docker" "inspect" "090572504d707581551e250fddb5d443c285d003b06961d052cf8743a434ca9a", kill_on_drop: false }`
[INFO] running `Command { std: "docker" "rm" "-f" "090572504d707581551e250fddb5d443c285d003b06961d052cf8743a434ca9a", kill_on_drop: false }`
[INFO] [stdout] 090572504d707581551e250fddb5d443c285d003b06961d052cf8743a434ca9a
