[INFO] fetching crate nnsdao_sdk_basic 0.1.2...
[INFO] testing nnsdao_sdk_basic-0.1.2 against 1.69.0 for beta-1.70-1
[INFO] extracting crate nnsdao_sdk_basic 0.1.2 into /workspace/builds/worker-6-tc1/source
[INFO] validating manifest of crates.io crate nnsdao_sdk_basic 0.1.2 on toolchain 1.69.0
[INFO] running `Command { std: CARGO_HOME="/workspace/cargo-home" RUSTUP_HOME="/workspace/rustup-home" "/workspace/cargo-home/bin/cargo" "+1.69.0" "metadata" "--manifest-path" "Cargo.toml" "--no-deps", kill_on_drop: false }`
[INFO] started tweaking crates.io crate nnsdao_sdk_basic 0.1.2
[INFO] finished tweaking crates.io crate nnsdao_sdk_basic 0.1.2
[INFO] tweaked toml for crates.io crate nnsdao_sdk_basic 0.1.2 written to /workspace/builds/worker-6-tc1/source/Cargo.toml
[INFO] running `Command { std: CARGO_HOME="/workspace/cargo-home" RUSTUP_HOME="/workspace/rustup-home" __CARGO_TEST_CHANNEL_OVERRIDE_DO_NOT_USE_THIS="nightly" "/workspace/cargo-home/bin/cargo" "+1.69.0" "generate-lockfile" "--manifest-path" "Cargo.toml" "-Zno-index-update", kill_on_drop: false }`
[INFO] running `Command { std: CARGO_HOME="/workspace/cargo-home" RUSTUP_HOME="/workspace/rustup-home" "/workspace/cargo-home/bin/cargo" "+1.69.0" "fetch" "--manifest-path" "Cargo.toml", kill_on_drop: false }`
[INFO] [stderr]  Downloading crates ...
[INFO] [stderr]   Downloaded serde_tokenstream v0.1.7
[INFO] [stderr]   Downloaded ic-cdk v0.5.7
[INFO] [stderr]   Downloaded candid_derive v0.4.5
[INFO] [stderr]   Downloaded ic-types v0.5.0
[INFO] [stderr]   Downloaded candid v0.7.18
[INFO] [stderr]   Downloaded ic-cdk-macros v0.5.7
[INFO] [stderr]   Downloaded ic-types v0.4.2
[INFO] running `Command { std: "docker" "create" "-v" "/var/lib/crater-agent-workspace/builds/worker-6-tc1/target:/opt/rustwide/target:rw,Z" "-v" "/var/lib/crater-agent-workspace/builds/worker-6-tc1/source:/opt/rustwide/workdir:ro,Z" "-v" "/var/lib/crater-agent-workspace/cargo-home:/opt/rustwide/cargo-home:ro,Z" "-v" "/var/lib/crater-agent-workspace/rustup-home:/opt/rustwide/rustup-home:ro,Z" "-e" "SOURCE_DIR=/opt/rustwide/workdir" "-e" "CARGO_TARGET_DIR=/opt/rustwide/target" "-e" "CARGO_HOME=/opt/rustwide/cargo-home" "-e" "RUSTUP_HOME=/opt/rustwide/rustup-home" "-w" "/opt/rustwide/workdir" "-m" "1610612736" "--user" "0:0" "--network" "none" "ghcr.io/rust-lang/crates-build-env/linux@sha256:5ff2268d62e97bff2cde7d5815dd6ed5b47097566f13b8d0ca110b04b60e07ed" "/opt/rustwide/cargo-home/bin/cargo" "+1.69.0" "metadata" "--no-deps" "--format-version=1", kill_on_drop: false }`
[INFO] [stdout] 23fa81ce58cfb6fa54dd1b1c8a3bfb1071a2aef93b18d4bac7a76670004786f0
[INFO] running `Command { std: "docker" "start" "-a" "23fa81ce58cfb6fa54dd1b1c8a3bfb1071a2aef93b18d4bac7a76670004786f0", kill_on_drop: false }`
[INFO] running `Command { std: "docker" "inspect" "23fa81ce58cfb6fa54dd1b1c8a3bfb1071a2aef93b18d4bac7a76670004786f0", kill_on_drop: false }`
[INFO] running `Command { std: "docker" "rm" "-f" "23fa81ce58cfb6fa54dd1b1c8a3bfb1071a2aef93b18d4bac7a76670004786f0", kill_on_drop: false }`
[INFO] [stdout] 23fa81ce58cfb6fa54dd1b1c8a3bfb1071a2aef93b18d4bac7a76670004786f0
[INFO] running `Command { std: "docker" "create" "-v" "/var/lib/crater-agent-workspace/builds/worker-6-tc1/target:/opt/rustwide/target:rw,Z" "-v" "/var/lib/crater-agent-workspace/builds/worker-6-tc1/source:/opt/rustwide/workdir:ro,Z" "-v" "/var/lib/crater-agent-workspace/cargo-home:/opt/rustwide/cargo-home:ro,Z" "-v" "/var/lib/crater-agent-workspace/rustup-home:/opt/rustwide/rustup-home:ro,Z" "-e" "SOURCE_DIR=/opt/rustwide/workdir" "-e" "CARGO_TARGET_DIR=/opt/rustwide/target" "-e" "CARGO_INCREMENTAL=0" "-e" "RUST_BACKTRACE=full" "-e" "RUSTFLAGS=--cap-lints=warn" "-e" "RUSTDOCFLAGS=--cap-lints=warn" "-e" "CARGO_HOME=/opt/rustwide/cargo-home" "-e" "RUSTUP_HOME=/opt/rustwide/rustup-home" "-w" "/opt/rustwide/workdir" "-m" "1610612736" "--user" "0:0" "--network" "none" "ghcr.io/rust-lang/crates-build-env/linux@sha256:5ff2268d62e97bff2cde7d5815dd6ed5b47097566f13b8d0ca110b04b60e07ed" "/opt/rustwide/cargo-home/bin/cargo" "+1.69.0" "build" "--frozen" "--message-format=json", kill_on_drop: false }`
[INFO] [stdout] 18e7286999f4e6bcb3649b23f56f41e587f3a7862e697bd6cabd84d35d7b43c8
[INFO] running `Command { std: "docker" "start" "-a" "18e7286999f4e6bcb3649b23f56f41e587f3a7862e697bd6cabd84d35d7b43c8", kill_on_drop: false }`
[INFO] [stderr]    Compiling libc v0.2.142
[INFO] [stderr]    Compiling memchr v2.5.0
[INFO] [stderr]    Compiling syn v2.0.15
[INFO] [stderr]    Compiling syn v1.0.109
[INFO] [stderr]    Compiling once_cell v1.17.1
[INFO] [stderr]    Compiling io-lifetimes v1.0.10
[INFO] [stderr]    Compiling parking_lot_core v0.9.7
[INFO] [stderr]    Compiling lock_api v0.4.9
[INFO] [stderr]    Compiling rustix v0.37.18
[INFO] [stderr]    Compiling smallvec v1.10.0
[INFO] [stderr]    Compiling scopeguard v1.1.0
[INFO] [stderr]    Compiling either v1.8.1
[INFO] [stderr]    Compiling aho-corasick v1.0.1
[INFO] [stderr]    Compiling tiny-keccak v2.0.2
[INFO] [stderr]    Compiling siphasher v0.3.10
[INFO] [stderr]    Compiling regex-syntax v0.6.29
[INFO] [stderr]    Compiling linux-raw-sys v0.3.6
[INFO] [stderr]    Compiling bitflags v1.3.2
[INFO] [stderr]    Compiling phf_shared v0.10.0
[INFO] [stderr]    Compiling log v0.4.17
[INFO] [stderr]    Compiling num-traits v0.2.15
[INFO] [stderr]    Compiling dirs-sys-next v0.1.2
[INFO] [stderr]    Compiling dirs-next v2.0.0
[INFO] [stderr]    Compiling term v0.7.0
[INFO] [stderr]    Compiling parking_lot v0.12.1
[INFO] [stderr]    Compiling regex v1.8.1
[INFO] [stderr]    Compiling precomputed-hash v0.1.1
[INFO] [stderr]    Compiling bit-vec v0.6.3
[INFO] [stderr]    Compiling new_debug_unreachable v1.0.4
[INFO] [stderr]    Compiling bit-set v0.5.3
[INFO] [stderr]    Compiling string_cache v0.8.7
[INFO] [stderr]    Compiling ascii-canvas v3.0.0
[INFO] [stderr]    Compiling is-terminal v0.4.7
[INFO] [stderr]    Compiling lalrpop-util v0.19.12
[INFO] [stderr]    Compiling ena v0.14.2
[INFO] [stderr]    Compiling itertools v0.10.5
[INFO] [stderr]    Compiling unicode-xid v0.2.4
[INFO] [stderr]    Compiling diff v0.1.13
[INFO] [stderr]    Compiling proc-macro-crate v1.3.1
[INFO] [stderr]    Compiling num-bigint v0.4.3
[INFO] [stderr]    Compiling beef v0.5.2
[INFO] [stderr]    Compiling fnv v1.0.7
[INFO] [stderr]    Compiling data-encoding v2.3.3
[INFO] [stderr]    Compiling unicode-width v0.1.10
[INFO] [stderr]    Compiling typed-arena v2.0.2
[INFO] [stderr]    Compiling num-integer v0.1.45
[INFO] [stderr]    Compiling lalrpop v0.19.12
[INFO] [stderr]    Compiling pretty v0.10.0
[INFO] [stderr]    Compiling codespan-reporting v0.11.1
[INFO] [stderr]    Compiling leb128 v0.2.5
[INFO] [stderr]    Compiling serde_derive v1.0.160
[INFO] [stderr]    Compiling thiserror-impl v1.0.40
[INFO] [stderr]    Compiling async-trait v0.1.68
[INFO] [stderr]    Compiling num_enum_derive v0.5.11
[INFO] [stderr]    Compiling logos-derive v0.12.1
[INFO] [stderr]    Compiling binread_derive v2.1.0
[INFO] [stderr]    Compiling candid_derive v0.4.5
[INFO] [stderr]    Compiling thiserror v1.0.40
[INFO] [stderr]    Compiling num_enum v0.5.11
[INFO] [stderr]    Compiling binread v2.2.0
[INFO] [stderr]    Compiling logos v0.12.1
[INFO] [stderr]    Compiling serde v1.0.160
[INFO] [stderr]    Compiling serde_bytes v0.11.9
[INFO] [stderr]    Compiling ic-types v0.5.0
[INFO] [stderr]    Compiling serde_tokenstream v0.1.7
[INFO] [stderr]    Compiling ic-types v0.4.2
[INFO] [stderr]    Compiling candid v0.7.18
[INFO] [stderr]    Compiling ic-cdk v0.5.7
[INFO] [stderr]    Compiling ic-cdk-macros v0.5.7
[INFO] [stderr]    Compiling nnsdao_sdk_basic v0.1.2 (/opt/rustwide/workdir)
[INFO] [stderr]     Finished dev [unoptimized + debuginfo] target(s) in 45.00s
[INFO] running `Command { std: "docker" "inspect" "18e7286999f4e6bcb3649b23f56f41e587f3a7862e697bd6cabd84d35d7b43c8", kill_on_drop: false }`
[INFO] running `Command { std: "docker" "rm" "-f" "18e7286999f4e6bcb3649b23f56f41e587f3a7862e697bd6cabd84d35d7b43c8", kill_on_drop: false }`
[INFO] [stdout] 18e7286999f4e6bcb3649b23f56f41e587f3a7862e697bd6cabd84d35d7b43c8
[INFO] running `Command { std: "docker" "create" "-v" "/var/lib/crater-agent-workspace/builds/worker-6-tc1/target:/opt/rustwide/target:rw,Z" "-v" "/var/lib/crater-agent-workspace/builds/worker-6-tc1/source:/opt/rustwide/workdir:ro,Z" "-v" "/var/lib/crater-agent-workspace/cargo-home:/opt/rustwide/cargo-home:ro,Z" "-v" "/var/lib/crater-agent-workspace/rustup-home:/opt/rustwide/rustup-home:ro,Z" "-e" "SOURCE_DIR=/opt/rustwide/workdir" "-e" "CARGO_TARGET_DIR=/opt/rustwide/target" "-e" "CARGO_INCREMENTAL=0" "-e" "RUST_BACKTRACE=full" "-e" "RUSTFLAGS=--cap-lints=warn" "-e" "RUSTDOCFLAGS=--cap-lints=warn" "-e" "CARGO_HOME=/opt/rustwide/cargo-home" "-e" "RUSTUP_HOME=/opt/rustwide/rustup-home" "-w" "/opt/rustwide/workdir" "-m" "1610612736" "--user" "0:0" "--network" "none" "ghcr.io/rust-lang/crates-build-env/linux@sha256:5ff2268d62e97bff2cde7d5815dd6ed5b47097566f13b8d0ca110b04b60e07ed" "/opt/rustwide/cargo-home/bin/cargo" "+1.69.0" "test" "--frozen" "--no-run" "--message-format=json", kill_on_drop: false }`
[INFO] [stdout] fb803f31f460e41a8fe03bbdce8137f8540517b54acaf96af84ca7ab8ab60edd
[INFO] running `Command { std: "docker" "start" "-a" "fb803f31f460e41a8fe03bbdce8137f8540517b54acaf96af84ca7ab8ab60edd", kill_on_drop: false }`
[INFO] [stderr]    Compiling nnsdao_sdk_basic v0.1.2 (/opt/rustwide/workdir)
[INFO] [stderr]     Finished test [unoptimized + debuginfo] target(s) in 1.01s
[INFO] running `Command { std: "docker" "inspect" "fb803f31f460e41a8fe03bbdce8137f8540517b54acaf96af84ca7ab8ab60edd", kill_on_drop: false }`
[INFO] running `Command { std: "docker" "rm" "-f" "fb803f31f460e41a8fe03bbdce8137f8540517b54acaf96af84ca7ab8ab60edd", kill_on_drop: false }`
[INFO] [stdout] fb803f31f460e41a8fe03bbdce8137f8540517b54acaf96af84ca7ab8ab60edd
[INFO] running `Command { std: "docker" "create" "-v" "/var/lib/crater-agent-workspace/builds/worker-6-tc1/target:/opt/rustwide/target:rw,Z" "-v" "/var/lib/crater-agent-workspace/builds/worker-6-tc1/source:/opt/rustwide/workdir:ro,Z" "-v" "/var/lib/crater-agent-workspace/cargo-home:/opt/rustwide/cargo-home:ro,Z" "-v" "/var/lib/crater-agent-workspace/rustup-home:/opt/rustwide/rustup-home:ro,Z" "-e" "SOURCE_DIR=/opt/rustwide/workdir" "-e" "CARGO_TARGET_DIR=/opt/rustwide/target" "-e" "CARGO_INCREMENTAL=0" "-e" "RUST_BACKTRACE=full" "-e" "RUSTFLAGS=--cap-lints=warn" "-e" "RUSTDOCFLAGS=--cap-lints=warn" "-e" "CARGO_HOME=/opt/rustwide/cargo-home" "-e" "RUSTUP_HOME=/opt/rustwide/rustup-home" "-w" "/opt/rustwide/workdir" "-m" "1610612736" "--user" "0:0" "--network" "none" "ghcr.io/rust-lang/crates-build-env/linux@sha256:5ff2268d62e97bff2cde7d5815dd6ed5b47097566f13b8d0ca110b04b60e07ed" "/opt/rustwide/cargo-home/bin/cargo" "+1.69.0" "test" "--frozen", kill_on_drop: false }`
[INFO] [stdout] 0a2e5b1fd1eefcfcffac265425eef4efc1c5fce19c2f1cd641189e2c7effad8a
[INFO] running `Command { std: "docker" "start" "-a" "0a2e5b1fd1eefcfcffac265425eef4efc1c5fce19c2f1cd641189e2c7effad8a", kill_on_drop: false }`
[INFO] [stderr]     Finished test [unoptimized + debuginfo] target(s) in 0.13s
[INFO] [stderr]      Running unittests src/lib.rs (/opt/rustwide/target/debug/deps/nnsdao_sdk_basic-4a2466411ee6fab7)
[INFO] [stdout] 
[INFO] [stdout] running 0 tests
[INFO] [stdout] 
[INFO] [stdout] test result: ok. 0 passed; 0 failed; 0 ignored; 0 measured; 0 filtered out; finished in 0.00s
[INFO] [stdout] 
[INFO] [stderr]    Doc-tests nnsdao_sdk_basic
[INFO] [stdout] 
[INFO] [stdout] running 1 test
[INFO] [stdout] test src/lib.rs - (line 4) ... FAILED
[INFO] [stdout] 
[INFO] [stderr] error: doctest failed, to rerun pass `--doc`
[INFO] [stdout] failures:
[INFO] [stdout] 
[INFO] [stdout] ---- src/lib.rs - (line 4) stdout ----
[INFO] [stdout] error: cannot find attribute `async_trait` in this scope
[INFO] [stdout]  --> src/lib.rs:7:3
[INFO] [stdout]   |
[INFO] [stdout] 5 | #[async_trait]
[INFO] [stdout]   |   ^^^^^^^^^^^
[INFO] [stdout]   |
[INFO] [stdout]   = help: consider importing this attribute macro:
[INFO] [stdout]           async_trait::async_trait
[INFO] [stdout]   = note: `async_trait` is in scope, but it is a crate, not an attribute
[INFO] [stdout] 
[INFO] [stdout] error: cannot find derive macro `CandidType` in this scope
[INFO] [stdout]  --> src/lib.rs:5:33
[INFO] [stdout]   |
[INFO] [stdout] 3 | #[derive(Clone, Debug, Default, CandidType, Deserialize)]
[INFO] [stdout]   |                                 ^^^^^^^^^^
[INFO] [stdout]   |
[INFO] [stdout]   = help: consider importing this derive macro:
[INFO] [stdout]           candid::CandidType
[INFO] [stdout] 
[INFO] [stdout] error: cannot find derive macro `Deserialize` in this scope
[INFO] [stdout]  --> src/lib.rs:5:45
[INFO] [stdout]   |
[INFO] [stdout] 3 | #[derive(Clone, Debug, Default, CandidType, Deserialize)]
[INFO] [stdout]   |                                             ^^^^^^^^^^^
[INFO] [stdout]   |
[INFO] [stdout]   = help: consider importing one of these items:
[INFO] [stdout]           candid::Deserialize
[INFO] [stdout]           serde::Deserialize
[INFO] [stdout]           serde_derive::Deserialize
[INFO] [stdout] 
[INFO] [stdout] error[E0405]: cannot find trait `DaoCustomFn` in this scope
[INFO] [stdout]  --> src/lib.rs:8:6
[INFO] [stdout]   |
[INFO] [stdout] 6 | impl DaoCustomFn for CustomFn {
[INFO] [stdout]   |      ^^^^^^^^^^^ not found in this scope
[INFO] [stdout]   |
[INFO] [stdout] help: consider importing this trait
[INFO] [stdout]   |
[INFO] [stdout] 2 | use nnsdao_sdk_basic::DaoCustomFn;
[INFO] [stdout]   |
[INFO] [stdout] 
[INFO] [stdout] error[E0412]: cannot find type `Principal` in this scope
[INFO] [stdout]  --> src/lib.rs:9:37
[INFO] [stdout]   |
[INFO] [stdout] 7 |  async fn is_member(&self, _member: Principal) -> Result<bool, String> {
[INFO] [stdout]   |                                     ^^^^^^^^^ not found in this scope
[INFO] [stdout]   |
[INFO] [stdout] help: consider importing one of these items
[INFO] [stdout]   |
[INFO] [stdout] 2 | use candid::Principal;
[INFO] [stdout]   |
[INFO] [stdout] 2 | use ic_cdk::export::Principal;
[INFO] [stdout]   |
[INFO] [stdout] 2 | use ic_types::Principal;
[INFO] [stdout]   |
[INFO] [stdout] 
[INFO] [stdout] error[E0433]: failed to resolve: use of undeclared type `DaoBasic`
[INFO] [stdout]   --> src/lib.rs:16:17
[INFO] [stdout]    |
[INFO] [stdout] 14 | let dao_basic = DaoBasic::new(CustomFn::default());
[INFO] [stdout]    |                 ^^^^^^^^ use of undeclared type `DaoBasic`
[INFO] [stdout]    |
[INFO] [stdout] help: consider importing this struct
[INFO] [stdout]    |
[INFO] [stdout] 2  | use nnsdao_sdk_basic::DaoBasic;
[INFO] [stdout]    |
[INFO] [stdout] 
[INFO] [stdout] error[E0706]: functions in traits cannot be declared `async`
[INFO] [stdout]  --> src/lib.rs:9:2
[INFO] [stdout]   |
[INFO] [stdout] 7 |  async fn is_member(&self, _member: Principal) -> Result<bool, String> {
[INFO] [stdout]   |  -----^^^^^^^^^^^^^^^^^^^^^^^^^^^^^^^^^^^^^^^^^^^^^^^^^^^^^^^^^^^^^^^^
[INFO] [stdout]   |  |
[INFO] [stdout]   |  `async` because of this
[INFO] [stdout]   |
[INFO] [stdout]   = note: `async` trait functions are not currently supported
[INFO] [stdout]   = note: consider using the `async-trait` crate: https://crates.io/crates/async-trait
[INFO] [stdout]   = note: see issue #91611 <https://github.com/rust-lang/rust/issues/91611> for more information
[INFO] [stdout] 
[INFO] [stdout] error[E0706]: functions in traits cannot be declared `async`
[INFO] [stdout]   --> src/lib.rs:12:2
[INFO] [stdout]    |
[INFO] [stdout] 10 |  async fn handle_proposal(&self) -> Result<(), String> {
[INFO] [stdout]    |  -----^^^^^^^^^^^^^^^^^^^^^^^^^^^^^^^^^^^^^^^^^^^^^^^^
[INFO] [stdout]    |  |
[INFO] [stdout]    |  `async` because of this
[INFO] [stdout]    |
[INFO] [stdout]    = note: `async` trait functions are not currently supported
[INFO] [stdout]    = note: consider using the `async-trait` crate: https://crates.io/crates/async-trait
[INFO] [stdout]    = note: see issue #91611 <https://github.com/rust-lang/rust/issues/91611> for more information
[INFO] [stdout] 
[INFO] [stdout] error: aborting due to 8 previous errors
[INFO] [stdout] 
[INFO] [stdout] Some errors have detailed explanations: E0405, E0412, E0433, E0706.
[INFO] [stdout] For more information about an error, try `rustc --explain E0405`.
[INFO] [stdout] Couldn't compile the test.
[INFO] [stdout] 
[INFO] [stdout] failures:
[INFO] [stdout]     src/lib.rs - (line 4)
[INFO] [stdout] 
[INFO] [stdout] test result: FAILED. 0 passed; 1 failed; 0 ignored; 0 measured; 0 filtered out; finished in 0.11s
[INFO] [stdout] 
[INFO] running `Command { std: "docker" "inspect" "0a2e5b1fd1eefcfcffac265425eef4efc1c5fce19c2f1cd641189e2c7effad8a", kill_on_drop: false }`
[INFO] running `Command { std: "docker" "rm" "-f" "0a2e5b1fd1eefcfcffac265425eef4efc1c5fce19c2f1cd641189e2c7effad8a", kill_on_drop: false }`
[INFO] [stdout] 0a2e5b1fd1eefcfcffac265425eef4efc1c5fce19c2f1cd641189e2c7effad8a
