[INFO] fetching crate ni-fpga 1.4.1...
[INFO] testing ni-fpga-1.4.1 against 1.69.0 for beta-1.70-1
[INFO] extracting crate ni-fpga 1.4.1 into /workspace/builds/worker-1-tc1/source
[INFO] validating manifest of crates.io crate ni-fpga 1.4.1 on toolchain 1.69.0
[INFO] running `Command { std: CARGO_HOME="/workspace/cargo-home" RUSTUP_HOME="/workspace/rustup-home" "/workspace/cargo-home/bin/cargo" "+1.69.0" "metadata" "--manifest-path" "Cargo.toml" "--no-deps", kill_on_drop: false }`
[INFO] started tweaking crates.io crate ni-fpga 1.4.1
[INFO] finished tweaking crates.io crate ni-fpga 1.4.1
[INFO] tweaked toml for crates.io crate ni-fpga 1.4.1 written to /workspace/builds/worker-1-tc1/source/Cargo.toml
[INFO] running `Command { std: CARGO_HOME="/workspace/cargo-home" RUSTUP_HOME="/workspace/rustup-home" __CARGO_TEST_CHANNEL_OVERRIDE_DO_NOT_USE_THIS="nightly" "/workspace/cargo-home/bin/cargo" "+1.69.0" "generate-lockfile" "--manifest-path" "Cargo.toml" "-Zno-index-update", kill_on_drop: false }`
[INFO] running `Command { std: CARGO_HOME="/workspace/cargo-home" RUSTUP_HOME="/workspace/rustup-home" "/workspace/cargo-home/bin/cargo" "+1.69.0" "fetch" "--manifest-path" "Cargo.toml", kill_on_drop: false }`
[INFO] [stderr]  Downloading crates ...
[INFO] [stderr]   Downloaded ni-fpga-sys v1.0.1
[INFO] running `Command { std: "docker" "create" "-v" "/var/lib/crater-agent-workspace/builds/worker-1-tc1/target:/opt/rustwide/target:rw,Z" "-v" "/var/lib/crater-agent-workspace/builds/worker-1-tc1/source:/opt/rustwide/workdir:ro,Z" "-v" "/var/lib/crater-agent-workspace/cargo-home:/opt/rustwide/cargo-home:ro,Z" "-v" "/var/lib/crater-agent-workspace/rustup-home:/opt/rustwide/rustup-home:ro,Z" "-e" "SOURCE_DIR=/opt/rustwide/workdir" "-e" "CARGO_TARGET_DIR=/opt/rustwide/target" "-e" "CARGO_HOME=/opt/rustwide/cargo-home" "-e" "RUSTUP_HOME=/opt/rustwide/rustup-home" "-w" "/opt/rustwide/workdir" "-m" "1610612736" "--user" "0:0" "--network" "none" "ghcr.io/rust-lang/crates-build-env/linux@sha256:5ff2268d62e97bff2cde7d5815dd6ed5b47097566f13b8d0ca110b04b60e07ed" "/opt/rustwide/cargo-home/bin/cargo" "+1.69.0" "metadata" "--no-deps" "--format-version=1", kill_on_drop: false }`
[INFO] [stdout] 23773420072c8cc60324e4154c413b85717f73c69a333f750de9a30179791502
[INFO] running `Command { std: "docker" "start" "-a" "23773420072c8cc60324e4154c413b85717f73c69a333f750de9a30179791502", kill_on_drop: false }`
[INFO] running `Command { std: "docker" "inspect" "23773420072c8cc60324e4154c413b85717f73c69a333f750de9a30179791502", kill_on_drop: false }`
[INFO] running `Command { std: "docker" "rm" "-f" "23773420072c8cc60324e4154c413b85717f73c69a333f750de9a30179791502", kill_on_drop: false }`
[INFO] [stdout] 23773420072c8cc60324e4154c413b85717f73c69a333f750de9a30179791502
[INFO] running `Command { std: "docker" "create" "-v" "/var/lib/crater-agent-workspace/builds/worker-1-tc1/target:/opt/rustwide/target:rw,Z" "-v" "/var/lib/crater-agent-workspace/builds/worker-1-tc1/source:/opt/rustwide/workdir:ro,Z" "-v" "/var/lib/crater-agent-workspace/cargo-home:/opt/rustwide/cargo-home:ro,Z" "-v" "/var/lib/crater-agent-workspace/rustup-home:/opt/rustwide/rustup-home:ro,Z" "-e" "SOURCE_DIR=/opt/rustwide/workdir" "-e" "CARGO_TARGET_DIR=/opt/rustwide/target" "-e" "CARGO_INCREMENTAL=0" "-e" "RUST_BACKTRACE=full" "-e" "RUSTFLAGS=--cap-lints=warn" "-e" "RUSTDOCFLAGS=--cap-lints=warn" "-e" "CARGO_HOME=/opt/rustwide/cargo-home" "-e" "RUSTUP_HOME=/opt/rustwide/rustup-home" "-w" "/opt/rustwide/workdir" "-m" "1610612736" "--user" "0:0" "--network" "none" "ghcr.io/rust-lang/crates-build-env/linux@sha256:5ff2268d62e97bff2cde7d5815dd6ed5b47097566f13b8d0ca110b04b60e07ed" "/opt/rustwide/cargo-home/bin/cargo" "+1.69.0" "build" "--frozen" "--message-format=json", kill_on_drop: false }`
[INFO] [stdout] f9026f5725d450ecfadb44cfc5fd33860413615234635f748f8375d56bbcb20f
[INFO] running `Command { std: "docker" "start" "-a" "f9026f5725d450ecfadb44cfc5fd33860413615234635f748f8375d56bbcb20f", kill_on_drop: false }`
[INFO] [stderr]    Compiling proc-macro2 v1.0.56
[INFO] [stderr]    Compiling ni-fpga-sys v1.0.1
[INFO] [stderr]    Compiling radium v0.3.0
[INFO] [stderr]    Compiling thiserror v1.0.40
[INFO] [stderr]    Compiling bitvec v0.17.4
[INFO] [stderr]    Compiling quote v1.0.26
[INFO] [stderr]    Compiling syn v2.0.15
[INFO] [stderr]    Compiling thiserror-impl v1.0.40
[INFO] [stderr]    Compiling ni-fpga v1.4.1 (/opt/rustwide/workdir)
[INFO] [stdout] error[E0557]: feature has been removed
[INFO] [stdout]  --> src/lib.rs:1:12
[INFO] [stdout]   |
[INFO] [stdout] 1 | #![feature(const_evaluatable_checked)]
[INFO] [stdout]   |            ^^^^^^^^^^^^^^^^^^^^^^^^^ feature has been removed
[INFO] [stdout]   |
[INFO] [stdout]   = note: renamed to `generic_const_exprs`
[INFO] [stdout] 
[INFO] [stdout] 
[INFO] [stdout] error[E0557]: feature has been removed
[INFO] [stdout]  --> src/lib.rs:2:12
[INFO] [stdout]   |
[INFO] [stdout] 2 | #![feature(const_generics)]
[INFO] [stdout]   |            ^^^^^^^^^^^^^^ feature has been removed
[INFO] [stdout]   |
[INFO] [stdout]   = note: removed in favor of `#![feature(adt_const_params)]` and `#![feature(generic_const_exprs)]`
[INFO] [stdout] 
[INFO] [stdout] 
[INFO] [stdout] error: generic parameters may not be used in const operations
[INFO] [stdout]   --> src/session.rs:35:15
[INFO] [stdout]    |
[INFO] [stdout] 35 |         [u8; (T::SIZE_IN_BITS - 1) / 8 + 1]: Sized,
[INFO] [stdout]    |               ^^^^^^^^^^^^^^^ cannot perform const operation using `T`
[INFO] [stdout]    |
[INFO] [stdout]    = note: type parameters may not be used in const expressions
[INFO] [stdout] 
[INFO] [stdout] 
[INFO] [stdout] error: generic parameters may not be used in const operations
[INFO] [stdout]   --> src/session.rs:40:43
[INFO] [stdout]    |
[INFO] [stdout] 40 |             std::mem::MaybeUninit::<[u8; (T::SIZE_IN_BITS - 1) / 8 + 1]>::uninit().assume_init()
[INFO] [stdout]    |                                           ^^^^^^^^^^^^^^^ cannot perform const operation using `T`
[INFO] [stdout]    |
[INFO] [stdout]    = note: type parameters may not be used in const expressions
[INFO] [stdout] 
[INFO] [stdout] 
[INFO] [stdout] error: generic parameters may not be used in const operations
[INFO] [stdout]   --> src/session.rs:60:15
[INFO] [stdout]    |
[INFO] [stdout] 60 |         [u8; (T::SIZE_IN_BITS - 1) / 8 + 1]: Sized,
[INFO] [stdout]    |               ^^^^^^^^^^^^^^^ cannot perform const operation using `T`
[INFO] [stdout]    |
[INFO] [stdout]    = note: type parameters may not be used in const expressions
[INFO] [stdout] 
[INFO] [stdout] 
[INFO] [stdout] error: generic parameters may not be used in const operations
[INFO] [stdout]   --> src/session.rs:63:43
[INFO] [stdout]    |
[INFO] [stdout] 63 |             std::mem::MaybeUninit::<[u8; (T::SIZE_IN_BITS - 1) / 8 + 1]>::uninit().assume_init()
[INFO] [stdout]    |                                           ^^^^^^^^^^^^^^^ cannot perform const operation using `T`
[INFO] [stdout]    |
[INFO] [stdout]    = note: type parameters may not be used in const expressions
[INFO] [stdout] 
[INFO] [stdout] 
[INFO] [stdout] error[E0554]: `#![feature]` may not be used on the stable release channel
[INFO] [stdout]  --> src/lib.rs:3:12
[INFO] [stdout]   |
[INFO] [stdout] 3 | #![feature(maybe_uninit_uninit_array)]
[INFO] [stdout]   |            ^^^^^^^^^^^^^^^^^^^^^^^^^
[INFO] [stdout] 
[INFO] [stdout] 
[INFO] [stdout] error: aborting due to 7 previous errors
[INFO] [stdout] 
[INFO] [stdout] 
[INFO] [stdout] Some errors have detailed explanations: E0554, E0557.
[INFO] [stdout] 
[INFO] [stdout] For more information about an error, try `rustc --explain E0554`.
[INFO] [stdout] 
[INFO] [stderr] error: could not compile `ni-fpga` due to 8 previous errors
[INFO] running `Command { std: "docker" "inspect" "f9026f5725d450ecfadb44cfc5fd33860413615234635f748f8375d56bbcb20f", kill_on_drop: false }`
[INFO] running `Command { std: "docker" "rm" "-f" "f9026f5725d450ecfadb44cfc5fd33860413615234635f748f8375d56bbcb20f", kill_on_drop: false }`
[INFO] [stdout] f9026f5725d450ecfadb44cfc5fd33860413615234635f748f8375d56bbcb20f
