[INFO] fetching crate newport_graphics 0.2.0...
[INFO] testing newport_graphics-0.2.0 against 1.69.0 for beta-1.70-1
[INFO] extracting crate newport_graphics 0.2.0 into /workspace/builds/worker-0-tc1/source
[INFO] validating manifest of crates.io crate newport_graphics 0.2.0 on toolchain 1.69.0
[INFO] running `Command { std: CARGO_HOME="/workspace/cargo-home" RUSTUP_HOME="/workspace/rustup-home" "/workspace/cargo-home/bin/cargo" "+1.69.0" "metadata" "--manifest-path" "Cargo.toml" "--no-deps", kill_on_drop: false }`
[INFO] started tweaking crates.io crate newport_graphics 0.2.0
[INFO] finished tweaking crates.io crate newport_graphics 0.2.0
[INFO] tweaked toml for crates.io crate newport_graphics 0.2.0 written to /workspace/builds/worker-0-tc1/source/Cargo.toml
[INFO] running `Command { std: CARGO_HOME="/workspace/cargo-home" RUSTUP_HOME="/workspace/rustup-home" __CARGO_TEST_CHANNEL_OVERRIDE_DO_NOT_USE_THIS="nightly" "/workspace/cargo-home/bin/cargo" "+1.69.0" "generate-lockfile" "--manifest-path" "Cargo.toml" "-Zno-index-update", kill_on_drop: false }`
[INFO] running `Command { std: CARGO_HOME="/workspace/cargo-home" RUSTUP_HOME="/workspace/rustup-home" "/workspace/cargo-home/bin/cargo" "+1.69.0" "fetch" "--manifest-path" "Cargo.toml", kill_on_drop: false }`
[INFO] [stderr]  Downloading crates ...
[INFO] [stderr]   Downloaded newport_log v0.2.0
[INFO] [stderr]   Downloaded stb_image v0.2.5
[INFO] [stderr]   Downloaded gltf-derive v0.16.0
[INFO] [stderr]   Downloaded newport_math v0.2.0
[INFO] [stderr]   Downloaded newport_cache v0.2.0
[INFO] [stderr]   Downloaded newport_os v0.2.0
[INFO] [stderr]   Downloaded newport_engine v0.2.0
[INFO] [stderr]   Downloaded newport_serde v0.2.0
[INFO] [stderr]   Downloaded gltf v0.16.0
[INFO] [stderr]   Downloaded newport_asset v0.2.0
[INFO] [stderr]   Downloaded gltf-json v0.16.0
[INFO] [stderr]   Downloaded hassle-rs v0.5.4
[INFO] [stderr]   Downloaded ron v0.6.6
[INFO] [stderr]   Downloaded freetype-rs v0.27.0
[INFO] [stderr]   Downloaded freetype-sys v0.14.0
[INFO] [stderr]   Downloaded newport_gpu v0.2.0
[INFO] running `Command { std: "docker" "create" "-v" "/var/lib/crater-agent-workspace/builds/worker-0-tc1/target:/opt/rustwide/target:rw,Z" "-v" "/var/lib/crater-agent-workspace/builds/worker-0-tc1/source:/opt/rustwide/workdir:ro,Z" "-v" "/var/lib/crater-agent-workspace/cargo-home:/opt/rustwide/cargo-home:ro,Z" "-v" "/var/lib/crater-agent-workspace/rustup-home:/opt/rustwide/rustup-home:ro,Z" "-e" "SOURCE_DIR=/opt/rustwide/workdir" "-e" "CARGO_TARGET_DIR=/opt/rustwide/target" "-e" "CARGO_HOME=/opt/rustwide/cargo-home" "-e" "RUSTUP_HOME=/opt/rustwide/rustup-home" "-w" "/opt/rustwide/workdir" "-m" "1610612736" "--user" "0:0" "--network" "none" "ghcr.io/rust-lang/crates-build-env/linux@sha256:5ff2268d62e97bff2cde7d5815dd6ed5b47097566f13b8d0ca110b04b60e07ed" "/opt/rustwide/cargo-home/bin/cargo" "+1.69.0" "metadata" "--no-deps" "--format-version=1", kill_on_drop: false }`
[INFO] [stdout] bb45e38a3797169e297025e3fc1c897701a9c80f2b713b89307b8ec39dc4578e
[INFO] running `Command { std: "docker" "start" "-a" "bb45e38a3797169e297025e3fc1c897701a9c80f2b713b89307b8ec39dc4578e", kill_on_drop: false }`
[INFO] running `Command { std: "docker" "inspect" "bb45e38a3797169e297025e3fc1c897701a9c80f2b713b89307b8ec39dc4578e", kill_on_drop: false }`
[INFO] running `Command { std: "docker" "rm" "-f" "bb45e38a3797169e297025e3fc1c897701a9c80f2b713b89307b8ec39dc4578e", kill_on_drop: false }`
[INFO] [stdout] bb45e38a3797169e297025e3fc1c897701a9c80f2b713b89307b8ec39dc4578e
[INFO] running `Command { std: "docker" "create" "-v" "/var/lib/crater-agent-workspace/builds/worker-0-tc1/target:/opt/rustwide/target:rw,Z" "-v" "/var/lib/crater-agent-workspace/builds/worker-0-tc1/source:/opt/rustwide/workdir:ro,Z" "-v" "/var/lib/crater-agent-workspace/cargo-home:/opt/rustwide/cargo-home:ro,Z" "-v" "/var/lib/crater-agent-workspace/rustup-home:/opt/rustwide/rustup-home:ro,Z" "-e" "SOURCE_DIR=/opt/rustwide/workdir" "-e" "CARGO_TARGET_DIR=/opt/rustwide/target" "-e" "CARGO_INCREMENTAL=0" "-e" "RUST_BACKTRACE=full" "-e" "RUSTFLAGS=--cap-lints=warn" "-e" "RUSTDOCFLAGS=--cap-lints=warn" "-e" "CARGO_HOME=/opt/rustwide/cargo-home" "-e" "RUSTUP_HOME=/opt/rustwide/rustup-home" "-w" "/opt/rustwide/workdir" "-m" "1610612736" "--user" "0:0" "--network" "none" "ghcr.io/rust-lang/crates-build-env/linux@sha256:5ff2268d62e97bff2cde7d5815dd6ed5b47097566f13b8d0ca110b04b60e07ed" "/opt/rustwide/cargo-home/bin/cargo" "+1.69.0" "build" "--frozen" "--message-format=json", kill_on_drop: false }`
[INFO] [stdout] a1a0c741ffa532b17381e40a2ad6f9cc02f62cbd4a7384e57a2420a1a7c1acc7
[INFO] running `Command { std: "docker" "start" "-a" "a1a0c741ffa532b17381e40a2ad6f9cc02f62cbd4a7384e57a2420a1a7c1acc7", kill_on_drop: false }`
[INFO] [stderr]    Compiling proc-macro2 v1.0.56
[INFO] [stderr]    Compiling quote v1.0.26
[INFO] [stderr]    Compiling unicode-ident v1.0.8
[INFO] [stderr]    Compiling serde_derive v1.0.160
[INFO] [stderr]    Compiling serde v1.0.160
[INFO] [stderr]    Compiling autocfg v1.1.0
[INFO] [stderr]    Compiling bitflags v1.3.2
[INFO] [stderr]    Compiling cfg-if v1.0.0
[INFO] [stderr]    Compiling cc v1.0.79
[INFO] [stderr]    Compiling lazy_static v1.4.0
[INFO] [stderr]    Compiling libc v0.2.142
[INFO] [stderr]    Compiling crc32fast v1.3.2
[INFO] [stderr]    Compiling base64 v0.13.1
[INFO] [stderr]    Compiling adler32 v1.2.0
[INFO] [stderr]    Compiling num-traits v0.2.15
[INFO] [stderr]    Compiling num-integer v0.1.45
[INFO] [stderr]    Compiling syn v1.0.109
[INFO] [stderr]    Compiling cmake v0.1.50
[INFO] [stderr]    Compiling num-iter v0.1.43
[INFO] [stderr]    Compiling syn v2.0.15
[INFO] [stderr]    Compiling num-rational v0.3.2
[INFO] [stderr]    Compiling pkg-config v0.3.26
[INFO] [stderr]    Compiling byteorder v1.4.3
[INFO] [stderr]    Compiling com-rs v0.2.1
[INFO] [stderr]    Compiling thiserror v1.0.40
[INFO] [stderr]    Compiling serde_json v1.0.96
[INFO] [stderr]    Compiling deflate v0.8.6
[INFO] [stderr]    Compiling freetype-sys v0.14.0
[INFO] [stderr]    Compiling miniz_oxide v0.3.7
[INFO] [stderr]    Compiling libloading v0.7.4
[INFO] [stderr]    Compiling inflections v1.1.1
[INFO] [stderr]    Compiling itoa v1.0.6
[INFO] [stderr]    Compiling ryu v1.0.13
[INFO] [stderr]    Compiling stb_image v0.2.5
[INFO] [stderr]    Compiling newport_gpu v0.2.0
[INFO] [stderr]    Compiling png v0.16.8
[INFO] [stderr]    Compiling color_quant v1.1.0
[INFO] [stderr]    Compiling jpeg-decoder v0.1.22
[INFO] [stderr]    Compiling widestring v0.5.1
[INFO] [stderr]    Compiling bytemuck v1.13.1
[INFO] [stderr]    Compiling image v0.23.14
[INFO] [stderr]    Compiling ash v0.32.1
[INFO] [stderr]    Compiling base64 v0.12.3
[INFO] [stderr]    Compiling freetype-rs v0.27.0
[INFO] [stderr]    Compiling thiserror-impl v1.0.40
[INFO] [stderr]    Compiling gltf-derive v0.16.0
[INFO] [stderr]    Compiling hassle-rs v0.5.4
[INFO] [stderr]    Compiling newport_math v0.2.0
[INFO] [stderr]    Compiling ron v0.6.6
[INFO] [stderr]    Compiling bincode v1.3.3
[INFO] [stdout] error[E0554]: `#![feature]` may not be used on the stable release channel
[INFO] [stdout]  --> /opt/rustwide/cargo-home/registry/src/github.com-1ecc6299db9ec823/newport_math-0.2.0/src/lib.rs:1:1
[INFO] [stdout]   |
[INFO] [stdout] 1 | #![feature(const_fn_floating_point_arithmetic)]
[INFO] [stdout]   | ^^^^^^^^^^^^^^^^^^^^^^^^^^^^^^^^^^^^^^^^^^^^^^^
[INFO] [stdout] 
[INFO] [stdout] 
[INFO] [stdout] error[E0554]: `#![feature]` may not be used on the stable release channel
[INFO] [stdout]  --> /opt/rustwide/cargo-home/registry/src/github.com-1ecc6299db9ec823/newport_math-0.2.0/src/lib.rs:2:1
[INFO] [stdout]   |
[INFO] [stdout] 2 | #![feature(const_float_classify)]
[INFO] [stdout]   | ^^^^^^^^^^^^^^^^^^^^^^^^^^^^^^^^^
[INFO] [stdout] 
[INFO] [stdout] 
[INFO] [stdout] error[E0554]: `#![feature]` may not be used on the stable release channel
[INFO] [stdout]  --> /opt/rustwide/cargo-home/registry/src/github.com-1ecc6299db9ec823/newport_math-0.2.0/src/lib.rs:2:12
[INFO] [stdout]   |
[INFO] [stdout] 2 | #![feature(const_float_classify)]
[INFO] [stdout]   |            ^^^^^^^^^^^^^^^^^^^^
[INFO] [stdout] 
[INFO] [stdout] 
[INFO] [stdout] error: aborting due to 3 previous errors
[INFO] [stdout] 
[INFO] [stdout] 
[INFO] [stdout] For more information about this error, try `rustc --explain E0554`.
[INFO] [stdout] 
[INFO] [stderr] error: could not compile `newport_math` due to 4 previous errors
[INFO] [stderr] warning: build failed, waiting for other jobs to finish...
[INFO] running `Command { std: "docker" "inspect" "a1a0c741ffa532b17381e40a2ad6f9cc02f62cbd4a7384e57a2420a1a7c1acc7", kill_on_drop: false }`
[INFO] running `Command { std: "docker" "rm" "-f" "a1a0c741ffa532b17381e40a2ad6f9cc02f62cbd4a7384e57a2420a1a7c1acc7", kill_on_drop: false }`
[INFO] [stdout] a1a0c741ffa532b17381e40a2ad6f9cc02f62cbd4a7384e57a2420a1a7c1acc7
