[INFO] fetching crate networkit-rs 0.1.0...
[INFO] testing networkit-rs-0.1.0 against 1.69.0 for beta-1.70-1
[INFO] extracting crate networkit-rs 0.1.0 into /workspace/builds/worker-0-tc1/source
[INFO] validating manifest of crates.io crate networkit-rs 0.1.0 on toolchain 1.69.0
[INFO] running `Command { std: CARGO_HOME="/workspace/cargo-home" RUSTUP_HOME="/workspace/rustup-home" "/workspace/cargo-home/bin/cargo" "+1.69.0" "metadata" "--manifest-path" "Cargo.toml" "--no-deps", kill_on_drop: false }`
[INFO] started tweaking crates.io crate networkit-rs 0.1.0
[INFO] finished tweaking crates.io crate networkit-rs 0.1.0
[INFO] tweaked toml for crates.io crate networkit-rs 0.1.0 written to /workspace/builds/worker-0-tc1/source/Cargo.toml
[INFO] running `Command { std: CARGO_HOME="/workspace/cargo-home" RUSTUP_HOME="/workspace/rustup-home" __CARGO_TEST_CHANNEL_OVERRIDE_DO_NOT_USE_THIS="nightly" "/workspace/cargo-home/bin/cargo" "+1.69.0" "generate-lockfile" "--manifest-path" "Cargo.toml" "-Zno-index-update", kill_on_drop: false }`
[INFO] running `Command { std: CARGO_HOME="/workspace/cargo-home" RUSTUP_HOME="/workspace/rustup-home" "/workspace/cargo-home/bin/cargo" "+1.69.0" "fetch" "--manifest-path" "Cargo.toml", kill_on_drop: false }`
[INFO] [stderr]  Downloading crates ...
[INFO] [stderr]   Downloaded openmp-sys v1.2.3
[INFO] running `Command { std: "docker" "create" "-v" "/var/lib/crater-agent-workspace/builds/worker-0-tc1/target:/opt/rustwide/target:rw,Z" "-v" "/var/lib/crater-agent-workspace/builds/worker-0-tc1/source:/opt/rustwide/workdir:ro,Z" "-v" "/var/lib/crater-agent-workspace/cargo-home:/opt/rustwide/cargo-home:ro,Z" "-v" "/var/lib/crater-agent-workspace/rustup-home:/opt/rustwide/rustup-home:ro,Z" "-e" "SOURCE_DIR=/opt/rustwide/workdir" "-e" "CARGO_TARGET_DIR=/opt/rustwide/target" "-e" "CARGO_HOME=/opt/rustwide/cargo-home" "-e" "RUSTUP_HOME=/opt/rustwide/rustup-home" "-w" "/opt/rustwide/workdir" "-m" "1610612736" "--user" "0:0" "--network" "none" "ghcr.io/rust-lang/crates-build-env/linux@sha256:5ff2268d62e97bff2cde7d5815dd6ed5b47097566f13b8d0ca110b04b60e07ed" "/opt/rustwide/cargo-home/bin/cargo" "+1.69.0" "metadata" "--no-deps" "--format-version=1", kill_on_drop: false }`
[INFO] [stdout] 918a2aae66bdbf958c798a863864302ed6b802226e01c01ece9313cceaa3a74c
[INFO] running `Command { std: "docker" "start" "-a" "918a2aae66bdbf958c798a863864302ed6b802226e01c01ece9313cceaa3a74c", kill_on_drop: false }`
[INFO] running `Command { std: "docker" "inspect" "918a2aae66bdbf958c798a863864302ed6b802226e01c01ece9313cceaa3a74c", kill_on_drop: false }`
[INFO] running `Command { std: "docker" "rm" "-f" "918a2aae66bdbf958c798a863864302ed6b802226e01c01ece9313cceaa3a74c", kill_on_drop: false }`
[INFO] [stdout] 918a2aae66bdbf958c798a863864302ed6b802226e01c01ece9313cceaa3a74c
[INFO] running `Command { std: "docker" "create" "-v" "/var/lib/crater-agent-workspace/builds/worker-0-tc1/target:/opt/rustwide/target:rw,Z" "-v" "/var/lib/crater-agent-workspace/builds/worker-0-tc1/source:/opt/rustwide/workdir:ro,Z" "-v" "/var/lib/crater-agent-workspace/cargo-home:/opt/rustwide/cargo-home:ro,Z" "-v" "/var/lib/crater-agent-workspace/rustup-home:/opt/rustwide/rustup-home:ro,Z" "-e" "SOURCE_DIR=/opt/rustwide/workdir" "-e" "CARGO_TARGET_DIR=/opt/rustwide/target" "-e" "CARGO_INCREMENTAL=0" "-e" "RUST_BACKTRACE=full" "-e" "RUSTFLAGS=--cap-lints=warn" "-e" "RUSTDOCFLAGS=--cap-lints=warn" "-e" "CARGO_HOME=/opt/rustwide/cargo-home" "-e" "RUSTUP_HOME=/opt/rustwide/rustup-home" "-w" "/opt/rustwide/workdir" "-m" "1610612736" "--user" "0:0" "--network" "none" "ghcr.io/rust-lang/crates-build-env/linux@sha256:5ff2268d62e97bff2cde7d5815dd6ed5b47097566f13b8d0ca110b04b60e07ed" "/opt/rustwide/cargo-home/bin/cargo" "+1.69.0" "build" "--frozen" "--message-format=json", kill_on_drop: false }`
[INFO] [stdout] 7e83831803646b6c2656bd93e9489e2f639108d92707fbdac8052076eb43d4c1
[INFO] running `Command { std: "docker" "start" "-a" "7e83831803646b6c2656bd93e9489e2f639108d92707fbdac8052076eb43d4c1", kill_on_drop: false }`
[INFO] [stderr]    Compiling libc v0.2.142
[INFO] [stderr]    Compiling proc-macro2 v1.0.56
[INFO] [stderr]    Compiling io-lifetimes v1.0.10
[INFO] [stderr]    Compiling rustix v0.37.18
[INFO] [stderr]    Compiling linux-raw-sys v0.3.6
[INFO] [stderr]    Compiling regex-syntax v0.7.1
[INFO] [stderr]    Compiling gimli v0.27.2
[INFO] [stderr]    Compiling ahash v0.7.6
[INFO] [stderr]    Compiling backtrace v0.3.67
[INFO] [stderr]    Compiling adler v1.0.2
[INFO] [stderr]    Compiling thiserror v1.0.40
[INFO] [stderr]    Compiling link-cplusplus v1.0.8
[INFO] [stderr]    Compiling scratch v1.0.5
[INFO] [stderr]    Compiling rustc-demangle v0.1.23
[INFO] [stderr]    Compiling termcolor v1.2.0
[INFO] [stderr]    Compiling aho-corasick v1.0.1
[INFO] [stderr]    Compiling miniz_oxide v0.6.2
[INFO] [stderr]    Compiling object v0.30.3
[INFO] [stderr]    Compiling cxxbridge-flags v1.0.94
[INFO] [stderr]    Compiling is_ci v1.1.1
[INFO] [stderr]    Compiling smawk v0.3.1
[INFO] [stderr]    Compiling codespan-reporting v0.11.1
[INFO] [stderr]    Compiling openmp-sys v1.2.3
[INFO] [stderr]    Compiling cxx v1.0.94
[INFO] [stderr]    Compiling owo-colors v3.5.0
[INFO] [stderr]    Compiling quote v1.0.26
[INFO] [stderr]    Compiling syn v2.0.15
[INFO] [stderr]    Compiling getrandom v0.2.9
[INFO] [stderr]    Compiling terminal_size v0.1.17
[INFO] [stderr]    Compiling regex v1.8.1
[INFO] [stderr]    Compiling hashbrown v0.12.3
[INFO] [stderr]    Compiling addr2line v0.19.0
[INFO] [stderr]    Compiling is-terminal v0.4.7
[INFO] [stderr]    Compiling supports-hyperlinks v2.1.0
[INFO] [stderr]    Compiling supports-unicode v2.0.0
[INFO] [stderr]    Compiling supports-color v2.0.0
[INFO] [stderr]    Compiling cxx-build v1.0.94
[INFO] [stderr]    Compiling unicode-linebreak v0.1.4
[INFO] [stderr]    Compiling backtrace-ext v0.2.1
[INFO] [stderr]    Compiling thiserror-impl v1.0.40
[INFO] [stderr]    Compiling miette-derive v5.8.0
[INFO] [stderr]    Compiling cxxbridge-macro v1.0.94
[INFO] [stderr]    Compiling miette v5.8.0
[INFO] [stderr]    Compiling textwrap v0.15.2
[INFO] [stderr]    Compiling networkit-rs v0.1.0 (/opt/rustwide/workdir)
[INFO] [stderr] error: failed to run custom build command for `networkit-rs v0.1.0 (/opt/rustwide/workdir)`
[INFO] [stderr] note: To improve backtraces for build dependencies, set the CARGO_PROFILE_DEV_BUILD_OVERRIDE_DEBUG=true environment variable to enable debug information generation.
[INFO] [stderr] 
[INFO] [stderr] Caused by:
[INFO] [stderr]   process didn't exit successfully: `/opt/rustwide/target/debug/build/networkit-rs-6c6ef2d7bc17d0ff/build-script-build` (exit status: 101)
[INFO] [stderr]   --- stdout
[INFO] [stderr]   cargo:CXXBRIDGE_PREFIX=networkit-rs
[INFO] [stderr]   cargo:CXXBRIDGE_DIR0=/opt/rustwide/target/debug/build/networkit-rs-db231ae255b5f4f4/out/cxxbridge/include
[INFO] [stderr]   cargo:CXXBRIDGE_DIR1=/opt/rustwide/target/debug/build/networkit-rs-db231ae255b5f4f4/out/cxxbridge/crate
[INFO] [stderr]   cargo:rerun-if-changed=src/bridge.rs
[INFO] [stderr]   cargo:rerun-if-changed=bridge/bridge.h
[INFO] [stderr]   cargo:rerun-if-changed=bridge/graph.h
[INFO] [stderr]   cargo:rerun-if-changed=bridge/community.h
[INFO] [stderr]   cargo:rerun-if-changed=bridge/scd.h
[INFO] [stderr]   cargo:rerun-if-changed=bridge/coarsening.h
[INFO] [stderr]   cargo:rerun-if-changed=bridge/clique.h
[INFO] [stderr]   cargo:rerun-if-changed=bridge/centrality.h
[INFO] [stderr]   cargo:rerun-if-changed=bridge/component.h
[INFO] [stderr]   cargo:rerun-if-changed=bridge/correlation.h
[INFO] [stderr]   cargo:rerun-if-changed=bridge/distance.h
[INFO] [stderr]   cargo:rerun-if-changed=bridge/misc.h
[INFO] [stderr]   cargo:rerun-if-changed=bridge/generators.h
[INFO] [stderr]   cargo:rerun-if-changed=bridge/sparsification.h
[INFO] [stderr]   cargo:rustc-link-search=native=/opt/homebrew/opt/libomp/lib
[INFO] [stderr]   cargo:rustc-link-search=native=/usr/local/opt/libomp/lib
[INFO] [stderr]   TARGET = Some("x86_64-unknown-linux-gnu")
[INFO] [stderr]   OPT_LEVEL = Some("0")
[INFO] [stderr]   HOST = Some("x86_64-unknown-linux-gnu")
[INFO] [stderr]   cargo:rerun-if-env-changed=CXX_x86_64-unknown-linux-gnu
[INFO] [stderr]   CXX_x86_64-unknown-linux-gnu = None
[INFO] [stderr]   cargo:rerun-if-env-changed=CXX_x86_64_unknown_linux_gnu
[INFO] [stderr]   CXX_x86_64_unknown_linux_gnu = None
[INFO] [stderr]   cargo:rerun-if-env-changed=HOST_CXX
[INFO] [stderr]   HOST_CXX = None
[INFO] [stderr]   cargo:rerun-if-env-changed=CXX
[INFO] [stderr]   CXX = None
[INFO] [stderr]   cargo:rerun-if-env-changed=CXXFLAGS_x86_64-unknown-linux-gnu
[INFO] [stderr]   CXXFLAGS_x86_64-unknown-linux-gnu = None
[INFO] [stderr]   cargo:rerun-if-env-changed=CXXFLAGS_x86_64_unknown_linux_gnu
[INFO] [stderr]   CXXFLAGS_x86_64_unknown_linux_gnu = None
[INFO] [stderr]   cargo:rerun-if-env-changed=HOST_CXXFLAGS
[INFO] [stderr]   HOST_CXXFLAGS = None
[INFO] [stderr]   cargo:rerun-if-env-changed=CXXFLAGS
[INFO] [stderr]   CXXFLAGS = None
[INFO] [stderr]   cargo:rerun-if-env-changed=CRATE_CC_NO_DEFAULTS
[INFO] [stderr]   CRATE_CC_NO_DEFAULTS = None
[INFO] [stderr]   DEBUG = Some("true")
[INFO] [stderr]   CARGO_CFG_TARGET_FEATURE = Some("fxsr,sse,sse2")
[INFO] [stderr]   cargo:rerun-if-env-changed=CXX_x86_64-unknown-linux-gnu
[INFO] [stderr]   CXX_x86_64-unknown-linux-gnu = None
[INFO] [stderr]   cargo:rerun-if-env-changed=CXX_x86_64_unknown_linux_gnu
[INFO] [stderr]   CXX_x86_64_unknown_linux_gnu = None
[INFO] [stderr]   cargo:rerun-if-env-changed=HOST_CXX
[INFO] [stderr]   HOST_CXX = None
[INFO] [stderr]   cargo:rerun-if-env-changed=CXX
[INFO] [stderr]   CXX = None
[INFO] [stderr]   cargo:rerun-if-env-changed=CXXFLAGS_x86_64-unknown-linux-gnu
[INFO] [stderr]   CXXFLAGS_x86_64-unknown-linux-gnu = None
[INFO] [stderr]   cargo:rerun-if-env-changed=CXXFLAGS_x86_64_unknown_linux_gnu
[INFO] [stderr]   CXXFLAGS_x86_64_unknown_linux_gnu = None
[INFO] [stderr]   cargo:rerun-if-env-changed=HOST_CXXFLAGS
[INFO] [stderr]   HOST_CXXFLAGS = None
[INFO] [stderr]   cargo:rerun-if-env-changed=CXXFLAGS
[INFO] [stderr]   CXXFLAGS = None
[INFO] [stderr]   cargo:rerun-if-env-changed=CRATE_CC_NO_DEFAULTS
[INFO] [stderr]   CRATE_CC_NO_DEFAULTS = None
[INFO] [stderr]   CARGO_CFG_TARGET_FEATURE = Some("fxsr,sse,sse2")
[INFO] [stderr]   cargo:rerun-if-env-changed=CXX_x86_64-unknown-linux-gnu
[INFO] [stderr]   CXX_x86_64-unknown-linux-gnu = None
[INFO] [stderr]   cargo:rerun-if-env-changed=CXX_x86_64_unknown_linux_gnu
[INFO] [stderr]   CXX_x86_64_unknown_linux_gnu = None
[INFO] [stderr]   cargo:rerun-if-env-changed=HOST_CXX
[INFO] [stderr]   HOST_CXX = None
[INFO] [stderr]   cargo:rerun-if-env-changed=CXX
[INFO] [stderr]   CXX = None
[INFO] [stderr]   cargo:rerun-if-env-changed=CXXFLAGS_x86_64-unknown-linux-gnu
[INFO] [stderr]   CXXFLAGS_x86_64-unknown-linux-gnu = None
[INFO] [stderr]   cargo:rerun-if-env-changed=CXXFLAGS_x86_64_unknown_linux_gnu
[INFO] [stderr]   CXXFLAGS_x86_64_unknown_linux_gnu = None
[INFO] [stderr]   cargo:rerun-if-env-changed=HOST_CXXFLAGS
[INFO] [stderr]   HOST_CXXFLAGS = None
[INFO] [stderr]   cargo:rerun-if-env-changed=CXXFLAGS
[INFO] [stderr]   CXXFLAGS = None
[INFO] [stderr]   cargo:rerun-if-env-changed=CRATE_CC_NO_DEFAULTS
[INFO] [stderr]   CRATE_CC_NO_DEFAULTS = None
[INFO] [stderr]   CARGO_CFG_TARGET_FEATURE = Some("fxsr,sse,sse2")
[INFO] [stderr]   running: "c++" "-O0" "-ffunction-sections" "-fdata-sections" "-fPIC" "-gdwarf-4" "-fno-omit-frame-pointer" "-m64" "-I" "/opt/rustwide/target/debug/build/networkit-rs-db231ae255b5f4f4/out/cxxbridge/include" "-I" "/opt/rustwide/target/debug/build/networkit-rs-db231ae255b5f4f4/out/cxxbridge/crate" "-I" "networkit/extlibs/ttmath" "-I" "networkit/include" "-I" "networkit/extlibs/tlx" "-I" "bridge" "-I" "/opt/homebrew/opt/libomp/include" "-I" "/usr/local/opt/libomp/include" "-Wall" "-Wextra" "-std=c++17" "-fopenmp" "-Wno-deprecated-declarations" "-o" "/opt/rustwide/target/debug/build/networkit-rs-db231ae255b5f4f4/out/ba1b62cb771e6e60-bridge.rs.o" "-c" "/opt/rustwide/target/debug/build/networkit-rs-db231ae255b5f4f4/out/cxxbridge/sources/networkit-rs/src/bridge.rs.cc"
[INFO] [stderr]   exit status: 0
[INFO] [stderr]   running: "c++" "-O0" "-ffunction-sections" "-fdata-sections" "-fPIC" "-gdwarf-4" "-fno-omit-frame-pointer" "-m64" "-I" "/opt/rustwide/target/debug/build/networkit-rs-db231ae255b5f4f4/out/cxxbridge/include" "-I" "/opt/rustwide/target/debug/build/networkit-rs-db231ae255b5f4f4/out/cxxbridge/crate" "-I" "networkit/extlibs/ttmath" "-I" "networkit/include" "-I" "networkit/extlibs/tlx" "-I" "bridge" "-I" "/opt/homebrew/opt/libomp/include" "-I" "/usr/local/opt/libomp/include" "-Wall" "-Wextra" "-std=c++17" "-fopenmp" "-Wno-deprecated-declarations" "-o" "/opt/rustwide/target/debug/build/networkit-rs-db231ae255b5f4f4/out/bridge/bridge.o" "-c" "bridge/bridge.cpp"
[INFO] [stderr]   exit status: 0
[INFO] [stderr]   cargo:rerun-if-env-changed=AR_x86_64-unknown-linux-gnu
[INFO] [stderr]   AR_x86_64-unknown-linux-gnu = None
[INFO] [stderr]   cargo:rerun-if-env-changed=AR_x86_64_unknown_linux_gnu
[INFO] [stderr]   AR_x86_64_unknown_linux_gnu = None
[INFO] [stderr]   cargo:rerun-if-env-changed=HOST_AR
[INFO] [stderr]   HOST_AR = None
[INFO] [stderr]   cargo:rerun-if-env-changed=AR
[INFO] [stderr]   AR = None
[INFO] [stderr]   cargo:rerun-if-env-changed=ARFLAGS_x86_64-unknown-linux-gnu
[INFO] [stderr]   ARFLAGS_x86_64-unknown-linux-gnu = None
[INFO] [stderr]   cargo:rerun-if-env-changed=ARFLAGS_x86_64_unknown_linux_gnu
[INFO] [stderr]   ARFLAGS_x86_64_unknown_linux_gnu = None
[INFO] [stderr]   cargo:rerun-if-env-changed=HOST_ARFLAGS
[INFO] [stderr]   HOST_ARFLAGS = None
[INFO] [stderr]   cargo:rerun-if-env-changed=ARFLAGS
[INFO] [stderr]   ARFLAGS = None
[INFO] [stderr]   running: ZERO_AR_DATE="1" "ar" "cq" "/opt/rustwide/target/debug/build/networkit-rs-db231ae255b5f4f4/out/libnetworkit-rs.a" "/opt/rustwide/target/debug/build/networkit-rs-db231ae255b5f4f4/out/ba1b62cb771e6e60-bridge.rs.o" "/opt/rustwide/target/debug/build/networkit-rs-db231ae255b5f4f4/out/bridge/bridge.o"
[INFO] [stderr]   exit status: 0
[INFO] [stderr]   running: "ar" "s" "/opt/rustwide/target/debug/build/networkit-rs-db231ae255b5f4f4/out/libnetworkit-rs.a"
[INFO] [stderr]   exit status: 0
[INFO] [stderr]   cargo:rustc-link-lib=static=networkit-rs
[INFO] [stderr]   cargo:rustc-link-search=native=/opt/rustwide/target/debug/build/networkit-rs-db231ae255b5f4f4/out
[INFO] [stderr]   CMAKE_TOOLCHAIN_FILE_x86_64-unknown-linux-gnu = None
[INFO] [stderr]   CMAKE_TOOLCHAIN_FILE_x86_64_unknown_linux_gnu = None
[INFO] [stderr]   HOST_CMAKE_TOOLCHAIN_FILE = None
[INFO] [stderr]   CMAKE_TOOLCHAIN_FILE = None
[INFO] [stderr]   CMAKE_GENERATOR_x86_64-unknown-linux-gnu = None
[INFO] [stderr]   CMAKE_GENERATOR_x86_64_unknown_linux_gnu = None
[INFO] [stderr]   HOST_CMAKE_GENERATOR = None
[INFO] [stderr]   CMAKE_GENERATOR = None
[INFO] [stderr]   CMAKE_PREFIX_PATH_x86_64-unknown-linux-gnu = None
[INFO] [stderr]   CMAKE_PREFIX_PATH_x86_64_unknown_linux_gnu = None
[INFO] [stderr]   HOST_CMAKE_PREFIX_PATH = None
[INFO] [stderr]   CMAKE_PREFIX_PATH = None
[INFO] [stderr]   CMAKE_x86_64-unknown-linux-gnu = None
[INFO] [stderr]   CMAKE_x86_64_unknown_linux_gnu = None
[INFO] [stderr]   HOST_CMAKE = None
[INFO] [stderr]   CMAKE = None
[INFO] [stderr]   running: cd "/opt/rustwide/target/debug/build/networkit-rs-db231ae255b5f4f4/out/build" && CMAKE_PREFIX_PATH="" "cmake" "/opt/rustwide/workdir/networkit" "-DNETWORKIT_STATIC=ON" "-DCMAKE_INSTALL_PREFIX=/opt/rustwide/target/debug/build/networkit-rs-db231ae255b5f4f4/out" "-DCMAKE_C_FLAGS= -ffunction-sections -fdata-sections -fPIC -m64" "-DCMAKE_C_COMPILER=/usr/bin/cc" "-DCMAKE_CXX_FLAGS= -ffunction-sections -fdata-sections -fPIC -m64" "-DCMAKE_CXX_COMPILER=/usr/bin/c++" "-DCMAKE_ASM_FLAGS= -ffunction-sections -fdata-sections -fPIC -m64" "-DCMAKE_ASM_COMPILER=/usr/bin/cc" "-DCMAKE_BUILD_TYPE=Debug"
[INFO] [stderr]   -- The CXX compiler identification is GNU 11.3.0
[INFO] [stderr]   -- Detecting CXX compiler ABI info
[INFO] [stderr]   -- Detecting CXX compiler ABI info - done
[INFO] [stderr]   -- Check for working CXX compiler: /usr/bin/c++ - skipped
[INFO] [stderr]   -- Detecting CXX compile features
[INFO] [stderr]   -- Detecting CXX compile features - done
[INFO] [stderr]   -- Found OpenMP_CXX: -fopenmp (found version "4.5") 
[INFO] [stderr]   -- Found OpenMP: TRUE (found version "4.5")  
[INFO] [stderr]   -- The C compiler identification is GNU 11.3.0
[INFO] [stderr]   -- Detecting C compiler ABI info
[INFO] [stderr]   -- Detecting C compiler ABI info - done
[INFO] [stderr]   -- Check for working C compiler: /usr/bin/cc - skipped
[INFO] [stderr]   -- Detecting C compile features
[INFO] [stderr]   -- Detecting C compile features - done
[INFO] [stderr]   -- Performing Test TLX_CXX_HAS_CXX17
[INFO] [stderr]   -- Performing Test TLX_CXX_HAS_CXX17 - Success
[INFO] [stderr]   -- TLX CMAKE_CXX_FLAGS: -Wshadow -Wold-style-cast -std=c++17 -g -W -Wall -Wextra -fPIC  -ffunction-sections -fdata-sections -fPIC -m64 -Wcast-qual -Winit-self -Wnoexcept -Woverloaded-virtual -Wredundant-decls
[INFO] [stderr]   -- Looking for pthread.h
[INFO] [stderr]   -- Looking for pthread.h - found
[INFO] [stderr]   -- Performing Test CMAKE_HAVE_LIBC_PTHREAD
[INFO] [stderr]   -- Performing Test CMAKE_HAVE_LIBC_PTHREAD - Success
[INFO] [stderr]   -- Found Threads: TRUE  
[INFO] [stderr]   -- sphinx-build not found. Disable documentation targets
[INFO] [stderr]   -- Configuring done
[INFO] [stderr]   -- Generating done
[INFO] [stderr]   -- Build files have been written to: /opt/rustwide/target/debug/build/networkit-rs-db231ae255b5f4f4/out/build
[INFO] [stderr]   running: cd "/opt/rustwide/target/debug/build/networkit-rs-db231ae255b5f4f4/out/build" && MAKEFLAGS="-j --jobserver-fds=6,7 --jobserver-auth=6,7" "cmake" "--build" "." "--target" "install" "--config" "Debug"
[INFO] [stderr]   [  0%] Building CXX object extlibs/tlx/tlx/CMakeFiles/tlx.dir/cmdline_parser.cpp.o
[INFO] [stderr]   [  0%] Building CXX object extlibs/tlx/tlx/CMakeFiles/tlx.dir/digest/sha1.cpp.o
[INFO] [stderr]   [  0%] Building CXX object extlibs/tlx/tlx/CMakeFiles/tlx.dir/die/core.cpp.o
[INFO] [stderr]   [  1%] Building CXX object extlibs/tlx/tlx/CMakeFiles/tlx.dir/digest/md5.cpp.o
[INFO] [stderr]   [  1%] Building CXX object extlibs/tlx/tlx/CMakeFiles/tlx.dir/algorithm/parallel_multiway_merge.cpp.o
[INFO] [stderr]   [  2%] Building CXX object extlibs/tlx/tlx/CMakeFiles/tlx.dir/backtrace.cpp.o
[INFO] [stderr]   [  2%] Building CXX object extlibs/tlx/tlx/CMakeFiles/tlx.dir/digest/sha512.cpp.o
[INFO] [stderr]   [  3%] Building CXX object extlibs/tlx/tlx/CMakeFiles/tlx.dir/logger/core.cpp.o
[INFO] [stderr]   [  3%] Building CXX object extlibs/tlx/tlx/CMakeFiles/tlx.dir/multi_timer.cpp.o
[INFO] [stderr]   [  3%] Building CXX object extlibs/tlx/tlx/CMakeFiles/tlx.dir/digest/sha256.cpp.o
[INFO] [stderr]   [  4%] Building CXX object extlibs/tlx/tlx/CMakeFiles/tlx.dir/string/appendline.cpp.o
[INFO] [stderr]   [  4%] Building CXX object extlibs/tlx/tlx/CMakeFiles/tlx.dir/string/base64.cpp.o
[INFO] [stderr]   [  4%] Building CXX object extlibs/tlx/tlx/CMakeFiles/tlx.dir/string/bitdump.cpp.o
[INFO] [stderr]   [  4%] Building CXX object extlibs/tlx/tlx/CMakeFiles/tlx.dir/port/setenv.cpp.o
[INFO] [stderr]   [  4%] Building CXX object extlibs/tlx/tlx/CMakeFiles/tlx.dir/string/compare_icase.cpp.o
[INFO] [stderr]   [  5%] Building CXX object extlibs/tlx/tlx/CMakeFiles/tlx.dir/string/contains.cpp.o
[INFO] [stderr]   [  5%] Building CXX object extlibs/tlx/tlx/CMakeFiles/tlx.dir/string/contains_word.cpp.o
[INFO] [stderr]   [  5%] Building CXX object extlibs/tlx/tlx/CMakeFiles/tlx.dir/string/ends_with.cpp.o
[INFO] [stderr]   [  6%] Building CXX object extlibs/tlx/tlx/CMakeFiles/tlx.dir/string/equal_icase.cpp.o
[INFO] [stderr]   [  6%] Building CXX object extlibs/tlx/tlx/CMakeFiles/tlx.dir/string/erase_all.cpp.o
[INFO] [stderr]   [  6%] Building CXX object extlibs/tlx/tlx/CMakeFiles/tlx.dir/string/escape_html.cpp.o
[INFO] [stderr]   [  7%] Building CXX object extlibs/tlx/tlx/CMakeFiles/tlx.dir/string/escape_uri.cpp.o
[INFO] [stderr]   [  7%] Building CXX object extlibs/tlx/tlx/CMakeFiles/tlx.dir/string/expand_environment_variables.cpp.o
[INFO] [stderr]   [  7%] Building CXX object extlibs/tlx/tlx/CMakeFiles/tlx.dir/string/extract_between.cpp.o
[INFO] [stderr]   [  7%] Building CXX object extlibs/tlx/tlx/CMakeFiles/tlx.dir/string/format_si_iec_units.cpp.o
[INFO] [stderr]   [  8%] Building CXX object extlibs/tlx/tlx/CMakeFiles/tlx.dir/string/hexdump.cpp.o
[INFO] [stderr]   [  8%] Building CXX object extlibs/tlx/tlx/CMakeFiles/tlx.dir/string/index_of.cpp.o
[INFO] [stderr]   [  8%] Building CXX object extlibs/tlx/tlx/CMakeFiles/tlx.dir/string/join.cpp.o
[INFO] [stderr]   [  9%] Building CXX object extlibs/tlx/tlx/CMakeFiles/tlx.dir/string/join_quoted.cpp.o
[INFO] [stderr]   [  9%] Building CXX object extlibs/tlx/tlx/CMakeFiles/tlx.dir/string/less_icase.cpp.o
[INFO] [stderr]   [  9%] Building CXX object extlibs/tlx/tlx/CMakeFiles/tlx.dir/string/parse_si_iec_units.cpp.o
[INFO] [stderr]   [  9%] Building CXX object extlibs/tlx/tlx/CMakeFiles/tlx.dir/string/pad.cpp.o
[INFO] [stderr]   [ 10%] Building CXX object extlibs/tlx/tlx/CMakeFiles/tlx.dir/string/replace.cpp.o
[INFO] [stderr]   [ 10%] Building CXX object extlibs/tlx/tlx/CMakeFiles/tlx.dir/string/split.cpp.o
[INFO] [stderr]   [ 10%] Building CXX object extlibs/tlx/tlx/CMakeFiles/tlx.dir/string/split_quoted.cpp.o
[INFO] [stderr]   [ 11%] Building CXX object extlibs/tlx/tlx/CMakeFiles/tlx.dir/string/split_words.cpp.o
[INFO] [stderr]   [ 11%] Building CXX object extlibs/tlx/tlx/CMakeFiles/tlx.dir/string/ssprintf.cpp.o
[INFO] [stderr]   [ 11%] Building CXX object extlibs/tlx/tlx/CMakeFiles/tlx.dir/string/starts_with.cpp.o
[INFO] [stderr]   [ 11%] Building CXX object extlibs/tlx/tlx/CMakeFiles/tlx.dir/string/to_lower.cpp.o
[INFO] [stderr]   [ 12%] Building CXX object extlibs/tlx/tlx/CMakeFiles/tlx.dir/string/to_upper.cpp.o
[INFO] [stderr]   [ 12%] Building CXX object extlibs/tlx/tlx/CMakeFiles/tlx.dir/string/trim.cpp.o
[INFO] [stderr]   [ 12%] Building CXX object extlibs/tlx/tlx/CMakeFiles/tlx.dir/string/union_words.cpp.o
[INFO] [stderr]   [ 13%] Building CXX object extlibs/tlx/tlx/CMakeFiles/tlx.dir/string/word_wrap.cpp.o
[INFO] [stderr]   [ 13%] Building CXX object extlibs/tlx/tlx/CMakeFiles/tlx.dir/thread_pool.cpp.o
[INFO] [stderr]   [ 13%] Building CXX object extlibs/tlx/tlx/CMakeFiles/tlx.dir/timestamp.cpp.o
[INFO] [stderr]   [ 14%] Linking CXX static library libtlx_debug.a
[INFO] [stderr]   [ 14%] Built target tlx
[INFO] [stderr]   [ 14%] Building CXX object CMakeFiles/networkit.dir/networkit/cpp/auxiliary/BloomFilter.cpp.o
[INFO] [stderr]   [ 14%] Building CXX object CMakeFiles/networkit.dir/networkit/cpp/networkit.cpp.o
[INFO] [stderr]   [ 14%] Building CXX object CMakeFiles/networkit.dir/networkit/cpp/algebraic/DenseMatrix.cpp.o
[INFO] [stderr]   [ 14%] Building CXX object CMakeFiles/networkit.dir/networkit/cpp/algebraic/Vector.cpp.o
[INFO] [stderr]   [ 14%] Building CXX object CMakeFiles/networkit.dir/networkit/cpp/GlobalState.cpp.o
[INFO] [stderr]   [ 15%] Building CXX object CMakeFiles/networkit.dir/networkit/cpp/auxiliary/Log.cpp.o
[INFO] [stderr]   [ 16%] Building CXX object CMakeFiles/networkit.dir/networkit/cpp/algebraic/DynamicMatrix.cpp.o
[INFO] [stderr]   [ 16%] Building CXX object CMakeFiles/networkit.dir/networkit/cpp/auxiliary/BucketPQ.cpp.o
[INFO] [stderr]   [ 16%] Building CXX object CMakeFiles/networkit.dir/networkit/cpp/auxiliary/NumericTools.cpp.o
[INFO] [stderr]   [ 16%] Building CXX object CMakeFiles/networkit.dir/networkit/cpp/auxiliary/Parallelism.cpp.o
[INFO] [stderr]   [ 16%] Building CXX object CMakeFiles/networkit.dir/networkit/cpp/auxiliary/SignalHandling.cpp.o
[INFO] [stderr]   [ 17%] Building CXX object CMakeFiles/networkit.dir/networkit/cpp/auxiliary/Timer.cpp.o
[INFO] [stderr]   [ 17%] Building CXX object CMakeFiles/networkit.dir/networkit/cpp/auxiliary/Random.cpp.o
[INFO] [stderr]   [ 17%] Building CXX object CMakeFiles/networkit.dir/networkit/cpp/centrality/ApproxElectricalCloseness.cpp.o
[INFO] [stderr]   [ 17%] Building CXX object CMakeFiles/networkit.dir/networkit/cpp/centrality/ApproxCloseness.cpp.o
[INFO] [stderr]   [ 18%] Building CXX object CMakeFiles/networkit.dir/networkit/cpp/centrality/ApproxBetweenness.cpp.o
[INFO] [stderr]   [ 18%] Building CXX object CMakeFiles/networkit.dir/networkit/cpp/centrality/ApproxGroupBetweenness.cpp.o
[INFO] [stderr]   [ 19%] Building CXX object CMakeFiles/networkit.dir/networkit/cpp/centrality/ApproxSpanningEdge.cpp.o
[INFO] [stderr]   [ 19%] Building CXX object CMakeFiles/networkit.dir/networkit/cpp/centrality/Betweenness.cpp.o
[INFO] [stderr]   [ 19%] Building CXX object CMakeFiles/networkit.dir/networkit/cpp/centrality/Centrality.cpp.o
[INFO] [stderr]   [ 20%] Building CXX object CMakeFiles/networkit.dir/networkit/cpp/centrality/Closeness.cpp.o
[INFO] [stderr]   [ 20%] Building CXX object CMakeFiles/networkit.dir/networkit/cpp/centrality/CoreDecomposition.cpp.o
[INFO] [stderr]   [ 20%] Building CXX object CMakeFiles/networkit.dir/networkit/cpp/centrality/DegreeCentrality.cpp.o
[INFO] [stderr]   [ 20%] Building CXX object CMakeFiles/networkit.dir/networkit/cpp/centrality/DynApproxBetweenness.cpp.o
[INFO] [stderr]   [ 21%] Building CXX object CMakeFiles/networkit.dir/networkit/cpp/centrality/DynBetweenness.cpp.o
[INFO] [stderr]   [ 21%] Building CXX object CMakeFiles/networkit.dir/networkit/cpp/centrality/DynBetweennessOneNode.cpp.o
[INFO] [stderr]   [ 21%] Building CXX object CMakeFiles/networkit.dir/networkit/cpp/centrality/DynKatzCentrality.cpp.o
[INFO] [stderr]   [ 22%] Building CXX object CMakeFiles/networkit.dir/networkit/cpp/centrality/DynTopHarmonicCloseness.cpp.o
[INFO] [stderr] 
[INFO] [stderr]   --- stderr
[INFO] [stderr] 
[INFO] [stderr]   CXX include path:
[INFO] [stderr]     /opt/rustwide/target/debug/build/networkit-rs-db231ae255b5f4f4/out/cxxbridge/include
[INFO] [stderr]     /opt/rustwide/target/debug/build/networkit-rs-db231ae255b5f4f4/out/cxxbridge/crate
[INFO] [stderr]   CMake Warning:
[INFO] [stderr]     Manually-specified variables were not used by the project:
[INFO] [stderr] 
[INFO] [stderr]       CMAKE_ASM_COMPILER
[INFO] [stderr]       CMAKE_ASM_FLAGS
[INFO] [stderr] 
[INFO] [stderr] 
[INFO] [stderr]   c++: fatal error: Killed signal terminated program cc1plus
[INFO] [stderr]   compilation terminated.
[INFO] [stderr]   gmake[2]: *** [CMakeFiles/networkit.dir/build.make:258: CMakeFiles/networkit.dir/networkit/cpp/centrality/ApproxBetweenness.cpp.o] Error 1
[INFO] [stderr]   gmake[2]: *** Waiting for unfinished jobs....
[INFO] [stderr]   c++: fatal error: Killed signal terminated program cc1plus
[INFO] [stderr]   compilation terminated.
[INFO] [stderr]   gmake[2]: *** [CMakeFiles/networkit.dir/build.make:286: CMakeFiles/networkit.dir/networkit/cpp/centrality/ApproxElectricalCloseness.cpp.o] Error 1
[INFO] [stderr]   c++: fatal error: Killed signal terminated program cc1plus
[INFO] [stderr]   compilation terminated.
[INFO] [stderr]   gmake[2]: *** [CMakeFiles/networkit.dir/build.make:300: CMakeFiles/networkit.dir/networkit/cpp/centrality/ApproxGroupBetweenness.cpp.o] Error 1
[INFO] [stderr]   c++: fatal error: Killed signal terminated program cc1plus
[INFO] [stderr]   compilation terminated.
[INFO] [stderr]   gmake[2]: *** [CMakeFiles/networkit.dir/build.make:272: CMakeFiles/networkit.dir/networkit/cpp/centrality/ApproxCloseness.cpp.o] Error 1
[INFO] [stderr]   c++: fatal error: Killed signal terminated program cc1plus
[INFO] [stderr]   compilation terminated.
[INFO] [stderr]   gmake[2]: *** [CMakeFiles/networkit.dir/build.make:342: CMakeFiles/networkit.dir/networkit/cpp/centrality/Centrality.cpp.o] Error 1
[INFO] [stderr]   gmake[1]: *** [CMakeFiles/Makefile2:1174: CMakeFiles/networkit.dir/all] Error 2
[INFO] [stderr]   gmake: *** [Makefile:136: all] Error 2
[INFO] [stderr]   thread 'main' panicked at '
[INFO] [stderr]   command did not execute successfully, got: exit status: 2
[INFO] [stderr] 
[INFO] [stderr]   build script failed, must exit now', /opt/rustwide/cargo-home/registry/src/github.com-1ecc6299db9ec823/cmake-0.1.50/src/lib.rs:1098:5
[INFO] [stderr]   stack backtrace:
[INFO] [stderr]      0:     0x5583c3758dfa - std::backtrace_rs::backtrace::libunwind::trace::ha9053a9a07ca49cb
[INFO] [stderr]                                  at /rustc/84c898d65adf2f39a5a98507f1fe0ce10a2b8dbc/library/std/src/../../backtrace/src/backtrace/libunwind.rs:93:5
[INFO] [stderr]      1:     0x5583c3758dfa - std::backtrace_rs::backtrace::trace_unsynchronized::h9c2852a457ad564e
[INFO] [stderr]                                  at /rustc/84c898d65adf2f39a5a98507f1fe0ce10a2b8dbc/library/std/src/../../backtrace/src/backtrace/mod.rs:66:5
[INFO] [stderr]      2:     0x5583c3758dfa - std::sys_common::backtrace::_print_fmt::h457936fbfaa0070f
[INFO] [stderr]                                  at /rustc/84c898d65adf2f39a5a98507f1fe0ce10a2b8dbc/library/std/src/sys_common/backtrace.rs:65:5
[INFO] [stderr]      3:     0x5583c3758dfa - <std::sys_common::backtrace::_print::DisplayBacktrace as core::fmt::Display>::fmt::h5779d7bf7f70cb0c
[INFO] [stderr]                                  at /rustc/84c898d65adf2f39a5a98507f1fe0ce10a2b8dbc/library/std/src/sys_common/backtrace.rs:44:22
[INFO] [stderr]      4:     0x5583c377abce - core::fmt::write::h5a4baaff1bcd3eb5
[INFO] [stderr]                                  at /rustc/84c898d65adf2f39a5a98507f1fe0ce10a2b8dbc/library/core/src/fmt/mod.rs:1232:17
[INFO] [stderr]      5:     0x5583c3755715 - std::io::Write::write_fmt::h4bc1f301cb9e9cce
[INFO] [stderr]                                  at /rustc/84c898d65adf2f39a5a98507f1fe0ce10a2b8dbc/library/std/src/io/mod.rs:1684:15
[INFO] [stderr]      6:     0x5583c3758bc5 - std::sys_common::backtrace::_print::h5fcdc36060f177e8
[INFO] [stderr]                                  at /rustc/84c898d65adf2f39a5a98507f1fe0ce10a2b8dbc/library/std/src/sys_common/backtrace.rs:47:5
[INFO] [stderr]      7:     0x5583c3758bc5 - std::sys_common::backtrace::print::h54ca9458b876c8bf
[INFO] [stderr]                                  at /rustc/84c898d65adf2f39a5a98507f1fe0ce10a2b8dbc/library/std/src/sys_common/backtrace.rs:34:9
[INFO] [stderr]      8:     0x5583c375a59f - std::panicking::default_hook::{{closure}}::hbe471161c7664ed6
[INFO] [stderr]                                  at /rustc/84c898d65adf2f39a5a98507f1fe0ce10a2b8dbc/library/std/src/panicking.rs:271:22
[INFO] [stderr]      9:     0x5583c375a2db - std::panicking::default_hook::ha3500da57aa4ac4f
[INFO] [stderr]                                  at /rustc/84c898d65adf2f39a5a98507f1fe0ce10a2b8dbc/library/std/src/panicking.rs:290:9
[INFO] [stderr]     10:     0x5583c375ab48 - std::panicking::rust_panic_with_hook::h50c09d000dc561d2
[INFO] [stderr]                                  at /rustc/84c898d65adf2f39a5a98507f1fe0ce10a2b8dbc/library/std/src/panicking.rs:692:13
[INFO] [stderr]     11:     0x5583c375aa49 - std::panicking::begin_panic_handler::{{closure}}::h9e2b2176e00e0d9c
[INFO] [stderr]                                  at /rustc/84c898d65adf2f39a5a98507f1fe0ce10a2b8dbc/library/std/src/panicking.rs:583:13
[INFO] [stderr]     12:     0x5583c3759266 - std::sys_common::backtrace::__rust_end_short_backtrace::h5739b8e512c09d02
[INFO] [stderr]                                  at /rustc/84c898d65adf2f39a5a98507f1fe0ce10a2b8dbc/library/std/src/sys_common/backtrace.rs:150:18
[INFO] [stderr]     13:     0x5583c375a752 - rust_begin_unwind
[INFO] [stderr]                                  at /rustc/84c898d65adf2f39a5a98507f1fe0ce10a2b8dbc/library/std/src/panicking.rs:579:5
[INFO] [stderr]     14:     0x5583c3439c13 - core::panicking::panic_fmt::hf33a1475b4dc5c3e
[INFO] [stderr]                                  at /rustc/84c898d65adf2f39a5a98507f1fe0ce10a2b8dbc/library/core/src/panicking.rs:64:14
[INFO] [stderr]     15:     0x5583c3446ebf - cmake::fail::he523feb31d426beb
[INFO] [stderr]     16:     0x5583c34469b3 - cmake::run::h28b9026df7e93e8d
[INFO] [stderr]     17:     0x5583c34434e3 - cmake::Config::build::h36ec1f0187cbfcd5
[INFO] [stderr]     18:     0x5583c343bf25 - build_script_build::build_networkit::he57dac18fde69a37
[INFO] [stderr]     19:     0x5583c343be4a - build_script_build::main::h54a4c6f9a8088164
[INFO] [stderr]     20:     0x5583c343d953 - core::ops::function::FnOnce::call_once::h12bf5869ffdc1d2c
[INFO] [stderr]     21:     0x5583c343b1c9 - std::sys_common::backtrace::__rust_begin_short_backtrace::hf6a9bda7330809b5
[INFO] [stderr]     22:     0x5583c343aa29 - std::rt::lang_start::{{closure}}::h7b476fec8591b993
[INFO] [stderr]     23:     0x5583c375007c - core::ops::function::impls::<impl core::ops::function::FnOnce<A> for &F>::call_once::hd6efcd3bec896f2c
[INFO] [stderr]                                  at /rustc/84c898d65adf2f39a5a98507f1fe0ce10a2b8dbc/library/core/src/ops/function.rs:287:13
[INFO] [stderr]     24:     0x5583c375007c - std::panicking::try::do_call::hce04e543bb1f4cbb
[INFO] [stderr]                                  at /rustc/84c898d65adf2f39a5a98507f1fe0ce10a2b8dbc/library/std/src/panicking.rs:487:40
[INFO] [stderr]     25:     0x5583c375007c - std::panicking::try::h3342dd4e1f680968
[INFO] [stderr]                                  at /rustc/84c898d65adf2f39a5a98507f1fe0ce10a2b8dbc/library/std/src/panicking.rs:451:19
[INFO] [stderr]     26:     0x5583c375007c - std::panic::catch_unwind::h148ce1e59ac0cee7
[INFO] [stderr]                                  at /rustc/84c898d65adf2f39a5a98507f1fe0ce10a2b8dbc/library/std/src/panic.rs:140:14
[INFO] [stderr]     27:     0x5583c375007c - std::rt::lang_start_internal::{{closure}}::h25f9dda2057a67fe
[INFO] [stderr]                                  at /rustc/84c898d65adf2f39a5a98507f1fe0ce10a2b8dbc/library/std/src/rt.rs:148:48
[INFO] [stderr]     28:     0x5583c375007c - std::panicking::try::do_call::h7caaaeaf9401650b
[INFO] [stderr]                                  at /rustc/84c898d65adf2f39a5a98507f1fe0ce10a2b8dbc/library/std/src/panicking.rs:487:40
[INFO] [stderr]     29:     0x5583c375007c - std::panicking::try::he7d15285746cbbc2
[INFO] [stderr]                                  at /rustc/84c898d65adf2f39a5a98507f1fe0ce10a2b8dbc/library/std/src/panicking.rs:451:19
[INFO] [stderr]     30:     0x5583c375007c - std::panic::catch_unwind::h89fb4f50c0301fe0
[INFO] [stderr]                                  at /rustc/84c898d65adf2f39a5a98507f1fe0ce10a2b8dbc/library/std/src/panic.rs:140:14
[INFO] [stderr]     31:     0x5583c375007c - std::rt::lang_start_internal::h078acd489417d3c1
[INFO] [stderr]                                  at /rustc/84c898d65adf2f39a5a98507f1fe0ce10a2b8dbc/library/std/src/rt.rs:148:20
[INFO] [stderr]     32:     0x5583c343aa07 - std::rt::lang_start::hd64b2728b20283ab
[INFO] [stderr]     33:     0x5583c343c255 - main
[INFO] [stderr]     34:     0x7f316586ed90 - <unknown>
[INFO] [stderr]     35:     0x7f316586ee40 - __libc_start_main
[INFO] [stderr]     36:     0x5583c343a1e5 - _start
[INFO] [stderr]     37:                0x0 - <unknown>
[INFO] running `Command { std: "docker" "inspect" "7e83831803646b6c2656bd93e9489e2f639108d92707fbdac8052076eb43d4c1", kill_on_drop: false }`
[INFO] running `Command { std: "docker" "rm" "-f" "7e83831803646b6c2656bd93e9489e2f639108d92707fbdac8052076eb43d4c1", kill_on_drop: false }`
[INFO] [stdout] 7e83831803646b6c2656bd93e9489e2f639108d92707fbdac8052076eb43d4c1
