[INFO] fetching crate neon-serde2 0.8.0...
[INFO] testing neon-serde2-0.8.0 against 1.69.0 for beta-1.70-1
[INFO] extracting crate neon-serde2 0.8.0 into /workspace/builds/worker-1-tc1/source
[INFO] validating manifest of crates.io crate neon-serde2 0.8.0 on toolchain 1.69.0
[INFO] running `Command { std: CARGO_HOME="/workspace/cargo-home" RUSTUP_HOME="/workspace/rustup-home" "/workspace/cargo-home/bin/cargo" "+1.69.0" "metadata" "--manifest-path" "Cargo.toml" "--no-deps", kill_on_drop: false }`
[INFO] started tweaking crates.io crate neon-serde2 0.8.0
[INFO] finished tweaking crates.io crate neon-serde2 0.8.0
[INFO] tweaked toml for crates.io crate neon-serde2 0.8.0 written to /workspace/builds/worker-1-tc1/source/Cargo.toml
[INFO] running `Command { std: CARGO_HOME="/workspace/cargo-home" RUSTUP_HOME="/workspace/rustup-home" __CARGO_TEST_CHANNEL_OVERRIDE_DO_NOT_USE_THIS="nightly" "/workspace/cargo-home/bin/cargo" "+1.69.0" "generate-lockfile" "--manifest-path" "Cargo.toml" "-Zno-index-update", kill_on_drop: false }`
[INFO] running `Command { std: CARGO_HOME="/workspace/cargo-home" RUSTUP_HOME="/workspace/rustup-home" "/workspace/cargo-home/bin/cargo" "+1.69.0" "fetch" "--manifest-path" "Cargo.toml", kill_on_drop: false }`
[INFO] [stderr]  Downloading crates ...
[INFO] [stderr]   Downloaded cslice v0.2.0
[INFO] [stderr]   Downloaded neon-runtime v0.8.3
[INFO] [stderr]   Downloaded neon-build v0.8.3
[INFO] [stderr]   Downloaded neon v0.8.3
[INFO] [stderr]   Downloaded neon-macros v0.8.3
[INFO] running `Command { std: "docker" "create" "-v" "/var/lib/crater-agent-workspace/builds/worker-1-tc1/target:/opt/rustwide/target:rw,Z" "-v" "/var/lib/crater-agent-workspace/builds/worker-1-tc1/source:/opt/rustwide/workdir:ro,Z" "-v" "/var/lib/crater-agent-workspace/cargo-home:/opt/rustwide/cargo-home:ro,Z" "-v" "/var/lib/crater-agent-workspace/rustup-home:/opt/rustwide/rustup-home:ro,Z" "-e" "SOURCE_DIR=/opt/rustwide/workdir" "-e" "CARGO_TARGET_DIR=/opt/rustwide/target" "-e" "CARGO_HOME=/opt/rustwide/cargo-home" "-e" "RUSTUP_HOME=/opt/rustwide/rustup-home" "-w" "/opt/rustwide/workdir" "-m" "1610612736" "--user" "0:0" "--network" "none" "ghcr.io/rust-lang/crates-build-env/linux@sha256:5ff2268d62e97bff2cde7d5815dd6ed5b47097566f13b8d0ca110b04b60e07ed" "/opt/rustwide/cargo-home/bin/cargo" "+1.69.0" "metadata" "--no-deps" "--format-version=1", kill_on_drop: false }`
[INFO] [stdout] 7cf21732a8d49f25e5c97a9dd5194981469796a3978c386632669aaa93803365
[INFO] running `Command { std: "docker" "start" "-a" "7cf21732a8d49f25e5c97a9dd5194981469796a3978c386632669aaa93803365", kill_on_drop: false }`
[INFO] running `Command { std: "docker" "inspect" "7cf21732a8d49f25e5c97a9dd5194981469796a3978c386632669aaa93803365", kill_on_drop: false }`
[INFO] running `Command { std: "docker" "rm" "-f" "7cf21732a8d49f25e5c97a9dd5194981469796a3978c386632669aaa93803365", kill_on_drop: false }`
[INFO] [stdout] 7cf21732a8d49f25e5c97a9dd5194981469796a3978c386632669aaa93803365
[INFO] running `Command { std: "docker" "create" "-v" "/var/lib/crater-agent-workspace/builds/worker-1-tc1/target:/opt/rustwide/target:rw,Z" "-v" "/var/lib/crater-agent-workspace/builds/worker-1-tc1/source:/opt/rustwide/workdir:ro,Z" "-v" "/var/lib/crater-agent-workspace/cargo-home:/opt/rustwide/cargo-home:ro,Z" "-v" "/var/lib/crater-agent-workspace/rustup-home:/opt/rustwide/rustup-home:ro,Z" "-e" "SOURCE_DIR=/opt/rustwide/workdir" "-e" "CARGO_TARGET_DIR=/opt/rustwide/target" "-e" "CARGO_INCREMENTAL=0" "-e" "RUST_BACKTRACE=full" "-e" "RUSTFLAGS=--cap-lints=warn" "-e" "RUSTDOCFLAGS=--cap-lints=warn" "-e" "CARGO_HOME=/opt/rustwide/cargo-home" "-e" "RUSTUP_HOME=/opt/rustwide/rustup-home" "-w" "/opt/rustwide/workdir" "-m" "1610612736" "--user" "0:0" "--network" "none" "ghcr.io/rust-lang/crates-build-env/linux@sha256:5ff2268d62e97bff2cde7d5815dd6ed5b47097566f13b8d0ca110b04b60e07ed" "/opt/rustwide/cargo-home/bin/cargo" "+1.69.0" "build" "--frozen" "--message-format=json", kill_on_drop: false }`
[INFO] [stdout] eec52f279b7412df67d33efc17e557f13dfcc1d657f3d0e6520466d8fd56e391
[INFO] running `Command { std: "docker" "start" "-a" "eec52f279b7412df67d33efc17e557f13dfcc1d657f3d0e6520466d8fd56e391", kill_on_drop: false }`
[INFO] [stderr]    Compiling num-traits v0.2.15
[INFO] [stderr]    Compiling num-integer v0.1.45
[INFO] [stderr]    Compiling neon-build v0.8.3
[INFO] [stderr]    Compiling memchr v2.5.0
[INFO] [stderr]    Compiling syn v1.0.109
[INFO] [stderr]    Compiling libc v0.2.142
[INFO] [stderr]    Compiling backtrace v0.3.67
[INFO] [stderr]    Compiling num-iter v0.1.43
[INFO] [stderr]    Compiling num-rational v0.4.1
[INFO] [stderr]    Compiling adler v1.0.2
[INFO] [stderr]    Compiling gimli v0.27.2
[INFO] [stderr]    Compiling error-chain v0.12.4
[INFO] [stderr]    Compiling neon v0.8.3
[INFO] [stderr]    Compiling object v0.30.3
[INFO] [stderr]    Compiling miniz_oxide v0.6.2
[INFO] [stderr]    Compiling libloading v0.6.7
[INFO] [stderr]    Compiling semver-parser v0.7.0
[INFO] [stderr]    Compiling rustc-demangle v0.1.23
[INFO] [stderr]    Compiling neon-runtime v0.8.3
[INFO] [stderr]    Compiling semver v0.9.0
[INFO] [stderr]    Compiling cslice v0.2.0
[INFO] [stderr]    Compiling num-complex v0.4.3
[INFO] [stderr]    Compiling num v0.4.0
[INFO] [stderr]    Compiling addr2line v0.19.0
[INFO] [stderr]    Compiling neon-macros v0.8.3
[INFO] [stderr]    Compiling neon-serde2 v0.8.0 (/opt/rustwide/workdir)
[INFO] [stderr]     Finished dev [unoptimized + debuginfo] target(s) in 15.76s
[INFO] running `Command { std: "docker" "inspect" "eec52f279b7412df67d33efc17e557f13dfcc1d657f3d0e6520466d8fd56e391", kill_on_drop: false }`
[INFO] running `Command { std: "docker" "rm" "-f" "eec52f279b7412df67d33efc17e557f13dfcc1d657f3d0e6520466d8fd56e391", kill_on_drop: false }`
[INFO] [stdout] eec52f279b7412df67d33efc17e557f13dfcc1d657f3d0e6520466d8fd56e391
[INFO] running `Command { std: "docker" "create" "-v" "/var/lib/crater-agent-workspace/builds/worker-1-tc1/target:/opt/rustwide/target:rw,Z" "-v" "/var/lib/crater-agent-workspace/builds/worker-1-tc1/source:/opt/rustwide/workdir:ro,Z" "-v" "/var/lib/crater-agent-workspace/cargo-home:/opt/rustwide/cargo-home:ro,Z" "-v" "/var/lib/crater-agent-workspace/rustup-home:/opt/rustwide/rustup-home:ro,Z" "-e" "SOURCE_DIR=/opt/rustwide/workdir" "-e" "CARGO_TARGET_DIR=/opt/rustwide/target" "-e" "CARGO_INCREMENTAL=0" "-e" "RUST_BACKTRACE=full" "-e" "RUSTFLAGS=--cap-lints=warn" "-e" "RUSTDOCFLAGS=--cap-lints=warn" "-e" "CARGO_HOME=/opt/rustwide/cargo-home" "-e" "RUSTUP_HOME=/opt/rustwide/rustup-home" "-w" "/opt/rustwide/workdir" "-m" "1610612736" "--user" "0:0" "--network" "none" "ghcr.io/rust-lang/crates-build-env/linux@sha256:5ff2268d62e97bff2cde7d5815dd6ed5b47097566f13b8d0ca110b04b60e07ed" "/opt/rustwide/cargo-home/bin/cargo" "+1.69.0" "test" "--frozen" "--no-run" "--message-format=json", kill_on_drop: false }`
[INFO] [stdout] 02a04c5f3092419329eb8a9e97ea676a903634a1ffbd1ad2e4309ce26ff3602f
[INFO] running `Command { std: "docker" "start" "-a" "02a04c5f3092419329eb8a9e97ea676a903634a1ffbd1ad2e4309ce26ff3602f", kill_on_drop: false }`
[INFO] [stderr]    Compiling serde_derive v1.0.160
[INFO] [stderr]    Compiling neon-serde2 v0.8.0 (/opt/rustwide/workdir)
[INFO] [stderr]     Finished test [unoptimized + debuginfo] target(s) in 5.51s
[INFO] running `Command { std: "docker" "inspect" "02a04c5f3092419329eb8a9e97ea676a903634a1ffbd1ad2e4309ce26ff3602f", kill_on_drop: false }`
[INFO] running `Command { std: "docker" "rm" "-f" "02a04c5f3092419329eb8a9e97ea676a903634a1ffbd1ad2e4309ce26ff3602f", kill_on_drop: false }`
[INFO] [stdout] 02a04c5f3092419329eb8a9e97ea676a903634a1ffbd1ad2e4309ce26ff3602f
[INFO] running `Command { std: "docker" "create" "-v" "/var/lib/crater-agent-workspace/builds/worker-1-tc1/target:/opt/rustwide/target:rw,Z" "-v" "/var/lib/crater-agent-workspace/builds/worker-1-tc1/source:/opt/rustwide/workdir:ro,Z" "-v" "/var/lib/crater-agent-workspace/cargo-home:/opt/rustwide/cargo-home:ro,Z" "-v" "/var/lib/crater-agent-workspace/rustup-home:/opt/rustwide/rustup-home:ro,Z" "-e" "SOURCE_DIR=/opt/rustwide/workdir" "-e" "CARGO_TARGET_DIR=/opt/rustwide/target" "-e" "CARGO_INCREMENTAL=0" "-e" "RUST_BACKTRACE=full" "-e" "RUSTFLAGS=--cap-lints=warn" "-e" "RUSTDOCFLAGS=--cap-lints=warn" "-e" "CARGO_HOME=/opt/rustwide/cargo-home" "-e" "RUSTUP_HOME=/opt/rustwide/rustup-home" "-w" "/opt/rustwide/workdir" "-m" "1610612736" "--user" "0:0" "--network" "none" "ghcr.io/rust-lang/crates-build-env/linux@sha256:5ff2268d62e97bff2cde7d5815dd6ed5b47097566f13b8d0ca110b04b60e07ed" "/opt/rustwide/cargo-home/bin/cargo" "+1.69.0" "test" "--frozen", kill_on_drop: false }`
[INFO] [stdout] 0f1aa9f69685155833bb6a342924fa12607866d33a5eb4fce77acf60667662e8
[INFO] running `Command { std: "docker" "start" "-a" "0f1aa9f69685155833bb6a342924fa12607866d33a5eb4fce77acf60667662e8", kill_on_drop: false }`
[INFO] [stderr]     Finished test [unoptimized + debuginfo] target(s) in 0.05s
[INFO] [stderr]      Running unittests src/lib.rs (/opt/rustwide/target/debug/deps/neon_serde2-dd6a66430e5e1a9b)
[INFO] [stdout] 
[INFO] [stdout] running 2 tests
[INFO] [stderr]    Doc-tests neon-serde2
[INFO] [stdout] test tests::test_it_compiles ... ok
[INFO] [stdout] test tests::test_it_compiles_2 ... ok
[INFO] [stdout] 
[INFO] [stdout] test result: ok. 2 passed; 0 failed; 0 ignored; 0 measured; 0 filtered out; finished in 0.01s
[INFO] [stdout] 
[INFO] [stdout] 
[INFO] [stdout] running 1 test
[INFO] [stderr] error: doctest failed, to rerun pass `--doc`
[INFO] [stdout] test src/lib.rs - (line 31) - compile ... FAILED
[INFO] [stdout] 
[INFO] [stdout] failures:
[INFO] [stdout] 
[INFO] [stdout] ---- src/lib.rs - (line 31) stdout ----
[INFO] [stdout] error[E0463]: can't find crate for `neon_serde`
[INFO] [stdout]  --> src/lib.rs:33:1
[INFO] [stdout]   |
[INFO] [stdout] 3 | extern crate neon_serde;
[INFO] [stdout]   | ^^^^^^^^^^^^^^^^^^^^^^^^ can't find crate
[INFO] [stdout] 
[INFO] [stdout] error: aborting due to previous error
[INFO] [stdout] 
[INFO] [stdout] For more information about this error, try `rustc --explain E0463`.
[INFO] [stdout] Couldn't compile the test.
[INFO] [stdout] 
[INFO] [stdout] failures:
[INFO] [stdout]     src/lib.rs - (line 31)
[INFO] [stdout] 
[INFO] [stdout] test result: FAILED. 0 passed; 1 failed; 0 ignored; 0 measured; 0 filtered out; finished in 0.12s
[INFO] [stdout] 
[INFO] running `Command { std: "docker" "inspect" "0f1aa9f69685155833bb6a342924fa12607866d33a5eb4fce77acf60667662e8", kill_on_drop: false }`
[INFO] running `Command { std: "docker" "rm" "-f" "0f1aa9f69685155833bb6a342924fa12607866d33a5eb4fce77acf60667662e8", kill_on_drop: false }`
[INFO] [stdout] 0f1aa9f69685155833bb6a342924fa12607866d33a5eb4fce77acf60667662e8
