[INFO] fetching crate near-vm-logic 0.16.1...
[INFO] testing near-vm-logic-0.16.1 against 1.69.0 for beta-1.70-1
[INFO] extracting crate near-vm-logic 0.16.1 into /workspace/builds/worker-2-tc1/source
[INFO] validating manifest of crates.io crate near-vm-logic 0.16.1 on toolchain 1.69.0
[INFO] running `Command { std: CARGO_HOME="/workspace/cargo-home" RUSTUP_HOME="/workspace/rustup-home" "/workspace/cargo-home/bin/cargo" "+1.69.0" "metadata" "--manifest-path" "Cargo.toml" "--no-deps", kill_on_drop: false }`
[INFO] started tweaking crates.io crate near-vm-logic 0.16.1
[INFO] finished tweaking crates.io crate near-vm-logic 0.16.1
[INFO] tweaked toml for crates.io crate near-vm-logic 0.16.1 written to /workspace/builds/worker-2-tc1/source/Cargo.toml
[INFO] running `Command { std: CARGO_HOME="/workspace/cargo-home" RUSTUP_HOME="/workspace/rustup-home" __CARGO_TEST_CHANNEL_OVERRIDE_DO_NOT_USE_THIS="nightly" "/workspace/cargo-home/bin/cargo" "+1.69.0" "generate-lockfile" "--manifest-path" "Cargo.toml" "-Zno-index-update", kill_on_drop: false }`
[INFO] running `Command { std: CARGO_HOME="/workspace/cargo-home" RUSTUP_HOME="/workspace/rustup-home" "/workspace/cargo-home/bin/cargo" "+1.69.0" "fetch" "--manifest-path" "Cargo.toml", kill_on_drop: false }`
[INFO] [stderr]  Downloading crates ...
[INFO] [stderr]   Downloaded near-rpc-error-core v0.16.1
[INFO] [stderr]   Downloaded near-account-id v0.16.1
[INFO] [stderr]   Downloaded near-stdx v0.16.1
[INFO] [stderr]   Downloaded near-primitives-core v0.16.1
[INFO] [stderr]   Downloaded near-primitives v0.16.1
[INFO] [stderr]   Downloaded expect-test v1.4.1
[INFO] [stderr]   Downloaded json_comments v0.2.1
[INFO] [stderr]   Downloaded near-vm-errors v0.16.1
[INFO] [stderr]   Downloaded near-config-utils v0.16.1
[INFO] [stderr]   Downloaded near-crypto v0.16.1
[INFO] [stderr]   Downloaded opentelemetry-semantic-conventions v0.9.0
[INFO] [stderr]   Downloaded near-o11y v0.16.1
[INFO] [stderr]   Downloaded near-rpc-error-macro v0.16.1
[INFO] running `Command { std: "docker" "create" "-v" "/var/lib/crater-agent-workspace/builds/worker-2-tc1/target:/opt/rustwide/target:rw,Z" "-v" "/var/lib/crater-agent-workspace/builds/worker-2-tc1/source:/opt/rustwide/workdir:ro,Z" "-v" "/var/lib/crater-agent-workspace/cargo-home:/opt/rustwide/cargo-home:ro,Z" "-v" "/var/lib/crater-agent-workspace/rustup-home:/opt/rustwide/rustup-home:ro,Z" "-e" "SOURCE_DIR=/opt/rustwide/workdir" "-e" "CARGO_TARGET_DIR=/opt/rustwide/target" "-e" "CARGO_HOME=/opt/rustwide/cargo-home" "-e" "RUSTUP_HOME=/opt/rustwide/rustup-home" "-w" "/opt/rustwide/workdir" "-m" "1610612736" "--user" "0:0" "--network" "none" "ghcr.io/rust-lang/crates-build-env/linux@sha256:5ff2268d62e97bff2cde7d5815dd6ed5b47097566f13b8d0ca110b04b60e07ed" "/opt/rustwide/cargo-home/bin/cargo" "+1.69.0" "metadata" "--no-deps" "--format-version=1", kill_on_drop: false }`
[INFO] [stdout] 1e907f95b899464b6991aaa48ce98c298016b140a41da159f3e3c5374bd8d5cf
[INFO] running `Command { std: "docker" "start" "-a" "1e907f95b899464b6991aaa48ce98c298016b140a41da159f3e3c5374bd8d5cf", kill_on_drop: false }`
[INFO] running `Command { std: "docker" "inspect" "1e907f95b899464b6991aaa48ce98c298016b140a41da159f3e3c5374bd8d5cf", kill_on_drop: false }`
[INFO] running `Command { std: "docker" "rm" "-f" "1e907f95b899464b6991aaa48ce98c298016b140a41da159f3e3c5374bd8d5cf", kill_on_drop: false }`
[INFO] [stdout] 1e907f95b899464b6991aaa48ce98c298016b140a41da159f3e3c5374bd8d5cf
[INFO] running `Command { std: "docker" "create" "-v" "/var/lib/crater-agent-workspace/builds/worker-2-tc1/target:/opt/rustwide/target:rw,Z" "-v" "/var/lib/crater-agent-workspace/builds/worker-2-tc1/source:/opt/rustwide/workdir:ro,Z" "-v" "/var/lib/crater-agent-workspace/cargo-home:/opt/rustwide/cargo-home:ro,Z" "-v" "/var/lib/crater-agent-workspace/rustup-home:/opt/rustwide/rustup-home:ro,Z" "-e" "SOURCE_DIR=/opt/rustwide/workdir" "-e" "CARGO_TARGET_DIR=/opt/rustwide/target" "-e" "CARGO_INCREMENTAL=0" "-e" "RUST_BACKTRACE=full" "-e" "RUSTFLAGS=--cap-lints=warn" "-e" "RUSTDOCFLAGS=--cap-lints=warn" "-e" "CARGO_HOME=/opt/rustwide/cargo-home" "-e" "RUSTUP_HOME=/opt/rustwide/rustup-home" "-w" "/opt/rustwide/workdir" "-m" "1610612736" "--user" "0:0" "--network" "none" "ghcr.io/rust-lang/crates-build-env/linux@sha256:5ff2268d62e97bff2cde7d5815dd6ed5b47097566f13b8d0ca110b04b60e07ed" "/opt/rustwide/cargo-home/bin/cargo" "+1.69.0" "build" "--frozen" "--message-format=json", kill_on_drop: false }`
[INFO] [stdout] 3386535adc081cbb45880a7d1fed565d8f1b4dda5091143bb05637b4b583ea46
[INFO] running `Command { std: "docker" "start" "-a" "3386535adc081cbb45880a7d1fed565d8f1b4dda5091143bb05637b4b583ea46", kill_on_drop: false }`
[INFO] [stderr]    Compiling once_cell v1.17.1
[INFO] [stderr]    Compiling serde v1.0.160
[INFO] [stderr]    Compiling generic-array v0.14.7
[INFO] [stderr]    Compiling mio v0.8.6
[INFO] [stderr]    Compiling getrandom v0.2.9
[INFO] [stderr]    Compiling lazy_static v1.4.0
[INFO] [stderr]    Compiling futures-util v0.3.28
[INFO] [stderr]    Compiling either v1.8.1
[INFO] [stderr]    Compiling aho-corasick v1.0.1
[INFO] [stderr]    Compiling tracing-core v0.1.30
[INFO] [stderr]    Compiling rand_core v0.6.4
[INFO] [stderr]    Compiling itertools v0.10.5
[INFO] [stderr]    Compiling tokio v1.19.2
[INFO] [stderr]    Compiling tracing v0.1.37
[INFO] [stderr]    Compiling rand_chacha v0.3.1
[INFO] [stderr]    Compiling crossbeam-utils v0.8.15
[INFO] [stderr]    Compiling io-lifetimes v1.0.10
[INFO] [stderr]    Compiling rand v0.8.5
[INFO] [stderr]    Compiling regex v1.8.1
[INFO] [stderr]    Compiling ahash v0.8.3
[INFO] [stderr]    Compiling rustix v0.37.18
[INFO] [stderr]    Compiling prost-derive v0.9.0
[INFO] [stderr]    Compiling which v4.4.0
[INFO] [stderr]    Compiling num-traits v0.2.15
[INFO] [stderr]    Compiling linux-raw-sys v0.3.6
[INFO] [stderr]    Compiling toml v0.5.11
[INFO] [stderr]    Compiling prost-build v0.9.0
[INFO] [stderr]    Compiling crossbeam-channel v0.5.8
[INFO] [stderr]    Compiling getrandom v0.1.16
[INFO] [stderr]    Compiling borsh-derive-internal v0.10.3
[INFO] [stderr]    Compiling borsh-schema-derive-internal v0.10.3
[INFO] [stderr]    Compiling prost v0.9.0
[INFO] [stderr]    Compiling proc-macro-crate v0.1.5
[INFO] [stderr]    Compiling fixedbitset v0.4.2
[INFO] [stderr]    Compiling fastrand v1.9.0
[INFO] [stderr]    Compiling byteorder v1.4.3
[INFO] [stderr]    Compiling petgraph v0.6.3
[INFO] [stderr]    Compiling rand_core v0.5.1
[INFO] [stderr]    Compiling prost-types v0.9.0
[INFO] [stderr]    Compiling hashbrown v0.13.2
[INFO] [stderr]    Compiling tokio-util v0.7.3
[INFO] [stderr]    Compiling borsh-derive v0.10.3
[INFO] [stderr]    Compiling tokio-stream v0.1.14
[INFO] [stderr]    Compiling crypto-common v0.1.6
[INFO] [stderr]    Compiling digest v0.9.0
[INFO] [stderr]    Compiling block-buffer v0.10.4
[INFO] [stderr]    Compiling derive_arbitrary v1.3.0
[INFO] [stderr]    Compiling subtle v2.5.0
[INFO] [stderr]    Compiling regex-syntax v0.6.29
[INFO] [stderr]    Compiling multimap v0.8.3
[INFO] [stderr]    Compiling borsh v0.10.3
[INFO] [stderr]    Compiling secp256k1-sys v0.6.1
[INFO] [stderr]    Compiling digest v0.10.6
[INFO] [stderr]    Compiling num-integer v0.1.45
[INFO] [stderr]    Compiling tempfile v3.5.0
[INFO] [stderr]    Compiling h2 v0.3.18
[INFO] [stderr]    Compiling futures-executor v0.3.28
[INFO] [stderr]    Compiling num-bigint v0.3.3
[INFO] [stderr]    Compiling arbitrary v1.3.0
[INFO] [stderr]    Compiling overload v0.1.1
[INFO] [stderr]    Compiling nu-ansi-term v0.46.0
[INFO] [stderr]    Compiling zeroize v1.3.0
[INFO] [stderr]    Compiling tonic-build v0.6.2
[INFO] [stderr]    Compiling opentelemetry v0.17.0
[INFO] [stderr]    Compiling regex-automata v0.1.10
[INFO] [stderr]    Compiling near-account-id v0.16.1
[INFO] [stderr]    Compiling tokio-io-timeout v1.2.0
[INFO] [stderr]    Compiling rand_chacha v0.2.2
[INFO] [stderr]    Compiling hex v0.4.3
[INFO] [stderr]    Compiling block-buffer v0.9.0
[INFO] [stderr]    Compiling matchers v0.1.0
[INFO] [stderr]    Compiling tracing-log v0.1.3
[INFO] [stderr]    Compiling thread_local v1.1.7
[INFO] [stderr]    Compiling sharded-slab v0.1.4
[INFO] [stderr]    Compiling async-stream-impl v0.3.5
[INFO] [stderr]    Compiling num-rational v0.3.2
[INFO] [stderr]    Compiling ahash v0.7.6
[INFO] [stderr]    Compiling base64 v0.13.1
[INFO] [stderr]    Compiling protobuf v2.28.0
[INFO] [stderr]    Compiling convert_case v0.4.0
[INFO] [stderr]    Compiling serde_json v1.0.96
[INFO] [stderr]    Compiling tower-layer v0.3.2
[INFO] [stderr]    Compiling async-stream v0.3.5
[INFO] [stderr]    Compiling tower v0.4.13
[INFO] [stderr]    Compiling tracing-subscriber v0.3.17
[INFO] [stderr]    Compiling derive_more v0.99.17
[INFO] [stderr]    Compiling sha2 v0.9.9
[INFO] [stderr]    Compiling uint v0.9.5
[INFO] [stderr]    Compiling rand v0.7.3
[INFO] [stderr]    Compiling opentelemetry-otlp v0.10.0
[INFO] [stderr]    Compiling curve25519-dalek v3.2.1
[INFO] [stderr]    Compiling hyper v0.14.26
[INFO] [stderr]    Compiling fixed-hash v0.7.0
[INFO] [stderr]    Compiling crypto-mac v0.8.0
[INFO] [stderr]    Compiling tokio-util v0.6.10
[INFO] [stderr]    Compiling tracing-futures v0.2.5
[INFO] [stderr]    Compiling cipher v0.2.5
[INFO] [stderr]    Compiling enum-map-derive v0.11.0
[INFO] [stderr]    Compiling prometheus v0.13.3
[INFO] [stderr]    Compiling json_comments v0.2.1
[INFO] [stderr]    Compiling near-config-utils v0.16.1
[INFO] [stderr]    Compiling enum-map v2.5.0
[INFO] [stderr]    Compiling time v0.3.20
[INFO] [stderr]    Compiling c2-chacha v0.3.3
[INFO] [stderr]    Compiling blake2 v0.9.2
[INFO] [stderr]    Compiling primitive-types v0.10.1
[INFO] [stderr]    Compiling ed25519-dalek v1.0.1
[INFO] [stderr]    Compiling clap_derive v3.2.25
[INFO] [stderr]    Compiling secp256k1 v0.24.3
[INFO] [stderr]    Compiling sha2 v0.10.6
[INFO] [stderr]    Compiling actix-rt v2.8.0
[INFO] [stderr]    Compiling futures v0.3.28
[INFO] [stderr]    Compiling near-rpc-error-core v0.16.1
[INFO] [stderr]    Compiling serde_repr v0.1.12
[INFO] [stderr]    Compiling actix_derive v0.6.0
[INFO] [stderr]    Compiling fs2 v0.4.3
[INFO] [stderr]    Compiling reed-solomon-erasure v4.0.2
[INFO] [stderr]    Compiling hyper-timeout v0.4.1
[INFO] [stderr]    Compiling near-stdx v0.16.1
[INFO] [stderr]    Compiling tonic v0.6.2
[INFO] [stderr]    Compiling near-crypto v0.16.1
[INFO] [stderr]    Compiling near-primitives-core v0.16.1
[INFO] [stderr]    Compiling actix v0.13.0
[INFO] [stderr]    Compiling near-rpc-error-macro v0.16.1
[INFO] [stderr]    Compiling clap v3.2.25
[INFO] [stderr]    Compiling borsh-derive v0.9.3
[INFO] [stderr]    Compiling hashbrown v0.11.2
[INFO] [stderr]    Compiling tracing-appender v0.2.2
[INFO] [stderr]    Compiling tracing-opentelemetry v0.17.4
[INFO] [stderr]    Compiling opentelemetry-semantic-conventions v0.9.0
[INFO] [stderr]    Compiling unsafe-libyaml v0.2.8
[INFO] [stderr]    Compiling chrono v0.4.24
[INFO] [stderr]    Compiling borsh v0.9.3
[INFO] [stderr]    Compiling near-vm-errors v0.16.1
[INFO] [stderr]    Compiling serde_yaml v0.9.21
[INFO] [stderr]    Compiling bytesize v1.2.0
[INFO] [stderr]    Compiling smart-default v0.6.0
[INFO] [stderr]    Compiling rustc-hex v2.1.0
[INFO] [stderr]    Compiling near-o11y v0.16.1
[INFO] [stderr]    Compiling easy-ext v0.2.9
[INFO] [stderr]    Compiling sha3 v0.10.7
[INFO] [stderr]    Compiling zeropool-bn v0.5.11
[INFO] [stderr]    Compiling ripemd v0.1.3
[INFO] [stderr]    Compiling near-primitives v0.16.1
[INFO] [stderr]    Compiling near-vm-logic v0.16.1 (/opt/rustwide/workdir)
[INFO] [stderr]     Finished dev [unoptimized + debuginfo] target(s) in 2m 49s
[INFO] running `Command { std: "docker" "inspect" "3386535adc081cbb45880a7d1fed565d8f1b4dda5091143bb05637b4b583ea46", kill_on_drop: false }`
[INFO] running `Command { std: "docker" "rm" "-f" "3386535adc081cbb45880a7d1fed565d8f1b4dda5091143bb05637b4b583ea46", kill_on_drop: false }`
[INFO] [stdout] 3386535adc081cbb45880a7d1fed565d8f1b4dda5091143bb05637b4b583ea46
[INFO] running `Command { std: "docker" "create" "-v" "/var/lib/crater-agent-workspace/builds/worker-2-tc1/target:/opt/rustwide/target:rw,Z" "-v" "/var/lib/crater-agent-workspace/builds/worker-2-tc1/source:/opt/rustwide/workdir:ro,Z" "-v" "/var/lib/crater-agent-workspace/cargo-home:/opt/rustwide/cargo-home:ro,Z" "-v" "/var/lib/crater-agent-workspace/rustup-home:/opt/rustwide/rustup-home:ro,Z" "-e" "SOURCE_DIR=/opt/rustwide/workdir" "-e" "CARGO_TARGET_DIR=/opt/rustwide/target" "-e" "CARGO_INCREMENTAL=0" "-e" "RUST_BACKTRACE=full" "-e" "RUSTFLAGS=--cap-lints=warn" "-e" "RUSTDOCFLAGS=--cap-lints=warn" "-e" "CARGO_HOME=/opt/rustwide/cargo-home" "-e" "RUSTUP_HOME=/opt/rustwide/rustup-home" "-w" "/opt/rustwide/workdir" "-m" "1610612736" "--user" "0:0" "--network" "none" "ghcr.io/rust-lang/crates-build-env/linux@sha256:5ff2268d62e97bff2cde7d5815dd6ed5b47097566f13b8d0ca110b04b60e07ed" "/opt/rustwide/cargo-home/bin/cargo" "+1.69.0" "test" "--frozen" "--no-run" "--message-format=json", kill_on_drop: false }`
[INFO] [stdout] 40356db4d28c0ed59e152dea66337e3f5a65ce655f31295ba0fe44e5aea6d33a
[INFO] running `Command { std: "docker" "start" "-a" "40356db4d28c0ed59e152dea66337e3f5a65ce655f31295ba0fe44e5aea6d33a", kill_on_drop: false }`
[INFO] [stderr]    Compiling dissimilar v1.0.6
[INFO] [stderr]    Compiling expect-test v1.4.1
[INFO] [stderr]    Compiling near-vm-logic v0.16.1 (/opt/rustwide/workdir)
[INFO] [stderr]     Finished test [unoptimized + debuginfo] target(s) in 12.44s
[INFO] running `Command { std: "docker" "inspect" "40356db4d28c0ed59e152dea66337e3f5a65ce655f31295ba0fe44e5aea6d33a", kill_on_drop: false }`
[INFO] running `Command { std: "docker" "rm" "-f" "40356db4d28c0ed59e152dea66337e3f5a65ce655f31295ba0fe44e5aea6d33a", kill_on_drop: false }`
[INFO] [stdout] 40356db4d28c0ed59e152dea66337e3f5a65ce655f31295ba0fe44e5aea6d33a
[INFO] running `Command { std: "docker" "create" "-v" "/var/lib/crater-agent-workspace/builds/worker-2-tc1/target:/opt/rustwide/target:rw,Z" "-v" "/var/lib/crater-agent-workspace/builds/worker-2-tc1/source:/opt/rustwide/workdir:ro,Z" "-v" "/var/lib/crater-agent-workspace/cargo-home:/opt/rustwide/cargo-home:ro,Z" "-v" "/var/lib/crater-agent-workspace/rustup-home:/opt/rustwide/rustup-home:ro,Z" "-e" "SOURCE_DIR=/opt/rustwide/workdir" "-e" "CARGO_TARGET_DIR=/opt/rustwide/target" "-e" "CARGO_INCREMENTAL=0" "-e" "RUST_BACKTRACE=full" "-e" "RUSTFLAGS=--cap-lints=warn" "-e" "RUSTDOCFLAGS=--cap-lints=warn" "-e" "CARGO_HOME=/opt/rustwide/cargo-home" "-e" "RUSTUP_HOME=/opt/rustwide/rustup-home" "-w" "/opt/rustwide/workdir" "-m" "1610612736" "--user" "0:0" "--network" "none" "ghcr.io/rust-lang/crates-build-env/linux@sha256:5ff2268d62e97bff2cde7d5815dd6ed5b47097566f13b8d0ca110b04b60e07ed" "/opt/rustwide/cargo-home/bin/cargo" "+1.69.0" "test" "--frozen", kill_on_drop: false }`
[INFO] [stdout] 5531359387c280d08ed06399b3da348a33ac2b0df23ac95f9823ff9e0d1a02e8
[INFO] running `Command { std: "docker" "start" "-a" "5531359387c280d08ed06399b3da348a33ac2b0df23ac95f9823ff9e0d1a02e8", kill_on_drop: false }`
[INFO] [stderr]     Finished test [unoptimized + debuginfo] target(s) in 0.47s
[INFO] [stderr]      Running unittests src/lib.rs (/opt/rustwide/target/debug/deps/near_vm_logic-20272d462fed9307)
[INFO] [stdout] 
[INFO] [stdout] running 118 tests
[INFO] [stdout] test gas_counter::tests::test_deduct_gas ... ok
[INFO] [stdout] test gas_counter::tests::test_burn_too_much ... ok
[INFO] [stdout] test gas_counter::tests::test_deduct_too_much ... ok
[INFO] [stdout] test tests::alt_bn128::test_alt_bn128_g1_sum ... ok
[INFO] [stdout] test tests::context::test_account_locked_balance ... ok
[INFO] [stdout] test tests::context::test_attached_deposit ... ok
[INFO] [stdout] test tests::context::test_account_balance ... ok
[INFO] [stdout] test tests::context::test_block_timestamp ... ok
[INFO] [stdout] test tests::context::test_attached_deposit_view ... ok
[INFO] [stdout] test mocks::mock_memory::test_memory_like ... ok
[INFO] [stdout] test tests::context::test_current_account_id ... ok
[INFO] [stdout] test tests::context::test_block_index ... ok
[INFO] [stdout] test tests::context::test_input ... ok
[INFO] [stdout] test tests::context::test_prepaid_gas ... ok
[INFO] [stdout] test tests::context::test_predecessor_account_id ... ok
[INFO] [stdout] test tests::context::test_storage_usage ... ok
[INFO] [stdout] test tests::alt_bn128::test_alt_bn128_g1_multiexp ... ok
[INFO] [stdout] test tests::context::test_signer_account_pk ... ok
[INFO] [stdout] test tests::context::test_signer_account_id ... ok
[INFO] [stdout] test tests::context::test_random_seed ... ok
[INFO] [stdout] test tests::ed25519_verify::test_ed25519_verify_behavior_and_errors ... ok
[INFO] [stdout] test tests::gas_counter::out_of_gas_add_function_call_key_base ... ok
[INFO] [stdout] test tests::gas_counter::out_of_gas_add_function_call_key_byte ... ok
[INFO] [stdout] test tests::ed25519_verify::test_ed25519_verify_check_registers ... ok
[INFO] [stdout] test tests::gas_counter::function_call_no_weight_refund ... ok
[INFO] [stdout] test tests::gas_counter::out_of_gas_add_full_access_key ... ok
[INFO] [stdout] test tests::gas_counter::out_of_gas_deploy_contract_base ... ok
[INFO] [stdout] test tests::gas_counter::out_of_gas_delete_account ... ok
[INFO] [stdout] test tests::gas_counter::function_call_weight_basic_cases_test ... ok
[INFO] [stdout] test tests::gas_counter::out_of_gas_deploy_contract_byte ... ok
[INFO] [stdout] test tests::gas_counter::out_of_gas_create_account ... ok
[INFO] [stdout] test tests::gas_counter::out_of_gas_function_call_byte ... ok
[INFO] [stdout] test tests::gas_counter::out_of_gas_delete_key ... ok
[INFO] [stdout] test tests::gas_counter::out_of_gas_new_action_receipt ... ok
[INFO] [stdout] test tests::gas_counter::out_of_gas_function_call_base ... ok
[INFO] [stdout] test gas_counter::tests::test_burn_gas_must_be_lt_use_gas - should panic ... ok
[INFO] [stdout] test gas_counter::tests::test_burn_gas_must_be_lt_use_gas_view - should panic ... ok
[INFO] [stdout] test tests::gas_counter::out_of_gas_new_data_receipt_byte ... ok
[INFO] [stdout] test tests::gas_counter::out_of_gas_stake ... ok
[INFO] [stdout] test tests::gas_counter::out_of_gas_transfer ... ok
[INFO] [stdout] test tests::gas_counter::test_dont_burn_gas_when_exceeding_attached_gas_limit ... ok
[INFO] [stdout] test tests::gas_counter::test_hit_prepaid_gas_limit ... ok
[INFO] [stdout] test tests::gas_counter::test_limit_wasm_gas_after_attaching_gas ... ok
[INFO] [stdout] test tests::gas_counter::out_of_gas_new_data_receipt ... ok
[INFO] [stdout] test tests::iterators::test_iterator_deprecated ... ok
[INFO] [stdout] test tests::gas_counter::test_cant_burn_more_than_prepaid_gas ... ok
[INFO] [stdout] test tests::logs::test_invalid_log_utf16 ... ok
[INFO] [stdout] test tests::logs::test_invalid_utf8 ... ok
[INFO] [stdout] test tests::gas_counter::test_overflowing_burn_gas_with_promises_gas ... ok
[INFO] [stdout] test tests::logs::test_log_total_length_limit ... ok
[INFO] [stdout] test tests::logs::test_log_total_length_limit_mixed ... ok
[INFO] [stdout] test tests::gas_counter::test_cant_burn_more_than_max_gas_burnt_gas ... ok
[INFO] [stdout] test tests::logs::test_log_max_limit ... ok
[INFO] [stdout] test tests::gas_counter::test_overflowing_burn_gas_with_promises_gas_2 ... ok
[INFO] [stdout] test tests::gas_counter::test_hit_max_gas_burnt_limit ... ok
[INFO] [stdout] test tests::logs::test_log_utf16_number_limit ... ok
[INFO] [stdout] test tests::logs::test_log_utf8_max_limit_null_terminated ... ok
[INFO] [stdout] test tests::logs::test_log_number_limit ... ok
[INFO] [stdout] test tests::logs::test_valid_log_utf16 ... ok
[INFO] [stdout] test tests::logs::test_valid_log_utf16_max_log_len_not_even ... ok
[INFO] [stdout] test tests::logs::test_valid_log_utf16_null_terminated_fail ... ok
[INFO] [stdout] test tests::logs::test_valid_log_utf16_null_terminated ... ok
[INFO] [stdout] test tests::logs::test_log_utf8_max_limit_null_terminated_fail ... ok
[INFO] [stdout] test tests::logs::test_valid_utf8 ... ok
[INFO] [stdout] test tests::logs::test_valid_null_terminated_utf8 ... ok
[INFO] [stdout] test tests::logs::utf16_mem_violation::test_nul_past_end ... ok
[INFO] [stdout] test tests::logs::utf8_mem_violation::test_nul_past_end ... ok
[INFO] [stdout] test tests::logs::utf8_mem_violation::test_read_past_end ... ok
[INFO] [stdout] test tests::logs::utf16_mem_violation::test_read_past_end ... ok
[INFO] [stdout] test tests::miscs::test_hash256_register ... ok
[INFO] [stdout] test tests::miscs::test_keccak256 ... ok
[INFO] [stdout] test tests::logs::utf16_mem_violation::test_good_read ... ok
[INFO] [stdout] test tests::logs::utf8_mem_violation::test_good_read ... ok
[INFO] [stdout] test tests::miscs::test_contract_size_limit ... ok
[INFO] [stdout] test tests::miscs::test_key_length_limit ... ok
[INFO] [stdout] test tests::miscs::test_return_value_limit ... ok
[INFO] [stdout] test tests::miscs::test_num_input_dependencies_recursive_join ... ok
[INFO] [stdout] test tests::miscs::test_keccak512 ... ok
[INFO] [stdout] test tests::miscs::test_num_joined_promises ... ok
[INFO] [stdout] test tests::miscs::test_num_promises ... ok
[INFO] [stdout] test tests::miscs::test_value_length_limit ... ok
[INFO] [stdout] test tests::promises::test_promise_batch_action_add_key_with_function_call ... ok
[INFO] [stdout] test tests::promises::test_promise_batch_action_deploy_contract ... ok
[INFO] [stdout] test tests::promises::test_promise_batch_action_function_call ... ok
[INFO] [stdout] test tests::promises::test_promise_batch_action_stake ... ok
[INFO] [stdout] test tests::miscs::test_sha256 ... ok
[INFO] [stdout] test tests::miscs::test_ripemd160 ... ok
[INFO] [stdout] test tests::promises::test_promise_batch_action_create_account ... ok
[INFO] [stdout] test tests::promises::test_promise_results ... ok
[INFO] [stdout] test tests::registers::test_many_registers ... ok
[INFO] [stdout] test tests::promises::test_promise_batch_action_transfer ... ok
[INFO] [stdout] test tests::registers::test_non_existent_register ... ok
[INFO] [stdout] test tests::promises::test_promise_batch_then ... ok
[INFO] [stdout] test tests::storage_read_write::test_storage_has_key_with_register ... ok
[INFO] [stdout] test tests::registers::test_max_register_size ... ok
[INFO] [stdout] test tests::storage_read_write::test_storage_read_with_register ... ok
[INFO] [stdout] test tests::storage_read_write::test_storage_remove_with_register ... ok
[INFO] [stdout] test tests::storage_usage::test_storage_write_counter ... ok
[INFO] [stdout] test tests::registers::test_register_is_not_used ... ok
[INFO] [stdout] test tests::storage_read_write::test_storage_write_with_register ... ok
[INFO] [stdout] test utils::tests::test_split_empty_method_name_back ... ok
[INFO] [stdout] test tests::view_method::test_allowed_view_method ... ok
[INFO] [stdout] test utils::tests::test_split_empty_method_name_comma_only ... ok
[INFO] [stdout] test utils::tests::test_split_empty_method_name_inside ... ok
[INFO] [stdout] test utils::tests::test_split_method_names_empty ... ok
[INFO] [stdout] test utils::tests::test_split_method_one_name ... ok
[INFO] [stdout] test utils::tests::test_split_method_two_method_names ... ok
[INFO] [stdout] test tests::storage_usage::test_storage_remove ... ok
[INFO] [stdout] test vmstate::tests::registers_max_number_limit ... ok
[INFO] [stdout] test vmstate::tests::registers_set ... ok
[INFO] [stdout] test vmstate::tests::registers_usage_limit ... ok
[INFO] [stdout] test tests::registers::test_one_register ... ok
[INFO] [stdout] test utils::tests::test_split_empty_method_name_front ... ok
[INFO] [stdout] test tests::view_method::test_prohibited_view_methods ... ok
[INFO] [stdout] test vmstate::tests::registers_register_size_limit ... ok
[INFO] [stdout] test tests::miscs::test_ecrecover ... ok
[INFO] [stdout] test tests::alt_bn128::test_alt_bn128_pairing_check ... ok
[INFO] [stdout] test tests::registers::test_max_register_memory_limit ... ok
[INFO] [stdout] 
[INFO] [stdout] test result: ok. 118 passed; 0 failed; 0 ignored; 0 measured; 0 filtered out; finished in 1.89s
[INFO] [stdout] 
[INFO] [stderr]    Doc-tests near-vm-logic
[INFO] [stdout] 
[INFO] [stdout] running 7 tests
[INFO] [stdout] test src/dependencies.rs - dependencies::MemoryLike::read_memory (line 64) ... ok
[INFO] [stdout] test src/dependencies.rs - dependencies::MemoryLike::read_memory (line 79) ... ok
[INFO] [stdout] test src/dependencies.rs - dependencies::External::storage_remove_subtree (line 201) ... FAILED
[INFO] [stdout] test src/dependencies.rs - dependencies::External::storage_remove (line 174) ... FAILED
[INFO] [stdout] test src/dependencies.rs - dependencies::External::storage_has_key (line 227) ... FAILED
[INFO] [stdout] test src/dependencies.rs - dependencies::External::storage_get (line 149) ... ok
[INFO] [stdout] test src/dependencies.rs - dependencies::External::storage_set (line 126) ... ok
[INFO] [stdout] 
[INFO] [stdout] failures:
[INFO] [stdout] 
[INFO] [stdout] ---- src/dependencies.rs - dependencies::External::storage_remove_subtree (line 201) stdout ----
[INFO] [stdout] error: linking with `cc` failed: exit status: 1
[INFO] [stdout]   |
[INFO] [stdout]   = note: LC_ALL="C" PATH="/opt/rustwide/rustup-home/toolchains/1.69.0-x86_64-unknown-linux-gnu/lib/rustlib/x86_64-unknown-linux-gnu/bin:/opt/rustwide/cargo-home/bin:/usr/local/sbin:/usr/local/bin:/usr/sbin:/usr/bin:/sbin:/bin" VSLANG="1033" "cc" "-m64" "/tmp/rustcp0itP0/symbols.o" "/tmp/rustdoctestNVmPiT/rust_out.rust_out.5bfee551-cgu.0.rcgu.o" "/tmp/rustdoctestNVmPiT/rust_out.j00p4ncf7xg64kg.rcgu.o" "-Wl,--as-needed" "-L" "/opt/rustwide/target/debug/deps" "-L" "/opt/rustwide/target/debug/deps" "-L" "/opt/rustwide/target/debug/build/secp256k1-sys-d368c35fc61294f1/out" "-L" "/opt/rustwide/rustup-home/toolchains/1.69.0-x86_64-unknown-linux-gnu/lib/rustlib/x86_64-unknown-linux-gnu/lib" "-Wl,-Bstatic" "/opt/rustwide/target/debug/deps/libnear_vm_logic-b145bc88d2c55903.rlib" "/opt/rustwide/target/debug/deps/libripemd-96ff87cc1159f210.rlib" "/opt/rustwide/target/debug/deps/libsha3-597aa57e0bf8bfc0.rlib" "/opt/rustwide/target/debug/deps/libkeccak-1afd4d313c5b4b06.rlib" "/opt/rustwide/target/debug/deps/libnear_primitives-ccdeb4b9408d3cf3.rlib" "/opt/rustwide/target/debug/deps/libbytesize-3ac2a488a8b277c1.rlib" "/opt/rustwide/target/debug/deps/libserde_yaml-5d07d4a8b5e60d0c.rlib" "/opt/rustwide/target/debug/deps/libunsafe_libyaml-5e2dc61eab2c758a.rlib" "/opt/rustwide/target/debug/deps/libreed_solomon_erasure-a50f43e6420e146b.rlib" "/opt/rustwide/target/debug/deps/libnear_o11y-0fff63535699350b.rlib" "/opt/rustwide/target/debug/deps/libopentelemetry_otlp-51866be5a559b023.rlib" "/opt/rustwide/target/debug/deps/libtonic-fcb9212208a23d66.rlib" "/opt/rustwide/target/debug/deps/libhyper_timeout-0e05256d0fadc7f0.rlib" "/opt/rustwide/target/debug/deps/libtokio_io_timeout-7cee3b90415f1521.rlib" "/opt/rustwide/target/debug/deps/libasync_stream-1da091567f7a0495.rlib" "/opt/rustwide/target/debug/deps/libhyper-018e8683a2743646.rlib" "/opt/rustwide/target/debug/deps/libwant-c819868714771aeb.rlib" "/opt/rustwide/target/debug/deps/libtry_lock-ec51eacf97b087e9.rlib" "/opt/rustwide/target/debug/deps/libhttparse-30fefae29fd53c2e.rlib" "/opt/rustwide/target/debug/deps/libh2-551f105aa47e34e1.rlib" "/opt/rustwide/target/debug/deps/libhttpdate-fbb447b85a38529c.rlib" "/opt/rustwide/target/debug/deps/libtower-3ef699ece0b71e40.rlib" "/opt/rustwide/target/debug/deps/libtower_layer-e481e1c063349230.rlib" "/opt/rustwide/target/debug/deps/libprost-0838e062cd23812b.rlib" "/opt/rustwide/target/debug/deps/libtower_service-a82a463fea06a00e.rlib" "/opt/rustwide/target/debug/deps/libhttp_body-1af96f59fded0cc1.rlib" "/opt/rustwide/target/debug/deps/libhttp-1912e0b438bd2fae.rlib" "/opt/rustwide/target/debug/deps/libclap-40781142aa5dbc79.rlib" "/opt/rustwide/target/debug/deps/libatty-548e022557250059.rlib" "/opt/rustwide/target/debug/deps/libstrsim-6c4a301b03dc606f.rlib" "/opt/rustwide/target/debug/deps/libtermcolor-b72ffe4cbd1728e7.rlib" "/opt/rustwide/target/debug/deps/libtextwrap-91cb267721c1cb04.rlib" "/opt/rustwide/target/debug/deps/libclap_lex-b2bd863b83eaf2e1.rlib" "/opt/rustwide/target/debug/deps/libos_str_bytes-eb794ef38bab2676.rlib" "/opt/rustwide/target/debug/deps/libactix-116b928cd12e8660.rlib" "/opt/rustwide/target/debug/deps/libtokio_util-6a96ec5b6996f0e3.rlib" "/opt/rustwide/target/debug/deps/libbitflags-82cc2d155c6eb112.rlib" "/opt/rustwide/target/debug/deps/libactix_rt-929c372e0295fbfd.rlib" "/opt/rustwide/target/debug/deps/libprometheus-d6fad0c55b7d6f33.rlib" "/opt/rustwide/target/debug/deps/libprotobuf-44c4c11660412408.rlib" "/opt/rustwide/target/debug/deps/libfnv-41a559218f992797.rlib" "/opt/rustwide/target/debug/deps/libtracing_appender-592bc201fe484615.rlib" "/opt/rustwide/target/debug/deps/libtime-6ea733afb2681673.rlib" "/opt/rustwide/target/debug/deps/libtime_core-4a74880e8761e797.rlib" "/opt/rustwide/target/debug/deps/libtracing_opentelemetry-8cae1e04fabf65b3.rlib" "/opt/rustwide/target/debug/deps/libtracing_subscriber-2e2309305eccaa26.rlib" "/opt/rustwide/target/debug/deps/libnu_ansi_term-849ae375beaa7393.rlib" "/opt/rustwide/target/debug/deps/liboverload-ed65bb7ce1767b00.rlib" "/opt/rustwide/target/debug/deps/libsharded_slab-f868a1f3c13cc75d.rlib" "/opt/rustwide/target/debug/deps/libmatchers-7275959fa2ddcc1d.rlib" "/opt/rustwide/target/debug/deps/libregex_automata-e94faa7ff8ab778d.rlib" "/opt/rustwide/target/debug/deps/libregex_syntax-4f5764d8391a61ee.rlib" "/opt/rustwide/target/debug/deps/libregex-62f85974b4cf0dcb.rlib" "/opt/rustwide/target/debug/deps/libaho_corasick-6fc38c3e1c0e1b2d.rlib" "/opt/rustwide/target/debug/deps/libregex_syntax-6ee924d67e38f866.rlib" "/opt/rustwide/target/debug/deps/libthread_local-dbbe3fe7f5e1cd27.rlib" "/opt/rustwide/target/debug/deps/libtracing_log-e5b621d6b0d9ed04.rlib" "/opt/rustwide/target/debug/deps/libopentelemetry_semantic_conventions-cd845043eb153f30.rlib" "/opt/rustwide/target/debug/deps/libopentelemetry-6d46bb0b88250694.rlib" "/opt/rustwide/target/debug/deps/libfutures_executor-68d12dbe4b0e239a.rlib" "/opt/rustwide/target/debug/deps/libcrossbeam_channel-4c1358ee3e4917be.rlib" "/opt/rustwide/target/debug/deps/libcrossbeam_utils-f14c2b72311f46b8.rlib" "/opt/rustwide/target/debug/deps/libtokio_stream-c6ebd9573098ffb4.rlib" "/opt/rustwide/target/debug/deps/libtokio-136fe40833860042.rlib" "/opt/rustwide/target/debug/deps/libsignal_hook_registry-478a5747abd0441c.rlib" "/opt/rustwide/target/debug/deps/libnum_cpus-99eb5bb783d8d3db.rlib" "/opt/rustwide/target/debug/deps/libsocket2-8061dac41e4cc57a.rlib" "/opt/rustwide/target/debug/deps/libbytes-e760d6ac9a2f6963.rlib" "/opt/rustwide/target/debug/deps/libmio-f08b421c98ddcc1c.rlib" "/opt/rustwide/target/debug/deps/libparking_lot-02950eabf37b3596.rlib" "/opt/rustwide/target/debug/deps/libparking_lot_core-20e6fa92b6fd4109.rlib" "/opt/rustwide/target/debug/deps/libsmallvec-22f2447eab0ca59b.rlib" "/opt/rustwide/target/debug/deps/liblock_api-68f9f4627da435ce.rlib" "/opt/rustwide/target/debug/deps/libscopeguard-f471875f675163b5.rlib" "/opt/rustwide/target/debug/deps/libpin_project-352b1e13fe952e39.rlib" "/opt/rustwide/target/debug/deps/libfutures_util-a663d42f555aef40.rlib" "/opt/rustwide/target/debug/deps/libmemchr-b18e4aa3c7a38625.rlib" "/opt/rustwide/target/debug/deps/libfutures_io-4614e9b19a26d89f.rlib" "/opt/rustwide/target/debug/deps/libslab-8bb798f134a0a9e7.rlib" "/opt/rustwide/target/debug/deps/libfutures_channel-6efe3e36c9bebe99.rlib" "/opt/rustwide/target/debug/deps/libfutures_sink-0848eae0e91803d6.rlib" "/opt/rustwide/target/debug/deps/libfutures_task-b59556b3c537ad98.rlib" "/opt/rustwide/target/debug/deps/libpin_utils-0d8eaf4ac0fcb221.rlib" "/opt/rustwide/target/debug/deps/libfutures_core-6002dc2ff0ad2c7a.rlib" "/opt/rustwide/target/debug/deps/libpercent_encoding-5b4f3c280783d946.rlib" "/opt/rustwide/target/debug/deps/libnear_crypto-4c8b72e2e951be7f.rlib" "/opt/rustwide/target/debug/deps/libnear_config_utils-b6fb396a001b1ae5.rlib" "/opt/rustwide/target/debug/deps/libanyhow-2a8b4879abb5c883.rlib" "/opt/rustwide/target/debug/deps/libtracing-a11a22500b0d7821.rlib" "/opt/rustwide/target/debug/deps/liblog-e4acea3c8ca43b70.rlib" "/opt/rustwide/target/debug/deps/libpin_project_lite-e66e1bab7310d569.rlib" "/opt/rustwide/target/debug/deps/libtracing_core-f394205818a84fdc.rlib" "/opt/rustwide/target/debug/deps/libjson_comments-f78ae71062806158.rlib" "/opt/rustwide/target/debug/deps/libserde_json-4c6a610fe76ef0ef.rlib" "/opt/rustwide/target/debug/deps/libryu-87a43729435ac998.rlib" "/opt/rustwide/target/debug/deps/libitoa-12e0c769e046c1b6.rlib" "/opt/rustwide/target/debug/deps/libindexmap-4a7e2da62b4b6cd1.rlib" "/opt/rustwide/target/debug/deps/libhashbrown-f669da50cece7aa5.rlib" "/opt/rustwide/target/debug/deps/libnear_stdx-4ed232cc9155fef8.rlib" "/opt/rustwide/target/debug/deps/libsecp256k1-a08e90c64d05ad56.rlib" "/opt/rustwide/target/debug/deps/libsecp256k1_sys-a3b357d678621e84.rlib" "/opt/rustwide/target/debug/deps/libprimitive_types-6e4c7d061bccc477.rlib" "/opt/rustwide/target/debug/deps/libuint-987f44806b279cef.rlib" "/opt/rustwide/target/debug/deps/libhex-034e9acc117a69b3.rlib" "/opt/rustwide/target/debug/deps/libfixed_hash-cf6537fc66ba48d7.rlib" "/opt/rustwide/target/debug/deps/libstatic_assertions-9a9c2cb46fa7a0a6.rlib" "/opt/rustwide/target/debug/deps/libonce_cell-f612d2e59a7f3606.rlib" "/opt/rustwide/target/debug/deps/libed25519_dalek-3e70e9f8f2c00c7d.rlib" "/opt/rustwide/target/debug/deps/libsha2-c172a1fa3a31b7f8.rlib" "/opt/rustwide/target/debug/deps/libblock_buffer-78be346201ee5550.rlib" "/opt/rustwide/target/debug/deps/librand-734537732e28ba72.rlib" "/opt/rustwide/target/debug/deps/librand_chacha-2b3f3047e9b7845c.rlib" "/opt/rustwide/target/debug/deps/libed25519-f3f7c8e116b332bd.rlib" "/opt/rustwide/target/debug/deps/libsignature-17d59ebc5e76f7ba.rlib" "/opt/rustwide/target/debug/deps/libcurve25519_dalek-5970c82ad5160125.rlib" "/opt/rustwide/target/debug/deps/libzeroize-cecb81c6ba3eb3cb.rlib" "/opt/rustwide/target/debug/deps/librand_core-9dae42a47d36ee1c.rlib" "/opt/rustwide/target/debug/deps/libgetrandom-4a53f218d7fe0143.rlib" "/opt/rustwide/target/debug/deps/libblake2-20241ded05e1b11c.rlib" "/opt/rustwide/target/debug/deps/libopaque_debug-502d41d476583e16.rlib" "/opt/rustwide/target/debug/deps/libcrypto_mac-d96a42a0229c6f15.rlib" "/opt/rustwide/target/debug/deps/libsubtle-dd4ad1983013d7f2.rlib" "/opt/rustwide/target/debug/deps/libdigest-e8ff3cc3ab9ac81c.rlib" "/opt/rustwide/target/debug/deps/libchrono-14b4da5bcb81db5d.rlib" "/opt/rustwide/target/debug/deps/libiana_time_zone-bf2c4c30343f4ef7.rlib" "/opt/rustwide/target/debug/deps/libtime-b9269e77d7e6666f.rlib" "/opt/rustwide/target/debug/deps/libnear_primitives_core-06e6a464e27466aa.rlib" "/opt/rustwide/target/debug/deps/libbase64-58bd2041a3052460.rlib" "/opt/rustwide/target/debug/deps/libbs58-87068924f57c323a.rlib" "/opt/rustwide/target/debug/deps/libsha2-109424d2e1e12b0c.rlib" "/opt/rustwide/target/debug/deps/libcpufeatures-e143b41ca3b14af5.rlib" "/opt/rustwide/target/debug/deps/libdigest-6c582ead3dd6abff.rlib" "/opt/rustwide/target/debug/deps/libblock_buffer-0933e09cece281a1.rlib" "/opt/rustwide/target/debug/deps/libcrypto_common-5a97f1b230e1e099.rlib" "/opt/rustwide/target/debug/deps/libgeneric_array-f03e3e3fb3ca464f.rlib" "/opt/rustwide/target/debug/deps/libtypenum-d40a559dcc4c7492.rlib" "/opt/rustwide/target/debug/deps/libenum_map-6eaa61a8e292b32f.rlib" "/opt/rustwide/target/debug/deps/libnum_rational-c27e4ee44eff7705.rlib" "/opt/rustwide/target/debug/deps/libnum_bigint-6895bf989cb5b0a2.rlib" "/opt/rustwide/target/debug/deps/libnum_integer-791c410304c3f4b1.rlib" "/opt/rustwide/target/debug/deps/libnum_traits-76b6768da4342038.rlib" "/opt/rustwide/target/debug/deps/libnear_vm_errors-5fc37f84259c559a.rlib" "/opt/rustwide/target/debug/deps/libstrum-0301de175a4a5df2.rlib" "/opt/rustwide/target/debug/deps/libthiserror-cbf7aab0e480d884.rlib" "/opt/rustwide/target/debug/deps/libnear_account_id-218265e00cb19071.rlib" "/opt/rustwide/target/debug/deps/libarbitrary-e0bfc1628d18583c.rlib" "/opt/rustwide/target/debug/deps/libserde-c0b8398e71cc925e.rlib" "/opt/rustwide/target/debug/deps/libborsh-702084cd948919cd.rlib" "/opt/rustwide/target/debug/deps/libzeropool_bn-e2a31dfd40d398da.rlib" "/opt/rustwide/target/debug/deps/liblazy_static-34ba320d3cb503b3.rlib" "/opt/rustwide/target/debug/deps/libspin-ba7f384cfb4b159f.rlib" "/opt/rustwide/target/debug/deps/librand-a95b5f9084c07716.rlib" "/opt/rustwide/target/debug/deps/librand_chacha-02db262bfffa7904.rlib" "/opt/rustwide/target/debug/deps/libppv_lite86-c3ad053967cc551c.rlib" "/opt/rustwide/target/debug/deps/librand_core-ebc2a136de28cec1.rlib" "/opt/rustwide/target/debug/deps/libgetrandom-ea50d3a3c1361eef.rlib" "/opt/rustwide/target/debug/deps/liblibc-1c44c26a4c16f4d2.rlib" "/opt/rustwide/target/debug/deps/libcfg_if-e5e118dd7d121aaa.rlib" "/opt/rustwide/target/debug/deps/libborsh-1f1a696c11f988d1.rlib" "/opt/rustwide/target/debug/deps/libcrunchy-a436a26727758dc0.rlib" "/opt/rustwide/target/debug/deps/libbyteorder-f4448a6ec9b1b852.rlib" "/opt/rustwide/rustup-home/toolchains/1.69.0-x86_64-unknown-linux-gnu/lib/rustlib/x86_64-unknown-linux-gnu/lib/libstd-89bc084783fdc439.rlib" "/opt/rustwide/rustup-home/toolchains/1.69.0-x86_64-unknown-linux-gnu/lib/rustlib/x86_64-unknown-linux-gnu/lib/libpanic_unwind-8bee4b287d4367c1.rlib" "/opt/rustwide/rustup-home/toolchains/1.69.0-x86_64-unknown-linux-gnu/lib/rustlib/x86_64-unknown-linux-gnu/lib/libobject-d61707aed80694c0.rlib" "/opt/rustwide/rustup-home/toolchains/1.69.0-x86_64-unknown-linux-gnu/lib/rustlib/x86_64-unknown-linux-gnu/lib/libmemchr-d85366256f22345b.rlib" "/opt/rustwide/rustup-home/toolchains/1.69.0-x86_64-unknown-linux-gnu/lib/rustlib/x86_64-unknown-linux-gnu/lib/libaddr2line-96069b86b8a8cae9.rlib" "/opt/rustwide/rustup-home/toolchains/1.69.0-x86_64-unknown-linux-gnu/lib/rustlib/x86_64-unknown-linux-gnu/lib/libgimli-d19d53abf68dfa6c.rlib" "/opt/rustwide/rustup-home/toolchains/1.69.0-x86_64-unknown-linux-gnu/lib/rustlib/x86_64-unknown-linux-gnu/lib/librustc_demangle-787cbccd19d64ac6.rlib" "/opt/rustwide/rustup-home/toolchains/1.69.0-x86_64-unknown-linux-gnu/lib/rustlib/x86_64-unknown-linux-gnu/lib/libstd_detect-b3837a36b830e0d0.rlib" "/opt/rustwide/rustup-home/toolchains/1.69.0-x86_64-unknown-linux-gnu/lib/rustlib/x86_64-unknown-linux-gnu/lib/libhashbrown-e3deb0e7e3f04966.rlib" "/opt/rustwide/rustup-home/toolchains/1.69.0-x86_64-unknown-linux-gnu/lib/rustlib/x86_64-unknown-linux-gnu/lib/libminiz_oxide-dabbb79c9815def4.rlib" "/opt/rustwide/rustup-home/toolchains/1.69.0-x86_64-unknown-linux-gnu/lib/rustlib/x86_64-unknown-linux-gnu/lib/libadler-305b01f34c9409f2.rlib" "/opt/rustwide/rustup-home/toolchains/1.69.0-x86_64-unknown-linux-gnu/lib/rustlib/x86_64-unknown-linux-gnu/lib/librustc_std_workspace_alloc-f833521df6074e73.rlib" "/opt/rustwide/rustup-home/toolchains/1.69.0-x86_64-unknown-linux-gnu/lib/rustlib/x86_64-unknown-linux-gnu/lib/libunwind-9ac333113350d171.rlib" "/opt/rustwide/rustup-home/toolchains/1.69.0-x86_64-unknown-linux-gnu/lib/rustlib/x86_64-unknown-linux-gnu/lib/libcfg_if-1c126114322d0eee.rlib" "/opt/rustwide/rustup-home/toolchains/1.69.0-x86_64-unknown-linux-gnu/lib/rustlib/x86_64-unknown-linux-gnu/lib/liblibc-bad9164fdeeecf92.rlib" "/opt/rustwide/rustup-home/toolchains/1.69.0-x86_64-unknown-linux-gnu/lib/rustlib/x86_64-unknown-linux-gnu/lib/liballoc-f9374b1e480fa681.rlib" "/opt/rustwide/rustup-home/toolchains/1.69.0-x86_64-unknown-linux-gnu/lib/rustlib/x86_64-unknown-linux-gnu/lib/librustc_std_workspace_core-207f06e41d9603af.rlib" "/opt/rustwide/rustup-home/toolchains/1.69.0-x86_64-unknown-linux-gnu/lib/rustlib/x86_64-unknown-linux-gnu/lib/libcore-7e2768e66e984e85.rlib" "/opt/rustwide/rustup-home/toolchains/1.69.0-x86_64-unknown-linux-gnu/lib/rustlib/x86_64-unknown-linux-gnu/lib/libcompiler_builtins-957b4aff41f8cd46.rlib" "-Wl,-Bdynamic" "-lgcc_s" "-lutil" "-lrt" "-lpthread" "-lm" "-ldl" "-lc" "-Wl,--eh-frame-hdr" "-Wl,-z,noexecstack" "-L" "/opt/rustwide/rustup-home/toolchains/1.69.0-x86_64-unknown-linux-gnu/lib/rustlib/x86_64-unknown-linux-gnu/lib" "-o" "/tmp/rustdoctestNVmPiT/rust_out" "-Wl,--gc-sections" "-pie" "-Wl,-z,relro,-z,now" "-nodefaultlibs"
[INFO] [stdout]   = note: collect2: fatal error: ld terminated with signal 9 [Killed]
[INFO] [stdout]           compilation terminated.
[INFO] [stdout]           
[INFO] [stdout] 
[INFO] [stdout] error: aborting due to previous error
[INFO] [stdout] 
[INFO] [stdout] Couldn't compile the test.
[INFO] [stdout] ---- src/dependencies.rs - dependencies::External::storage_remove (line 174) stdout ----
[INFO] [stdout] error: linking with `cc` failed: exit status: 1
[INFO] [stdout]   |
[INFO] [stdout]   = note: LC_ALL="C" PATH="/opt/rustwide/rustup-home/toolchains/1.69.0-x86_64-unknown-linux-gnu/lib/rustlib/x86_64-unknown-linux-gnu/bin:/opt/rustwide/cargo-home/bin:/usr/local/sbin:/usr/local/bin:/usr/sbin:/usr/bin:/sbin:/bin" VSLANG="1033" "cc" "-m64" "/tmp/rustcMaCZaY/symbols.o" "/tmp/rustdoctestRMdpTd/rust_out.rust_out.5bfee551-cgu.0.rcgu.o" "/tmp/rustdoctestRMdpTd/rust_out.j00p4ncf7xg64kg.rcgu.o" "-Wl,--as-needed" "-L" "/opt/rustwide/target/debug/deps" "-L" "/opt/rustwide/target/debug/deps" "-L" "/opt/rustwide/target/debug/build/secp256k1-sys-d368c35fc61294f1/out" "-L" "/opt/rustwide/rustup-home/toolchains/1.69.0-x86_64-unknown-linux-gnu/lib/rustlib/x86_64-unknown-linux-gnu/lib" "-Wl,-Bstatic" "/opt/rustwide/target/debug/deps/libnear_vm_logic-b145bc88d2c55903.rlib" "/opt/rustwide/target/debug/deps/libripemd-96ff87cc1159f210.rlib" "/opt/rustwide/target/debug/deps/libsha3-597aa57e0bf8bfc0.rlib" "/opt/rustwide/target/debug/deps/libkeccak-1afd4d313c5b4b06.rlib" "/opt/rustwide/target/debug/deps/libnear_primitives-ccdeb4b9408d3cf3.rlib" "/opt/rustwide/target/debug/deps/libbytesize-3ac2a488a8b277c1.rlib" "/opt/rustwide/target/debug/deps/libserde_yaml-5d07d4a8b5e60d0c.rlib" "/opt/rustwide/target/debug/deps/libunsafe_libyaml-5e2dc61eab2c758a.rlib" "/opt/rustwide/target/debug/deps/libreed_solomon_erasure-a50f43e6420e146b.rlib" "/opt/rustwide/target/debug/deps/libnear_o11y-0fff63535699350b.rlib" "/opt/rustwide/target/debug/deps/libopentelemetry_otlp-51866be5a559b023.rlib" "/opt/rustwide/target/debug/deps/libtonic-fcb9212208a23d66.rlib" "/opt/rustwide/target/debug/deps/libhyper_timeout-0e05256d0fadc7f0.rlib" "/opt/rustwide/target/debug/deps/libtokio_io_timeout-7cee3b90415f1521.rlib" "/opt/rustwide/target/debug/deps/libasync_stream-1da091567f7a0495.rlib" "/opt/rustwide/target/debug/deps/libhyper-018e8683a2743646.rlib" "/opt/rustwide/target/debug/deps/libwant-c819868714771aeb.rlib" "/opt/rustwide/target/debug/deps/libtry_lock-ec51eacf97b087e9.rlib" "/opt/rustwide/target/debug/deps/libhttparse-30fefae29fd53c2e.rlib" "/opt/rustwide/target/debug/deps/libh2-551f105aa47e34e1.rlib" "/opt/rustwide/target/debug/deps/libhttpdate-fbb447b85a38529c.rlib" "/opt/rustwide/target/debug/deps/libtower-3ef699ece0b71e40.rlib" "/opt/rustwide/target/debug/deps/libtower_layer-e481e1c063349230.rlib" "/opt/rustwide/target/debug/deps/libprost-0838e062cd23812b.rlib" "/opt/rustwide/target/debug/deps/libtower_service-a82a463fea06a00e.rlib" "/opt/rustwide/target/debug/deps/libhttp_body-1af96f59fded0cc1.rlib" "/opt/rustwide/target/debug/deps/libhttp-1912e0b438bd2fae.rlib" "/opt/rustwide/target/debug/deps/libclap-40781142aa5dbc79.rlib" "/opt/rustwide/target/debug/deps/libatty-548e022557250059.rlib" "/opt/rustwide/target/debug/deps/libstrsim-6c4a301b03dc606f.rlib" "/opt/rustwide/target/debug/deps/libtermcolor-b72ffe4cbd1728e7.rlib" "/opt/rustwide/target/debug/deps/libtextwrap-91cb267721c1cb04.rlib" "/opt/rustwide/target/debug/deps/libclap_lex-b2bd863b83eaf2e1.rlib" "/opt/rustwide/target/debug/deps/libos_str_bytes-eb794ef38bab2676.rlib" "/opt/rustwide/target/debug/deps/libactix-116b928cd12e8660.rlib" "/opt/rustwide/target/debug/deps/libtokio_util-6a96ec5b6996f0e3.rlib" "/opt/rustwide/target/debug/deps/libbitflags-82cc2d155c6eb112.rlib" "/opt/rustwide/target/debug/deps/libactix_rt-929c372e0295fbfd.rlib" "/opt/rustwide/target/debug/deps/libprometheus-d6fad0c55b7d6f33.rlib" "/opt/rustwide/target/debug/deps/libprotobuf-44c4c11660412408.rlib" "/opt/rustwide/target/debug/deps/libfnv-41a559218f992797.rlib" "/opt/rustwide/target/debug/deps/libtracing_appender-592bc201fe484615.rlib" "/opt/rustwide/target/debug/deps/libtime-6ea733afb2681673.rlib" "/opt/rustwide/target/debug/deps/libtime_core-4a74880e8761e797.rlib" "/opt/rustwide/target/debug/deps/libtracing_opentelemetry-8cae1e04fabf65b3.rlib" "/opt/rustwide/target/debug/deps/libtracing_subscriber-2e2309305eccaa26.rlib" "/opt/rustwide/target/debug/deps/libnu_ansi_term-849ae375beaa7393.rlib" "/opt/rustwide/target/debug/deps/liboverload-ed65bb7ce1767b00.rlib" "/opt/rustwide/target/debug/deps/libsharded_slab-f868a1f3c13cc75d.rlib" "/opt/rustwide/target/debug/deps/libmatchers-7275959fa2ddcc1d.rlib" "/opt/rustwide/target/debug/deps/libregex_automata-e94faa7ff8ab778d.rlib" "/opt/rustwide/target/debug/deps/libregex_syntax-4f5764d8391a61ee.rlib" "/opt/rustwide/target/debug/deps/libregex-62f85974b4cf0dcb.rlib" "/opt/rustwide/target/debug/deps/libaho_corasick-6fc38c3e1c0e1b2d.rlib" "/opt/rustwide/target/debug/deps/libregex_syntax-6ee924d67e38f866.rlib" "/opt/rustwide/target/debug/deps/libthread_local-dbbe3fe7f5e1cd27.rlib" "/opt/rustwide/target/debug/deps/libtracing_log-e5b621d6b0d9ed04.rlib" "/opt/rustwide/target/debug/deps/libopentelemetry_semantic_conventions-cd845043eb153f30.rlib" "/opt/rustwide/target/debug/deps/libopentelemetry-6d46bb0b88250694.rlib" "/opt/rustwide/target/debug/deps/libfutures_executor-68d12dbe4b0e239a.rlib" "/opt/rustwide/target/debug/deps/libcrossbeam_channel-4c1358ee3e4917be.rlib" "/opt/rustwide/target/debug/deps/libcrossbeam_utils-f14c2b72311f46b8.rlib" "/opt/rustwide/target/debug/deps/libtokio_stream-c6ebd9573098ffb4.rlib" "/opt/rustwide/target/debug/deps/libtokio-136fe40833860042.rlib" "/opt/rustwide/target/debug/deps/libsignal_hook_registry-478a5747abd0441c.rlib" "/opt/rustwide/target/debug/deps/libnum_cpus-99eb5bb783d8d3db.rlib" "/opt/rustwide/target/debug/deps/libsocket2-8061dac41e4cc57a.rlib" "/opt/rustwide/target/debug/deps/libbytes-e760d6ac9a2f6963.rlib" "/opt/rustwide/target/debug/deps/libmio-f08b421c98ddcc1c.rlib" "/opt/rustwide/target/debug/deps/libparking_lot-02950eabf37b3596.rlib" "/opt/rustwide/target/debug/deps/libparking_lot_core-20e6fa92b6fd4109.rlib" "/opt/rustwide/target/debug/deps/libsmallvec-22f2447eab0ca59b.rlib" "/opt/rustwide/target/debug/deps/liblock_api-68f9f4627da435ce.rlib" "/opt/rustwide/target/debug/deps/libscopeguard-f471875f675163b5.rlib" "/opt/rustwide/target/debug/deps/libpin_project-352b1e13fe952e39.rlib" "/opt/rustwide/target/debug/deps/libfutures_util-a663d42f555aef40.rlib" "/opt/rustwide/target/debug/deps/libmemchr-b18e4aa3c7a38625.rlib" "/opt/rustwide/target/debug/deps/libfutures_io-4614e9b19a26d89f.rlib" "/opt/rustwide/target/debug/deps/libslab-8bb798f134a0a9e7.rlib" "/opt/rustwide/target/debug/deps/libfutures_channel-6efe3e36c9bebe99.rlib" "/opt/rustwide/target/debug/deps/libfutures_sink-0848eae0e91803d6.rlib" "/opt/rustwide/target/debug/deps/libfutures_task-b59556b3c537ad98.rlib" "/opt/rustwide/target/debug/deps/libpin_utils-0d8eaf4ac0fcb221.rlib" "/opt/rustwide/target/debug/deps/libfutures_core-6002dc2ff0ad2c7a.rlib" "/opt/rustwide/target/debug/deps/libpercent_encoding-5b4f3c280783d946.rlib" "/opt/rustwide/target/debug/deps/libnear_crypto-4c8b72e2e951be7f.rlib" "/opt/rustwide/target/debug/deps/libnear_config_utils-b6fb396a001b1ae5.rlib" "/opt/rustwide/target/debug/deps/libanyhow-2a8b4879abb5c883.rlib" "/opt/rustwide/target/debug/deps/libtracing-a11a22500b0d7821.rlib" "/opt/rustwide/target/debug/deps/liblog-e4acea3c8ca43b70.rlib" "/opt/rustwide/target/debug/deps/libpin_project_lite-e66e1bab7310d569.rlib" "/opt/rustwide/target/debug/deps/libtracing_core-f394205818a84fdc.rlib" "/opt/rustwide/target/debug/deps/libjson_comments-f78ae71062806158.rlib" "/opt/rustwide/target/debug/deps/libserde_json-4c6a610fe76ef0ef.rlib" "/opt/rustwide/target/debug/deps/libryu-87a43729435ac998.rlib" "/opt/rustwide/target/debug/deps/libitoa-12e0c769e046c1b6.rlib" "/opt/rustwide/target/debug/deps/libindexmap-4a7e2da62b4b6cd1.rlib" "/opt/rustwide/target/debug/deps/libhashbrown-f669da50cece7aa5.rlib" "/opt/rustwide/target/debug/deps/libnear_stdx-4ed232cc9155fef8.rlib" "/opt/rustwide/target/debug/deps/libsecp256k1-a08e90c64d05ad56.rlib" "/opt/rustwide/target/debug/deps/libsecp256k1_sys-a3b357d678621e84.rlib" "/opt/rustwide/target/debug/deps/libprimitive_types-6e4c7d061bccc477.rlib" "/opt/rustwide/target/debug/deps/libuint-987f44806b279cef.rlib" "/opt/rustwide/target/debug/deps/libhex-034e9acc117a69b3.rlib" "/opt/rustwide/target/debug/deps/libfixed_hash-cf6537fc66ba48d7.rlib" "/opt/rustwide/target/debug/deps/libstatic_assertions-9a9c2cb46fa7a0a6.rlib" "/opt/rustwide/target/debug/deps/libonce_cell-f612d2e59a7f3606.rlib" "/opt/rustwide/target/debug/deps/libed25519_dalek-3e70e9f8f2c00c7d.rlib" "/opt/rustwide/target/debug/deps/libsha2-c172a1fa3a31b7f8.rlib" "/opt/rustwide/target/debug/deps/libblock_buffer-78be346201ee5550.rlib" "/opt/rustwide/target/debug/deps/librand-734537732e28ba72.rlib" "/opt/rustwide/target/debug/deps/librand_chacha-2b3f3047e9b7845c.rlib" "/opt/rustwide/target/debug/deps/libed25519-f3f7c8e116b332bd.rlib" "/opt/rustwide/target/debug/deps/libsignature-17d59ebc5e76f7ba.rlib" "/opt/rustwide/target/debug/deps/libcurve25519_dalek-5970c82ad5160125.rlib" "/opt/rustwide/target/debug/deps/libzeroize-cecb81c6ba3eb3cb.rlib" "/opt/rustwide/target/debug/deps/librand_core-9dae42a47d36ee1c.rlib" "/opt/rustwide/target/debug/deps/libgetrandom-4a53f218d7fe0143.rlib" "/opt/rustwide/target/debug/deps/libblake2-20241ded05e1b11c.rlib" "/opt/rustwide/target/debug/deps/libopaque_debug-502d41d476583e16.rlib" "/opt/rustwide/target/debug/deps/libcrypto_mac-d96a42a0229c6f15.rlib" "/opt/rustwide/target/debug/deps/libsubtle-dd4ad1983013d7f2.rlib" "/opt/rustwide/target/debug/deps/libdigest-e8ff3cc3ab9ac81c.rlib" "/opt/rustwide/target/debug/deps/libchrono-14b4da5bcb81db5d.rlib" "/opt/rustwide/target/debug/deps/libiana_time_zone-bf2c4c30343f4ef7.rlib" "/opt/rustwide/target/debug/deps/libtime-b9269e77d7e6666f.rlib" "/opt/rustwide/target/debug/deps/libnear_primitives_core-06e6a464e27466aa.rlib" "/opt/rustwide/target/debug/deps/libbase64-58bd2041a3052460.rlib" "/opt/rustwide/target/debug/deps/libbs58-87068924f57c323a.rlib" "/opt/rustwide/target/debug/deps/libsha2-109424d2e1e12b0c.rlib" "/opt/rustwide/target/debug/deps/libcpufeatures-e143b41ca3b14af5.rlib" "/opt/rustwide/target/debug/deps/libdigest-6c582ead3dd6abff.rlib" "/opt/rustwide/target/debug/deps/libblock_buffer-0933e09cece281a1.rlib" "/opt/rustwide/target/debug/deps/libcrypto_common-5a97f1b230e1e099.rlib" "/opt/rustwide/target/debug/deps/libgeneric_array-f03e3e3fb3ca464f.rlib" "/opt/rustwide/target/debug/deps/libtypenum-d40a559dcc4c7492.rlib" "/opt/rustwide/target/debug/deps/libenum_map-6eaa61a8e292b32f.rlib" "/opt/rustwide/target/debug/deps/libnum_rational-c27e4ee44eff7705.rlib" "/opt/rustwide/target/debug/deps/libnum_bigint-6895bf989cb5b0a2.rlib" "/opt/rustwide/target/debug/deps/libnum_integer-791c410304c3f4b1.rlib" "/opt/rustwide/target/debug/deps/libnum_traits-76b6768da4342038.rlib" "/opt/rustwide/target/debug/deps/libnear_vm_errors-5fc37f84259c559a.rlib" "/opt/rustwide/target/debug/deps/libstrum-0301de175a4a5df2.rlib" "/opt/rustwide/target/debug/deps/libthiserror-cbf7aab0e480d884.rlib" "/opt/rustwide/target/debug/deps/libnear_account_id-218265e00cb19071.rlib" "/opt/rustwide/target/debug/deps/libarbitrary-e0bfc1628d18583c.rlib" "/opt/rustwide/target/debug/deps/libserde-c0b8398e71cc925e.rlib" "/opt/rustwide/target/debug/deps/libborsh-702084cd948919cd.rlib" "/opt/rustwide/target/debug/deps/libzeropool_bn-e2a31dfd40d398da.rlib" "/opt/rustwide/target/debug/deps/liblazy_static-34ba320d3cb503b3.rlib" "/opt/rustwide/target/debug/deps/libspin-ba7f384cfb4b159f.rlib" "/opt/rustwide/target/debug/deps/librand-a95b5f9084c07716.rlib" "/opt/rustwide/target/debug/deps/librand_chacha-02db262bfffa7904.rlib" "/opt/rustwide/target/debug/deps/libppv_lite86-c3ad053967cc551c.rlib" "/opt/rustwide/target/debug/deps/librand_core-ebc2a136de28cec1.rlib" "/opt/rustwide/target/debug/deps/libgetrandom-ea50d3a3c1361eef.rlib" "/opt/rustwide/target/debug/deps/liblibc-1c44c26a4c16f4d2.rlib" "/opt/rustwide/target/debug/deps/libcfg_if-e5e118dd7d121aaa.rlib" "/opt/rustwide/target/debug/deps/libborsh-1f1a696c11f988d1.rlib" "/opt/rustwide/target/debug/deps/libcrunchy-a436a26727758dc0.rlib" "/opt/rustwide/target/debug/deps/libbyteorder-f4448a6ec9b1b852.rlib" "/opt/rustwide/rustup-home/toolchains/1.69.0-x86_64-unknown-linux-gnu/lib/rustlib/x86_64-unknown-linux-gnu/lib/libstd-89bc084783fdc439.rlib" "/opt/rustwide/rustup-home/toolchains/1.69.0-x86_64-unknown-linux-gnu/lib/rustlib/x86_64-unknown-linux-gnu/lib/libpanic_unwind-8bee4b287d4367c1.rlib" "/opt/rustwide/rustup-home/toolchains/1.69.0-x86_64-unknown-linux-gnu/lib/rustlib/x86_64-unknown-linux-gnu/lib/libobject-d61707aed80694c0.rlib" "/opt/rustwide/rustup-home/toolchains/1.69.0-x86_64-unknown-linux-gnu/lib/rustlib/x86_64-unknown-linux-gnu/lib/libmemchr-d85366256f22345b.rlib" "/opt/rustwide/rustup-home/toolchains/1.69.0-x86_64-unknown-linux-gnu/lib/rustlib/x86_64-unknown-linux-gnu/lib/libaddr2line-96069b86b8a8cae9.rlib" "/opt/rustwide/rustup-home/toolchains/1.69.0-x86_64-unknown-linux-gnu/lib/rustlib/x86_64-unknown-linux-gnu/lib/libgimli-d19d53abf68dfa6c.rlib" "/opt/rustwide/rustup-home/toolchains/1.69.0-x86_64-unknown-linux-gnu/lib/rustlib/x86_64-unknown-linux-gnu/lib/librustc_demangle-787cbccd19d64ac6.rlib" "/opt/rustwide/rustup-home/toolchains/1.69.0-x86_64-unknown-linux-gnu/lib/rustlib/x86_64-unknown-linux-gnu/lib/libstd_detect-b3837a36b830e0d0.rlib" "/opt/rustwide/rustup-home/toolchains/1.69.0-x86_64-unknown-linux-gnu/lib/rustlib/x86_64-unknown-linux-gnu/lib/libhashbrown-e3deb0e7e3f04966.rlib" "/opt/rustwide/rustup-home/toolchains/1.69.0-x86_64-unknown-linux-gnu/lib/rustlib/x86_64-unknown-linux-gnu/lib/libminiz_oxide-dabbb79c9815def4.rlib" "/opt/rustwide/rustup-home/toolchains/1.69.0-x86_64-unknown-linux-gnu/lib/rustlib/x86_64-unknown-linux-gnu/lib/libadler-305b01f34c9409f2.rlib" "/opt/rustwide/rustup-home/toolchains/1.69.0-x86_64-unknown-linux-gnu/lib/rustlib/x86_64-unknown-linux-gnu/lib/librustc_std_workspace_alloc-f833521df6074e73.rlib" "/opt/rustwide/rustup-home/toolchains/1.69.0-x86_64-unknown-linux-gnu/lib/rustlib/x86_64-unknown-linux-gnu/lib/libunwind-9ac333113350d171.rlib" "/opt/rustwide/rustup-home/toolchains/1.69.0-x86_64-unknown-linux-gnu/lib/rustlib/x86_64-unknown-linux-gnu/lib/libcfg_if-1c126114322d0eee.rlib" "/opt/rustwide/rustup-home/toolchains/1.69.0-x86_64-unknown-linux-gnu/lib/rustlib/x86_64-unknown-linux-gnu/lib/liblibc-bad9164fdeeecf92.rlib" "/opt/rustwide/rustup-home/toolchains/1.69.0-x86_64-unknown-linux-gnu/lib/rustlib/x86_64-unknown-linux-gnu/lib/liballoc-f9374b1e480fa681.rlib" "/opt/rustwide/rustup-home/toolchains/1.69.0-x86_64-unknown-linux-gnu/lib/rustlib/x86_64-unknown-linux-gnu/lib/librustc_std_workspace_core-207f06e41d9603af.rlib" "/opt/rustwide/rustup-home/toolchains/1.69.0-x86_64-unknown-linux-gnu/lib/rustlib/x86_64-unknown-linux-gnu/lib/libcore-7e2768e66e984e85.rlib" "/opt/rustwide/rustup-home/toolchains/1.69.0-x86_64-unknown-linux-gnu/lib/rustlib/x86_64-unknown-linux-gnu/lib/libcompiler_builtins-957b4aff41f8cd46.rlib" "-Wl,-Bdynamic" "-lgcc_s" "-lutil" "-lrt" "-lpthread" "-lm" "-ldl" "-lc" "-Wl,--eh-frame-hdr" "-Wl,-z,noexecstack" "-L" "/opt/rustwide/rustup-home/toolchains/1.69.0-x86_64-unknown-linux-gnu/lib/rustlib/x86_64-unknown-linux-gnu/lib" "-o" "/tmp/rustdoctestRMdpTd/rust_out" "-Wl,--gc-sections" "-pie" "-Wl,-z,relro,-z,now" "-nodefaultlibs"
[INFO] [stdout]   = note: collect2: fatal error: ld terminated with signal 9 [Killed]
[INFO] [stdout]           compilation terminated.
[INFO] [stdout]           
[INFO] [stdout] 
[INFO] [stdout] error: aborting due to previous error
[INFO] [stdout] 
[INFO] [stdout] Couldn't compile the test.
[INFO] [stdout] ---- src/dependencies.rs - dependencies::External::storage_has_key (line 227) stdout ----
[INFO] [stdout] error: linking with `cc` failed: exit status: 1
[INFO] [stdout]   |
[INFO] [stdout]   = note: LC_ALL="C" PATH="/opt/rustwide/rustup-home/toolchains/1.69.0-x86_64-unknown-linux-gnu/lib/rustlib/x86_64-unknown-linux-gnu/bin:/opt/rustwide/cargo-home/bin:/usr/local/sbin:/usr/local/bin:/usr/sbin:/usr/bin:/sbin:/bin" VSLANG="1033" "cc" "-m64" "/tmp/rustcaeY2Sk/symbols.o" "/tmp/rustdoctestEPeKve/rust_out.rust_out.5bfee551-cgu.0.rcgu.o" "/tmp/rustdoctestEPeKve/rust_out.j00p4ncf7xg64kg.rcgu.o" "-Wl,--as-needed" "-L" "/opt/rustwide/target/debug/deps" "-L" "/opt/rustwide/target/debug/deps" "-L" "/opt/rustwide/target/debug/build/secp256k1-sys-d368c35fc61294f1/out" "-L" "/opt/rustwide/rustup-home/toolchains/1.69.0-x86_64-unknown-linux-gnu/lib/rustlib/x86_64-unknown-linux-gnu/lib" "-Wl,-Bstatic" "/opt/rustwide/target/debug/deps/libnear_vm_logic-b145bc88d2c55903.rlib" "/opt/rustwide/target/debug/deps/libripemd-96ff87cc1159f210.rlib" "/opt/rustwide/target/debug/deps/libsha3-597aa57e0bf8bfc0.rlib" "/opt/rustwide/target/debug/deps/libkeccak-1afd4d313c5b4b06.rlib" "/opt/rustwide/target/debug/deps/libnear_primitives-ccdeb4b9408d3cf3.rlib" "/opt/rustwide/target/debug/deps/libbytesize-3ac2a488a8b277c1.rlib" "/opt/rustwide/target/debug/deps/libserde_yaml-5d07d4a8b5e60d0c.rlib" "/opt/rustwide/target/debug/deps/libunsafe_libyaml-5e2dc61eab2c758a.rlib" "/opt/rustwide/target/debug/deps/libreed_solomon_erasure-a50f43e6420e146b.rlib" "/opt/rustwide/target/debug/deps/libnear_o11y-0fff63535699350b.rlib" "/opt/rustwide/target/debug/deps/libopentelemetry_otlp-51866be5a559b023.rlib" "/opt/rustwide/target/debug/deps/libtonic-fcb9212208a23d66.rlib" "/opt/rustwide/target/debug/deps/libhyper_timeout-0e05256d0fadc7f0.rlib" "/opt/rustwide/target/debug/deps/libtokio_io_timeout-7cee3b90415f1521.rlib" "/opt/rustwide/target/debug/deps/libasync_stream-1da091567f7a0495.rlib" "/opt/rustwide/target/debug/deps/libhyper-018e8683a2743646.rlib" "/opt/rustwide/target/debug/deps/libwant-c819868714771aeb.rlib" "/opt/rustwide/target/debug/deps/libtry_lock-ec51eacf97b087e9.rlib" "/opt/rustwide/target/debug/deps/libhttparse-30fefae29fd53c2e.rlib" "/opt/rustwide/target/debug/deps/libh2-551f105aa47e34e1.rlib" "/opt/rustwide/target/debug/deps/libhttpdate-fbb447b85a38529c.rlib" "/opt/rustwide/target/debug/deps/libtower-3ef699ece0b71e40.rlib" "/opt/rustwide/target/debug/deps/libtower_layer-e481e1c063349230.rlib" "/opt/rustwide/target/debug/deps/libprost-0838e062cd23812b.rlib" "/opt/rustwide/target/debug/deps/libtower_service-a82a463fea06a00e.rlib" "/opt/rustwide/target/debug/deps/libhttp_body-1af96f59fded0cc1.rlib" "/opt/rustwide/target/debug/deps/libhttp-1912e0b438bd2fae.rlib" "/opt/rustwide/target/debug/deps/libclap-40781142aa5dbc79.rlib" "/opt/rustwide/target/debug/deps/libatty-548e022557250059.rlib" "/opt/rustwide/target/debug/deps/libstrsim-6c4a301b03dc606f.rlib" "/opt/rustwide/target/debug/deps/libtermcolor-b72ffe4cbd1728e7.rlib" "/opt/rustwide/target/debug/deps/libtextwrap-91cb267721c1cb04.rlib" "/opt/rustwide/target/debug/deps/libclap_lex-b2bd863b83eaf2e1.rlib" "/opt/rustwide/target/debug/deps/libos_str_bytes-eb794ef38bab2676.rlib" "/opt/rustwide/target/debug/deps/libactix-116b928cd12e8660.rlib" "/opt/rustwide/target/debug/deps/libtokio_util-6a96ec5b6996f0e3.rlib" "/opt/rustwide/target/debug/deps/libbitflags-82cc2d155c6eb112.rlib" "/opt/rustwide/target/debug/deps/libactix_rt-929c372e0295fbfd.rlib" "/opt/rustwide/target/debug/deps/libprometheus-d6fad0c55b7d6f33.rlib" "/opt/rustwide/target/debug/deps/libprotobuf-44c4c11660412408.rlib" "/opt/rustwide/target/debug/deps/libfnv-41a559218f992797.rlib" "/opt/rustwide/target/debug/deps/libtracing_appender-592bc201fe484615.rlib" "/opt/rustwide/target/debug/deps/libtime-6ea733afb2681673.rlib" "/opt/rustwide/target/debug/deps/libtime_core-4a74880e8761e797.rlib" "/opt/rustwide/target/debug/deps/libtracing_opentelemetry-8cae1e04fabf65b3.rlib" "/opt/rustwide/target/debug/deps/libtracing_subscriber-2e2309305eccaa26.rlib" "/opt/rustwide/target/debug/deps/libnu_ansi_term-849ae375beaa7393.rlib" "/opt/rustwide/target/debug/deps/liboverload-ed65bb7ce1767b00.rlib" "/opt/rustwide/target/debug/deps/libsharded_slab-f868a1f3c13cc75d.rlib" "/opt/rustwide/target/debug/deps/libmatchers-7275959fa2ddcc1d.rlib" "/opt/rustwide/target/debug/deps/libregex_automata-e94faa7ff8ab778d.rlib" "/opt/rustwide/target/debug/deps/libregex_syntax-4f5764d8391a61ee.rlib" "/opt/rustwide/target/debug/deps/libregex-62f85974b4cf0dcb.rlib" "/opt/rustwide/target/debug/deps/libaho_corasick-6fc38c3e1c0e1b2d.rlib" "/opt/rustwide/target/debug/deps/libregex_syntax-6ee924d67e38f866.rlib" "/opt/rustwide/target/debug/deps/libthread_local-dbbe3fe7f5e1cd27.rlib" "/opt/rustwide/target/debug/deps/libtracing_log-e5b621d6b0d9ed04.rlib" "/opt/rustwide/target/debug/deps/libopentelemetry_semantic_conventions-cd845043eb153f30.rlib" "/opt/rustwide/target/debug/deps/libopentelemetry-6d46bb0b88250694.rlib" "/opt/rustwide/target/debug/deps/libfutures_executor-68d12dbe4b0e239a.rlib" "/opt/rustwide/target/debug/deps/libcrossbeam_channel-4c1358ee3e4917be.rlib" "/opt/rustwide/target/debug/deps/libcrossbeam_utils-f14c2b72311f46b8.rlib" "/opt/rustwide/target/debug/deps/libtokio_stream-c6ebd9573098ffb4.rlib" "/opt/rustwide/target/debug/deps/libtokio-136fe40833860042.rlib" "/opt/rustwide/target/debug/deps/libsignal_hook_registry-478a5747abd0441c.rlib" "/opt/rustwide/target/debug/deps/libnum_cpus-99eb5bb783d8d3db.rlib" "/opt/rustwide/target/debug/deps/libsocket2-8061dac41e4cc57a.rlib" "/opt/rustwide/target/debug/deps/libbytes-e760d6ac9a2f6963.rlib" "/opt/rustwide/target/debug/deps/libmio-f08b421c98ddcc1c.rlib" "/opt/rustwide/target/debug/deps/libparking_lot-02950eabf37b3596.rlib" "/opt/rustwide/target/debug/deps/libparking_lot_core-20e6fa92b6fd4109.rlib" "/opt/rustwide/target/debug/deps/libsmallvec-22f2447eab0ca59b.rlib" "/opt/rustwide/target/debug/deps/liblock_api-68f9f4627da435ce.rlib" "/opt/rustwide/target/debug/deps/libscopeguard-f471875f675163b5.rlib" "/opt/rustwide/target/debug/deps/libpin_project-352b1e13fe952e39.rlib" "/opt/rustwide/target/debug/deps/libfutures_util-a663d42f555aef40.rlib" "/opt/rustwide/target/debug/deps/libmemchr-b18e4aa3c7a38625.rlib" "/opt/rustwide/target/debug/deps/libfutures_io-4614e9b19a26d89f.rlib" "/opt/rustwide/target/debug/deps/libslab-8bb798f134a0a9e7.rlib" "/opt/rustwide/target/debug/deps/libfutures_channel-6efe3e36c9bebe99.rlib" "/opt/rustwide/target/debug/deps/libfutures_sink-0848eae0e91803d6.rlib" "/opt/rustwide/target/debug/deps/libfutures_task-b59556b3c537ad98.rlib" "/opt/rustwide/target/debug/deps/libpin_utils-0d8eaf4ac0fcb221.rlib" "/opt/rustwide/target/debug/deps/libfutures_core-6002dc2ff0ad2c7a.rlib" "/opt/rustwide/target/debug/deps/libpercent_encoding-5b4f3c280783d946.rlib" "/opt/rustwide/target/debug/deps/libnear_crypto-4c8b72e2e951be7f.rlib" "/opt/rustwide/target/debug/deps/libnear_config_utils-b6fb396a001b1ae5.rlib" "/opt/rustwide/target/debug/deps/libanyhow-2a8b4879abb5c883.rlib" "/opt/rustwide/target/debug/deps/libtracing-a11a22500b0d7821.rlib" "/opt/rustwide/target/debug/deps/liblog-e4acea3c8ca43b70.rlib" "/opt/rustwide/target/debug/deps/libpin_project_lite-e66e1bab7310d569.rlib" "/opt/rustwide/target/debug/deps/libtracing_core-f394205818a84fdc.rlib" "/opt/rustwide/target/debug/deps/libjson_comments-f78ae71062806158.rlib" "/opt/rustwide/target/debug/deps/libserde_json-4c6a610fe76ef0ef.rlib" "/opt/rustwide/target/debug/deps/libryu-87a43729435ac998.rlib" "/opt/rustwide/target/debug/deps/libitoa-12e0c769e046c1b6.rlib" "/opt/rustwide/target/debug/deps/libindexmap-4a7e2da62b4b6cd1.rlib" "/opt/rustwide/target/debug/deps/libhashbrown-f669da50cece7aa5.rlib" "/opt/rustwide/target/debug/deps/libnear_stdx-4ed232cc9155fef8.rlib" "/opt/rustwide/target/debug/deps/libsecp256k1-a08e90c64d05ad56.rlib" "/opt/rustwide/target/debug/deps/libsecp256k1_sys-a3b357d678621e84.rlib" "/opt/rustwide/target/debug/deps/libprimitive_types-6e4c7d061bccc477.rlib" "/opt/rustwide/target/debug/deps/libuint-987f44806b279cef.rlib" "/opt/rustwide/target/debug/deps/libhex-034e9acc117a69b3.rlib" "/opt/rustwide/target/debug/deps/libfixed_hash-cf6537fc66ba48d7.rlib" "/opt/rustwide/target/debug/deps/libstatic_assertions-9a9c2cb46fa7a0a6.rlib" "/opt/rustwide/target/debug/deps/libonce_cell-f612d2e59a7f3606.rlib" "/opt/rustwide/target/debug/deps/libed25519_dalek-3e70e9f8f2c00c7d.rlib" "/opt/rustwide/target/debug/deps/libsha2-c172a1fa3a31b7f8.rlib" "/opt/rustwide/target/debug/deps/libblock_buffer-78be346201ee5550.rlib" "/opt/rustwide/target/debug/deps/librand-734537732e28ba72.rlib" "/opt/rustwide/target/debug/deps/librand_chacha-2b3f3047e9b7845c.rlib" "/opt/rustwide/target/debug/deps/libed25519-f3f7c8e116b332bd.rlib" "/opt/rustwide/target/debug/deps/libsignature-17d59ebc5e76f7ba.rlib" "/opt/rustwide/target/debug/deps/libcurve25519_dalek-5970c82ad5160125.rlib" "/opt/rustwide/target/debug/deps/libzeroize-cecb81c6ba3eb3cb.rlib" "/opt/rustwide/target/debug/deps/librand_core-9dae42a47d36ee1c.rlib" "/opt/rustwide/target/debug/deps/libgetrandom-4a53f218d7fe0143.rlib" "/opt/rustwide/target/debug/deps/libblake2-20241ded05e1b11c.rlib" "/opt/rustwide/target/debug/deps/libopaque_debug-502d41d476583e16.rlib" "/opt/rustwide/target/debug/deps/libcrypto_mac-d96a42a0229c6f15.rlib" "/opt/rustwide/target/debug/deps/libsubtle-dd4ad1983013d7f2.rlib" "/opt/rustwide/target/debug/deps/libdigest-e8ff3cc3ab9ac81c.rlib" "/opt/rustwide/target/debug/deps/libchrono-14b4da5bcb81db5d.rlib" "/opt/rustwide/target/debug/deps/libiana_time_zone-bf2c4c30343f4ef7.rlib" "/opt/rustwide/target/debug/deps/libtime-b9269e77d7e6666f.rlib" "/opt/rustwide/target/debug/deps/libnear_primitives_core-06e6a464e27466aa.rlib" "/opt/rustwide/target/debug/deps/libbase64-58bd2041a3052460.rlib" "/opt/rustwide/target/debug/deps/libbs58-87068924f57c323a.rlib" "/opt/rustwide/target/debug/deps/libsha2-109424d2e1e12b0c.rlib" "/opt/rustwide/target/debug/deps/libcpufeatures-e143b41ca3b14af5.rlib" "/opt/rustwide/target/debug/deps/libdigest-6c582ead3dd6abff.rlib" "/opt/rustwide/target/debug/deps/libblock_buffer-0933e09cece281a1.rlib" "/opt/rustwide/target/debug/deps/libcrypto_common-5a97f1b230e1e099.rlib" "/opt/rustwide/target/debug/deps/libgeneric_array-f03e3e3fb3ca464f.rlib" "/opt/rustwide/target/debug/deps/libtypenum-d40a559dcc4c7492.rlib" "/opt/rustwide/target/debug/deps/libenum_map-6eaa61a8e292b32f.rlib" "/opt/rustwide/target/debug/deps/libnum_rational-c27e4ee44eff7705.rlib" "/opt/rustwide/target/debug/deps/libnum_bigint-6895bf989cb5b0a2.rlib" "/opt/rustwide/target/debug/deps/libnum_integer-791c410304c3f4b1.rlib" "/opt/rustwide/target/debug/deps/libnum_traits-76b6768da4342038.rlib" "/opt/rustwide/target/debug/deps/libnear_vm_errors-5fc37f84259c559a.rlib" "/opt/rustwide/target/debug/deps/libstrum-0301de175a4a5df2.rlib" "/opt/rustwide/target/debug/deps/libthiserror-cbf7aab0e480d884.rlib" "/opt/rustwide/target/debug/deps/libnear_account_id-218265e00cb19071.rlib" "/opt/rustwide/target/debug/deps/libarbitrary-e0bfc1628d18583c.rlib" "/opt/rustwide/target/debug/deps/libserde-c0b8398e71cc925e.rlib" "/opt/rustwide/target/debug/deps/libborsh-702084cd948919cd.rlib" "/opt/rustwide/target/debug/deps/libzeropool_bn-e2a31dfd40d398da.rlib" "/opt/rustwide/target/debug/deps/liblazy_static-34ba320d3cb503b3.rlib" "/opt/rustwide/target/debug/deps/libspin-ba7f384cfb4b159f.rlib" "/opt/rustwide/target/debug/deps/librand-a95b5f9084c07716.rlib" "/opt/rustwide/target/debug/deps/librand_chacha-02db262bfffa7904.rlib" "/opt/rustwide/target/debug/deps/libppv_lite86-c3ad053967cc551c.rlib" "/opt/rustwide/target/debug/deps/librand_core-ebc2a136de28cec1.rlib" "/opt/rustwide/target/debug/deps/libgetrandom-ea50d3a3c1361eef.rlib" "/opt/rustwide/target/debug/deps/liblibc-1c44c26a4c16f4d2.rlib" "/opt/rustwide/target/debug/deps/libcfg_if-e5e118dd7d121aaa.rlib" "/opt/rustwide/target/debug/deps/libborsh-1f1a696c11f988d1.rlib" "/opt/rustwide/target/debug/deps/libcrunchy-a436a26727758dc0.rlib" "/opt/rustwide/target/debug/deps/libbyteorder-f4448a6ec9b1b852.rlib" "/opt/rustwide/rustup-home/toolchains/1.69.0-x86_64-unknown-linux-gnu/lib/rustlib/x86_64-unknown-linux-gnu/lib/libstd-89bc084783fdc439.rlib" "/opt/rustwide/rustup-home/toolchains/1.69.0-x86_64-unknown-linux-gnu/lib/rustlib/x86_64-unknown-linux-gnu/lib/libpanic_unwind-8bee4b287d4367c1.rlib" "/opt/rustwide/rustup-home/toolchains/1.69.0-x86_64-unknown-linux-gnu/lib/rustlib/x86_64-unknown-linux-gnu/lib/libobject-d61707aed80694c0.rlib" "/opt/rustwide/rustup-home/toolchains/1.69.0-x86_64-unknown-linux-gnu/lib/rustlib/x86_64-unknown-linux-gnu/lib/libmemchr-d85366256f22345b.rlib" "/opt/rustwide/rustup-home/toolchains/1.69.0-x86_64-unknown-linux-gnu/lib/rustlib/x86_64-unknown-linux-gnu/lib/libaddr2line-96069b86b8a8cae9.rlib" "/opt/rustwide/rustup-home/toolchains/1.69.0-x86_64-unknown-linux-gnu/lib/rustlib/x86_64-unknown-linux-gnu/lib/libgimli-d19d53abf68dfa6c.rlib" "/opt/rustwide/rustup-home/toolchains/1.69.0-x86_64-unknown-linux-gnu/lib/rustlib/x86_64-unknown-linux-gnu/lib/librustc_demangle-787cbccd19d64ac6.rlib" "/opt/rustwide/rustup-home/toolchains/1.69.0-x86_64-unknown-linux-gnu/lib/rustlib/x86_64-unknown-linux-gnu/lib/libstd_detect-b3837a36b830e0d0.rlib" "/opt/rustwide/rustup-home/toolchains/1.69.0-x86_64-unknown-linux-gnu/lib/rustlib/x86_64-unknown-linux-gnu/lib/libhashbrown-e3deb0e7e3f04966.rlib" "/opt/rustwide/rustup-home/toolchains/1.69.0-x86_64-unknown-linux-gnu/lib/rustlib/x86_64-unknown-linux-gnu/lib/libminiz_oxide-dabbb79c9815def4.rlib" "/opt/rustwide/rustup-home/toolchains/1.69.0-x86_64-unknown-linux-gnu/lib/rustlib/x86_64-unknown-linux-gnu/lib/libadler-305b01f34c9409f2.rlib" "/opt/rustwide/rustup-home/toolchains/1.69.0-x86_64-unknown-linux-gnu/lib/rustlib/x86_64-unknown-linux-gnu/lib/librustc_std_workspace_alloc-f833521df6074e73.rlib" "/opt/rustwide/rustup-home/toolchains/1.69.0-x86_64-unknown-linux-gnu/lib/rustlib/x86_64-unknown-linux-gnu/lib/libunwind-9ac333113350d171.rlib" "/opt/rustwide/rustup-home/toolchains/1.69.0-x86_64-unknown-linux-gnu/lib/rustlib/x86_64-unknown-linux-gnu/lib/libcfg_if-1c126114322d0eee.rlib" "/opt/rustwide/rustup-home/toolchains/1.69.0-x86_64-unknown-linux-gnu/lib/rustlib/x86_64-unknown-linux-gnu/lib/liblibc-bad9164fdeeecf92.rlib" "/opt/rustwide/rustup-home/toolchains/1.69.0-x86_64-unknown-linux-gnu/lib/rustlib/x86_64-unknown-linux-gnu/lib/liballoc-f9374b1e480fa681.rlib" "/opt/rustwide/rustup-home/toolchains/1.69.0-x86_64-unknown-linux-gnu/lib/rustlib/x86_64-unknown-linux-gnu/lib/librustc_std_workspace_core-207f06e41d9603af.rlib" "/opt/rustwide/rustup-home/toolchains/1.69.0-x86_64-unknown-linux-gnu/lib/rustlib/x86_64-unknown-linux-gnu/lib/libcore-7e2768e66e984e85.rlib" "/opt/rustwide/rustup-home/toolchains/1.69.0-x86_64-unknown-linux-gnu/lib/rustlib/x86_64-unknown-linux-gnu/lib/libcompiler_builtins-957b4aff41f8cd46.rlib" "-Wl,-Bdynamic" "-lgcc_s" "-lutil" "-lrt" "-lpthread" "-lm" "-ldl" "-lc" "-Wl,--eh-frame-hdr" "-Wl,-z,noexecstack" "-L" "/opt/rustwide/rustup-home/toolchains/1.69.0-x86_64-unknown-linux-gnu/lib/rustlib/x86_64-unknown-linux-gnu/lib" "-o" "/tmp/rustdoctestEPeKve/rust_out" "-Wl,--gc-sections" "-pie" "-Wl,-z,relro,-z,now" "-nodefaultlibs"
[INFO] [stdout]   = note: collect2: fatal error: ld terminated with signal 9 [Killed]
[INFO] [stdout]           compilation terminated.
[INFO] [stdout]           
[INFO] [stdout] 
[INFO] [stdout] error: aborting due to previous error
[INFO] [stdout] 
[INFO] [stdout] Couldn't compile the test.
[INFO] [stdout] 
[INFO] [stdout] failures:
[INFO] [stdout]     src/dependencies.rs - dependencies::External::storage_has_key (line 227)
[INFO] [stdout]     src/dependencies.rs - dependencies::External::storage_remove (line 174)
[INFO] [stdout]     src/dependencies.rs - dependencies::External::storage_remove_subtree (line 201)
[INFO] [stdout] 
[INFO] [stdout] test result: FAILED. 4 passed; 3 failed; 0 ignored; 0 measured; 0 filtered out; finished in 13.12s
[INFO] [stdout] 
[INFO] [stderr] error: doctest failed, to rerun pass `--doc`
[INFO] running `Command { std: "docker" "inspect" "5531359387c280d08ed06399b3da348a33ac2b0df23ac95f9823ff9e0d1a02e8", kill_on_drop: false }`
[INFO] running `Command { std: "docker" "rm" "-f" "5531359387c280d08ed06399b3da348a33ac2b0df23ac95f9823ff9e0d1a02e8", kill_on_drop: false }`
[INFO] [stdout] 5531359387c280d08ed06399b3da348a33ac2b0df23ac95f9823ff9e0d1a02e8
