[INFO] fetching crate near-sdk 4.1.1...
[INFO] testing near-sdk-4.1.1 against 1.69.0 for beta-1.70-1
[INFO] extracting crate near-sdk 4.1.1 into /workspace/builds/worker-2-tc1/source
[INFO] validating manifest of crates.io crate near-sdk 4.1.1 on toolchain 1.69.0
[INFO] running `Command { std: CARGO_HOME="/workspace/cargo-home" RUSTUP_HOME="/workspace/rustup-home" "/workspace/cargo-home/bin/cargo" "+1.69.0" "metadata" "--manifest-path" "Cargo.toml" "--no-deps", kill_on_drop: false }`
[INFO] started tweaking crates.io crate near-sdk 4.1.1
[INFO] removed 0 missing tests
[INFO] finished tweaking crates.io crate near-sdk 4.1.1
[INFO] tweaked toml for crates.io crate near-sdk 4.1.1 written to /workspace/builds/worker-2-tc1/source/Cargo.toml
[INFO] running `Command { std: CARGO_HOME="/workspace/cargo-home" RUSTUP_HOME="/workspace/rustup-home" __CARGO_TEST_CHANNEL_OVERRIDE_DO_NOT_USE_THIS="nightly" "/workspace/cargo-home/bin/cargo" "+1.69.0" "generate-lockfile" "--manifest-path" "Cargo.toml" "-Zno-index-update", kill_on_drop: false }`
[INFO] running `Command { std: CARGO_HOME="/workspace/cargo-home" RUSTUP_HOME="/workspace/rustup-home" "/workspace/cargo-home/bin/cargo" "+1.69.0" "fetch" "--manifest-path" "Cargo.toml", kill_on_drop: false }`
[INFO] [stderr]  Downloading crates ...
[INFO] [stderr]   Downloaded near-abi v0.3.0
[INFO] [stderr]   Downloaded derive_arbitrary v1.1.6
[INFO] [stderr]   Downloaded arbitrary v1.1.3
[INFO] running `Command { std: "docker" "create" "-v" "/var/lib/crater-agent-workspace/builds/worker-2-tc1/target:/opt/rustwide/target:rw,Z" "-v" "/var/lib/crater-agent-workspace/builds/worker-2-tc1/source:/opt/rustwide/workdir:ro,Z" "-v" "/var/lib/crater-agent-workspace/cargo-home:/opt/rustwide/cargo-home:ro,Z" "-v" "/var/lib/crater-agent-workspace/rustup-home:/opt/rustwide/rustup-home:ro,Z" "-e" "SOURCE_DIR=/opt/rustwide/workdir" "-e" "CARGO_TARGET_DIR=/opt/rustwide/target" "-e" "CARGO_HOME=/opt/rustwide/cargo-home" "-e" "RUSTUP_HOME=/opt/rustwide/rustup-home" "-w" "/opt/rustwide/workdir" "-m" "1610612736" "--user" "0:0" "--network" "none" "ghcr.io/rust-lang/crates-build-env/linux@sha256:5ff2268d62e97bff2cde7d5815dd6ed5b47097566f13b8d0ca110b04b60e07ed" "/opt/rustwide/cargo-home/bin/cargo" "+1.69.0" "metadata" "--no-deps" "--format-version=1", kill_on_drop: false }`
[INFO] [stdout] e644e3d10deef76749483655013d727892248eb8882a1cd11a4580c3a1969af6
[INFO] running `Command { std: "docker" "start" "-a" "e644e3d10deef76749483655013d727892248eb8882a1cd11a4580c3a1969af6", kill_on_drop: false }`
[INFO] running `Command { std: "docker" "inspect" "e644e3d10deef76749483655013d727892248eb8882a1cd11a4580c3a1969af6", kill_on_drop: false }`
[INFO] running `Command { std: "docker" "rm" "-f" "e644e3d10deef76749483655013d727892248eb8882a1cd11a4580c3a1969af6", kill_on_drop: false }`
[INFO] [stdout] e644e3d10deef76749483655013d727892248eb8882a1cd11a4580c3a1969af6
[INFO] running `Command { std: "docker" "create" "-v" "/var/lib/crater-agent-workspace/builds/worker-2-tc1/target:/opt/rustwide/target:rw,Z" "-v" "/var/lib/crater-agent-workspace/builds/worker-2-tc1/source:/opt/rustwide/workdir:ro,Z" "-v" "/var/lib/crater-agent-workspace/cargo-home:/opt/rustwide/cargo-home:ro,Z" "-v" "/var/lib/crater-agent-workspace/rustup-home:/opt/rustwide/rustup-home:ro,Z" "-e" "SOURCE_DIR=/opt/rustwide/workdir" "-e" "CARGO_TARGET_DIR=/opt/rustwide/target" "-e" "CARGO_INCREMENTAL=0" "-e" "RUST_BACKTRACE=full" "-e" "RUSTFLAGS=--cap-lints=warn" "-e" "RUSTDOCFLAGS=--cap-lints=warn" "-e" "CARGO_HOME=/opt/rustwide/cargo-home" "-e" "RUSTUP_HOME=/opt/rustwide/rustup-home" "-w" "/opt/rustwide/workdir" "-m" "1610612736" "--user" "0:0" "--network" "none" "ghcr.io/rust-lang/crates-build-env/linux@sha256:5ff2268d62e97bff2cde7d5815dd6ed5b47097566f13b8d0ca110b04b60e07ed" "/opt/rustwide/cargo-home/bin/cargo" "+1.69.0" "build" "--frozen" "--message-format=json", kill_on_drop: false }`
[INFO] [stdout] a4fd0054ca93356c7c27a05c493caf3a1ff44870a01c91f94f27b799b2f62fca
[INFO] running `Command { std: "docker" "start" "-a" "a4fd0054ca93356c7c27a05c493caf3a1ff44870a01c91f94f27b799b2f62fca", kill_on_drop: false }`
[INFO] [stderr]    Compiling syn v1.0.109
[INFO] [stderr]    Compiling serde v1.0.160
[INFO] [stderr]    Compiling getrandom v0.1.16
[INFO] [stderr]    Compiling hashbrown v0.12.3
[INFO] [stderr]    Compiling radium v0.6.2
[INFO] [stderr]    Compiling ahash v0.7.6
[INFO] [stderr]    Compiling indexmap v1.9.3
[INFO] [stderr]    Compiling num-traits v0.2.15
[INFO] [stderr]    Compiling byteorder v1.4.3
[INFO] [stderr]    Compiling toml_datetime v0.6.1
[INFO] [stderr]    Compiling winnow v0.4.4
[INFO] [stderr]    Compiling num-integer v0.1.45
[INFO] [stderr]    Compiling syn v2.0.15
[INFO] [stderr]    Compiling getrandom v0.2.9
[INFO] [stderr]    Compiling crunchy v0.2.2
[INFO] [stderr]    Compiling digest v0.9.0
[INFO] [stderr]    Compiling funty v1.1.0
[INFO] [stderr]    Compiling rand_core v0.6.4
[INFO] [stderr]    Compiling tap v1.0.1
[INFO] [stderr]    Compiling subtle v2.5.0
[INFO] [stderr]    Compiling wyz v0.2.0
[INFO] [stderr]    Compiling rustversion v1.0.12
[INFO] [stderr]    Compiling digest v0.10.6
[INFO] [stderr]    Compiling num-bigint v0.3.3
[INFO] [stderr]    Compiling rand_chacha v0.3.1
[INFO] [stderr]    Compiling arrayvec v0.7.2
[INFO] [stderr]    Compiling byte-slice-cast v1.2.2
[INFO] [stderr]    Compiling rustc-hex v2.1.0
[INFO] [stderr]    Compiling static_assertions v1.1.0
[INFO] [stderr]    Compiling rand_core v0.5.1
[INFO] [stderr]    Compiling parity-secp256k1 v0.7.0
[INFO] [stderr]    Compiling rand v0.8.5
[INFO] [stderr]    Compiling block-buffer v0.9.0
[INFO] [stderr]    Compiling num-rational v0.3.2
[INFO] [stderr]    Compiling hashbrown v0.11.2
[INFO] [stderr]    Compiling rand_chacha v0.2.2
[INFO] [stderr]    Compiling convert_case v0.4.0
[INFO] [stderr]    Compiling heck v0.4.1
[INFO] [stderr]    Compiling rand v0.7.3
[INFO] [stderr]    Compiling bitvec v0.20.4
[INFO] [stderr]    Compiling signature v1.6.4
[INFO] [stderr]    Compiling thiserror v1.0.40
[INFO] [stderr]    Compiling ed25519 v1.5.3
[INFO] [stderr]    Compiling sha2 v0.9.9
[INFO] [stderr]    Compiling crypto-mac v0.8.0
[INFO] [stderr]    Compiling cipher v0.2.5
[INFO] [stderr]    Compiling bs58 v0.4.0
[INFO] [stderr]    Compiling reed-solomon-erasure v4.0.2
[INFO] [stderr]    Compiling arrayvec v0.5.2
[INFO] [stderr]    Compiling blake2 v0.9.2
[INFO] [stderr]    Compiling c2-chacha v0.3.3
[INFO] [stderr]    Compiling sha2 v0.10.6
[INFO] [stderr]    Compiling time v0.1.45
[INFO] [stderr]    Compiling spin v0.5.2
[INFO] [stderr]    Compiling base64 v0.11.0
[INFO] [stderr]    Compiling arrayref v0.3.7
[INFO] [stderr]    Compiling schemars v0.8.12
[INFO] [stderr]    Compiling smallvec v1.10.0
[INFO] [stderr]    Compiling semver v1.0.17
[INFO] [stderr]    Compiling fixed-hash v0.7.0
[INFO] [stderr]    Compiling lazy_static v1.4.0
[INFO] [stderr]    Compiling bytesize v1.2.0
[INFO] [stderr]    Compiling wee_alloc v0.4.5
[INFO] [stderr]    Compiling keccak v0.1.3
[INFO] [stderr]    Compiling easy-ext v0.2.9
[INFO] [stderr]    Compiling dyn-clone v1.0.11
[INFO] [stderr]    Compiling sha3 v0.10.7
[INFO] [stderr]    Compiling toml_edit v0.19.8
[INFO] [stderr]    Compiling ripemd v0.1.3
[INFO] [stderr]    Compiling Inflector v0.11.4
[INFO] [stderr]    Compiling near-sys v0.2.0
[INFO] [stderr]    Compiling proc-macro-crate v1.3.1
[INFO] [stderr]    Compiling borsh-schema-derive-internal v0.9.3
[INFO] [stderr]    Compiling borsh-derive-internal v0.9.3
[INFO] [stderr]    Compiling serde_derive_internals v0.26.0
[INFO] [stderr]    Compiling serde_derive v1.0.160
[INFO] [stderr]    Compiling zeroize_derive v1.4.2
[INFO] [stderr]    Compiling thiserror-impl v1.0.40
[INFO] [stderr]    Compiling parity-scale-codec-derive v2.3.1
[INFO] [stderr]    Compiling impl-trait-for-tuples v0.2.2
[INFO] [stderr]    Compiling derive_more v0.99.17
[INFO] [stderr]    Compiling strum_macros v0.24.3
[INFO] [stderr]    Compiling schemars_derive v0.8.12
[INFO] [stderr]    Compiling smart-default v0.6.0
[INFO] [stderr]    Compiling near-sdk-macros v4.1.1
[INFO] [stderr]    Compiling zeroize v1.3.0
[INFO] [stderr]    Compiling curve25519-dalek v3.2.1
[INFO] [stderr]    Compiling strum v0.24.1
[INFO] [stderr]    Compiling toml v0.5.11
[INFO] [stderr]    Compiling parity-scale-codec v2.3.1
[INFO] [stderr]    Compiling serde_json v1.0.96
[INFO] [stderr]    Compiling hex v0.4.3
[INFO] [stderr]    Compiling near-rpc-error-core v0.14.0
[INFO] [stderr]    Compiling ed25519-dalek v1.0.1
[INFO] [stderr]    Compiling chrono v0.4.24
[INFO] [stderr]    Compiling near-rpc-error-macro v0.14.0
[INFO] [stderr]    Compiling uint v0.9.5
[INFO] [stderr]    Compiling impl-codec v0.5.1
[INFO] [stderr]    Compiling primitive-types v0.10.1
[INFO] [stderr]    Compiling proc-macro-crate v0.1.5
[INFO] [stderr]    Compiling borsh-derive v0.9.3
[INFO] [stderr]    Compiling borsh v0.9.3
[INFO] [stderr]    Compiling near-account-id v0.14.0
[INFO] [stderr]    Compiling zeropool-bn v0.5.11
[INFO] [stderr]    Compiling near-abi v0.3.0
[INFO] [stderr]    Compiling near-vm-errors v0.14.0
[INFO] [stderr]    Compiling near-primitives-core v0.14.0
[INFO] [stderr]    Compiling near-crypto v0.14.0
[INFO] [stderr]    Compiling near-primitives v0.14.0
[INFO] [stderr]    Compiling near-vm-logic v0.14.0
[INFO] [stderr]    Compiling near-sdk v4.1.1 (/opt/rustwide/workdir)
[INFO] [stderr]     Finished dev [unoptimized + debuginfo] target(s) in 57.51s
[INFO] running `Command { std: "docker" "inspect" "a4fd0054ca93356c7c27a05c493caf3a1ff44870a01c91f94f27b799b2f62fca", kill_on_drop: false }`
[INFO] running `Command { std: "docker" "rm" "-f" "a4fd0054ca93356c7c27a05c493caf3a1ff44870a01c91f94f27b799b2f62fca", kill_on_drop: false }`
[INFO] [stdout] a4fd0054ca93356c7c27a05c493caf3a1ff44870a01c91f94f27b799b2f62fca
[INFO] running `Command { std: "docker" "create" "-v" "/var/lib/crater-agent-workspace/builds/worker-2-tc1/target:/opt/rustwide/target:rw,Z" "-v" "/var/lib/crater-agent-workspace/builds/worker-2-tc1/source:/opt/rustwide/workdir:ro,Z" "-v" "/var/lib/crater-agent-workspace/cargo-home:/opt/rustwide/cargo-home:ro,Z" "-v" "/var/lib/crater-agent-workspace/rustup-home:/opt/rustwide/rustup-home:ro,Z" "-e" "SOURCE_DIR=/opt/rustwide/workdir" "-e" "CARGO_TARGET_DIR=/opt/rustwide/target" "-e" "CARGO_INCREMENTAL=0" "-e" "RUST_BACKTRACE=full" "-e" "RUSTFLAGS=--cap-lints=warn" "-e" "RUSTDOCFLAGS=--cap-lints=warn" "-e" "CARGO_HOME=/opt/rustwide/cargo-home" "-e" "RUSTUP_HOME=/opt/rustwide/rustup-home" "-w" "/opt/rustwide/workdir" "-m" "1610612736" "--user" "0:0" "--network" "none" "ghcr.io/rust-lang/crates-build-env/linux@sha256:5ff2268d62e97bff2cde7d5815dd6ed5b47097566f13b8d0ca110b04b60e07ed" "/opt/rustwide/cargo-home/bin/cargo" "+1.69.0" "test" "--frozen" "--no-run" "--message-format=json", kill_on_drop: false }`
[INFO] [stdout] 04a9332ad9abe37cf97c6e4a12f5d8d8abe9b3e86a41c99e50ef79d6ab2ad6af
[INFO] running `Command { std: "docker" "start" "-a" "04a9332ad9abe37cf97c6e4a12f5d8d8abe9b3e86a41c99e50ef79d6ab2ad6af", kill_on_drop: false }`
[INFO] [stderr]    Compiling log v0.4.17
[INFO] [stderr]    Compiling regex-syntax v0.7.1
[INFO] [stderr]    Compiling trybuild v1.0.80
[INFO] [stderr]    Compiling basic-toml v0.1.2
[INFO] [stderr]    Compiling derive_arbitrary v1.1.6
[INFO] [stderr]    Compiling termcolor v1.2.0
[INFO] [stderr]    Compiling glob v0.3.1
[INFO] [stderr]    Compiling rand_xorshift v0.3.0
[INFO] [stderr]    Compiling arbitrary v1.1.3
[INFO] [stderr]    Compiling regex v1.8.1
[INFO] [stderr]    Compiling env_logger v0.8.4
[INFO] [stderr]    Compiling quickcheck v1.0.3
[INFO] [stderr]    Compiling near-sdk v4.1.1 (/opt/rustwide/workdir)
[INFO] [stderr]     Finished test [unoptimized + debuginfo] target(s) in 24.70s
[INFO] running `Command { std: "docker" "inspect" "04a9332ad9abe37cf97c6e4a12f5d8d8abe9b3e86a41c99e50ef79d6ab2ad6af", kill_on_drop: false }`
[INFO] running `Command { std: "docker" "rm" "-f" "04a9332ad9abe37cf97c6e4a12f5d8d8abe9b3e86a41c99e50ef79d6ab2ad6af", kill_on_drop: false }`
[INFO] [stdout] 04a9332ad9abe37cf97c6e4a12f5d8d8abe9b3e86a41c99e50ef79d6ab2ad6af
[INFO] running `Command { std: "docker" "create" "-v" "/var/lib/crater-agent-workspace/builds/worker-2-tc1/target:/opt/rustwide/target:rw,Z" "-v" "/var/lib/crater-agent-workspace/builds/worker-2-tc1/source:/opt/rustwide/workdir:ro,Z" "-v" "/var/lib/crater-agent-workspace/cargo-home:/opt/rustwide/cargo-home:ro,Z" "-v" "/var/lib/crater-agent-workspace/rustup-home:/opt/rustwide/rustup-home:ro,Z" "-e" "SOURCE_DIR=/opt/rustwide/workdir" "-e" "CARGO_TARGET_DIR=/opt/rustwide/target" "-e" "CARGO_INCREMENTAL=0" "-e" "RUST_BACKTRACE=full" "-e" "RUSTFLAGS=--cap-lints=warn" "-e" "RUSTDOCFLAGS=--cap-lints=warn" "-e" "CARGO_HOME=/opt/rustwide/cargo-home" "-e" "RUSTUP_HOME=/opt/rustwide/rustup-home" "-w" "/opt/rustwide/workdir" "-m" "1610612736" "--user" "0:0" "--network" "none" "ghcr.io/rust-lang/crates-build-env/linux@sha256:5ff2268d62e97bff2cde7d5815dd6ed5b47097566f13b8d0ca110b04b60e07ed" "/opt/rustwide/cargo-home/bin/cargo" "+1.69.0" "test" "--frozen", kill_on_drop: false }`
[INFO] [stdout] 08566d2283f7a7d5b316456a3abe102fb274acc08ffe26f3a1d25a4597b8d2d7
[INFO] running `Command { std: "docker" "start" "-a" "08566d2283f7a7d5b316456a3abe102fb274acc08ffe26f3a1d25a4597b8d2d7", kill_on_drop: false }`
[INFO] [stderr]     Blocking waiting for file lock on package cache
[INFO] [stderr]     Finished test [unoptimized + debuginfo] target(s) in 0.20s
[INFO] [stderr]      Running unittests src/lib.rs (/opt/rustwide/target/debug/deps/near_sdk-77793e1bac9e1a6c)
[INFO] [stdout] 
[INFO] [stdout] running 243 tests
[INFO] [stdout] test collections::lazy_option::tests::test_all ... ok
[INFO] [stdout] test collections::lazy_option::tests::test_init_value ... ok
[INFO] [stdout] test collections::lazy_option::tests::test_debug ... ok
[INFO] [stdout] test collections::legacy_tree_map::tests::test_empty ... ok
[INFO] [stdout] test collections::legacy_tree_map::tests::test_floor_key ... ok
[INFO] [stdout] test collections::legacy_tree_map::tests::test_insert_3_rotate_l_l ... ok
[INFO] [stdout] test collections::legacy_tree_map::tests::test_ceil_key ... ok
[INFO] [stdout] test collections::legacy_tree_map::tests::test_insert_2n_remove_n_random ... ok
[INFO] [stdout] test collections::legacy_tree_map::tests::test_insert_2_remove_2_regression ... ok
[INFO] [stdout] test collections::legacy_tree_map::tests::test_balance_regression_1 ... ok
[INFO] [stdout] test collections::legacy_tree_map::tests::test_balance_regression_2 ... ok
[INFO] [stdout] test collections::legacy_tree_map::tests::test_insert_8_remove_4_regression ... ok
[INFO] [stdout] test collections::legacy_tree_map::tests::test_higher ... ok
[INFO] [stdout] test collections::legacy_tree_map::tests::test_insert_3_rotate_r_r ... ok
[INFO] [stdout] test collections::lazy_option::tests::test_multi ... ok
[INFO] [stdout] test collections::legacy_tree_map::tests::test_iter_empty ... ok
[INFO] [stdout] test collections::legacy_tree_map::tests::test_iter ... ok
[INFO] [stdout] test collections::legacy_tree_map::tests::test_insert_n_duplicates ... ok
[INFO] [stdout] test collections::legacy_tree_map::tests::test_iter_from_empty ... ok
[INFO] [stdout] test collections::legacy_tree_map::tests::test_lower ... ok
[INFO] [stdout] test collections::legacy_tree_map::tests::test_iter_rev_from ... ok
[INFO] [stdout] test collections::legacy_tree_map::tests::test_iter_rev_empty ... ok
[INFO] [stdout] test collections::legacy_tree_map::tests::test_insert_lookup_n_desc ... ok
[INFO] [stdout] test collections::legacy_tree_map::tests::test_range ... ok
[INFO] [stdout] test collections::legacy_tree_map::tests::test_iter_rev_from_empty ... ok
[INFO] [stdout] test collections::legacy_tree_map::tests::test_min ... ok
[INFO] [stdout] test collections::legacy_tree_map::tests::test_iter_from ... ok
[INFO] [stdout] test collections::legacy_tree_map::tests::test_max ... ok
[INFO] [stdout] test collections::legacy_tree_map::tests::test_insert_lookup_n_asc ... ok
[INFO] [stdout] test collections::legacy_tree_map::tests::test_iter_rev ... ok
[INFO] [stdout] test collections::legacy_tree_map::tests::test_remove_3 ... ok
[INFO] [stdout] test collections::legacy_tree_map::tests::test_remove_1 ... ok
[INFO] [stdout] test collections::legacy_tree_map::tests::test_remove_20_regression_1 ... ok
[INFO] [stdout] test collections::legacy_tree_map::tests::test_remove_3_desc ... ok
[INFO] [stdout] test collections::legacy_tree_map::tests::test_remove_7_regression ... ok
[INFO] [stdout] test collections::legacy_tree_map::tests::test_remove_3_asc ... ok
[INFO] [stdout] test collections::legacy_tree_map::tests::test_remove_7_regression_2 ... ok
[INFO] [stdout] test collections::legacy_tree_map::tests::test_remove_7_regression_1 ... ok
[INFO] [stdout] test collections::legacy_tree_map::tests::test_remove_9_regression ... ok
[INFO] [stdout] test collections::legacy_tree_map::tests::test_remove_root_3 ... ok
[INFO] [stdout] test collections::legacy_tree_map::tests::test_to_vec ... ok
[INFO] [stdout] test collections::legacy_tree_map::tests::test_to_vec_empty ... ok
[INFO] [stdout] test collections::lookup_map::tests::test_debug ... ok
[INFO] [stdout] test collections::legacy_tree_map::tests::test_remove_empty ... ok
[INFO] [stdout] test collections::legacy_tree_map::tests::test_remove_n ... ok
[INFO] [stdout] test collections::lookup_map::tests::test_insert ... ok
[INFO] [stdout] test collections::lookup_map::tests::test_extend ... ok
[INFO] [stdout] test collections::lookup_map::tests::test_insert_one ... ok
[INFO] [stdout] test collections::lookup_map::tests::test_get_non_existent ... ok
[INFO] [stdout] test collections::lookup_map::tests::test_insert_override_remove ... ok
[INFO] [stdout] test collections::lookup_map::tests::test_insert_remove ... ok
[INFO] [stdout] test collections::lookup_map::tests::test_insert_has_key ... ok
[INFO] [stdout] test collections::lookup_map::tests::test_remove_last_reinsert ... ok
[INFO] [stdout] test collections::lookup_set::tests::test_debug ... ok
[INFO] [stdout] test collections::lookup_set::tests::test_extend ... ok
[INFO] [stdout] test collections::lookup_set::tests::test_insert ... ok
[INFO] [stdout] test collections::lookup_set::tests::test_insert_one ... ok
[INFO] [stdout] test collections::legacy_tree_map::tests::test_range_panics_non_overlap_excl_incl - should panic ... ok
[INFO] [stdout] test collections::legacy_tree_map::tests::test_range_panics_non_overlap_excl_excl - should panic ... ok
[INFO] [stdout] test collections::legacy_tree_map::tests::test_range_panics_non_overlap_incl_incl - should panic ... ok
[INFO] [stdout] test collections::legacy_tree_map::tests::test_range_panics_same_excluded - should panic ... ok
[INFO] [stdout] test collections::lookup_set::tests::test_insert_override_remove ... ok
[INFO] [stdout] test collections::legacy_tree_map::tests::test_range_panics_non_overlap_incl_exlc - should panic ... ok
[INFO] [stdout] test collections::lookup_set::tests::test_contains_non_existent ... ok
[INFO] [stdout] test collections::lookup_set::tests::test_insert_remove ... ok
[INFO] [stdout] test collections::lookup_set::tests::test_remove_last_reinsert ... ok
[INFO] [stdout] test collections::tree_map::tests::insert_n_random ... ok
[INFO] [stdout] test collections::tree_map::tests::test_balance_regression_1 ... ok
[INFO] [stdout] test collections::tree_map::tests::test_balance_regression_2 ... ok
[INFO] [stdout] test collections::tree_map::tests::test_ceil_key ... ok
[INFO] [stdout] test collections::tree_map::tests::test_debug ... ok
[INFO] [stdout] test collections::tree_map::tests::test_empty ... ok
[INFO] [stdout] test collections::tree_map::tests::test_floor_key ... ok
[INFO] [stdout] test collections::tree_map::tests::test_higher ... ok
[INFO] [stdout] test collections::tree_map::tests::test_insert_2_remove_2_regression ... ok
[INFO] [stdout] test collections::tree_map::tests::test_insert_2n_remove_n_random ... ok
[INFO] [stdout] test collections::tree_map::tests::test_insert_3_rotate_l_l ... ok
[INFO] [stdout] test collections::tree_map::tests::test_insert_3_rotate_r_r ... ok
[INFO] [stdout] test collections::tree_map::tests::test_insert_8_remove_4_regression ... ok
[INFO] [stdout] test collections::tree_map::tests::test_insert_lookup_n_asc ... ok
[INFO] [stdout] test collections::legacy_tree_map::tests::insert_n_random ... ok
[INFO] [stdout] test collections::tree_map::tests::test_insert_lookup_n_desc ... ok
[INFO] [stdout] test collections::tree_map::tests::test_insert_one ... ok
[INFO] [stdout] test collections::tree_map::tests::test_insert_n_duplicates ... ok
[INFO] [stdout] test collections::tree_map::tests::test_iter ... ok
[INFO] [stdout] test collections::tree_map::tests::test_iter_empty ... ok
[INFO] [stdout] test collections::tree_map::tests::test_iter_from ... ok
[INFO] [stdout] test collections::tree_map::tests::test_iter_rev ... ok
[INFO] [stdout] test collections::tree_map::tests::test_iter_from_empty ... ok
[INFO] [stdout] test collections::tree_map::tests::test_iter_rev_empty ... ok
[INFO] [stdout] test collections::tree_map::tests::test_iter_rev_from_empty ... ok
[INFO] [stdout] test collections::tree_map::tests::test_lower ... ok
[INFO] [stdout] test collections::tree_map::tests::test_iter_rev_from ... ok
[INFO] [stdout] test collections::tree_map::tests::test_max ... ok
[INFO] [stdout] test collections::tree_map::tests::test_min ... ok
[INFO] [stdout] test collections::tree_map::tests::test_range ... ok
[INFO] [stdout] test collections::tree_map::tests::test_range_panics_non_overlap_excl_excl - should panic ... ok
[INFO] [stdout] test collections::tree_map::tests::test_range_panics_non_overlap_excl_incl - should panic ... ok
[INFO] [stdout] test collections::tree_map::tests::test_range_panics_non_overlap_incl_incl - should panic ... ok
[INFO] [stdout] test collections::tree_map::tests::test_range_panics_non_overlap_incl_exlc - should panic ... ok
[INFO] [stdout] test collections::tree_map::tests::test_range_panics_same_excluded - should panic ... ok
[INFO] [stdout] test collections::tree_map::tests::test_remove_1 ... ok
[INFO] [stdout] test collections::tree_map::tests::test_remove_3 ... ok
[INFO] [stdout] test collections::tree_map::tests::test_remove_3_asc ... ok
[INFO] [stdout] test collections::tree_map::tests::test_remove_3_desc ... ok
[INFO] [stdout] test collections::tree_map::tests::test_remove_7_regression ... ok
[INFO] [stdout] test collections::tree_map::tests::test_remove_20_regression_1 ... ok
[INFO] [stdout] test collections::tree_map::tests::test_remove_7_regression_2 ... ok
[INFO] [stdout] test collections::tree_map::tests::test_remove_7_regression_1 ... ok
[INFO] [stdout] test collections::tree_map::tests::test_remove_empty ... ok
[INFO] [stdout] test collections::tree_map::tests::test_remove_9_regression ... ok
[INFO] [stdout] test collections::tree_map::tests::test_remove_n ... ok
[INFO] [stdout] test collections::tree_map::tests::test_remove_root_3 ... ok
[INFO] [stdout] test collections::tree_map::tests::test_to_vec ... ok
[INFO] [stdout] test collections::tree_map::tests::test_to_vec_empty ... ok
[INFO] [stdout] test collections::unordered_map::tests::test_clear ... ok
[INFO] [stdout] test collections::unordered_map::tests::test_debug ... ok
[INFO] [stdout] test collections::unordered_map::tests::test_extend ... ok
[INFO] [stdout] test collections::unordered_map::tests::test_get_non_existent ... ok
[INFO] [stdout] test collections::unordered_map::tests::test_insert_one ... ok
[INFO] [stdout] test collections::unordered_map::tests::test_insert ... ok
[INFO] [stdout] test collections::unordered_map::tests::test_insert_override_remove ... ok
[INFO] [stdout] test collections::unordered_map::tests::test_insert_remove ... ok
[INFO] [stdout] test collections::unordered_map::tests::test_iter ... ok
[INFO] [stdout] test collections::unordered_map::tests::test_iter_nth ... ok
[INFO] [stdout] test collections::unordered_map::tests::test_remove_last_reinsert ... ok
[INFO] [stdout] test collections::unordered_map::tests::test_keys_values ... ok
[INFO] [stdout] test collections::unordered_map::tests::test_to_vec ... ok
[INFO] [stdout] test collections::unordered_set::tests::test_clear ... ok
[INFO] [stdout] test collections::unordered_set::tests::test_contains_non_existent ... ok
[INFO] [stdout] test collections::unordered_set::tests::test_debug ... ok
[INFO] [stdout] test collections::unordered_set::tests::test_extend ... ok
[INFO] [stdout] test collections::unordered_set::tests::test_insert ... ok
[INFO] [stdout] test collections::unordered_set::tests::test_insert_one ... ok
[INFO] [stdout] test collections::unordered_set::tests::test_insert_override_remove ... ok
[INFO] [stdout] test collections::unordered_set::tests::test_insert_remove ... ok
[INFO] [stdout] test collections::unordered_set::tests::test_remove_last_reinsert ... ok
[INFO] [stdout] test collections::unordered_set::tests::test_to_vec ... ok
[INFO] [stdout] test collections::vector::tests::iterator_checks ... ok
[INFO] [stdout] test collections::vector::tests::test_clear ... ok
[INFO] [stdout] test collections::vector::tests::test_debug ... ok
[INFO] [stdout] test collections::unordered_set::tests::test_iter ... ok
[INFO] [stdout] test collections::vector::tests::test_extend ... ok
[INFO] [stdout] test collections::vector::tests::test_push_pop ... ok
[INFO] [stdout] test collections::vector::tests::test_swap_remove ... ok
[INFO] [stdout] test environment::env::tests::hash_smoke_tests ... ok
[INFO] [stdout] test environment::env::tests::random_seed_smoke_test ... ok
[INFO] [stdout] test environment::env::tests::signer_public_key ... ok
[INFO] [stdout] test environment::env::tests::test_is_valid_account_id_binary ... ok
[INFO] [stdout] test environment::env::tests::test_is_valid_account_id_strings ... ok
[INFO] [stdout] test json_types::integers::tests::test_i128 ... ok
[INFO] [stdout] test json_types::integers::tests::test_i64 ... ok
[INFO] [stdout] test json_types::integers::tests::test_u128 ... ok
[INFO] [stdout] test json_types::integers::tests::test_u64 ... ok
[INFO] [stdout] test json_types::vector::tests::test_basic ... ok
[INFO] [stdout] test json_types::vector::tests::test_empty ... ok
[INFO] [stdout] test json_types::vector::tests::test_long ... ok
[INFO] [stdout] test json_types::vector::tests::test_manual ... ok
[INFO] [stdout] test collections::vector::tests::test_replace ... ok
[INFO] [stdout] test store::free_list::tests::basic_functionality ... ok
[INFO] [stdout] test store::free_list::tests::bucket_iterator ... ok
[INFO] [stdout] test store::free_list::tests::delete_internals ... ok
[INFO] [stdout] test store::free_list::tests::drain ... ok
[INFO] [stdout] test store::free_list::tests::arbitrary ... ok
[INFO] [stdout] test store::lookup_map::tests::flush_on_drop ... ok
[INFO] [stdout] test store::lookup_map::tests::identity_compat_v1 ... ok
[INFO] [stdout] test store::lookup_map::tests::size_of_map ... ok
[INFO] [stdout] test store::lookup_map::tests::test_extend ... ok
[INFO] [stdout] test store::lookup_map::tests::test_get_non_existent ... ok
[INFO] [stdout] test store::lookup_map::tests::test_insert ... ok
[INFO] [stdout] test store::lookup_map::tests::test_insert_has_key ... ok
[INFO] [stdout] test store::lookup_map::tests::test_insert_override_remove ... ok
[INFO] [stdout] test store::lookup_map::tests::test_insert_remove ... ok
[INFO] [stdout] test store::lookup_map::tests::test_remove_last_reinsert ... ok
[INFO] [stdout] test store::lookup_set::tests::identity_compat_v1 ... ok
[INFO] [stdout] test store::lookup_map::tests::arbitrary ... ok
[INFO] [stdout] test store::lookup_set::tests::test_contains_all_states ... ok
[INFO] [stdout] test store::lookup_set::tests::test_debug ... ok
[INFO] [stdout] test store::lookup_set::tests::test_extend ... ok
[INFO] [stdout] test store::lookup_set::tests::test_flush_on_drop ... ok
[INFO] [stdout] test store::lookup_set::tests::test_insert_all_states ... ok
[INFO] [stdout] test store::lookup_set::tests::test_insert_contains ... ok
[INFO] [stdout] test store::lookup_set::tests::test_insert_remove ... ok
[INFO] [stdout] test store::lookup_set::tests::test_remove_all_states ... ok
[INFO] [stdout] test store::lookup_set::tests::test_remove_last_reinsert ... ok
[INFO] [stdout] test store::lookup_set::tests::test_remove_present_after_insert ... ok
[INFO] [stdout] test store::lookup_set::tests::test_arbitrary ... ok
[INFO] [stdout] test store::unordered_map::tests::basic_functionality ... ok
[INFO] [stdout] test store::unordered_map::tests::entry_api ... ok
[INFO] [stdout] test store::unordered_map::tests::map_iterator ... ok
[INFO] [stdout] test store::unordered_map::tests::arbitrary ... ok
[INFO] [stdout] test store::unordered_set::tests::basic_functionality ... ok
[INFO] [stdout] test store::unordered_set::tests::set_iterator ... ok
[INFO] [stdout] test store::unordered_set::tests::test_difference ... ok
[INFO] [stdout] test store::unordered_set::tests::test_difference_empty ... ok
[INFO] [stdout] test store::unordered_set::tests::test_disjoint ... ok
[INFO] [stdout] test store::unordered_set::tests::test_drain ... ok
[INFO] [stdout] test store::unordered_set::tests::test_extend ... ok
[INFO] [stdout] test store::unordered_set::tests::test_intersection ... ok
[INFO] [stdout] test store::unordered_set::tests::test_intersection_empty ... ok
[INFO] [stdout] test store::unordered_set::tests::test_subset_and_superset ... ok
[INFO] [stdout] test store::unordered_set::tests::test_symmetric_difference ... ok
[INFO] [stdout] test store::unordered_set::tests::test_symmetric_difference_empty ... ok
[INFO] [stdout] test store::unordered_set::tests::test_union ... ok
[INFO] [stdout] test store::unordered_set::tests::test_union_empty ... ok
[INFO] [stdout] test store::vec::collections_vec_not_backwards_compatible ... ok
[INFO] [stdout] test store::vec::tests::arbitrary ... ok
[INFO] [stdout] test store::vec::tests::drain_iterator ... ok
[INFO] [stdout] test store::vec::tests::iterator_checks ... ok
[INFO] [stdout] test store::vec::tests::serialized_bytes ... ok
[INFO] [stdout] test store::vec::tests::test_clear ... ok
[INFO] [stdout] test store::vec::tests::test_debug ... ok
[INFO] [stdout] test store::vec::tests::test_extend ... ok
[INFO] [stdout] test store::vec::tests::test_push_pop ... ok
[INFO] [stdout] test store::vec::tests::test_replace ... ok
[INFO] [stdout] test store::vec::tests::test_swap_remove ... ok
[INFO] [stdout] test types::account_id::tests::borsh_serialize_impl ... ok
[INFO] [stdout] test types::account_id::tests::test_deser ... ok
[INFO] [stdout] test types::account_id::tests::test_from_str ... ok
[INFO] [stdout] test types::account_id::tests::test_ser ... ok
[INFO] [stdout] test types::gas::tests::json_ser ... ok
[INFO] [stdout] test types::public_key::tests::test_public_key_borsh_format_change ... ok
[INFO] [stdout] test types::public_key::tests::test_public_key_deser ... ok
[INFO] [stdout] test types::public_key::tests::test_public_key_from_str ... ok
[INFO] [stdout] test types::public_key::tests::test_public_key_ser ... ok
[INFO] [stdout] test types::public_key::tests::test_public_key_to_string ... ok
[INFO] [stdout] test utils::tests::test_log_format ... ok
[INFO] [stdout] test utils::tests::test_log_simple ... ok
[INFO] [stdout] test collections::tree_map::tests::prop_avl_vs_rb_range_incl_incl ... ok
[INFO] [stdout] test store::unordered_set::tests::arbitrary ... ok
[INFO] [stdout] test collections::tree_map::tests::prop_avl_height ... ok
[INFO] [stdout] test collections::tree_map::tests::prop_avl_vs_rb_range_excl_excl ... ok
[INFO] [stdout] test collections::legacy_tree_map::tests::prop_avl_vs_rb_range_incl_incl ... ok
[INFO] [stdout] test collections::legacy_tree_map::tests::prop_avl_balance ... ok
[INFO] [stdout] test collections::tree_map::tests::prop_avl_vs_rb ... ok
[INFO] [stdout] test collections::tree_map::tests::prop_avl_balance ... ok
[INFO] [stdout] test collections::legacy_tree_map::tests::prop_avl_vs_rb_range_excl_incl ... ok
[INFO] [stdout] test collections::legacy_tree_map::tests::prop_avl_vs_rb_range_excl_excl ... ok
[INFO] [stdout] test collections::tree_map::tests::prop_avl_vs_rb_range_incl_excl ... ok
[INFO] [stdout] test collections::legacy_tree_map::tests::prop_avl_vs_rb_range_incl_excl ... ok
[INFO] [stdout] test collections::legacy_tree_map::tests::prop_avl_height ... ok
[INFO] [stdout] test collections::tree_map::tests::prop_avl_vs_rb_range_excl_incl ... ok
[INFO] [stdout] test collections::legacy_tree_map::tests::prop_avl_vs_rb ... ok
[INFO] [stdout] 
[INFO] [stdout] test result: ok. 243 passed; 0 failed; 0 ignored; 0 measured; 0 filtered out; finished in 37.31s
[INFO] [stdout] 
[INFO] [stderr]      Running tests/code_size.rs (/opt/rustwide/target/debug/deps/code_size-52a3290bca535540)
[INFO] [stdout] 
[INFO] [stdout] running 2 tests
[INFO] [stderr] error: manifest path `../examples/status-message/Cargo.toml` does not exist
[INFO] [stdout] test status_message_code_size_check ... FAILED
[INFO] [stderr] error: manifest path `../examples/lockable-fungible-token/Cargo.toml` does not exist
[INFO] [stdout] test lock_fungible_code_size_check ... FAILED
[INFO] [stderr] error: test failed, to rerun pass `--test code_size`
[INFO] [stdout] 
[INFO] [stdout] failures:
[INFO] [stdout] 
[INFO] [stdout] ---- status_message_code_size_check stdout ----
[INFO] [stdout] thread 'status_message_code_size_check' panicked at 'building wasm example returned non-zero code exit status: 101', tests/code_size.rs:10:9
[INFO] [stdout] stack backtrace:
[INFO] [stdout]    0:     0x562342c79a8a - std::backtrace_rs::backtrace::libunwind::trace::ha9053a9a07ca49cb
[INFO] [stdout]                                at /rustc/84c898d65adf2f39a5a98507f1fe0ce10a2b8dbc/library/std/src/../../backtrace/src/backtrace/libunwind.rs:93:5
[INFO] [stdout]    1:     0x562342c79a8a - std::backtrace_rs::backtrace::trace_unsynchronized::h9c2852a457ad564e
[INFO] [stdout]                                at /rustc/84c898d65adf2f39a5a98507f1fe0ce10a2b8dbc/library/std/src/../../backtrace/src/backtrace/mod.rs:66:5
[INFO] [stdout]    2:     0x562342c79a8a - std::sys_common::backtrace::_print_fmt::h457936fbfaa0070f
[INFO] [stdout]                                at /rustc/84c898d65adf2f39a5a98507f1fe0ce10a2b8dbc/library/std/src/sys_common/backtrace.rs:65:5
[INFO] [stdout]    3:     0x562342c79a8a - <std::sys_common::backtrace::_print::DisplayBacktrace as core::fmt::Display>::fmt::h5779d7bf7f70cb0c
[INFO] [stdout]                                at /rustc/84c898d65adf2f39a5a98507f1fe0ce10a2b8dbc/library/std/src/sys_common/backtrace.rs:44:22
[INFO] [stdout]    4:     0x562342c9d55e - core::fmt::write::h5a4baaff1bcd3eb5
[INFO] [stdout]                                at /rustc/84c898d65adf2f39a5a98507f1fe0ce10a2b8dbc/library/core/src/fmt/mod.rs:1232:17
[INFO] [stdout]    5:     0x562342c76d85 - std::io::Write::write_fmt::h478f79c628ef31d1
[INFO] [stdout]                                at /rustc/84c898d65adf2f39a5a98507f1fe0ce10a2b8dbc/library/std/src/io/mod.rs:1684:15
[INFO] [stdout]    6:     0x562342c79855 - std::sys_common::backtrace::_print::h5fcdc36060f177e8
[INFO] [stdout]                                at /rustc/84c898d65adf2f39a5a98507f1fe0ce10a2b8dbc/library/std/src/sys_common/backtrace.rs:47:5
[INFO] [stdout]    7:     0x562342c79855 - std::sys_common::backtrace::print::h54ca9458b876c8bf
[INFO] [stdout]                                at /rustc/84c898d65adf2f39a5a98507f1fe0ce10a2b8dbc/library/std/src/sys_common/backtrace.rs:34:9
[INFO] [stdout]    8:     0x562342c7b61f - std::panicking::default_hook::{{closure}}::hbe471161c7664ed6
[INFO] [stdout]                                at /rustc/84c898d65adf2f39a5a98507f1fe0ce10a2b8dbc/library/std/src/panicking.rs:271:22
[INFO] [stdout]    9:     0x562342c7b2df - std::panicking::default_hook::ha3500da57aa4ac4f
[INFO] [stdout]                                at /rustc/84c898d65adf2f39a5a98507f1fe0ce10a2b8dbc/library/std/src/panicking.rs:287:9
[INFO] [stdout]   10:     0x562342c4db67 - <alloc::boxed::Box<F,A> as core::ops::function::Fn<Args>>::call::hdf1b89dd137ece34
[INFO] [stdout]                                at /rustc/84c898d65adf2f39a5a98507f1fe0ce10a2b8dbc/library/alloc/src/boxed.rs:2001:9
[INFO] [stdout]   11:     0x562342c4db67 - test::test_main::{{closure}}::h9081a79f20e75698
[INFO] [stdout]                                at /rustc/84c898d65adf2f39a5a98507f1fe0ce10a2b8dbc/library/test/src/lib.rs:135:21
[INFO] [stdout]   12:     0x562342c7bd4d - <alloc::boxed::Box<F,A> as core::ops::function::Fn<Args>>::call::h6507bddc3eebb4a5
[INFO] [stdout]                                at /rustc/84c898d65adf2f39a5a98507f1fe0ce10a2b8dbc/library/alloc/src/boxed.rs:2001:9
[INFO] [stdout]   13:     0x562342c7bd4d - std::panicking::rust_panic_with_hook::h50c09d000dc561d2
[INFO] [stdout]                                at /rustc/84c898d65adf2f39a5a98507f1fe0ce10a2b8dbc/library/std/src/panicking.rs:696:13
[INFO] [stdout]   14:     0x562342c7bac9 - std::panicking::begin_panic_handler::{{closure}}::h9e2b2176e00e0d9c
[INFO] [stdout]                                at /rustc/84c898d65adf2f39a5a98507f1fe0ce10a2b8dbc/library/std/src/panicking.rs:583:13
[INFO] [stdout]   15:     0x562342c79ef6 - std::sys_common::backtrace::__rust_end_short_backtrace::h5739b8e512c09d02
[INFO] [stdout]                                at /rustc/84c898d65adf2f39a5a98507f1fe0ce10a2b8dbc/library/std/src/sys_common/backtrace.rs:150:18
[INFO] [stdout]   16:     0x562342c7b7d2 - rust_begin_unwind
[INFO] [stdout]                                at /rustc/84c898d65adf2f39a5a98507f1fe0ce10a2b8dbc/library/std/src/panicking.rs:579:5
[INFO] [stdout]   17:     0x562342c14b83 - core::panicking::panic_fmt::hf33a1475b4dc5c3e
[INFO] [stdout]                                at /rustc/84c898d65adf2f39a5a98507f1fe0ce10a2b8dbc/library/core/src/panicking.rs:64:14
[INFO] [stdout]   18:     0x562342c1dfa7 - code_size::check_example_size::h984423c92bba0717
[INFO] [stdout]                                at /opt/rustwide/workdir/tests/code_size.rs:10:9
[INFO] [stdout]   19:     0x562342c1e1f2 - code_size::status_message_code_size_check::h7997e2a02d347f2e
[INFO] [stdout]                                at /opt/rustwide/workdir/tests/code_size.rs:33:16
[INFO] [stdout]   20:     0x562342c1e1c7 - code_size::status_message_code_size_check::{{closure}}::hf2c65f21ae2a0c41
[INFO] [stdout]                                at /opt/rustwide/workdir/tests/code_size.rs:32:37
[INFO] [stdout]   21:     0x562342c19445 - core::ops::function::FnOnce::call_once::h9250e80bad334acb
[INFO] [stdout]                                at /rustc/84c898d65adf2f39a5a98507f1fe0ce10a2b8dbc/library/core/src/ops/function.rs:250:5
[INFO] [stdout]   22:     0x562342c52f4f - core::ops::function::FnOnce::call_once::h7d969581be7d0075
[INFO] [stdout]                                at /rustc/84c898d65adf2f39a5a98507f1fe0ce10a2b8dbc/library/core/src/ops/function.rs:250:5
[INFO] [stdout]   23:     0x562342c52f4f - test::__rust_begin_short_backtrace::hca25a52684e56655
[INFO] [stdout]                                at /rustc/84c898d65adf2f39a5a98507f1fe0ce10a2b8dbc/library/test/src/lib.rs:656:18
[INFO] [stdout]   24:     0x562342c2456c - test::run_test::{{closure}}::ha8ac744c4af1a4bb
[INFO] [stdout]                                at /rustc/84c898d65adf2f39a5a98507f1fe0ce10a2b8dbc/library/test/src/lib.rs:647:30
[INFO] [stdout]   25:     0x562342c2456c - core::ops::function::FnOnce::call_once{{vtable.shim}}::h7b411a9ed45bdecf
[INFO] [stdout]                                at /rustc/84c898d65adf2f39a5a98507f1fe0ce10a2b8dbc/library/core/src/ops/function.rs:250:5
[INFO] [stdout]   26:     0x562342c51f16 - <alloc::boxed::Box<F,A> as core::ops::function::FnOnce<Args>>::call_once::hd05328869a8ed200
[INFO] [stdout]                                at /rustc/84c898d65adf2f39a5a98507f1fe0ce10a2b8dbc/library/alloc/src/boxed.rs:1987:9
[INFO] [stdout]   27:     0x562342c51f16 - <core::panic::unwind_safe::AssertUnwindSafe<F> as core::ops::function::FnOnce<()>>::call_once::h0c601ce20bd5b2be
[INFO] [stdout]                                at /rustc/84c898d65adf2f39a5a98507f1fe0ce10a2b8dbc/library/core/src/panic/unwind_safe.rs:271:9
[INFO] [stdout]   28:     0x562342c51f16 - std::panicking::try::do_call::ha4be5c164fe30854
[INFO] [stdout]                                at /rustc/84c898d65adf2f39a5a98507f1fe0ce10a2b8dbc/library/std/src/panicking.rs:487:40
[INFO] [stdout]   29:     0x562342c51f16 - std::panicking::try::h604546f3609af05f
[INFO] [stdout]                                at /rustc/84c898d65adf2f39a5a98507f1fe0ce10a2b8dbc/library/std/src/panicking.rs:451:19
[INFO] [stdout]   30:     0x562342c51f16 - std::panic::catch_unwind::h5bfa8afe44c9c2f9
[INFO] [stdout]                                at /rustc/84c898d65adf2f39a5a98507f1fe0ce10a2b8dbc/library/std/src/panic.rs:140:14
[INFO] [stdout]   31:     0x562342c51f16 - test::run_test_in_process::hd50dee55dd63e6aa
[INFO] [stdout]                                at /rustc/84c898d65adf2f39a5a98507f1fe0ce10a2b8dbc/library/test/src/lib.rs:679:27
[INFO] [stdout]   32:     0x562342c51f16 - test::run_test::run_test_inner::{{closure}}::h4aa0f433aa85cea8
[INFO] [stdout]                                at /rustc/84c898d65adf2f39a5a98507f1fe0ce10a2b8dbc/library/test/src/lib.rs:573:39
[INFO] [stdout]   33:     0x562342c1ebe1 - test::run_test::run_test_inner::{{closure}}::had56431adf24b4d6
[INFO] [stdout]                                at /rustc/84c898d65adf2f39a5a98507f1fe0ce10a2b8dbc/library/test/src/lib.rs:600:37
[INFO] [stdout]   34:     0x562342c1ebe1 - std::sys_common::backtrace::__rust_begin_short_backtrace::ha8d9890e0c73bf13
[INFO] [stdout]                                at /rustc/84c898d65adf2f39a5a98507f1fe0ce10a2b8dbc/library/std/src/sys_common/backtrace.rs:134:18
[INFO] [stdout]   35:     0x562342c245fb - std::thread::Builder::spawn_unchecked_::{{closure}}::{{closure}}::h251832bcb4a95327
[INFO] [stdout]                                at /rustc/84c898d65adf2f39a5a98507f1fe0ce10a2b8dbc/library/std/src/thread/mod.rs:560:17
[INFO] [stdout]   36:     0x562342c245fb - <core::panic::unwind_safe::AssertUnwindSafe<F> as core::ops::function::FnOnce<()>>::call_once::h8fdff598fa414831
[INFO] [stdout]                                at /rustc/84c898d65adf2f39a5a98507f1fe0ce10a2b8dbc/library/core/src/panic/unwind_safe.rs:271:9
[INFO] [stdout]   37:     0x562342c245fb - std::panicking::try::do_call::h455dd2f7764a950f
[INFO] [stdout]                                at /rustc/84c898d65adf2f39a5a98507f1fe0ce10a2b8dbc/library/std/src/panicking.rs:487:40
[INFO] [stdout]   38:     0x562342c245fb - std::panicking::try::had6f23b7b73ae72a
[INFO] [stdout]                                at /rustc/84c898d65adf2f39a5a98507f1fe0ce10a2b8dbc/library/std/src/panicking.rs:451:19
[INFO] [stdout]   39:     0x562342c245fb - std::panic::catch_unwind::ha6a5ca3915b4dad0
[INFO] [stdout]                                at /rustc/84c898d65adf2f39a5a98507f1fe0ce10a2b8dbc/library/std/src/panic.rs:140:14
[INFO] [stdout]   40:     0x562342c245fb - std::thread::Builder::spawn_unchecked_::{{closure}}::h883b72ef75da6231
[INFO] [stdout]                                at /rustc/84c898d65adf2f39a5a98507f1fe0ce10a2b8dbc/library/std/src/thread/mod.rs:559:30
[INFO] [stdout]   41:     0x562342c245fb - core::ops::function::FnOnce::call_once{{vtable.shim}}::hb7dff73dc8bd2ccb
[INFO] [stdout]                                at /rustc/84c898d65adf2f39a5a98507f1fe0ce10a2b8dbc/library/core/src/ops/function.rs:250:5
[INFO] [stdout]   42:     0x562342c801b3 - <alloc::boxed::Box<F,A> as core::ops::function::FnOnce<Args>>::call_once::h39990b24eedef2ab
[INFO] [stdout]                                at /rustc/84c898d65adf2f39a5a98507f1fe0ce10a2b8dbc/library/alloc/src/boxed.rs:1987:9
[INFO] [stdout]   43:     0x562342c801b3 - <alloc::boxed::Box<F,A> as core::ops::function::FnOnce<Args>>::call_once::h01a027258444143b
[INFO] [stdout]                                at /rustc/84c898d65adf2f39a5a98507f1fe0ce10a2b8dbc/library/alloc/src/boxed.rs:1987:9
[INFO] [stdout]   44:     0x562342c801b3 - std::sys::unix::thread::Thread::new::thread_start::ha4f1cdd9c25884ba
[INFO] [stdout]                                at /rustc/84c898d65adf2f39a5a98507f1fe0ce10a2b8dbc/library/std/src/sys/unix/thread.rs:108:17
[INFO] [stdout]   45:     0x7f865f00cb43 - <unknown>
[INFO] [stdout]   46:     0x7f865f09dbb4 - __clone
[INFO] [stdout]   47:                0x0 - <unknown>
[INFO] [stdout] 
[INFO] [stdout] ---- lock_fungible_code_size_check stdout ----
[INFO] [stdout] thread 'lock_fungible_code_size_check' panicked at 'building wasm example returned non-zero code exit status: 101', tests/code_size.rs:10:9
[INFO] [stdout] stack backtrace:
[INFO] [stdout]    0:     0x562342c79a8a - std::backtrace_rs::backtrace::libunwind::trace::ha9053a9a07ca49cb
[INFO] [stdout]                                at /rustc/84c898d65adf2f39a5a98507f1fe0ce10a2b8dbc/library/std/src/../../backtrace/src/backtrace/libunwind.rs:93:5
[INFO] [stdout]    1:     0x562342c79a8a - std::backtrace_rs::backtrace::trace_unsynchronized::h9c2852a457ad564e
[INFO] [stdout]                                at /rustc/84c898d65adf2f39a5a98507f1fe0ce10a2b8dbc/library/std/src/../../backtrace/src/backtrace/mod.rs:66:5
[INFO] [stdout]    2:     0x562342c79a8a - std::sys_common::backtrace::_print_fmt::h457936fbfaa0070f
[INFO] [stdout]                                at /rustc/84c898d65adf2f39a5a98507f1fe0ce10a2b8dbc/library/std/src/sys_common/backtrace.rs:65:5
[INFO] [stdout]    3:     0x562342c79a8a - <std::sys_common::backtrace::_print::DisplayBacktrace as core::fmt::Display>::fmt::h5779d7bf7f70cb0c
[INFO] [stdout]                                at /rustc/84c898d65adf2f39a5a98507f1fe0ce10a2b8dbc/library/std/src/sys_common/backtrace.rs:44:22
[INFO] [stdout]    4:     0x562342c9d55e - core::fmt::write::h5a4baaff1bcd3eb5
[INFO] [stdout]                                at /rustc/84c898d65adf2f39a5a98507f1fe0ce10a2b8dbc/library/core/src/fmt/mod.rs:1232:17
[INFO] [stdout]    5:     0x562342c76d85 - std::io::Write::write_fmt::h478f79c628ef31d1
[INFO] [stdout]                                at /rustc/84c898d65adf2f39a5a98507f1fe0ce10a2b8dbc/library/std/src/io/mod.rs:1684:15
[INFO] [stdout]    6:     0x562342c79855 - std::sys_common::backtrace::_print::h5fcdc36060f177e8
[INFO] [stdout]                                at /rustc/84c898d65adf2f39a5a98507f1fe0ce10a2b8dbc/library/std/src/sys_common/backtrace.rs:47:5
[INFO] [stdout]    7:     0x562342c79855 - std::sys_common::backtrace::print::h54ca9458b876c8bf
[INFO] [stdout]                                at /rustc/84c898d65adf2f39a5a98507f1fe0ce10a2b8dbc/library/std/src/sys_common/backtrace.rs:34:9
[INFO] [stdout]    8:     0x562342c7b61f - std::panicking::default_hook::{{closure}}::hbe471161c7664ed6
[INFO] [stdout]                                at /rustc/84c898d65adf2f39a5a98507f1fe0ce10a2b8dbc/library/std/src/panicking.rs:271:22
[INFO] [stdout]    9:     0x562342c7b2df - std::panicking::default_hook::ha3500da57aa4ac4f
[INFO] [stdout]                                at /rustc/84c898d65adf2f39a5a98507f1fe0ce10a2b8dbc/library/std/src/panicking.rs:287:9
[INFO] [stdout]   10:     0x562342c4db67 - <alloc::boxed::Box<F,A> as core::ops::function::Fn<Args>>::call::hdf1b89dd137ece34
[INFO] [stdout]                                at /rustc/84c898d65adf2f39a5a98507f1fe0ce10a2b8dbc/library/alloc/src/boxed.rs:2001:9
[INFO] [stdout]   11:     0x562342c4db67 - test::test_main::{{closure}}::h9081a79f20e75698
[INFO] [stdout]                                at /rustc/84c898d65adf2f39a5a98507f1fe0ce10a2b8dbc/library/test/src/lib.rs:135:21
[INFO] [stdout]   12:     0x562342c7bd4d - <alloc::boxed::Box<F,A> as core::ops::function::Fn<Args>>::call::h6507bddc3eebb4a5
[INFO] [stdout]                                at /rustc/84c898d65adf2f39a5a98507f1fe0ce10a2b8dbc/library/alloc/src/boxed.rs:2001:9
[INFO] [stdout]   13:     0x562342c7bd4d - std::panicking::rust_panic_with_hook::h50c09d000dc561d2
[INFO] [stdout]                                at /rustc/84c898d65adf2f39a5a98507f1fe0ce10a2b8dbc/library/std/src/panicking.rs:696:13
[INFO] [stdout]   14:     0x562342c7bac9 - std::panicking::begin_panic_handler::{{closure}}::h9e2b2176e00e0d9c
[INFO] [stdout]                                at /rustc/84c898d65adf2f39a5a98507f1fe0ce10a2b8dbc/library/std/src/panicking.rs:583:13
[INFO] [stdout]   15:     0x562342c79ef6 - std::sys_common::backtrace::__rust_end_short_backtrace::h5739b8e512c09d02
[INFO] [stdout]                                at /rustc/84c898d65adf2f39a5a98507f1fe0ce10a2b8dbc/library/std/src/sys_common/backtrace.rs:150:18
[INFO] [stdout]   16:     0x562342c7b7d2 - rust_begin_unwind
[INFO] [stdout]                                at /rustc/84c898d65adf2f39a5a98507f1fe0ce10a2b8dbc/library/std/src/panicking.rs:579:5
[INFO] [stdout]   17:     0x562342c14b83 - core::panicking::panic_fmt::hf33a1475b4dc5c3e
[INFO] [stdout]                                at /rustc/84c898d65adf2f39a5a98507f1fe0ce10a2b8dbc/library/core/src/panicking.rs:64:14
[INFO] [stdout]   18:     0x562342c1dfa7 - code_size::check_example_size::h984423c92bba0717
[INFO] [stdout]                                at /opt/rustwide/workdir/tests/code_size.rs:10:9
[INFO] [stdout]   19:     0x562342c1e172 - code_size::lock_fungible_code_size_check::h01436c655a191833
[INFO] [stdout]                                at /opt/rustwide/workdir/tests/code_size.rs:25:16
[INFO] [stdout]   20:     0x562342c1e147 - code_size::lock_fungible_code_size_check::{{closure}}::ha57c3c5e5a210357
[INFO] [stdout]                                at /opt/rustwide/workdir/tests/code_size.rs:24:36
[INFO] [stdout]   21:     0x562342c19485 - core::ops::function::FnOnce::call_once::heb4c2c6ebdcd739e
[INFO] [stdout]                                at /rustc/84c898d65adf2f39a5a98507f1fe0ce10a2b8dbc/library/core/src/ops/function.rs:250:5
[INFO] [stdout]   22:     0x562342c52f4f - core::ops::function::FnOnce::call_once::h7d969581be7d0075
[INFO] [stdout]                                at /rustc/84c898d65adf2f39a5a98507f1fe0ce10a2b8dbc/library/core/src/ops/function.rs:250:5
[INFO] [stdout]   23:     0x562342c52f4f - test::__rust_begin_short_backtrace::hca25a52684e56655
[INFO] [stdout]                                at /rustc/84c898d65adf2f39a5a98507f1fe0ce10a2b8dbc/library/test/src/lib.rs:656:18
[INFO] [stdout]   24:     0x562342c2456c - test::run_test::{{closure}}::ha8ac744c4af1a4bb
[INFO] [stdout]                                at /rustc/84c898d65adf2f39a5a98507f1fe0ce10a2b8dbc/library/test/src/lib.rs:647:30
[INFO] [stdout]   25:     0x562342c2456c - core::ops::function::FnOnce::call_once{{vtable.shim}}::h7b411a9ed45bdecf
[INFO] [stdout]                                at /rustc/84c898d65adf2f39a5a98507f1fe0ce10a2b8dbc/library/core/src/ops/function.rs:250:5
[INFO] [stdout]   26:     0x562342c51f16 - <alloc::boxed::Box<F,A> as core::ops::function::FnOnce<Args>>::call_once::hd05328869a8ed200
[INFO] [stdout]                                at /rustc/84c898d65adf2f39a5a98507f1fe0ce10a2b8dbc/library/alloc/src/boxed.rs:1987:9
[INFO] [stdout]   27:     0x562342c51f16 - <core::panic::unwind_safe::AssertUnwindSafe<F> as core::ops::function::FnOnce<()>>::call_once::h0c601ce20bd5b2be
[INFO] [stdout]                                at /rustc/84c898d65adf2f39a5a98507f1fe0ce10a2b8dbc/library/core/src/panic/unwind_safe.rs:271:9
[INFO] [stdout]   28:     0x562342c51f16 - std::panicking::try::do_call::ha4be5c164fe30854
[INFO] [stdout]                                at /rustc/84c898d65adf2f39a5a98507f1fe0ce10a2b8dbc/library/std/src/panicking.rs:487:40
[INFO] [stdout]   29:     0x562342c51f16 - std::panicking::try::h604546f3609af05f
[INFO] [stdout]                                at /rustc/84c898d65adf2f39a5a98507f1fe0ce10a2b8dbc/library/std/src/panicking.rs:451:19
[INFO] [stdout]   30:     0x562342c51f16 - std::panic::catch_unwind::h5bfa8afe44c9c2f9
[INFO] [stdout]                                at /rustc/84c898d65adf2f39a5a98507f1fe0ce10a2b8dbc/library/std/src/panic.rs:140:14
[INFO] [stdout]   31:     0x562342c51f16 - test::run_test_in_process::hd50dee55dd63e6aa
[INFO] [stdout]                                at /rustc/84c898d65adf2f39a5a98507f1fe0ce10a2b8dbc/library/test/src/lib.rs:679:27
[INFO] [stdout]   32:     0x562342c51f16 - test::run_test::run_test_inner::{{closure}}::h4aa0f433aa85cea8
[INFO] [stdout]                                at /rustc/84c898d65adf2f39a5a98507f1fe0ce10a2b8dbc/library/test/src/lib.rs:573:39
[INFO] [stdout]   33:     0x562342c1ebe1 - test::run_test::run_test_inner::{{closure}}::had56431adf24b4d6
[INFO] [stdout]                                at /rustc/84c898d65adf2f39a5a98507f1fe0ce10a2b8dbc/library/test/src/lib.rs:600:37
[INFO] [stdout]   34:     0x562342c1ebe1 - std::sys_common::backtrace::__rust_begin_short_backtrace::ha8d9890e0c73bf13
[INFO] [stdout]                                at /rustc/84c898d65adf2f39a5a98507f1fe0ce10a2b8dbc/library/std/src/sys_common/backtrace.rs:134:18
[INFO] [stdout]   35:     0x562342c245fb - std::thread::Builder::spawn_unchecked_::{{closure}}::{{closure}}::h251832bcb4a95327
[INFO] [stdout]                                at /rustc/84c898d65adf2f39a5a98507f1fe0ce10a2b8dbc/library/std/src/thread/mod.rs:560:17
[INFO] [stdout]   36:     0x562342c245fb - <core::panic::unwind_safe::AssertUnwindSafe<F> as core::ops::function::FnOnce<()>>::call_once::h8fdff598fa414831
[INFO] [stdout]                                at /rustc/84c898d65adf2f39a5a98507f1fe0ce10a2b8dbc/library/core/src/panic/unwind_safe.rs:271:9
[INFO] [stdout]   37:     0x562342c245fb - std::panicking::try::do_call::h455dd2f7764a950f
[INFO] [stdout]                                at /rustc/84c898d65adf2f39a5a98507f1fe0ce10a2b8dbc/library/std/src/panicking.rs:487:40
[INFO] [stdout]   38:     0x562342c245fb - std::panicking::try::had6f23b7b73ae72a
[INFO] [stdout]                                at /rustc/84c898d65adf2f39a5a98507f1fe0ce10a2b8dbc/library/std/src/panicking.rs:451:19
[INFO] [stdout]   39:     0x562342c245fb - std::panic::catch_unwind::ha6a5ca3915b4dad0
[INFO] [stdout]                                at /rustc/84c898d65adf2f39a5a98507f1fe0ce10a2b8dbc/library/std/src/panic.rs:140:14
[INFO] [stdout]   40:     0x562342c245fb - std::thread::Builder::spawn_unchecked_::{{closure}}::h883b72ef75da6231
[INFO] [stdout]                                at /rustc/84c898d65adf2f39a5a98507f1fe0ce10a2b8dbc/library/std/src/thread/mod.rs:559:30
[INFO] [stdout]   41:     0x562342c245fb - core::ops::function::FnOnce::call_once{{vtable.shim}}::hb7dff73dc8bd2ccb
[INFO] [stdout]                                at /rustc/84c898d65adf2f39a5a98507f1fe0ce10a2b8dbc/library/core/src/ops/function.rs:250:5
[INFO] [stdout]   42:     0x562342c801b3 - <alloc::boxed::Box<F,A> as core::ops::function::FnOnce<Args>>::call_once::h39990b24eedef2ab
[INFO] [stdout]                                at /rustc/84c898d65adf2f39a5a98507f1fe0ce10a2b8dbc/library/alloc/src/boxed.rs:1987:9
[INFO] [stdout]   43:     0x562342c801b3 - <alloc::boxed::Box<F,A> as core::ops::function::FnOnce<Args>>::call_once::h01a027258444143b
[INFO] [stdout]                                at /rustc/84c898d65adf2f39a5a98507f1fe0ce10a2b8dbc/library/alloc/src/boxed.rs:1987:9
[INFO] [stdout]   44:     0x562342c801b3 - std::sys::unix::thread::Thread::new::thread_start::ha4f1cdd9c25884ba
[INFO] [stdout]                                at /rustc/84c898d65adf2f39a5a98507f1fe0ce10a2b8dbc/library/std/src/sys/unix/thread.rs:108:17
[INFO] [stdout]   45:     0x7f865f00cb43 - <unknown>
[INFO] [stdout]   46:     0x7f865f09dbb4 - __clone
[INFO] [stdout]   47:                0x0 - <unknown>
[INFO] [stdout] 
[INFO] [stdout] 
[INFO] [stdout] failures:
[INFO] [stdout]     lock_fungible_code_size_check
[INFO] [stdout]     status_message_code_size_check
[INFO] [stdout] 
[INFO] [stdout] test result: FAILED. 0 passed; 2 failed; 0 ignored; 0 measured; 0 filtered out; finished in 0.10s
[INFO] [stdout] 
[INFO] running `Command { std: "docker" "inspect" "08566d2283f7a7d5b316456a3abe102fb274acc08ffe26f3a1d25a4597b8d2d7", kill_on_drop: false }`
[INFO] running `Command { std: "docker" "rm" "-f" "08566d2283f7a7d5b316456a3abe102fb274acc08ffe26f3a1d25a4597b8d2d7", kill_on_drop: false }`
[INFO] [stdout] 08566d2283f7a7d5b316456a3abe102fb274acc08ffe26f3a1d25a4597b8d2d7
