[INFO] fetching crate near-sdk-contract-tools 0.7.2...
[INFO] testing near-sdk-contract-tools-0.7.2 against 1.69.0 for beta-1.70-1
[INFO] extracting crate near-sdk-contract-tools 0.7.2 into /workspace/builds/worker-3-tc1/source
[INFO] validating manifest of crates.io crate near-sdk-contract-tools 0.7.2 on toolchain 1.69.0
[INFO] running `Command { std: CARGO_HOME="/workspace/cargo-home" RUSTUP_HOME="/workspace/rustup-home" "/workspace/cargo-home/bin/cargo" "+1.69.0" "metadata" "--manifest-path" "Cargo.toml" "--no-deps", kill_on_drop: false }`
[INFO] removed /workspace/builds/worker-3-tc1/source/.cargo/config.toml
[INFO] removed /workspace/builds/worker-3-tc1/source/rust-toolchain.toml
[INFO] started tweaking crates.io crate near-sdk-contract-tools 0.7.2
[INFO] finished tweaking crates.io crate near-sdk-contract-tools 0.7.2
[INFO] tweaked toml for crates.io crate near-sdk-contract-tools 0.7.2 written to /workspace/builds/worker-3-tc1/source/Cargo.toml
[INFO] running `Command { std: CARGO_HOME="/workspace/cargo-home" RUSTUP_HOME="/workspace/rustup-home" __CARGO_TEST_CHANNEL_OVERRIDE_DO_NOT_USE_THIS="nightly" "/workspace/cargo-home/bin/cargo" "+1.69.0" "generate-lockfile" "--manifest-path" "Cargo.toml" "-Zno-index-update", kill_on_drop: false }`
[INFO] running `Command { std: CARGO_HOME="/workspace/cargo-home" RUSTUP_HOME="/workspace/rustup-home" "/workspace/cargo-home/bin/cargo" "+1.69.0" "fetch" "--manifest-path" "Cargo.toml", kill_on_drop: false }`
[INFO] [stderr]     Blocking waiting for file lock on package cache
[INFO] [stderr]  Downloading crates ...
[INFO] [stderr]   Downloaded zeropool-bn v0.5.11
[INFO] [stderr]   Downloaded parity-secp256k1 v0.7.0
[INFO] [stderr]   Downloaded near-sdk-macros v4.1.1
[INFO] [stderr]   Downloaded reed-solomon-erasure v4.0.2
[INFO] [stderr]   Downloaded near-crypto v0.14.0
[INFO] [stderr]   Downloaded near-sdk v4.1.1
[INFO] [stderr]   Downloaded near-primitives v0.14.0
[INFO] [stderr]   Downloaded near-primitives-core v0.14.0
[INFO] [stderr]   Downloaded near-account-id v0.14.0
[INFO] [stderr]   Downloaded near-rpc-error-core v0.14.0
[INFO] [stderr]   Downloaded near-rpc-error-macro v0.14.0
[INFO] [stderr]   Downloaded near-vm-errors v0.14.0
[INFO] [stderr]   Downloaded near-vm-logic v0.14.0
[INFO] [stderr]   Downloaded near-sys v0.2.0
[INFO] [stderr]   Downloaded easy-ext v0.2.9
[INFO] [stderr]   Downloaded c2-chacha v0.3.3
[INFO] [stderr]   Downloaded near-sdk-contract-tools-macros v0.7.2
[INFO] running `Command { std: "docker" "create" "-v" "/var/lib/crater-agent-workspace/builds/worker-3-tc1/target:/opt/rustwide/target:rw,Z" "-v" "/var/lib/crater-agent-workspace/builds/worker-3-tc1/source:/opt/rustwide/workdir:ro,Z" "-v" "/var/lib/crater-agent-workspace/cargo-home:/opt/rustwide/cargo-home:ro,Z" "-v" "/var/lib/crater-agent-workspace/rustup-home:/opt/rustwide/rustup-home:ro,Z" "-e" "SOURCE_DIR=/opt/rustwide/workdir" "-e" "CARGO_TARGET_DIR=/opt/rustwide/target" "-e" "CARGO_HOME=/opt/rustwide/cargo-home" "-e" "RUSTUP_HOME=/opt/rustwide/rustup-home" "-w" "/opt/rustwide/workdir" "-m" "1610612736" "--user" "0:0" "--network" "none" "ghcr.io/rust-lang/crates-build-env/linux@sha256:5ff2268d62e97bff2cde7d5815dd6ed5b47097566f13b8d0ca110b04b60e07ed" "/opt/rustwide/cargo-home/bin/cargo" "+1.69.0" "metadata" "--no-deps" "--format-version=1", kill_on_drop: false }`
[INFO] [stdout] 6a446702bbc1a18f317d257b5ebd42469e72aefc834394a973f1d9eccdb8acaa
[INFO] running `Command { std: "docker" "start" "-a" "6a446702bbc1a18f317d257b5ebd42469e72aefc834394a973f1d9eccdb8acaa", kill_on_drop: false }`
[INFO] running `Command { std: "docker" "inspect" "6a446702bbc1a18f317d257b5ebd42469e72aefc834394a973f1d9eccdb8acaa", kill_on_drop: false }`
[INFO] running `Command { std: "docker" "rm" "-f" "6a446702bbc1a18f317d257b5ebd42469e72aefc834394a973f1d9eccdb8acaa", kill_on_drop: false }`
[INFO] [stdout] 6a446702bbc1a18f317d257b5ebd42469e72aefc834394a973f1d9eccdb8acaa
[INFO] running `Command { std: "docker" "create" "-v" "/var/lib/crater-agent-workspace/builds/worker-3-tc1/target:/opt/rustwide/target:rw,Z" "-v" "/var/lib/crater-agent-workspace/builds/worker-3-tc1/source:/opt/rustwide/workdir:ro,Z" "-v" "/var/lib/crater-agent-workspace/cargo-home:/opt/rustwide/cargo-home:ro,Z" "-v" "/var/lib/crater-agent-workspace/rustup-home:/opt/rustwide/rustup-home:ro,Z" "-e" "SOURCE_DIR=/opt/rustwide/workdir" "-e" "CARGO_TARGET_DIR=/opt/rustwide/target" "-e" "CARGO_INCREMENTAL=0" "-e" "RUST_BACKTRACE=full" "-e" "RUSTFLAGS=--cap-lints=warn" "-e" "RUSTDOCFLAGS=--cap-lints=warn" "-e" "CARGO_HOME=/opt/rustwide/cargo-home" "-e" "RUSTUP_HOME=/opt/rustwide/rustup-home" "-w" "/opt/rustwide/workdir" "-m" "1610612736" "--user" "0:0" "--network" "none" "ghcr.io/rust-lang/crates-build-env/linux@sha256:5ff2268d62e97bff2cde7d5815dd6ed5b47097566f13b8d0ca110b04b60e07ed" "/opt/rustwide/cargo-home/bin/cargo" "+1.69.0" "build" "--frozen" "--message-format=json", kill_on_drop: false }`
[INFO] [stdout] 4f7daedb23d3f6d35f709aa1123f2c6719cd417133e1360d0b46e952b3446b81
[INFO] running `Command { std: "docker" "start" "-a" "4f7daedb23d3f6d35f709aa1123f2c6719cd417133e1360d0b46e952b3446b81", kill_on_drop: false }`
[INFO] [stderr]     Blocking waiting for file lock on package cache
[INFO] [stderr]    Compiling syn v1.0.109
[INFO] [stderr]    Compiling serde v1.0.160
[INFO] [stderr]    Compiling libc v0.2.142
[INFO] [stderr]    Compiling serde_derive v1.0.160
[INFO] [stderr]    Compiling ahash v0.7.6
[INFO] [stderr]    Compiling strsim v0.10.0
[INFO] [stderr]    Compiling memchr v2.5.0
[INFO] [stderr]    Compiling rustversion v1.0.12
[INFO] [stderr]    Compiling once_cell v1.17.1
[INFO] [stderr]    Compiling fnv v1.0.7
[INFO] [stderr]    Compiling ident_case v1.0.1
[INFO] [stderr]    Compiling serde_json v1.0.96
[INFO] [stderr]    Compiling itoa v1.0.6
[INFO] [stderr]    Compiling Inflector v0.11.4
[INFO] [stderr]    Compiling aho-corasick v1.0.1
[INFO] [stderr]    Compiling getrandom v0.2.9
[INFO] [stderr]    Compiling regex-syntax v0.7.1
[INFO] [stderr]    Compiling ryu v1.0.13
[INFO] [stderr]    Compiling hashbrown v0.11.2
[INFO] [stderr]    Compiling base64 v0.13.1
[INFO] [stderr]    Compiling near-sys v0.2.0
[INFO] [stderr]    Compiling bs58 v0.4.0
[INFO] [stderr]    Compiling strum v0.24.1
[INFO] [stderr]    Compiling toml v0.5.11
[INFO] [stderr]    Compiling regex v1.8.1
[INFO] [stderr]    Compiling darling_core v0.14.4
[INFO] [stderr]    Compiling borsh-derive-internal v0.9.3
[INFO] [stderr]    Compiling borsh-schema-derive-internal v0.9.3
[INFO] [stderr]    Compiling proc-macro-crate v0.1.5
[INFO] [stderr]    Compiling borsh-derive v0.9.3
[INFO] [stderr]    Compiling near-sdk-macros v4.1.1
[INFO] [stderr]    Compiling strum_macros v0.24.3
[INFO] [stderr]    Compiling darling_macro v0.14.4
[INFO] [stderr]    Compiling borsh v0.9.3
[INFO] [stderr]    Compiling darling v0.14.4
[INFO] [stderr]    Compiling near-sdk-contract-tools-macros v0.7.2
[INFO] [stderr]    Compiling near-sdk v4.1.1
[INFO] [stderr]    Compiling near-sdk-contract-tools v0.7.2 (/opt/rustwide/workdir)
[INFO] [stderr]     Finished dev [unoptimized + debuginfo] target(s) in 22.82s
[INFO] running `Command { std: "docker" "inspect" "4f7daedb23d3f6d35f709aa1123f2c6719cd417133e1360d0b46e952b3446b81", kill_on_drop: false }`
[INFO] running `Command { std: "docker" "rm" "-f" "4f7daedb23d3f6d35f709aa1123f2c6719cd417133e1360d0b46e952b3446b81", kill_on_drop: false }`
[INFO] [stdout] 4f7daedb23d3f6d35f709aa1123f2c6719cd417133e1360d0b46e952b3446b81
[INFO] running `Command { std: "docker" "create" "-v" "/var/lib/crater-agent-workspace/builds/worker-3-tc1/target:/opt/rustwide/target:rw,Z" "-v" "/var/lib/crater-agent-workspace/builds/worker-3-tc1/source:/opt/rustwide/workdir:ro,Z" "-v" "/var/lib/crater-agent-workspace/cargo-home:/opt/rustwide/cargo-home:ro,Z" "-v" "/var/lib/crater-agent-workspace/rustup-home:/opt/rustwide/rustup-home:ro,Z" "-e" "SOURCE_DIR=/opt/rustwide/workdir" "-e" "CARGO_TARGET_DIR=/opt/rustwide/target" "-e" "CARGO_INCREMENTAL=0" "-e" "RUST_BACKTRACE=full" "-e" "RUSTFLAGS=--cap-lints=warn" "-e" "RUSTDOCFLAGS=--cap-lints=warn" "-e" "CARGO_HOME=/opt/rustwide/cargo-home" "-e" "RUSTUP_HOME=/opt/rustwide/rustup-home" "-w" "/opt/rustwide/workdir" "-m" "1610612736" "--user" "0:0" "--network" "none" "ghcr.io/rust-lang/crates-build-env/linux@sha256:5ff2268d62e97bff2cde7d5815dd6ed5b47097566f13b8d0ca110b04b60e07ed" "/opt/rustwide/cargo-home/bin/cargo" "+1.69.0" "test" "--frozen" "--no-run" "--message-format=json", kill_on_drop: false }`
[INFO] [stdout] bca2f0be28f9fb342c95fd830a7866e4deb85c80b59c12f72380531d49feef2d
[INFO] running `Command { std: "docker" "start" "-a" "bca2f0be28f9fb342c95fd830a7866e4deb85c80b59c12f72380531d49feef2d", kill_on_drop: false }`
[INFO] [stderr]    Compiling serde v1.0.160
[INFO] [stderr]    Compiling syn v2.0.15
[INFO] [stderr]    Compiling indexmap v1.9.3
[INFO] [stderr]    Compiling getrandom v0.1.16
[INFO] [stderr]    Compiling hashbrown v0.12.3
[INFO] [stderr]    Compiling ahash v0.7.6
[INFO] [stderr]    Compiling num-traits v0.2.15
[INFO] [stderr]    Compiling winnow v0.4.4
[INFO] [stderr]    Compiling byteorder v1.4.3
[INFO] [stderr]    Compiling toml_datetime v0.6.1
[INFO] [stderr]    Compiling radium v0.6.2
[INFO] [stderr]    Compiling rand_core v0.5.1
[INFO] [stderr]    Compiling hashbrown v0.11.2
[INFO] [stderr]    Compiling num-integer v0.1.45
[INFO] [stderr]    Compiling crunchy v0.2.2
[INFO] [stderr]    Compiling digest v0.9.0
[INFO] [stderr]    Compiling subtle v2.5.0
[INFO] [stderr]    Compiling funty v1.1.0
[INFO] [stderr]    Compiling tap v1.0.1
[INFO] [stderr]    Compiling wyz v0.2.0
[INFO] [stderr]    Compiling digest v0.10.6
[INFO] [stderr]    Compiling rand v0.8.5
[INFO] [stderr]    Compiling rand_chacha v0.2.2
[INFO] [stderr]    Compiling impl-trait-for-tuples v0.2.2
[INFO] [stderr]    Compiling num-bigint v0.3.3
[INFO] [stderr]    Compiling bitvec v0.20.4
[INFO] [stderr]    Compiling cc v1.0.79
[INFO] [stderr]    Compiling byte-slice-cast v1.2.2
[INFO] [stderr]    Compiling cfg-if v0.1.10
[INFO] [stderr]    Compiling arrayvec v0.7.2
[INFO] [stderr]    Compiling opaque-debug v0.3.0
[INFO] [stderr]    Compiling toml_edit v0.19.8
[INFO] [stderr]    Compiling rustc-hex v2.1.0
[INFO] [stderr]    Compiling static_assertions v1.1.0
[INFO] [stderr]    Compiling rand v0.7.3
[INFO] [stderr]    Compiling block-buffer v0.9.0
[INFO] [stderr]    Compiling num-rational v0.3.2
[INFO] [stderr]    Compiling hex v0.4.3
[INFO] [stderr]    Compiling signature v1.6.4
[INFO] [stderr]    Compiling derive_more v0.99.17
[INFO] [stderr]    Compiling uint v0.9.5
[INFO] [stderr]    Compiling parity-secp256k1 v0.7.0
[INFO] [stderr]    Compiling ed25519 v1.5.3
[INFO] [stderr]    Compiling sha2 v0.9.9
[INFO] [stderr]    Compiling proc-macro-crate v1.3.1
[INFO] [stderr]    Compiling fixed-hash v0.7.0
[INFO] [stderr]    Compiling crypto-mac v0.8.0
[INFO] [stderr]    Compiling cipher v0.2.5
[INFO] [stderr]    Compiling arrayvec v0.5.2
[INFO] [stderr]    Compiling reed-solomon-erasure v4.0.2
[INFO] [stderr]    Compiling c2-chacha v0.3.3
[INFO] [stderr]    Compiling blake2 v0.9.2
[INFO] [stderr]    Compiling strum v0.24.1
[INFO] [stderr]    Compiling sha2 v0.10.6
[INFO] [stderr]    Compiling time v0.1.45
[INFO] [stderr]    Compiling spin v0.5.2
[INFO] [stderr]    Compiling base64 v0.11.0
[INFO] [stderr]    Compiling iana-time-zone v0.1.56
[INFO] [stderr]    Compiling arrayref v0.3.7
[INFO] [stderr]    Compiling lazy_static v1.4.0
[INFO] [stderr]    Compiling smart-default v0.6.0
[INFO] [stderr]    Compiling parity-scale-codec-derive v2.3.1
[INFO] [stderr]    Compiling easy-ext v0.2.9
[INFO] [stderr]    Compiling keccak v0.1.3
[INFO] [stderr]    Compiling bytesize v1.2.0
[INFO] [stderr]    Compiling sha3 v0.10.7
[INFO] [stderr]    Compiling ripemd v0.1.3
[INFO] [stderr]    Compiling near-sdk-contract-tools-macros v0.7.2
[INFO] [stderr]    Compiling serde_derive v1.0.160
[INFO] [stderr]    Compiling zeroize_derive v1.4.2
[INFO] [stderr]    Compiling thiserror-impl v1.0.40
[INFO] [stderr]    Compiling zeroize v1.3.0
[INFO] [stderr]    Compiling curve25519-dalek v3.2.1
[INFO] [stderr]    Compiling thiserror v1.0.40
[INFO] [stderr]    Compiling toml v0.5.11
[INFO] [stderr]    Compiling near-rpc-error-core v0.14.0
[INFO] [stderr]    Compiling parity-scale-codec v2.3.1
[INFO] [stderr]    Compiling ed25519-dalek v1.0.1
[INFO] [stderr]    Compiling serde_json v1.0.96
[INFO] [stderr]    Compiling chrono v0.4.24
[INFO] [stderr]    Compiling near-rpc-error-macro v0.14.0
[INFO] [stderr]    Compiling impl-codec v0.5.1
[INFO] [stderr]    Compiling primitive-types v0.10.1
[INFO] [stderr]    Compiling proc-macro-crate v0.1.5
[INFO] [stderr]    Compiling borsh-derive v0.9.3
[INFO] [stderr]    Compiling borsh v0.9.3
[INFO] [stderr]    Compiling near-account-id v0.14.0
[INFO] [stderr]    Compiling zeropool-bn v0.5.11
[INFO] [stderr]    Compiling near-primitives-core v0.14.0
[INFO] [stderr]    Compiling near-vm-errors v0.14.0
[INFO] [stderr]    Compiling near-crypto v0.14.0
[INFO] [stderr]    Compiling near-primitives v0.14.0
[INFO] [stderr]    Compiling near-vm-logic v0.14.0
[INFO] [stderr]    Compiling near-sdk v4.1.1
[INFO] [stderr]    Compiling near-sdk-contract-tools v0.7.2 (/opt/rustwide/workdir)
[INFO] [stderr]     Finished test [unoptimized + debuginfo] target(s) in 1m 08s
[INFO] running `Command { std: "docker" "inspect" "bca2f0be28f9fb342c95fd830a7866e4deb85c80b59c12f72380531d49feef2d", kill_on_drop: false }`
[INFO] running `Command { std: "docker" "rm" "-f" "bca2f0be28f9fb342c95fd830a7866e4deb85c80b59c12f72380531d49feef2d", kill_on_drop: false }`
[INFO] [stdout] bca2f0be28f9fb342c95fd830a7866e4deb85c80b59c12f72380531d49feef2d
[INFO] running `Command { std: "docker" "create" "-v" "/var/lib/crater-agent-workspace/builds/worker-3-tc1/target:/opt/rustwide/target:rw,Z" "-v" "/var/lib/crater-agent-workspace/builds/worker-3-tc1/source:/opt/rustwide/workdir:ro,Z" "-v" "/var/lib/crater-agent-workspace/cargo-home:/opt/rustwide/cargo-home:ro,Z" "-v" "/var/lib/crater-agent-workspace/rustup-home:/opt/rustwide/rustup-home:ro,Z" "-e" "SOURCE_DIR=/opt/rustwide/workdir" "-e" "CARGO_TARGET_DIR=/opt/rustwide/target" "-e" "CARGO_INCREMENTAL=0" "-e" "RUST_BACKTRACE=full" "-e" "RUSTFLAGS=--cap-lints=warn" "-e" "RUSTDOCFLAGS=--cap-lints=warn" "-e" "CARGO_HOME=/opt/rustwide/cargo-home" "-e" "RUSTUP_HOME=/opt/rustwide/rustup-home" "-w" "/opt/rustwide/workdir" "-m" "1610612736" "--user" "0:0" "--network" "none" "ghcr.io/rust-lang/crates-build-env/linux@sha256:5ff2268d62e97bff2cde7d5815dd6ed5b47097566f13b8d0ca110b04b60e07ed" "/opt/rustwide/cargo-home/bin/cargo" "+1.69.0" "test" "--frozen", kill_on_drop: false }`
[INFO] [stdout] 44519cfc3c66695dedf31b076e321cf58d2d0298d39970c9cfdac45ce042b1eb
[INFO] running `Command { std: "docker" "start" "-a" "44519cfc3c66695dedf31b076e321cf58d2d0298d39970c9cfdac45ce042b1eb", kill_on_drop: false }`
[INFO] [stderr]     Finished test [unoptimized + debuginfo] target(s) in 0.19s
[INFO] [stderr]      Running unittests src/lib.rs (/opt/rustwide/target/debug/deps/near_sdk_contract_tools-876c8b86ae46c916)
[INFO] [stdout] 
[INFO] [stdout] running 35 tests
[INFO] [stdout] test approval::simple_multisig::tests::successful_approval ... ok
[INFO] [stdout] test approval::tests::dynamic_eligibility ... ok
[INFO] [stdout] test approval::simple_multisig::tests::successful_removal ... ok
[INFO] [stdout] test approval::tests::successful_approval ... ok
[INFO] [stdout] test owner::tests::accept_owner ... ok
[INFO] [stdout] test approval::tests::successful_removal ... ok
[INFO] [stdout] test approval::simple_multisig::tests::unsuccessful_removal_no_permission - should panic ... ok
[INFO] [stdout] test owner::tests::propose_owner ... ok
[INFO] [stdout] test approval::simple_multisig::tests::unsuccessful_removal_not_expired - should panic ... ok
[INFO] [stdout] test approval::tests::duplicate_approval - should panic ... ok
[INFO] [stdout] test approval::tests::no_execution_before_approval - should panic ... ok
[INFO] [stdout] test owner::tests::accept_owner_no_deposit - should panic ... ok
[INFO] [stdout] test owner::tests::renounce_owner ... ok
[INFO] [stdout] test owner::tests::accept_owner_unauthorized - should panic ... ok
[INFO] [stdout] test rbac::tests::empty ... ok
[INFO] [stdout] test owner::tests::require_owner_fail - should panic ... ok
[INFO] [stdout] test rbac::tests::add_role ... ok
[INFO] [stdout] test rbac::tests::multiple_accounts ... ok
[INFO] [stdout] test owner::tests::require_owner ... ok
[INFO] [stdout] test owner::tests::propose_owner_unauthorized - should panic ... ok
[INFO] [stdout] test owner::tests::propose_owner_no_deposit - should panic ... ok
[INFO] [stdout] test owner::tests::update_owner_unchecked ... ok
[INFO] [stdout] test owner::tests::update_proposed_unchecked ... ok
[INFO] [stdout] test rbac::tests::prohibit_role_success_no_role ... ok
[INFO] [stdout] test slot::tests::partialeq ... ok
[INFO] [stdout] test standard::nep141::event::tests::burn ... ok
[INFO] [stdout] test standard::nep141::event::tests::transfer ... ok
[INFO] [stdout] test standard::nep148::tests::borsh_serialization_ignores_cow ... ok
[INFO] [stdout] test rbac::tests::prohibit_role_fail - should panic ... ok
[INFO] [stdout] test rbac::tests::prohibit_role_success_diff_role ... ok
[INFO] [stdout] test rbac::tests::remove_role ... ok
[INFO] [stdout] test rbac::tests::require_role_fail_no_role - should panic ... ok
[INFO] [stdout] test rbac::tests::require_role_fail_wrong_role - should panic ... ok
[INFO] [stdout] test standard::nep141::event::tests::mint ... ok
[INFO] [stdout] test rbac::tests::require_role_success ... ok
[INFO] [stdout] 
[INFO] [stdout] test result: ok. 35 passed; 0 failed; 0 ignored; 0 measured; 0 filtered out; finished in 0.09s
[INFO] [stdout] 
[INFO] [stderr]      Running tests/mod.rs (/opt/rustwide/target/debug/deps/mod-f9535fe3bc19f0a0)
[INFO] [stdout] 
[INFO] [stdout] running 23 tests
[INFO] [stdout] test macros::event::derive_event ... ok
[INFO] [stdout] test macros::migrate::default_from ... ok
[INFO] [stdout] test macros::owner::derive_owner_ex ... ok
[INFO] [stdout] test macros::integration ... ok
[INFO] [stdout] test macros::event::event_attribute_macro::test ... ok
[INFO] [stdout] test macros::owner::derive_owner_im ... ok
[INFO] [stdout] test macros::integration_fail_migrate_allow - should panic ... ok
[INFO] [stdout] test macros::integration_fail_set_paused - should panic ... ok
[INFO] [stdout] test macros::pause::derive_pause ... ok
[INFO] [stdout] test macros::pause::derive_pause_methods ... ok
[INFO] [stdout] test macros::pausable_fungible_token::hooks_modify_state ... ok
[INFO] [stdout] test macros::integration_fail_migrate_paused - should panic ... ok
[INFO] [stdout] test macros::owner::derive_owner_im_unauthorized - should panic ... ok
[INFO] [stdout] test macros::pause::derive_pause_methods_fail_unpaused - should panic ... ok
[INFO] [stdout] test macros::integration_fail_missing_role - should panic ... ok
[INFO] [stdout] test macros::standard::fungible_token::metadata ... ok
[INFO] [stdout] test macros::owner::derive_owner_ex_init_again - should panic ... ok
[INFO] [stdout] test macros::standard::nep141::nep141_transfer ... ok
[INFO] [stdout] test macros::standard::nep148::test ... ok
[INFO] [stdout] test macros::standard::fungible_token::fungible_token_transfer ... ok
[INFO] [stdout] test macros::pausable_fungible_token::hooks_can_terminate_on_error - should panic ... ok
[INFO] [stdout] test macros::owner::derive_owner_ex_unauthorized - should panic ... ok
[INFO] [stdout] test macros::pause::derive_pause_methods_fail_paused - should panic ... ok
[INFO] [stdout] 
[INFO] [stdout] test result: ok. 23 passed; 0 failed; 0 ignored; 0 measured; 0 filtered out; finished in 0.04s
[INFO] [stdout] 
[INFO] [stderr]    Doc-tests near-sdk-contract-tools
[INFO] [stdout] 
[INFO] [stdout] running 12 tests
[INFO] [stdout] test src/lib.rs - (line 114) ... ignored
[INFO] [stdout] test src/lib.rs - (line 197) ... ignored
[INFO] [stdout] test src/owner.rs - owner::Owner::init (line 161) ... FAILED
[INFO] [stdout] test src/standard/nep297.rs - standard::nep297::Event (line 11) ... FAILED
[INFO] [stdout] test src/lib.rs - (line 126) ... FAILED
[INFO] [stdout] test src/lib.rs - (line 171) ... ok
[INFO] [stdout] test src/lib.rs - (line 148) ... ok
[INFO] [stdout] test src/lib.rs - (line 81) ... ok
[INFO] [stdout] test src/owner.rs - owner::Owner::require_owner (line 200) ... ok
[INFO] [stdout] test src/pause.rs - pause::Pause (line 52) ... ok
[INFO] [stdout] test src/utils.rs - utils::apply_storage_fee_and_refund (line 24) ... ok
[INFO] [stdout] test src/utils.rs - utils::prefix_key (line 9) ... ok
[INFO] [stdout] 
[INFO] [stdout] failures:
[INFO] [stdout] 
[INFO] [stdout] ---- src/owner.rs - owner::Owner::init (line 161) stdout ----
[INFO] [stdout] error: linking with `cc` failed: exit status: 1
[INFO] [stdout]   |
[INFO] [stdout]   = note: LC_ALL="C" PATH="/opt/rustwide/rustup-home/toolchains/1.69.0-x86_64-unknown-linux-gnu/lib/rustlib/x86_64-unknown-linux-gnu/bin:/opt/rustwide/cargo-home/bin:/usr/local/sbin:/usr/local/bin:/usr/sbin:/usr/bin:/sbin:/bin" VSLANG="1033" "cc" "-m64" "/tmp/rustcqlyv6Z/symbols.o" "/tmp/rustdoctestNczcom/rust_out.rust_out.5bfee551-cgu.0.rcgu.o" "/tmp/rustdoctestNczcom/rust_out.j00p4ncf7xg64kg.rcgu.o" "-Wl,--as-needed" "-L" "/opt/rustwide/target/debug/deps" "-L" "/opt/rustwide/target/debug/deps" "-L" "/opt/rustwide/target/debug/build/parity-secp256k1-ec1ed4e8bd1cb642/out" "-L" "/opt/rustwide/rustup-home/toolchains/1.69.0-x86_64-unknown-linux-gnu/lib/rustlib/x86_64-unknown-linux-gnu/lib" "-Wl,-Bstatic" "/opt/rustwide/target/debug/deps/libnear_sdk_contract_tools-1914070b809493db.rlib" "/opt/rustwide/target/debug/deps/libnear_sdk-b05e8a07356f3765.rlib" "/opt/rustwide/target/debug/deps/libnear_vm_logic-cc245c60a97301fa.rlib" "/opt/rustwide/target/debug/deps/libbase64-58bd2041a3052460.rlib" "/opt/rustwide/target/debug/deps/libripemd-96ff87cc1159f210.rlib" "/opt/rustwide/target/debug/deps/libsha3-597aa57e0bf8bfc0.rlib" "/opt/rustwide/target/debug/deps/libkeccak-1afd4d313c5b4b06.rlib" "/opt/rustwide/target/debug/deps/libzeropool_bn-881603dbc74c241d.rlib" "/opt/rustwide/target/debug/deps/liblazy_static-34ba320d3cb503b3.rlib" "/opt/rustwide/target/debug/deps/libspin-ba7f384cfb4b159f.rlib" "/opt/rustwide/target/debug/deps/libnear_primitives-091ae4d670aa1743.rlib" "/opt/rustwide/target/debug/deps/libbytesize-b4b8d582071874bc.rlib" "/opt/rustwide/target/debug/deps/libreed_solomon_erasure-a50f43e6420e146b.rlib" "/opt/rustwide/target/debug/deps/libsmallvec-22f2447eab0ca59b.rlib" "/opt/rustwide/target/debug/deps/libnear_vm_errors-0dfc3fc3cca8b839.rlib" "/opt/rustwide/target/debug/deps/libnear_crypto-93c674d31d31176d.rlib" "/opt/rustwide/target/debug/deps/libserde_json-8a5b73cc17135f60.rlib" "/opt/rustwide/target/debug/deps/libryu-87a43729435ac998.rlib" "/opt/rustwide/target/debug/deps/libitoa-12e0c769e046c1b6.rlib" "/opt/rustwide/target/debug/deps/libthiserror-df86629fcc05ea0d.rlib" "/opt/rustwide/target/debug/deps/libsecp256k1-00b0abe57594af44.rlib" "/opt/rustwide/target/debug/deps/libarrayvec-af8278015ee20d1f.rlib" "/opt/rustwide/target/debug/deps/libprimitive_types-487ce5176545302c.rlib" "/opt/rustwide/target/debug/deps/libimpl_codec-6481d95a608fe6e2.rlib" "/opt/rustwide/target/debug/deps/libparity_scale_codec-9ac8b34b7f7a0800.rlib" "/opt/rustwide/target/debug/deps/libbyte_slice_cast-103ff4fbc16387e0.rlib" "/opt/rustwide/target/debug/deps/libarrayvec-eaab725bd11a1a74.rlib" "/opt/rustwide/target/debug/deps/libuint-93a6b8fd9514b838.rlib" "/opt/rustwide/target/debug/deps/libcrunchy-f1c1fb46948390f3.rlib" "/opt/rustwide/target/debug/deps/libhex-ad79348a67e835f3.rlib" "/opt/rustwide/target/debug/deps/libfixed_hash-a34cb550e64750bb.rlib" "/opt/rustwide/target/debug/deps/librand-8c0d8483beb88374.rlib" "/opt/rustwide/target/debug/deps/librand_core-e5a8f0f991f76bbb.rlib" "/opt/rustwide/target/debug/deps/libgetrandom-5d46253a319b81ee.rlib" "/opt/rustwide/target/debug/deps/librustc_hex-a89dfd1b0ce81570.rlib" "/opt/rustwide/target/debug/deps/libstatic_assertions-9a9c2cb46fa7a0a6.rlib" "/opt/rustwide/target/debug/deps/libed25519_dalek-a7f4225937817615.rlib" "/opt/rustwide/target/debug/deps/libsha2-c172a1fa3a31b7f8.rlib" "/opt/rustwide/target/debug/deps/libblock_buffer-78be346201ee5550.rlib" "/opt/rustwide/target/debug/deps/librand-8c98783ba26a56ac.rlib" "/opt/rustwide/target/debug/deps/librand_chacha-f8978eb451f5b27b.rlib" "/opt/rustwide/target/debug/deps/libed25519-f3f7c8e116b332bd.rlib" "/opt/rustwide/target/debug/deps/libsignature-17d59ebc5e76f7ba.rlib" "/opt/rustwide/target/debug/deps/libc2_chacha-c987e4e54e88700f.rlib" "/opt/rustwide/target/debug/deps/libcipher-f84283562a65730a.rlib" "/opt/rustwide/target/debug/deps/libppv_lite86-c3ad053967cc551c.rlib" "/opt/rustwide/target/debug/deps/libcurve25519_dalek-233321d69b866f12.rlib" "/opt/rustwide/target/debug/deps/libzeroize-6acc746d9e8086dd.rlib" "/opt/rustwide/target/debug/deps/librand_core-e8ef07a2aa3fa59e.rlib" "/opt/rustwide/target/debug/deps/libgetrandom-5fefae6858a7d4f7.rlib" "/opt/rustwide/target/debug/deps/libbyteorder-f6bc7e7614c9a628.rlib" "/opt/rustwide/target/debug/deps/libblake2-20241ded05e1b11c.rlib" "/opt/rustwide/target/debug/deps/libopaque_debug-502d41d476583e16.rlib" "/opt/rustwide/target/debug/deps/libcrypto_mac-d96a42a0229c6f15.rlib" "/opt/rustwide/target/debug/deps/libsubtle-dd4ad1983013d7f2.rlib" "/opt/rustwide/target/debug/deps/libdigest-e8ff3cc3ab9ac81c.rlib" "/opt/rustwide/target/debug/deps/libarrayref-f94ceed2723be8cd.rlib" "/opt/rustwide/target/debug/deps/libchrono-9914c6681b78f2c8.rlib" "/opt/rustwide/target/debug/deps/libiana_time_zone-bf2c4c30343f4ef7.rlib" "/opt/rustwide/target/debug/deps/libtime-ea810185b4b5b814.rlib" "/opt/rustwide/target/debug/deps/liblibc-b7b14a0fe316ec96.rlib" "/opt/rustwide/target/debug/deps/libnear_primitives_core-519fa94f65048ae6.rlib" "/opt/rustwide/target/debug/deps/libbase64-98b050231a2dedf0.rlib" "/opt/rustwide/target/debug/deps/libbs58-87068924f57c323a.rlib" "/opt/rustwide/target/debug/deps/libsha2-109424d2e1e12b0c.rlib" "/opt/rustwide/target/debug/deps/libcpufeatures-e143b41ca3b14af5.rlib" "/opt/rustwide/target/debug/deps/libcfg_if-e5e118dd7d121aaa.rlib" "/opt/rustwide/target/debug/deps/libdigest-6c582ead3dd6abff.rlib" "/opt/rustwide/target/debug/deps/libblock_buffer-0933e09cece281a1.rlib" "/opt/rustwide/target/debug/deps/libcrypto_common-5a97f1b230e1e099.rlib" "/opt/rustwide/target/debug/deps/libgeneric_array-f03e3e3fb3ca464f.rlib" "/opt/rustwide/target/debug/deps/libtypenum-d40a559dcc4c7492.rlib" "/opt/rustwide/target/debug/deps/libstrum-5d39e5593a58ba4d.rlib" "/opt/rustwide/target/debug/deps/libnear_account_id-330d3911eb756777.rlib" "/opt/rustwide/target/debug/deps/libnum_rational-1099f9f685832b41.rlib" "/opt/rustwide/target/debug/deps/libserde-1f26817c3f3518c4.rlib" "/opt/rustwide/target/debug/deps/libnum_bigint-6895bf989cb5b0a2.rlib" "/opt/rustwide/target/debug/deps/libnum_integer-791c410304c3f4b1.rlib" "/opt/rustwide/target/debug/deps/libnum_traits-76b6768da4342038.rlib" "/opt/rustwide/target/debug/deps/libnear_sys-1bacf5ee5fd0a0f5.rlib" "/opt/rustwide/target/debug/deps/libonce_cell-7d2ec3fb6b6c5a4d.rlib" "/opt/rustwide/target/debug/deps/libborsh-478dd7b6180bbfba.rlib" "/opt/rustwide/rustup-home/toolchains/1.69.0-x86_64-unknown-linux-gnu/lib/rustlib/x86_64-unknown-linux-gnu/lib/libstd-89bc084783fdc439.rlib" "/opt/rustwide/rustup-home/toolchains/1.69.0-x86_64-unknown-linux-gnu/lib/rustlib/x86_64-unknown-linux-gnu/lib/libpanic_unwind-8bee4b287d4367c1.rlib" "/opt/rustwide/rustup-home/toolchains/1.69.0-x86_64-unknown-linux-gnu/lib/rustlib/x86_64-unknown-linux-gnu/lib/libobject-d61707aed80694c0.rlib" "/opt/rustwide/rustup-home/toolchains/1.69.0-x86_64-unknown-linux-gnu/lib/rustlib/x86_64-unknown-linux-gnu/lib/libmemchr-d85366256f22345b.rlib" "/opt/rustwide/rustup-home/toolchains/1.69.0-x86_64-unknown-linux-gnu/lib/rustlib/x86_64-unknown-linux-gnu/lib/libaddr2line-96069b86b8a8cae9.rlib" "/opt/rustwide/rustup-home/toolchains/1.69.0-x86_64-unknown-linux-gnu/lib/rustlib/x86_64-unknown-linux-gnu/lib/libgimli-d19d53abf68dfa6c.rlib" "/opt/rustwide/rustup-home/toolchains/1.69.0-x86_64-unknown-linux-gnu/lib/rustlib/x86_64-unknown-linux-gnu/lib/librustc_demangle-787cbccd19d64ac6.rlib" "/opt/rustwide/rustup-home/toolchains/1.69.0-x86_64-unknown-linux-gnu/lib/rustlib/x86_64-unknown-linux-gnu/lib/libstd_detect-b3837a36b830e0d0.rlib" "/opt/rustwide/rustup-home/toolchains/1.69.0-x86_64-unknown-linux-gnu/lib/rustlib/x86_64-unknown-linux-gnu/lib/libhashbrown-e3deb0e7e3f04966.rlib" "/opt/rustwide/rustup-home/toolchains/1.69.0-x86_64-unknown-linux-gnu/lib/rustlib/x86_64-unknown-linux-gnu/lib/libminiz_oxide-dabbb79c9815def4.rlib" "/opt/rustwide/rustup-home/toolchains/1.69.0-x86_64-unknown-linux-gnu/lib/rustlib/x86_64-unknown-linux-gnu/lib/libadler-305b01f34c9409f2.rlib" "/opt/rustwide/rustup-home/toolchains/1.69.0-x86_64-unknown-linux-gnu/lib/rustlib/x86_64-unknown-linux-gnu/lib/librustc_std_workspace_alloc-f833521df6074e73.rlib" "/opt/rustwide/rustup-home/toolchains/1.69.0-x86_64-unknown-linux-gnu/lib/rustlib/x86_64-unknown-linux-gnu/lib/libunwind-9ac333113350d171.rlib" "/opt/rustwide/rustup-home/toolchains/1.69.0-x86_64-unknown-linux-gnu/lib/rustlib/x86_64-unknown-linux-gnu/lib/libcfg_if-1c126114322d0eee.rlib" "/opt/rustwide/rustup-home/toolchains/1.69.0-x86_64-unknown-linux-gnu/lib/rustlib/x86_64-unknown-linux-gnu/lib/liblibc-bad9164fdeeecf92.rlib" "/opt/rustwide/rustup-home/toolchains/1.69.0-x86_64-unknown-linux-gnu/lib/rustlib/x86_64-unknown-linux-gnu/lib/liballoc-f9374b1e480fa681.rlib" "/opt/rustwide/rustup-home/toolchains/1.69.0-x86_64-unknown-linux-gnu/lib/rustlib/x86_64-unknown-linux-gnu/lib/librustc_std_workspace_core-207f06e41d9603af.rlib" "/opt/rustwide/rustup-home/toolchains/1.69.0-x86_64-unknown-linux-gnu/lib/rustlib/x86_64-unknown-linux-gnu/lib/libcore-7e2768e66e984e85.rlib" "/opt/rustwide/rustup-home/toolchains/1.69.0-x86_64-unknown-linux-gnu/lib/rustlib/x86_64-unknown-linux-gnu/lib/libcompiler_builtins-957b4aff41f8cd46.rlib" "-Wl,-Bdynamic" "-lgcc_s" "-lutil" "-lrt" "-lpthread" "-lm" "-ldl" "-lc" "-Wl,--eh-frame-hdr" "-Wl,-z,noexecstack" "-L" "/opt/rustwide/rustup-home/toolchains/1.69.0-x86_64-unknown-linux-gnu/lib/rustlib/x86_64-unknown-linux-gnu/lib" "-o" "/tmp/rustdoctestNczcom/rust_out" "-Wl,--gc-sections" "-pie" "-Wl,-z,relro,-z,now" "-nodefaultlibs"
[INFO] [stdout]   = note: collect2: fatal error: ld terminated with signal 9 [Killed]
[INFO] [stdout]           compilation terminated.
[INFO] [stdout]           
[INFO] [stdout] 
[INFO] [stdout] error: aborting due to previous error
[INFO] [stdout] 
[INFO] [stdout] Couldn't compile the test.
[INFO] [stdout] ---- src/standard/nep297.rs - standard::nep297::Event (line 11) stdout ----
[INFO] [stdout] error: linking with `cc` failed: exit status: 1
[INFO] [stdout]   |
[INFO] [stdout]   = note: LC_ALL="C" PATH="/opt/rustwide/rustup-home/toolchains/1.69.0-x86_64-unknown-linux-gnu/lib/rustlib/x86_64-unknown-linux-gnu/bin:/opt/rustwide/cargo-home/bin:/usr/local/sbin:/usr/local/bin:/usr/sbin:/usr/bin:/sbin:/bin" VSLANG="1033" "cc" "-m64" "/tmp/rustcYGspcq/symbols.o" "/tmp/rustdoctestaNil5f/rust_out.rust_out.5bfee551-cgu.0.rcgu.o" "/tmp/rustdoctestaNil5f/rust_out.j00p4ncf7xg64kg.rcgu.o" "-Wl,--as-needed" "-L" "/opt/rustwide/target/debug/deps" "-L" "/opt/rustwide/target/debug/deps" "-L" "/opt/rustwide/target/debug/build/parity-secp256k1-ec1ed4e8bd1cb642/out" "-L" "/opt/rustwide/rustup-home/toolchains/1.69.0-x86_64-unknown-linux-gnu/lib/rustlib/x86_64-unknown-linux-gnu/lib" "-Wl,-Bstatic" "/opt/rustwide/target/debug/deps/libnear_sdk_contract_tools-1914070b809493db.rlib" "/opt/rustwide/target/debug/deps/libnear_sdk-b05e8a07356f3765.rlib" "/opt/rustwide/target/debug/deps/libnear_vm_logic-cc245c60a97301fa.rlib" "/opt/rustwide/target/debug/deps/libbase64-58bd2041a3052460.rlib" "/opt/rustwide/target/debug/deps/libripemd-96ff87cc1159f210.rlib" "/opt/rustwide/target/debug/deps/libsha3-597aa57e0bf8bfc0.rlib" "/opt/rustwide/target/debug/deps/libkeccak-1afd4d313c5b4b06.rlib" "/opt/rustwide/target/debug/deps/libzeropool_bn-881603dbc74c241d.rlib" "/opt/rustwide/target/debug/deps/liblazy_static-34ba320d3cb503b3.rlib" "/opt/rustwide/target/debug/deps/libspin-ba7f384cfb4b159f.rlib" "/opt/rustwide/target/debug/deps/libnear_primitives-091ae4d670aa1743.rlib" "/opt/rustwide/target/debug/deps/libbytesize-b4b8d582071874bc.rlib" "/opt/rustwide/target/debug/deps/libreed_solomon_erasure-a50f43e6420e146b.rlib" "/opt/rustwide/target/debug/deps/libsmallvec-22f2447eab0ca59b.rlib" "/opt/rustwide/target/debug/deps/libnear_vm_errors-0dfc3fc3cca8b839.rlib" "/opt/rustwide/target/debug/deps/libnear_crypto-93c674d31d31176d.rlib" "/opt/rustwide/target/debug/deps/libserde_json-8a5b73cc17135f60.rlib" "/opt/rustwide/target/debug/deps/libryu-87a43729435ac998.rlib" "/opt/rustwide/target/debug/deps/libitoa-12e0c769e046c1b6.rlib" "/opt/rustwide/target/debug/deps/libthiserror-df86629fcc05ea0d.rlib" "/opt/rustwide/target/debug/deps/libsecp256k1-00b0abe57594af44.rlib" "/opt/rustwide/target/debug/deps/libarrayvec-af8278015ee20d1f.rlib" "/opt/rustwide/target/debug/deps/libprimitive_types-487ce5176545302c.rlib" "/opt/rustwide/target/debug/deps/libimpl_codec-6481d95a608fe6e2.rlib" "/opt/rustwide/target/debug/deps/libparity_scale_codec-9ac8b34b7f7a0800.rlib" "/opt/rustwide/target/debug/deps/libbyte_slice_cast-103ff4fbc16387e0.rlib" "/opt/rustwide/target/debug/deps/libarrayvec-eaab725bd11a1a74.rlib" "/opt/rustwide/target/debug/deps/libuint-93a6b8fd9514b838.rlib" "/opt/rustwide/target/debug/deps/libcrunchy-f1c1fb46948390f3.rlib" "/opt/rustwide/target/debug/deps/libhex-ad79348a67e835f3.rlib" "/opt/rustwide/target/debug/deps/libfixed_hash-a34cb550e64750bb.rlib" "/opt/rustwide/target/debug/deps/librand-8c0d8483beb88374.rlib" "/opt/rustwide/target/debug/deps/librand_core-e5a8f0f991f76bbb.rlib" "/opt/rustwide/target/debug/deps/libgetrandom-5d46253a319b81ee.rlib" "/opt/rustwide/target/debug/deps/librustc_hex-a89dfd1b0ce81570.rlib" "/opt/rustwide/target/debug/deps/libstatic_assertions-9a9c2cb46fa7a0a6.rlib" "/opt/rustwide/target/debug/deps/libed25519_dalek-a7f4225937817615.rlib" "/opt/rustwide/target/debug/deps/libsha2-c172a1fa3a31b7f8.rlib" "/opt/rustwide/target/debug/deps/libblock_buffer-78be346201ee5550.rlib" "/opt/rustwide/target/debug/deps/librand-8c98783ba26a56ac.rlib" "/opt/rustwide/target/debug/deps/librand_chacha-f8978eb451f5b27b.rlib" "/opt/rustwide/target/debug/deps/libed25519-f3f7c8e116b332bd.rlib" "/opt/rustwide/target/debug/deps/libsignature-17d59ebc5e76f7ba.rlib" "/opt/rustwide/target/debug/deps/libc2_chacha-c987e4e54e88700f.rlib" "/opt/rustwide/target/debug/deps/libcipher-f84283562a65730a.rlib" "/opt/rustwide/target/debug/deps/libppv_lite86-c3ad053967cc551c.rlib" "/opt/rustwide/target/debug/deps/libcurve25519_dalek-233321d69b866f12.rlib" "/opt/rustwide/target/debug/deps/libzeroize-6acc746d9e8086dd.rlib" "/opt/rustwide/target/debug/deps/librand_core-e8ef07a2aa3fa59e.rlib" "/opt/rustwide/target/debug/deps/libgetrandom-5fefae6858a7d4f7.rlib" "/opt/rustwide/target/debug/deps/libbyteorder-f6bc7e7614c9a628.rlib" "/opt/rustwide/target/debug/deps/libblake2-20241ded05e1b11c.rlib" "/opt/rustwide/target/debug/deps/libopaque_debug-502d41d476583e16.rlib" "/opt/rustwide/target/debug/deps/libcrypto_mac-d96a42a0229c6f15.rlib" "/opt/rustwide/target/debug/deps/libsubtle-dd4ad1983013d7f2.rlib" "/opt/rustwide/target/debug/deps/libdigest-e8ff3cc3ab9ac81c.rlib" "/opt/rustwide/target/debug/deps/libarrayref-f94ceed2723be8cd.rlib" "/opt/rustwide/target/debug/deps/libchrono-9914c6681b78f2c8.rlib" "/opt/rustwide/target/debug/deps/libiana_time_zone-bf2c4c30343f4ef7.rlib" "/opt/rustwide/target/debug/deps/libtime-ea810185b4b5b814.rlib" "/opt/rustwide/target/debug/deps/liblibc-b7b14a0fe316ec96.rlib" "/opt/rustwide/target/debug/deps/libnear_primitives_core-519fa94f65048ae6.rlib" "/opt/rustwide/target/debug/deps/libbase64-98b050231a2dedf0.rlib" "/opt/rustwide/target/debug/deps/libbs58-87068924f57c323a.rlib" "/opt/rustwide/target/debug/deps/libsha2-109424d2e1e12b0c.rlib" "/opt/rustwide/target/debug/deps/libcpufeatures-e143b41ca3b14af5.rlib" "/opt/rustwide/target/debug/deps/libcfg_if-e5e118dd7d121aaa.rlib" "/opt/rustwide/target/debug/deps/libdigest-6c582ead3dd6abff.rlib" "/opt/rustwide/target/debug/deps/libblock_buffer-0933e09cece281a1.rlib" "/opt/rustwide/target/debug/deps/libcrypto_common-5a97f1b230e1e099.rlib" "/opt/rustwide/target/debug/deps/libgeneric_array-f03e3e3fb3ca464f.rlib" "/opt/rustwide/target/debug/deps/libtypenum-d40a559dcc4c7492.rlib" "/opt/rustwide/target/debug/deps/libstrum-5d39e5593a58ba4d.rlib" "/opt/rustwide/target/debug/deps/libnear_account_id-330d3911eb756777.rlib" "/opt/rustwide/target/debug/deps/libnum_rational-1099f9f685832b41.rlib" "/opt/rustwide/target/debug/deps/libserde-1f26817c3f3518c4.rlib" "/opt/rustwide/target/debug/deps/libnum_bigint-6895bf989cb5b0a2.rlib" "/opt/rustwide/target/debug/deps/libnum_integer-791c410304c3f4b1.rlib" "/opt/rustwide/target/debug/deps/libnum_traits-76b6768da4342038.rlib" "/opt/rustwide/target/debug/deps/libnear_sys-1bacf5ee5fd0a0f5.rlib" "/opt/rustwide/target/debug/deps/libonce_cell-7d2ec3fb6b6c5a4d.rlib" "/opt/rustwide/target/debug/deps/libborsh-478dd7b6180bbfba.rlib" "/opt/rustwide/rustup-home/toolchains/1.69.0-x86_64-unknown-linux-gnu/lib/rustlib/x86_64-unknown-linux-gnu/lib/libstd-89bc084783fdc439.rlib" "/opt/rustwide/rustup-home/toolchains/1.69.0-x86_64-unknown-linux-gnu/lib/rustlib/x86_64-unknown-linux-gnu/lib/libpanic_unwind-8bee4b287d4367c1.rlib" "/opt/rustwide/rustup-home/toolchains/1.69.0-x86_64-unknown-linux-gnu/lib/rustlib/x86_64-unknown-linux-gnu/lib/libobject-d61707aed80694c0.rlib" "/opt/rustwide/rustup-home/toolchains/1.69.0-x86_64-unknown-linux-gnu/lib/rustlib/x86_64-unknown-linux-gnu/lib/libmemchr-d85366256f22345b.rlib" "/opt/rustwide/rustup-home/toolchains/1.69.0-x86_64-unknown-linux-gnu/lib/rustlib/x86_64-unknown-linux-gnu/lib/libaddr2line-96069b86b8a8cae9.rlib" "/opt/rustwide/rustup-home/toolchains/1.69.0-x86_64-unknown-linux-gnu/lib/rustlib/x86_64-unknown-linux-gnu/lib/libgimli-d19d53abf68dfa6c.rlib" "/opt/rustwide/rustup-home/toolchains/1.69.0-x86_64-unknown-linux-gnu/lib/rustlib/x86_64-unknown-linux-gnu/lib/librustc_demangle-787cbccd19d64ac6.rlib" "/opt/rustwide/rustup-home/toolchains/1.69.0-x86_64-unknown-linux-gnu/lib/rustlib/x86_64-unknown-linux-gnu/lib/libstd_detect-b3837a36b830e0d0.rlib" "/opt/rustwide/rustup-home/toolchains/1.69.0-x86_64-unknown-linux-gnu/lib/rustlib/x86_64-unknown-linux-gnu/lib/libhashbrown-e3deb0e7e3f04966.rlib" "/opt/rustwide/rustup-home/toolchains/1.69.0-x86_64-unknown-linux-gnu/lib/rustlib/x86_64-unknown-linux-gnu/lib/libminiz_oxide-dabbb79c9815def4.rlib" "/opt/rustwide/rustup-home/toolchains/1.69.0-x86_64-unknown-linux-gnu/lib/rustlib/x86_64-unknown-linux-gnu/lib/libadler-305b01f34c9409f2.rlib" "/opt/rustwide/rustup-home/toolchains/1.69.0-x86_64-unknown-linux-gnu/lib/rustlib/x86_64-unknown-linux-gnu/lib/librustc_std_workspace_alloc-f833521df6074e73.rlib" "/opt/rustwide/rustup-home/toolchains/1.69.0-x86_64-unknown-linux-gnu/lib/rustlib/x86_64-unknown-linux-gnu/lib/libunwind-9ac333113350d171.rlib" "/opt/rustwide/rustup-home/toolchains/1.69.0-x86_64-unknown-linux-gnu/lib/rustlib/x86_64-unknown-linux-gnu/lib/libcfg_if-1c126114322d0eee.rlib" "/opt/rustwide/rustup-home/toolchains/1.69.0-x86_64-unknown-linux-gnu/lib/rustlib/x86_64-unknown-linux-gnu/lib/liblibc-bad9164fdeeecf92.rlib" "/opt/rustwide/rustup-home/toolchains/1.69.0-x86_64-unknown-linux-gnu/lib/rustlib/x86_64-unknown-linux-gnu/lib/liballoc-f9374b1e480fa681.rlib" "/opt/rustwide/rustup-home/toolchains/1.69.0-x86_64-unknown-linux-gnu/lib/rustlib/x86_64-unknown-linux-gnu/lib/librustc_std_workspace_core-207f06e41d9603af.rlib" "/opt/rustwide/rustup-home/toolchains/1.69.0-x86_64-unknown-linux-gnu/lib/rustlib/x86_64-unknown-linux-gnu/lib/libcore-7e2768e66e984e85.rlib" "/opt/rustwide/rustup-home/toolchains/1.69.0-x86_64-unknown-linux-gnu/lib/rustlib/x86_64-unknown-linux-gnu/lib/libcompiler_builtins-957b4aff41f8cd46.rlib" "-Wl,-Bdynamic" "-lgcc_s" "-lutil" "-lrt" "-lpthread" "-lm" "-ldl" "-lc" "-Wl,--eh-frame-hdr" "-Wl,-z,noexecstack" "-L" "/opt/rustwide/rustup-home/toolchains/1.69.0-x86_64-unknown-linux-gnu/lib/rustlib/x86_64-unknown-linux-gnu/lib" "-o" "/tmp/rustdoctestaNil5f/rust_out" "-Wl,--gc-sections" "-pie" "-Wl,-z,relro,-z,now" "-nodefaultlibs"
[INFO] [stdout]   = note: collect2: fatal error: ld terminated with signal 9 [Killed]
[INFO] [stdout]           compilation terminated.
[INFO] [stdout]           
[INFO] [stdout] 
[INFO] [stdout] error: aborting due to previous error
[INFO] [stdout] 
[INFO] [stdout] Couldn't compile the test.
[INFO] [stdout] ---- src/lib.rs - (line 126) stdout ----
[INFO] [stdout] error: linking with `cc` failed: exit status: 1
[INFO] [stdout]   |
[INFO] [stdout]   = note: LC_ALL="C" PATH="/opt/rustwide/rustup-home/toolchains/1.69.0-x86_64-unknown-linux-gnu/lib/rustlib/x86_64-unknown-linux-gnu/bin:/opt/rustwide/cargo-home/bin:/usr/local/sbin:/usr/local/bin:/usr/sbin:/usr/bin:/sbin:/bin" VSLANG="1033" "cc" "-m64" "/tmp/rustce104LZ/symbols.o" "/tmp/rustdoctestAX4wkP/rust_out.rust_out.5bfee551-cgu.0.rcgu.o" "/tmp/rustdoctestAX4wkP/rust_out.j00p4ncf7xg64kg.rcgu.o" "-Wl,--as-needed" "-L" "/opt/rustwide/target/debug/deps" "-L" "/opt/rustwide/target/debug/deps" "-L" "/opt/rustwide/target/debug/build/parity-secp256k1-ec1ed4e8bd1cb642/out" "-L" "/opt/rustwide/rustup-home/toolchains/1.69.0-x86_64-unknown-linux-gnu/lib/rustlib/x86_64-unknown-linux-gnu/lib" "-Wl,-Bstatic" "/opt/rustwide/target/debug/deps/libnear_sdk_contract_tools-1914070b809493db.rlib" "/opt/rustwide/target/debug/deps/libnear_sdk-b05e8a07356f3765.rlib" "/opt/rustwide/target/debug/deps/libnear_vm_logic-cc245c60a97301fa.rlib" "/opt/rustwide/target/debug/deps/libbase64-58bd2041a3052460.rlib" "/opt/rustwide/target/debug/deps/libripemd-96ff87cc1159f210.rlib" "/opt/rustwide/target/debug/deps/libsha3-597aa57e0bf8bfc0.rlib" "/opt/rustwide/target/debug/deps/libkeccak-1afd4d313c5b4b06.rlib" "/opt/rustwide/target/debug/deps/libzeropool_bn-881603dbc74c241d.rlib" "/opt/rustwide/target/debug/deps/liblazy_static-34ba320d3cb503b3.rlib" "/opt/rustwide/target/debug/deps/libspin-ba7f384cfb4b159f.rlib" "/opt/rustwide/target/debug/deps/libnear_primitives-091ae4d670aa1743.rlib" "/opt/rustwide/target/debug/deps/libbytesize-b4b8d582071874bc.rlib" "/opt/rustwide/target/debug/deps/libreed_solomon_erasure-a50f43e6420e146b.rlib" "/opt/rustwide/target/debug/deps/libsmallvec-22f2447eab0ca59b.rlib" "/opt/rustwide/target/debug/deps/libnear_vm_errors-0dfc3fc3cca8b839.rlib" "/opt/rustwide/target/debug/deps/libnear_crypto-93c674d31d31176d.rlib" "/opt/rustwide/target/debug/deps/libserde_json-8a5b73cc17135f60.rlib" "/opt/rustwide/target/debug/deps/libryu-87a43729435ac998.rlib" "/opt/rustwide/target/debug/deps/libitoa-12e0c769e046c1b6.rlib" "/opt/rustwide/target/debug/deps/libthiserror-df86629fcc05ea0d.rlib" "/opt/rustwide/target/debug/deps/libsecp256k1-00b0abe57594af44.rlib" "/opt/rustwide/target/debug/deps/libarrayvec-af8278015ee20d1f.rlib" "/opt/rustwide/target/debug/deps/libprimitive_types-487ce5176545302c.rlib" "/opt/rustwide/target/debug/deps/libimpl_codec-6481d95a608fe6e2.rlib" "/opt/rustwide/target/debug/deps/libparity_scale_codec-9ac8b34b7f7a0800.rlib" "/opt/rustwide/target/debug/deps/libbyte_slice_cast-103ff4fbc16387e0.rlib" "/opt/rustwide/target/debug/deps/libarrayvec-eaab725bd11a1a74.rlib" "/opt/rustwide/target/debug/deps/libuint-93a6b8fd9514b838.rlib" "/opt/rustwide/target/debug/deps/libcrunchy-f1c1fb46948390f3.rlib" "/opt/rustwide/target/debug/deps/libhex-ad79348a67e835f3.rlib" "/opt/rustwide/target/debug/deps/libfixed_hash-a34cb550e64750bb.rlib" "/opt/rustwide/target/debug/deps/librand-8c0d8483beb88374.rlib" "/opt/rustwide/target/debug/deps/librand_core-e5a8f0f991f76bbb.rlib" "/opt/rustwide/target/debug/deps/libgetrandom-5d46253a319b81ee.rlib" "/opt/rustwide/target/debug/deps/librustc_hex-a89dfd1b0ce81570.rlib" "/opt/rustwide/target/debug/deps/libstatic_assertions-9a9c2cb46fa7a0a6.rlib" "/opt/rustwide/target/debug/deps/libed25519_dalek-a7f4225937817615.rlib" "/opt/rustwide/target/debug/deps/libsha2-c172a1fa3a31b7f8.rlib" "/opt/rustwide/target/debug/deps/libblock_buffer-78be346201ee5550.rlib" "/opt/rustwide/target/debug/deps/librand-8c98783ba26a56ac.rlib" "/opt/rustwide/target/debug/deps/librand_chacha-f8978eb451f5b27b.rlib" "/opt/rustwide/target/debug/deps/libed25519-f3f7c8e116b332bd.rlib" "/opt/rustwide/target/debug/deps/libsignature-17d59ebc5e76f7ba.rlib" "/opt/rustwide/target/debug/deps/libc2_chacha-c987e4e54e88700f.rlib" "/opt/rustwide/target/debug/deps/libcipher-f84283562a65730a.rlib" "/opt/rustwide/target/debug/deps/libppv_lite86-c3ad053967cc551c.rlib" "/opt/rustwide/target/debug/deps/libcurve25519_dalek-233321d69b866f12.rlib" "/opt/rustwide/target/debug/deps/libzeroize-6acc746d9e8086dd.rlib" "/opt/rustwide/target/debug/deps/librand_core-e8ef07a2aa3fa59e.rlib" "/opt/rustwide/target/debug/deps/libgetrandom-5fefae6858a7d4f7.rlib" "/opt/rustwide/target/debug/deps/libbyteorder-f6bc7e7614c9a628.rlib" "/opt/rustwide/target/debug/deps/libblake2-20241ded05e1b11c.rlib" "/opt/rustwide/target/debug/deps/libopaque_debug-502d41d476583e16.rlib" "/opt/rustwide/target/debug/deps/libcrypto_mac-d96a42a0229c6f15.rlib" "/opt/rustwide/target/debug/deps/libsubtle-dd4ad1983013d7f2.rlib" "/opt/rustwide/target/debug/deps/libdigest-e8ff3cc3ab9ac81c.rlib" "/opt/rustwide/target/debug/deps/libarrayref-f94ceed2723be8cd.rlib" "/opt/rustwide/target/debug/deps/libchrono-9914c6681b78f2c8.rlib" "/opt/rustwide/target/debug/deps/libiana_time_zone-bf2c4c30343f4ef7.rlib" "/opt/rustwide/target/debug/deps/libtime-ea810185b4b5b814.rlib" "/opt/rustwide/target/debug/deps/liblibc-b7b14a0fe316ec96.rlib" "/opt/rustwide/target/debug/deps/libnear_primitives_core-519fa94f65048ae6.rlib" "/opt/rustwide/target/debug/deps/libbase64-98b050231a2dedf0.rlib" "/opt/rustwide/target/debug/deps/libbs58-87068924f57c323a.rlib" "/opt/rustwide/target/debug/deps/libsha2-109424d2e1e12b0c.rlib" "/opt/rustwide/target/debug/deps/libcpufeatures-e143b41ca3b14af5.rlib" "/opt/rustwide/target/debug/deps/libcfg_if-e5e118dd7d121aaa.rlib" "/opt/rustwide/target/debug/deps/libdigest-6c582ead3dd6abff.rlib" "/opt/rustwide/target/debug/deps/libblock_buffer-0933e09cece281a1.rlib" "/opt/rustwide/target/debug/deps/libcrypto_common-5a97f1b230e1e099.rlib" "/opt/rustwide/target/debug/deps/libgeneric_array-f03e3e3fb3ca464f.rlib" "/opt/rustwide/target/debug/deps/libtypenum-d40a559dcc4c7492.rlib" "/opt/rustwide/target/debug/deps/libstrum-5d39e5593a58ba4d.rlib" "/opt/rustwide/target/debug/deps/libnear_account_id-330d3911eb756777.rlib" "/opt/rustwide/target/debug/deps/libnum_rational-1099f9f685832b41.rlib" "/opt/rustwide/target/debug/deps/libserde-1f26817c3f3518c4.rlib" "/opt/rustwide/target/debug/deps/libnum_bigint-6895bf989cb5b0a2.rlib" "/opt/rustwide/target/debug/deps/libnum_integer-791c410304c3f4b1.rlib" "/opt/rustwide/target/debug/deps/libnum_traits-76b6768da4342038.rlib" "/opt/rustwide/target/debug/deps/libnear_sys-1bacf5ee5fd0a0f5.rlib" "/opt/rustwide/target/debug/deps/libonce_cell-7d2ec3fb6b6c5a4d.rlib" "/opt/rustwide/target/debug/deps/libborsh-478dd7b6180bbfba.rlib" "/opt/rustwide/rustup-home/toolchains/1.69.0-x86_64-unknown-linux-gnu/lib/rustlib/x86_64-unknown-linux-gnu/lib/libstd-89bc084783fdc439.rlib" "/opt/rustwide/rustup-home/toolchains/1.69.0-x86_64-unknown-linux-gnu/lib/rustlib/x86_64-unknown-linux-gnu/lib/libpanic_unwind-8bee4b287d4367c1.rlib" "/opt/rustwide/rustup-home/toolchains/1.69.0-x86_64-unknown-linux-gnu/lib/rustlib/x86_64-unknown-linux-gnu/lib/libobject-d61707aed80694c0.rlib" "/opt/rustwide/rustup-home/toolchains/1.69.0-x86_64-unknown-linux-gnu/lib/rustlib/x86_64-unknown-linux-gnu/lib/libmemchr-d85366256f22345b.rlib" "/opt/rustwide/rustup-home/toolchains/1.69.0-x86_64-unknown-linux-gnu/lib/rustlib/x86_64-unknown-linux-gnu/lib/libaddr2line-96069b86b8a8cae9.rlib" "/opt/rustwide/rustup-home/toolchains/1.69.0-x86_64-unknown-linux-gnu/lib/rustlib/x86_64-unknown-linux-gnu/lib/libgimli-d19d53abf68dfa6c.rlib" "/opt/rustwide/rustup-home/toolchains/1.69.0-x86_64-unknown-linux-gnu/lib/rustlib/x86_64-unknown-linux-gnu/lib/librustc_demangle-787cbccd19d64ac6.rlib" "/opt/rustwide/rustup-home/toolchains/1.69.0-x86_64-unknown-linux-gnu/lib/rustlib/x86_64-unknown-linux-gnu/lib/libstd_detect-b3837a36b830e0d0.rlib" "/opt/rustwide/rustup-home/toolchains/1.69.0-x86_64-unknown-linux-gnu/lib/rustlib/x86_64-unknown-linux-gnu/lib/libhashbrown-e3deb0e7e3f04966.rlib" "/opt/rustwide/rustup-home/toolchains/1.69.0-x86_64-unknown-linux-gnu/lib/rustlib/x86_64-unknown-linux-gnu/lib/libminiz_oxide-dabbb79c9815def4.rlib" "/opt/rustwide/rustup-home/toolchains/1.69.0-x86_64-unknown-linux-gnu/lib/rustlib/x86_64-unknown-linux-gnu/lib/libadler-305b01f34c9409f2.rlib" "/opt/rustwide/rustup-home/toolchains/1.69.0-x86_64-unknown-linux-gnu/lib/rustlib/x86_64-unknown-linux-gnu/lib/librustc_std_workspace_alloc-f833521df6074e73.rlib" "/opt/rustwide/rustup-home/toolchains/1.69.0-x86_64-unknown-linux-gnu/lib/rustlib/x86_64-unknown-linux-gnu/lib/libunwind-9ac333113350d171.rlib" "/opt/rustwide/rustup-home/toolchains/1.69.0-x86_64-unknown-linux-gnu/lib/rustlib/x86_64-unknown-linux-gnu/lib/libcfg_if-1c126114322d0eee.rlib" "/opt/rustwide/rustup-home/toolchains/1.69.0-x86_64-unknown-linux-gnu/lib/rustlib/x86_64-unknown-linux-gnu/lib/liblibc-bad9164fdeeecf92.rlib" "/opt/rustwide/rustup-home/toolchains/1.69.0-x86_64-unknown-linux-gnu/lib/rustlib/x86_64-unknown-linux-gnu/lib/liballoc-f9374b1e480fa681.rlib" "/opt/rustwide/rustup-home/toolchains/1.69.0-x86_64-unknown-linux-gnu/lib/rustlib/x86_64-unknown-linux-gnu/lib/librustc_std_workspace_core-207f06e41d9603af.rlib" "/opt/rustwide/rustup-home/toolchains/1.69.0-x86_64-unknown-linux-gnu/lib/rustlib/x86_64-unknown-linux-gnu/lib/libcore-7e2768e66e984e85.rlib" "/opt/rustwide/rustup-home/toolchains/1.69.0-x86_64-unknown-linux-gnu/lib/rustlib/x86_64-unknown-linux-gnu/lib/libcompiler_builtins-957b4aff41f8cd46.rlib" "-Wl,-Bdynamic" "-lgcc_s" "-lutil" "-lrt" "-lpthread" "-lm" "-ldl" "-lc" "-Wl,--eh-frame-hdr" "-Wl,-z,noexecstack" "-L" "/opt/rustwide/rustup-home/toolchains/1.69.0-x86_64-unknown-linux-gnu/lib/rustlib/x86_64-unknown-linux-gnu/lib" "-o" "/tmp/rustdoctestAX4wkP/rust_out" "-Wl,--gc-sections" "-pie" "-Wl,-z,relro,-z,now" "-nodefaultlibs"
[INFO] [stdout]   = note: collect2: fatal error: ld terminated with signal 9 [Killed]
[INFO] [stdout]           compilation terminated.
[INFO] [stdout]           
[INFO] [stdout] 
[INFO] [stdout] error: aborting due to previous error
[INFO] [stdout] 
[INFO] [stdout] Couldn't compile the test.
[INFO] [stdout] 
[INFO] [stdout] failures:
[INFO] [stdout]     src/lib.rs - (line 126)
[INFO] [stdout]     src/owner.rs - owner::Owner::init (line 161)
[INFO] [stdout]     src/standard/nep297.rs - standard::nep297::Event (line 11)
[INFO] [stdout] 
[INFO] [stdout] test result: FAILED. 7 passed; 3 failed; 2 ignored; 0 measured; 0 filtered out; finished in 3.48s
[INFO] [stdout] 
[INFO] [stderr] error: doctest failed, to rerun pass `--doc`
[INFO] running `Command { std: "docker" "inspect" "44519cfc3c66695dedf31b076e321cf58d2d0298d39970c9cfdac45ce042b1eb", kill_on_drop: false }`
[INFO] running `Command { std: "docker" "rm" "-f" "44519cfc3c66695dedf31b076e321cf58d2d0298d39970c9cfdac45ce042b1eb", kill_on_drop: false }`
[INFO] [stdout] 44519cfc3c66695dedf31b076e321cf58d2d0298d39970c9cfdac45ce042b1eb
