[INFO] fetching crate near-internal-balances-plugin 0.1.0...
[INFO] testing near-internal-balances-plugin-0.1.0 against 1.69.0 for beta-1.70-1
[INFO] extracting crate near-internal-balances-plugin 0.1.0 into /workspace/builds/worker-3-tc1/source
[INFO] validating manifest of crates.io crate near-internal-balances-plugin 0.1.0 on toolchain 1.69.0
[INFO] running `Command { std: CARGO_HOME="/workspace/cargo-home" RUSTUP_HOME="/workspace/rustup-home" "/workspace/cargo-home/bin/cargo" "+1.69.0" "metadata" "--manifest-path" "Cargo.toml" "--no-deps", kill_on_drop: false }`
[INFO] started tweaking crates.io crate near-internal-balances-plugin 0.1.0
[INFO] finished tweaking crates.io crate near-internal-balances-plugin 0.1.0
[INFO] tweaked toml for crates.io crate near-internal-balances-plugin 0.1.0 written to /workspace/builds/worker-3-tc1/source/Cargo.toml
[INFO] running `Command { std: CARGO_HOME="/workspace/cargo-home" RUSTUP_HOME="/workspace/rustup-home" __CARGO_TEST_CHANNEL_OVERRIDE_DO_NOT_USE_THIS="nightly" "/workspace/cargo-home/bin/cargo" "+1.69.0" "generate-lockfile" "--manifest-path" "Cargo.toml" "-Zno-index-update", kill_on_drop: false }`
[INFO] running `Command { std: CARGO_HOME="/workspace/cargo-home" RUSTUP_HOME="/workspace/rustup-home" "/workspace/cargo-home/bin/cargo" "+1.69.0" "fetch" "--manifest-path" "Cargo.toml", kill_on_drop: false }`
[INFO] [stderr]  Downloading crates ...
[INFO] [stderr]   Downloaded near-account-id v0.14.0
[INFO] [stderr]   Downloaded near-vm-errors v0.14.0
[INFO] [stderr]   Downloaded near-sdk-macros v4.1.1
[INFO] [stderr]   Downloaded c2-chacha v0.3.3
[INFO] [stderr]   Downloaded near-sys v0.2.0
[INFO] [stderr]   Downloaded reed-solomon-erasure v4.0.2
[INFO] [stderr]   Downloaded near-rpc-error-core v0.14.0
[INFO] [stderr]   Downloaded near-rpc-error-macro v0.14.0
[INFO] [stderr]   Downloaded zeropool-bn v0.5.11
[INFO] [stderr]   Downloaded near-crypto v0.14.0
[INFO] [stderr]   Downloaded near-abi v0.3.0
[INFO] [stderr]   Downloaded near-contract-standards v4.1.1
[INFO] [stderr]   Downloaded easy-ext v0.2.9
[INFO] [stderr]   Downloaded near-primitives-core v0.14.0
[INFO] [stderr]   Downloaded near-vm-logic v0.14.0
[INFO] [stderr]   Downloaded near-primitives v0.14.0
[INFO] [stderr]   Downloaded near-sdk v4.1.1
[INFO] [stderr]   Downloaded near-account v0.1.2
[INFO] [stderr]   Downloaded parity-secp256k1 v0.7.0
[INFO] running `Command { std: "docker" "create" "-v" "/var/lib/crater-agent-workspace/builds/worker-3-tc1/target:/opt/rustwide/target:rw,Z" "-v" "/var/lib/crater-agent-workspace/builds/worker-3-tc1/source:/opt/rustwide/workdir:ro,Z" "-v" "/var/lib/crater-agent-workspace/cargo-home:/opt/rustwide/cargo-home:ro,Z" "-v" "/var/lib/crater-agent-workspace/rustup-home:/opt/rustwide/rustup-home:ro,Z" "-e" "SOURCE_DIR=/opt/rustwide/workdir" "-e" "CARGO_TARGET_DIR=/opt/rustwide/target" "-e" "CARGO_HOME=/opt/rustwide/cargo-home" "-e" "RUSTUP_HOME=/opt/rustwide/rustup-home" "-w" "/opt/rustwide/workdir" "-m" "1610612736" "--user" "0:0" "--network" "none" "ghcr.io/rust-lang/crates-build-env/linux@sha256:97d61d7686bf65f8ecb15491ab51835e82dc9176a96a831f143a431b191fc501" "/opt/rustwide/cargo-home/bin/cargo" "+1.69.0" "metadata" "--no-deps" "--format-version=1", kill_on_drop: false }`
[INFO] [stdout] a5f9f75d7376a0f665897bd8ed2fb81974c9e77c24b79f4238de126b1e4c315c
[INFO] running `Command { std: "docker" "start" "-a" "a5f9f75d7376a0f665897bd8ed2fb81974c9e77c24b79f4238de126b1e4c315c", kill_on_drop: false }`
[INFO] running `Command { std: "docker" "inspect" "a5f9f75d7376a0f665897bd8ed2fb81974c9e77c24b79f4238de126b1e4c315c", kill_on_drop: false }`
[INFO] running `Command { std: "docker" "rm" "-f" "a5f9f75d7376a0f665897bd8ed2fb81974c9e77c24b79f4238de126b1e4c315c", kill_on_drop: false }`
[INFO] [stdout] a5f9f75d7376a0f665897bd8ed2fb81974c9e77c24b79f4238de126b1e4c315c
[INFO] running `Command { std: "docker" "create" "-v" "/var/lib/crater-agent-workspace/builds/worker-3-tc1/target:/opt/rustwide/target:rw,Z" "-v" "/var/lib/crater-agent-workspace/builds/worker-3-tc1/source:/opt/rustwide/workdir:ro,Z" "-v" "/var/lib/crater-agent-workspace/cargo-home:/opt/rustwide/cargo-home:ro,Z" "-v" "/var/lib/crater-agent-workspace/rustup-home:/opt/rustwide/rustup-home:ro,Z" "-e" "SOURCE_DIR=/opt/rustwide/workdir" "-e" "CARGO_TARGET_DIR=/opt/rustwide/target" "-e" "CARGO_INCREMENTAL=0" "-e" "RUST_BACKTRACE=full" "-e" "RUSTFLAGS=--cap-lints=warn" "-e" "RUSTDOCFLAGS=--cap-lints=warn" "-e" "CARGO_HOME=/opt/rustwide/cargo-home" "-e" "RUSTUP_HOME=/opt/rustwide/rustup-home" "-w" "/opt/rustwide/workdir" "-m" "1610612736" "--user" "0:0" "--network" "none" "ghcr.io/rust-lang/crates-build-env/linux@sha256:97d61d7686bf65f8ecb15491ab51835e82dc9176a96a831f143a431b191fc501" "/opt/rustwide/cargo-home/bin/cargo" "+1.69.0" "build" "--frozen" "--message-format=json", kill_on_drop: false }`
[INFO] [stdout] 2e1e88ffc89440ae2c2a421976eb797cae019a00dca1502a4babf7040cd07dc5
[INFO] running `Command { std: "docker" "start" "-a" "2e1e88ffc89440ae2c2a421976eb797cae019a00dca1502a4babf7040cd07dc5", kill_on_drop: false }`
[INFO] [stderr]    Compiling syn v1.0.109
[INFO] [stderr]    Compiling libc v0.2.142
[INFO] [stderr]    Compiling serde v1.0.160
[INFO] [stderr]    Compiling ppv-lite86 v0.2.17
[INFO] [stderr]    Compiling getrandom v0.1.16
[INFO] [stderr]    Compiling byteorder v1.4.3
[INFO] [stderr]    Compiling generic-array v0.14.7
[INFO] [stderr]    Compiling num-traits v0.2.15
[INFO] [stderr]    Compiling radium v0.6.2
[INFO] [stderr]    Compiling toml_datetime v0.6.1
[INFO] [stderr]    Compiling num-integer v0.1.45
[INFO] [stderr]    Compiling crunchy v0.2.2
[INFO] [stderr]    Compiling syn v2.0.15
[INFO] [stderr]    Compiling wyz v0.2.0
[INFO] [stderr]    Compiling rustversion v1.0.12
[INFO] [stderr]    Compiling funty v1.1.0
[INFO] [stderr]    Compiling toml_edit v0.19.8
[INFO] [stderr]    Compiling tap v1.0.1
[INFO] [stderr]    Compiling subtle v2.5.0
[INFO] [stderr]    Compiling num-bigint v0.3.3
[INFO] [stderr]    Compiling arrayvec v0.7.2
[INFO] [stderr]    Compiling byte-slice-cast v1.2.2
[INFO] [stderr]    Compiling rustc-hex v2.1.0
[INFO] [stderr]    Compiling parity-secp256k1 v0.7.0
[INFO] [stderr]    Compiling num-rational v0.3.2
[INFO] [stderr]    Compiling signature v1.6.4
[INFO] [stderr]    Compiling bitvec v0.20.4
[INFO] [stderr]    Compiling heck v0.4.1
[INFO] [stderr]    Compiling uint v0.9.5
[INFO] [stderr]    Compiling arrayvec v0.5.2
[INFO] [stderr]    Compiling ed25519 v1.5.3
[INFO] [stderr]    Compiling reed-solomon-erasure v4.0.2
[INFO] [stderr]    Compiling bs58 v0.4.0
[INFO] [stderr]    Compiling schemars v0.8.12
[INFO] [stderr]    Compiling arrayref v0.3.7
[INFO] [stderr]    Compiling base64 v0.11.0
[INFO] [stderr]    Compiling semver v1.0.17
[INFO] [stderr]    Compiling lazy_static v1.4.0
[INFO] [stderr]    Compiling getrandom v0.2.9
[INFO] [stderr]    Compiling crypto-common v0.1.6
[INFO] [stderr]    Compiling digest v0.9.0
[INFO] [stderr]    Compiling block-buffer v0.10.4
[INFO] [stderr]    Compiling block-buffer v0.9.0
[INFO] [stderr]    Compiling crypto-mac v0.8.0
[INFO] [stderr]    Compiling ahash v0.7.6
[INFO] [stderr]    Compiling rand_core v0.5.1
[INFO] [stderr]    Compiling rand_core v0.6.4
[INFO] [stderr]    Compiling sha2 v0.9.9
[INFO] [stderr]    Compiling cipher v0.2.5
[INFO] [stderr]    Compiling digest v0.10.6
[INFO] [stderr]    Compiling blake2 v0.9.2
[INFO] [stderr]    Compiling hashbrown v0.11.2
[INFO] [stderr]    Compiling time v0.1.45
[INFO] [stderr]    Compiling rand_chacha v0.2.2
[INFO] [stderr]    Compiling rand_chacha v0.3.1
[INFO] [stderr]    Compiling sha2 v0.10.6
[INFO] [stderr]    Compiling c2-chacha v0.3.3
[INFO] [stderr]    Compiling bytesize v1.2.0
[INFO] [stderr]    Compiling easy-ext v0.2.9
[INFO] [stderr]    Compiling proc-macro-crate v1.3.1
[INFO] [stderr]    Compiling rand v0.8.5
[INFO] [stderr]    Compiling rand v0.7.3
[INFO] [stderr]    Compiling wee_alloc v0.4.5
[INFO] [stderr]    Compiling keccak v0.1.3
[INFO] [stderr]    Compiling dyn-clone v1.0.11
[INFO] [stderr]    Compiling ripemd v0.1.3
[INFO] [stderr]    Compiling sha3 v0.10.7
[INFO] [stderr]    Compiling Inflector v0.11.4
[INFO] [stderr]    Compiling memory_units v0.4.0
[INFO] [stderr]    Compiling near-sys v0.2.0
[INFO] [stderr]    Compiling fixed-hash v0.7.0
[INFO] [stderr]    Compiling serde_derive v1.0.160
[INFO] [stderr]    Compiling zeroize_derive v1.4.2
[INFO] [stderr]    Compiling thiserror-impl v1.0.40
[INFO] [stderr]    Compiling borsh-schema-derive-internal v0.9.3
[INFO] [stderr]    Compiling borsh-derive-internal v0.9.3
[INFO] [stderr]    Compiling serde_derive_internals v0.26.0
[INFO] [stderr]    Compiling zeroize v1.3.0
[INFO] [stderr]    Compiling curve25519-dalek v3.2.1
[INFO] [stderr]    Compiling thiserror v1.0.40
[INFO] [stderr]    Compiling impl-trait-for-tuples v0.2.2
[INFO] [stderr]    Compiling parity-scale-codec-derive v2.3.1
[INFO] [stderr]    Compiling strum_macros v0.24.3
[INFO] [stderr]    Compiling derive_more v0.99.17
[INFO] [stderr]    Compiling smart-default v0.6.0
[INFO] [stderr]    Compiling near-sdk-macros v4.1.1
[INFO] [stderr]    Compiling schemars_derive v0.8.12
[INFO] [stderr]    Compiling strum v0.24.1
[INFO] [stderr]    Compiling toml v0.5.11
[INFO] [stderr]    Compiling serde_json v1.0.96
[INFO] [stderr]    Compiling parity-scale-codec v2.3.1
[INFO] [stderr]    Compiling near-rpc-error-core v0.14.0
[INFO] [stderr]    Compiling ed25519-dalek v1.0.1
[INFO] [stderr]    Compiling chrono v0.4.24
[INFO] [stderr]    Compiling near-rpc-error-macro v0.14.0
[INFO] [stderr]    Compiling impl-codec v0.5.1
[INFO] [stderr]    Compiling primitive-types v0.10.1
[INFO] [stderr]    Compiling proc-macro-crate v0.1.5
[INFO] [stderr]    Compiling borsh-derive v0.9.3
[INFO] [stderr]    Compiling borsh v0.9.3
[INFO] [stderr]    Compiling near-account-id v0.14.0
[INFO] [stderr]    Compiling zeropool-bn v0.5.11
[INFO] [stderr]    Compiling near-abi v0.3.0
[INFO] [stderr]    Compiling near-crypto v0.14.0
[INFO] [stderr]    Compiling near-primitives-core v0.14.0
[INFO] [stderr]    Compiling near-vm-errors v0.14.0
[INFO] [stderr]    Compiling near-primitives v0.14.0
[INFO] [stderr]    Compiling near-vm-logic v0.14.0
[INFO] [stderr]    Compiling near-sdk v4.1.1
[INFO] [stderr]    Compiling near-contract-standards v4.1.1
[INFO] [stderr]    Compiling near-account v0.1.2
[INFO] [stderr]    Compiling near-internal-balances-plugin v0.1.0 (/opt/rustwide/workdir)
[INFO] [stdout] error[E0425]: cannot find function `ft_transfer` in module `ext_ft`
[INFO] [stdout]   --> src/ft.rs:88:33
[INFO] [stdout]    |
[INFO] [stdout] 31 | / pub fn ft_on_transfer<Info: BalanceAccountInfoTrait>(
[INFO] [stdout] 32 | |     accounts: &mut Accounts<Info>,
[INFO] [stdout] 33 | |     sender_id: AccountId,
[INFO] [stdout] 34 | |     amount: String,
[INFO] [stdout] ...  |
[INFO] [stdout] 53 | |     "0".to_string()
[INFO] [stdout] 54 | | }
[INFO] [stdout]    | |_- similarly named function `ft_on_transfer` defined here
[INFO] [stdout] ...
[INFO] [stdout] 88 |       let transfer_prom = ext_ft::ft_transfer(
[INFO] [stdout]    |                                   ^^^^^^^^^^^ help: a function with a similar name exists: `ft_on_transfer`
[INFO] [stdout] 
[INFO] [stdout] 
[INFO] [stdout] error[E0425]: cannot find function `mt_transfer` in module `ext_mt_receiver`
[INFO] [stdout]   --> src/mt.rs:96:42
[INFO] [stdout]    |
[INFO] [stdout] 32 | / pub fn mt_on_transfer<Info: BalanceAccountInfoTrait>(
[INFO] [stdout] 33 | |     accounts: &mut Accounts<Info>,
[INFO] [stdout] 34 | |     sender_id: AccountId,
[INFO] [stdout] 35 | |     token_ids: Vec<String>,
[INFO] [stdout] ...  |
[INFO] [stdout] 57 | |     vec![0.into(); token_ids.len()]
[INFO] [stdout] 58 | | }
[INFO] [stdout]    | |_- similarly named function `mt_on_transfer` defined here
[INFO] [stdout] ...
[INFO] [stdout] 96 |       let transfer_prom = ext_mt_receiver::mt_transfer(
[INFO] [stdout]    |                                            ^^^^^^^^^^^ help: a function with a similar name exists: `mt_on_transfer`
[INFO] [stdout] 
[INFO] [stdout] 
[INFO] [stdout] error[E0425]: cannot find function `nft_transfer` in module `ext_nft`
[INFO] [stdout]   --> src/nft.rs:81:34
[INFO] [stdout]    |
[INFO] [stdout] 30 | / pub fn nft_on_transfer<Info: BalanceAccountInfoTrait>(
[INFO] [stdout] 31 | |     accounts: &mut Accounts<Info>,
[INFO] [stdout] 32 | |     _sender_id: AccountId,
[INFO] [stdout] 33 | |     previous_owner_id: AccountId,
[INFO] [stdout] ...  |
[INFO] [stdout] 48 | |     false
[INFO] [stdout] 49 | | }
[INFO] [stdout]    | |_- similarly named function `nft_on_transfer` defined here
[INFO] [stdout] ...
[INFO] [stdout] 81 |       let transfer_prom = ext_nft::nft_transfer(
[INFO] [stdout]    |                                    ^^^^^^^^^^^^ help: a function with a similar name exists: `nft_on_transfer`
[INFO] [stdout] 
[INFO] [stdout] 
[INFO] [stdout] error[E0603]: function import `resolve_internal_withdraw_call` is private
[INFO] [stdout]    --> src/core_impl.rs:108:27
[INFO] [stdout]     |
[INFO] [stdout] 108 |     Ok(ext_self_internal::resolve_internal_withdraw_call(
[INFO] [stdout]     |                           ^^^^^^^^^^^^^^^^^^^^^^^^^^^^^^ private function import
[INFO] [stdout]     |
[INFO] [stdout] note: the function import `resolve_internal_withdraw_call` is defined here...
[INFO] [stdout]    --> src/core_impl.rs:27:1
[INFO] [stdout]     |
[INFO] [stdout] 27  | #[ext_contract(ext_self_internal)]
[INFO] [stdout]     | ^^^^^^^^^^^^^^^^^^^^^^^^^^^^^^^^^^
[INFO] [stdout] note: ...and refers to the function `resolve_internal_withdraw_call` which is defined here
[INFO] [stdout]    --> src/core_impl.rs:63:1
[INFO] [stdout]     |
[INFO] [stdout] 63  | / pub fn resolve_internal_withdraw_call<Info: BalanceAccountInfoTrait>(
[INFO] [stdout] 64  | |     accounts: &mut Accounts<Info>,
[INFO] [stdout] 65  | |     account_id: &AccountId,
[INFO] [stdout] 66  | |     token_id: TokenId,
[INFO] [stdout] ...   |
[INFO] [stdout] 99  | |     }
[INFO] [stdout] 100 | | }
[INFO] [stdout]     | |_^ consider importing it directly
[INFO] [stdout]     = note: this error originates in the attribute macro `ext_contract` (in Nightly builds, run with -Z macro-backtrace for more info)
[INFO] [stdout] 
[INFO] [stdout] 
[INFO] [stdout] warning: unused imports: `Account`, `Accounts`
[INFO] [stdout]   --> src/lib.rs:50:20
[INFO] [stdout]    |
[INFO] [stdout] 50 | use near_account::{Account, Accounts};
[INFO] [stdout]    |                    ^^^^^^^  ^^^^^^^^
[INFO] [stdout]    |
[INFO] [stdout]    = note: `#[warn(unused_imports)]` on by default
[INFO] [stdout] 
[INFO] [stdout] 
[INFO] [stdout] warning: unused import: `self`
[INFO] [stdout]   --> src/lib.rs:52:11
[INFO] [stdout]    |
[INFO] [stdout] 52 |     env::{self},
[INFO] [stdout]    |           ^^^^
[INFO] [stdout] 
[INFO] [stdout] 
[INFO] [stdout] warning: unused import: `near_contract_standards::non_fungible_token::Token`
[INFO] [stdout]  --> src/core_impl.rs:8:5
[INFO] [stdout]   |
[INFO] [stdout] 8 | use near_contract_standards::non_fungible_token::Token;
[INFO] [stdout]   |     ^^^^^^^^^^^^^^^^^^^^^^^^^^^^^^^^^^^^^^^^^^^^^^^^^^
[INFO] [stdout] 
[INFO] [stdout] 
[INFO] [stdout] warning: unused imports: `BorshDeserialize`, `BorshSerialize`, `json`
[INFO] [stdout]   --> src/core_impl.rs:11:13
[INFO] [stdout]    |
[INFO] [stdout] 11 |     borsh::{BorshDeserialize, BorshSerialize},
[INFO] [stdout]    |             ^^^^^^^^^^^^^^^^  ^^^^^^^^^^^^^^
[INFO] [stdout] ...
[INFO] [stdout] 15 |     serde_json::{self, json},
[INFO] [stdout]    |                        ^^^^
[INFO] [stdout] 
[INFO] [stdout] 
[INFO] [stdout] warning: unused import: `OnTransferOpts`
[INFO] [stdout]   --> src/core_impl.rs:19:45
[INFO] [stdout]    |
[INFO] [stdout] 19 | use crate::{token_id::TokenId, BalanceInfo, OnTransferOpts};
[INFO] [stdout]    |                                             ^^^^^^^^^^^^^^
[INFO] [stdout] 
[INFO] [stdout] 
[INFO] [stdout] warning: unused imports: `Balance`, `json`
[INFO] [stdout]  --> src/ft.rs:6:24
[INFO] [stdout]   |
[INFO] [stdout] 6 |     serde_json::{self, json},
[INFO] [stdout]   |                        ^^^^
[INFO] [stdout] 7 |     AccountId, Balance, Gas, Promise, ONE_YOCTO,
[INFO] [stdout]   |                ^^^^^^^
[INFO] [stdout] 
[INFO] [stdout] 
[INFO] [stdout] warning: unused imports: `Balance`, `json`
[INFO] [stdout]  --> src/mt.rs:5:24
[INFO] [stdout]   |
[INFO] [stdout] 5 |     serde_json::{self, json},
[INFO] [stdout]   |                        ^^^^
[INFO] [stdout] 6 |     AccountId, Balance, Gas, Promise, PromiseOrValue, ONE_YOCTO,
[INFO] [stdout]   |                ^^^^^^^
[INFO] [stdout] 
[INFO] [stdout] 
[INFO] [stdout] warning: unused import: `json`
[INFO] [stdout]  --> src/nft.rs:5:24
[INFO] [stdout]   |
[INFO] [stdout] 5 |     serde_json::{self, json},
[INFO] [stdout]   |                        ^^^^
[INFO] [stdout] 
[INFO] [stdout] 
[INFO] [stdout] warning: unused import: `self`
[INFO] [stdout]  --> src/token_id.rs:7:13
[INFO] [stdout]   |
[INFO] [stdout] 7 |     serde::{self, Deserialize, Serialize},
[INFO] [stdout]   |             ^^^^
[INFO] [stdout] 
[INFO] [stdout] 
[INFO] [stdout] error[E0061]: this function takes 5 arguments but 7 arguments were supplied
[INFO] [stdout]    --> src/core_impl.rs:108:8
[INFO] [stdout]     |
[INFO] [stdout] 108 |     Ok(ext_self_internal::resolve_internal_withdraw_call(
[INFO] [stdout]     |        ^^^^^^^^^^^^^^^^^^^^^^^^^^^^^^^^^^^^^^^^^^^^^^^^^
[INFO] [stdout] 109 |         sender.clone(),
[INFO] [stdout] 110 |         token_id.clone(),
[INFO] [stdout]     |         ---------------- an argument of type `&near_sdk::AccountId` is missing
[INFO] [stdout] ...
[INFO] [stdout] 113 |         env::current_account_id(),
[INFO] [stdout]     |         ------------------------- unexpected argument of type `near_sdk::AccountId`
[INFO] [stdout] 114 |         0,
[INFO] [stdout]     |         - unexpected argument of type `{integer}`
[INFO] [stdout] 115 |         GAS_FOR_INTERNAL_RESOLVE,
[INFO] [stdout]     |         ------------------------ unexpected argument of type `Gas`
[INFO] [stdout]     |
[INFO] [stdout] note: expected `&mut Accounts<_>`, found `AccountId`
[INFO] [stdout]    --> src/core_impl.rs:109:9
[INFO] [stdout]     |
[INFO] [stdout] 109 |         sender.clone(),
[INFO] [stdout]     |         ^^^^^^^^^^^^^^
[INFO] [stdout]     = note: expected mutable reference `&mut Accounts<_>`
[INFO] [stdout]                           found struct `near_sdk::AccountId`
[INFO] [stdout] note: function defined here
[INFO] [stdout]    --> src/core_impl.rs:63:8
[INFO] [stdout]     |
[INFO] [stdout] 63  | pub fn resolve_internal_withdraw_call<Info: BalanceAccountInfoTrait>(
[INFO] [stdout]     |        ^^^^^^^^^^^^^^^^^^^^^^^^^^^^^^
[INFO] [stdout] 64  |     accounts: &mut Accounts<Info>,
[INFO] [stdout]     |     -----------------------------
[INFO] [stdout] 65  |     account_id: &AccountId,
[INFO] [stdout]     |     ----------------------
[INFO] [stdout] 66  |     token_id: TokenId,
[INFO] [stdout]     |     -----------------
[INFO] [stdout] 67  |     amount: U128,
[INFO] [stdout]     |     ------------
[INFO] [stdout] 68  |     is_call: bool,
[INFO] [stdout]     |     -------------
[INFO] [stdout] help: did you mean
[INFO] [stdout]     |
[INFO] [stdout] 108 |     Ok(ext_self_internal::resolve_internal_withdraw_call(/* accounts */, /* &near_sdk::AccountId */, token_id.clone(), amount, is_call))
[INFO] [stdout]     |                                                         ~~~~~~~~~~~~~~~~~~~~~~~~~~~~~~~~~~~~~~~~~~~~~~~~~~~~~~~~~~~~~~~~~~~~~~~~~~~~~~~
[INFO] [stdout] 
[INFO] [stdout] 
[INFO] [stdout] error[E0308]: mismatched types
[INFO] [stdout]    --> src/core_impl.rs:108:8
[INFO] [stdout]     |
[INFO] [stdout] 108 |       Ok(ext_self_internal::resolve_internal_withdraw_call(
[INFO] [stdout]     |  _____--_^
[INFO] [stdout]     | |     |
[INFO] [stdout]     | |     arguments to this enum variant are incorrect
[INFO] [stdout] 109 | |         sender.clone(),
[INFO] [stdout] 110 | |         token_id.clone(),
[INFO] [stdout] 111 | |         amount,
[INFO] [stdout] ...   |
[INFO] [stdout] 115 | |         GAS_FOR_INTERNAL_RESOLVE,
[INFO] [stdout] 116 | |     ))
[INFO] [stdout]     | |_____^ expected `Promise`, found `U128`
[INFO] [stdout]     |
[INFO] [stdout] help: the type constructed contains `near_sdk::json_types::U128` due to the type of the argument passed
[INFO] [stdout]    --> src/core_impl.rs:108:5
[INFO] [stdout]     |
[INFO] [stdout] 108 |        Ok(ext_self_internal::resolve_internal_withdraw_call(
[INFO] [stdout]     |  ______^__-
[INFO] [stdout]     | | _____|
[INFO] [stdout]     | ||
[INFO] [stdout] 109 | ||         sender.clone(),
[INFO] [stdout] 110 | ||         token_id.clone(),
[INFO] [stdout] 111 | ||         amount,
[INFO] [stdout] ...   ||
[INFO] [stdout] 115 | ||         GAS_FOR_INTERNAL_RESOLVE,
[INFO] [stdout] 116 | ||     ))
[INFO] [stdout]     | ||_____-^
[INFO] [stdout]     | |______|
[INFO] [stdout]     |        this argument influences the type of `Ok`
[INFO] [stdout] note: tuple variant defined here
[INFO] [stdout]    --> /rustc/84c898d65adf2f39a5a98507f1fe0ce10a2b8dbc/library/core/src/result.rs:507:5
[INFO] [stdout] 
[INFO] [stdout] 
[INFO] [stdout] error: aborting due to 6 previous errors; 9 warnings emitted
[INFO] [stdout] 
[INFO] [stdout] 
[INFO] [stdout] Some errors have detailed explanations: E0061, E0308, E0425, E0603.
[INFO] [stdout] 
[INFO] [stdout] For more information about an error, try `rustc --explain E0061`.
[INFO] [stdout] 
[INFO] [stderr] error: could not compile `near-internal-balances-plugin` due to 7 previous errors; 9 warnings emitted
[INFO] running `Command { std: "docker" "inspect" "2e1e88ffc89440ae2c2a421976eb797cae019a00dca1502a4babf7040cd07dc5", kill_on_drop: false }`
[INFO] running `Command { std: "docker" "rm" "-f" "2e1e88ffc89440ae2c2a421976eb797cae019a00dca1502a4babf7040cd07dc5", kill_on_drop: false }`
[INFO] [stdout] 2e1e88ffc89440ae2c2a421976eb797cae019a00dca1502a4babf7040cd07dc5
