[INFO] fetching crate near-client 0.1.1...
[INFO] testing near-client-0.1.1 against 1.69.0 for beta-1.70-1
[INFO] extracting crate near-client 0.1.1 into /workspace/builds/worker-6-tc1/source
[INFO] validating manifest of crates.io crate near-client 0.1.1 on toolchain 1.69.0
[INFO] running `Command { std: CARGO_HOME="/workspace/cargo-home" RUSTUP_HOME="/workspace/rustup-home" "/workspace/cargo-home/bin/cargo" "+1.69.0" "metadata" "--manifest-path" "Cargo.toml" "--no-deps", kill_on_drop: false }`
[INFO] started tweaking crates.io crate near-client 0.1.1
[INFO] finished tweaking crates.io crate near-client 0.1.1
[INFO] tweaked toml for crates.io crate near-client 0.1.1 written to /workspace/builds/worker-6-tc1/source/Cargo.toml
[INFO] running `Command { std: CARGO_HOME="/workspace/cargo-home" RUSTUP_HOME="/workspace/rustup-home" __CARGO_TEST_CHANNEL_OVERRIDE_DO_NOT_USE_THIS="nightly" "/workspace/cargo-home/bin/cargo" "+1.69.0" "generate-lockfile" "--manifest-path" "Cargo.toml" "-Zno-index-update", kill_on_drop: false }`
[INFO] running `Command { std: CARGO_HOME="/workspace/cargo-home" RUSTUP_HOME="/workspace/rustup-home" "/workspace/cargo-home/bin/cargo" "+1.69.0" "fetch" "--manifest-path" "Cargo.toml", kill_on_drop: false }`
[INFO] [stderr]  Downloading crates ...
[INFO] [stderr]   Downloaded near-primitives-core v0.15.0
[INFO] [stderr]   Downloaded near-account-id v0.15.0
[INFO] [stderr]   Downloaded near-units v0.2.0
[INFO] [stderr]   Downloaded base64 v0.20.0
[INFO] [stderr]   Downloaded near-units-core v0.2.0
[INFO] [stderr]   Downloaded near-rpc-error-core v0.5.0
[INFO] [stderr]   Downloaded near-units-macro v0.2.0
[INFO] [stderr]   Downloaded near-vm-errors v3.1.0
[INFO] [stderr]   Downloaded near-account-id v0.5.0
[INFO] [stderr]   Downloaded near-rpc-error-macro v0.5.0
[INFO] running `Command { std: "docker" "create" "-v" "/var/lib/crater-agent-workspace/builds/worker-6-tc1/target:/opt/rustwide/target:rw,Z" "-v" "/var/lib/crater-agent-workspace/builds/worker-6-tc1/source:/opt/rustwide/workdir:ro,Z" "-v" "/var/lib/crater-agent-workspace/cargo-home:/opt/rustwide/cargo-home:ro,Z" "-v" "/var/lib/crater-agent-workspace/rustup-home:/opt/rustwide/rustup-home:ro,Z" "-e" "SOURCE_DIR=/opt/rustwide/workdir" "-e" "CARGO_TARGET_DIR=/opt/rustwide/target" "-e" "CARGO_HOME=/opt/rustwide/cargo-home" "-e" "RUSTUP_HOME=/opt/rustwide/rustup-home" "-w" "/opt/rustwide/workdir" "-m" "1610612736" "--user" "0:0" "--network" "none" "ghcr.io/rust-lang/crates-build-env/linux@sha256:5ff2268d62e97bff2cde7d5815dd6ed5b47097566f13b8d0ca110b04b60e07ed" "/opt/rustwide/cargo-home/bin/cargo" "+1.69.0" "metadata" "--no-deps" "--format-version=1", kill_on_drop: false }`
[INFO] [stdout] cc0eac4933a1f5f66e9602b48b441403d510496646ea8778ad7d4ed1d526f3de
[INFO] running `Command { std: "docker" "start" "-a" "cc0eac4933a1f5f66e9602b48b441403d510496646ea8778ad7d4ed1d526f3de", kill_on_drop: false }`
[INFO] running `Command { std: "docker" "inspect" "cc0eac4933a1f5f66e9602b48b441403d510496646ea8778ad7d4ed1d526f3de", kill_on_drop: false }`
[INFO] running `Command { std: "docker" "rm" "-f" "cc0eac4933a1f5f66e9602b48b441403d510496646ea8778ad7d4ed1d526f3de", kill_on_drop: false }`
[INFO] [stdout] cc0eac4933a1f5f66e9602b48b441403d510496646ea8778ad7d4ed1d526f3de
[INFO] running `Command { std: "docker" "create" "-v" "/var/lib/crater-agent-workspace/builds/worker-6-tc1/target:/opt/rustwide/target:rw,Z" "-v" "/var/lib/crater-agent-workspace/builds/worker-6-tc1/source:/opt/rustwide/workdir:ro,Z" "-v" "/var/lib/crater-agent-workspace/cargo-home:/opt/rustwide/cargo-home:ro,Z" "-v" "/var/lib/crater-agent-workspace/rustup-home:/opt/rustwide/rustup-home:ro,Z" "-e" "SOURCE_DIR=/opt/rustwide/workdir" "-e" "CARGO_TARGET_DIR=/opt/rustwide/target" "-e" "CARGO_INCREMENTAL=0" "-e" "RUST_BACKTRACE=full" "-e" "RUSTFLAGS=--cap-lints=warn" "-e" "RUSTDOCFLAGS=--cap-lints=warn" "-e" "CARGO_HOME=/opt/rustwide/cargo-home" "-e" "RUSTUP_HOME=/opt/rustwide/rustup-home" "-w" "/opt/rustwide/workdir" "-m" "1610612736" "--user" "0:0" "--network" "none" "ghcr.io/rust-lang/crates-build-env/linux@sha256:5ff2268d62e97bff2cde7d5815dd6ed5b47097566f13b8d0ca110b04b60e07ed" "/opt/rustwide/cargo-home/bin/cargo" "+1.69.0" "build" "--frozen" "--message-format=json", kill_on_drop: false }`
[INFO] [stdout] f7af6c684a82dc57d349b0f1b093a295ec093eae663f8d74529fdc7ff1ad5012
[INFO] running `Command { std: "docker" "start" "-a" "f7af6c684a82dc57d349b0f1b093a295ec093eae663f8d74529fdc7ff1ad5012", kill_on_drop: false }`
[INFO] [stderr]     Blocking waiting for file lock on package cache
[INFO] [stderr]    Compiling typenum v1.16.0
[INFO] [stderr]    Compiling serde v1.0.160
[INFO] [stderr]    Compiling generic-array v0.14.7
[INFO] [stderr]    Compiling syn v2.0.15
[INFO] [stderr]    Compiling tokio v1.28.0
[INFO] [stderr]    Compiling mio v0.8.6
[INFO] [stderr]    Compiling getrandom v0.2.9
[INFO] [stderr]    Compiling socket2 v0.4.9
[INFO] [stderr]    Compiling num-traits v0.2.15
[INFO] [stderr]    Compiling ahash v0.7.6
[INFO] [stderr]    Compiling getrandom v0.1.16
[INFO] [stderr]    Compiling borsh-schema-derive-internal v0.9.3
[INFO] [stderr]    Compiling borsh-derive-internal v0.9.3
[INFO] [stderr]    Compiling tracing-core v0.1.30
[INFO] [stderr]    Compiling num-integer v0.1.45
[INFO] [stderr]    Compiling rand_core v0.5.1
[INFO] [stderr]    Compiling hashbrown v0.11.2
[INFO] [stderr]    Compiling openssl-sys v0.9.87
[INFO] [stderr]    Compiling tracing v0.1.37
[INFO] [stderr]    Compiling rustversion v1.0.12
[INFO] [stderr]    Compiling num-bigint v0.3.3
[INFO] [stderr]    Compiling serde_json v1.0.96
[INFO] [stderr]    Compiling cpufeatures v0.2.7
[INFO] [stderr]    Compiling arrayvec v0.7.2
[INFO] [stderr]    Compiling digest v0.9.0
[INFO] [stderr]    Compiling block-buffer v0.10.4
[INFO] [stderr]    Compiling crypto-common v0.1.6
[INFO] [stderr]    Compiling num-format v0.4.4
[INFO] [stderr]    Compiling want v0.3.0
[INFO] [stderr]    Compiling num-rational v0.3.2
[INFO] [stderr]    Compiling heck v0.4.1
[INFO] [stderr]    Compiling subtle v2.5.0
[INFO] [stderr]    Compiling byteorder v1.4.3
[INFO] [stderr]    Compiling rand_chacha v0.2.2
[INFO] [stderr]    Compiling digest v0.10.6
[INFO] [stderr]    Compiling block-buffer v0.9.0
[INFO] [stderr]    Compiling strum_macros v0.24.3
[INFO] [stderr]    Compiling near-units-core v0.2.0
[INFO] [stderr]    Compiling convert_case v0.4.0
[INFO] [stderr]    Compiling signature v1.6.4
[INFO] [stderr]    Compiling near-units-macro v0.2.0
[INFO] [stderr]    Compiling sha2 v0.9.9
[INFO] [stderr]    Compiling derive_more v0.99.17
[INFO] [stderr]    Compiling ed25519 v1.5.3
[INFO] [stderr]    Compiling sha2 v0.10.6
[INFO] [stderr]    Compiling rand v0.7.3
[INFO] [stderr]    Compiling hex v0.4.3
[INFO] [stderr]    Compiling tokio-util v0.7.8
[INFO] [stderr]    Compiling either v1.8.1
[INFO] [stderr]    Compiling base64 v0.13.1
[INFO] [stderr]    Compiling bs58 v0.4.0
[INFO] [stderr]    Compiling itertools v0.10.5
[INFO] [stderr]    Compiling h2 v0.3.18
[INFO] [stderr]    Compiling strum v0.24.1
[INFO] [stderr]    Compiling near-units v0.2.0
[INFO] [stderr]    Compiling base64 v0.20.0
[INFO] [stderr]    Compiling serde_derive v1.0.160
[INFO] [stderr]    Compiling openssl-macros v0.1.1
[INFO] [stderr]    Compiling zeroize_derive v1.4.2
[INFO] [stderr]    Compiling thiserror-impl v1.0.40
[INFO] [stderr]    Compiling serde_repr v0.1.12
[INFO] [stderr]    Compiling openssl v0.10.52
[INFO] [stderr]    Compiling zeroize v1.3.0
[INFO] [stderr]    Compiling thiserror v1.0.40
[INFO] [stderr]    Compiling hyper v0.14.26
[INFO] [stderr]    Compiling native-tls v0.2.11
[INFO] [stderr]    Compiling tokio-native-tls v0.3.1
[INFO] [stderr]    Compiling hyper-tls v0.5.0
[INFO] [stderr]    Compiling curve25519-dalek v3.2.1
[INFO] [stderr]    Compiling serde_urlencoded v0.7.1
[INFO] [stderr]    Compiling chrono v0.4.24
[INFO] [stderr]    Compiling toml v0.5.11
[INFO] [stderr]    Compiling near-rpc-error-core v0.5.0
[INFO] [stderr]    Compiling ed25519-dalek v1.0.1
[INFO] [stderr]    Compiling x25519-dalek v1.2.0
[INFO] [stderr]    Compiling reqwest v0.11.17
[INFO] [stderr]    Compiling proc-macro-crate v0.1.5
[INFO] [stderr]    Compiling near-rpc-error-macro v0.5.0
[INFO] [stderr]    Compiling borsh-derive v0.9.3
[INFO] [stderr]    Compiling borsh v0.9.3
[INFO] [stderr]    Compiling near-account-id v0.5.0
[INFO] [stderr]    Compiling near-account-id v0.15.0
[INFO] [stderr]    Compiling near-primitives-core v0.15.0
[INFO] [stderr]    Compiling near-vm-errors v3.1.0
[INFO] [stderr]    Compiling near-client v0.1.1 (/opt/rustwide/workdir)
[INFO] [stderr]     Finished dev [unoptimized + debuginfo] target(s) in 33.16s
[INFO] running `Command { std: "docker" "inspect" "f7af6c684a82dc57d349b0f1b093a295ec093eae663f8d74529fdc7ff1ad5012", kill_on_drop: false }`
[INFO] running `Command { std: "docker" "rm" "-f" "f7af6c684a82dc57d349b0f1b093a295ec093eae663f8d74529fdc7ff1ad5012", kill_on_drop: false }`
[INFO] [stdout] f7af6c684a82dc57d349b0f1b093a295ec093eae663f8d74529fdc7ff1ad5012
[INFO] running `Command { std: "docker" "create" "-v" "/var/lib/crater-agent-workspace/builds/worker-6-tc1/target:/opt/rustwide/target:rw,Z" "-v" "/var/lib/crater-agent-workspace/builds/worker-6-tc1/source:/opt/rustwide/workdir:ro,Z" "-v" "/var/lib/crater-agent-workspace/cargo-home:/opt/rustwide/cargo-home:ro,Z" "-v" "/var/lib/crater-agent-workspace/rustup-home:/opt/rustwide/rustup-home:ro,Z" "-e" "SOURCE_DIR=/opt/rustwide/workdir" "-e" "CARGO_TARGET_DIR=/opt/rustwide/target" "-e" "CARGO_INCREMENTAL=0" "-e" "RUST_BACKTRACE=full" "-e" "RUSTFLAGS=--cap-lints=warn" "-e" "RUSTDOCFLAGS=--cap-lints=warn" "-e" "CARGO_HOME=/opt/rustwide/cargo-home" "-e" "RUSTUP_HOME=/opt/rustwide/rustup-home" "-w" "/opt/rustwide/workdir" "-m" "1610612736" "--user" "0:0" "--network" "none" "ghcr.io/rust-lang/crates-build-env/linux@sha256:5ff2268d62e97bff2cde7d5815dd6ed5b47097566f13b8d0ca110b04b60e07ed" "/opt/rustwide/cargo-home/bin/cargo" "+1.69.0" "test" "--frozen" "--no-run" "--message-format=json", kill_on_drop: false }`
[INFO] [stdout] 2ad0d4026c4ee5f77bb647c559371e377c61fa957be071c8af36493615c1728f
[INFO] running `Command { std: "docker" "start" "-a" "2ad0d4026c4ee5f77bb647c559371e377c61fa957be071c8af36493615c1728f", kill_on_drop: false }`
[INFO] [stderr]    Compiling parking_lot_core v0.9.7
[INFO] [stderr]    Compiling tokio v1.28.0
[INFO] [stderr]    Compiling mio v0.8.6
[INFO] [stderr]    Compiling tokio-macros v2.1.0
[INFO] [stderr]    Compiling signal-hook-registry v1.4.1
[INFO] [stderr]    Compiling num_cpus v1.15.0
[INFO] [stderr]    Compiling getrandom v0.1.16
[INFO] [stderr]    Compiling ahash v0.7.6
[INFO] [stderr]    Compiling hashbrown v0.11.2
[INFO] [stderr]    Compiling rand_core v0.5.1
[INFO] [stderr]    Compiling parking_lot v0.12.1
[INFO] [stderr]    Compiling openssl v0.10.52
[INFO] [stderr]    Compiling io-lifetimes v1.0.10
[INFO] [stderr]    Compiling curve25519-dalek v3.2.1
[INFO] [stderr]    Compiling borsh v0.9.3
[INFO] [stderr]    Compiling rand_chacha v0.2.2
[INFO] [stderr]    Compiling rustix v0.37.18
[INFO] [stderr]    Compiling rand v0.7.3
[INFO] [stderr]    Compiling linux-raw-sys v0.3.6
[INFO] [stderr]    Compiling chrono v0.4.24
[INFO] [stderr]    Compiling x25519-dalek v1.2.0
[INFO] [stderr]    Compiling near-account-id v0.15.0
[INFO] [stderr]    Compiling near-account-id v0.5.0
[INFO] [stderr]    Compiling ed25519-dalek v1.0.1
[INFO] [stderr]    Compiling near-vm-errors v3.1.0
[INFO] [stderr]    Compiling near-primitives-core v0.15.0
[INFO] [stderr]    Compiling rand_chacha v0.3.1
[INFO] [stderr]    Compiling fastrand v1.9.0
[INFO] [stderr]    Compiling rand v0.8.5
[INFO] [stderr]    Compiling native-tls v0.2.11
[INFO] [stderr]    Compiling tempfile v3.5.0
[INFO] [stderr]    Compiling tokio-util v0.7.8
[INFO] [stderr]    Compiling tokio-native-tls v0.3.1
[INFO] [stderr]    Compiling h2 v0.3.18
[INFO] [stderr]    Compiling hyper v0.14.26
[INFO] [stderr]    Compiling hyper-tls v0.5.0
[INFO] [stderr]    Compiling reqwest v0.11.17
[INFO] [stderr]    Compiling near-client v0.1.1 (/opt/rustwide/workdir)
[INFO] [stdout] error[E0433]: failed to resolve: use of undeclared crate or module `workspaces`
[INFO] [stdout]   --> tests/rpc.rs:13:5
[INFO] [stdout]    |
[INFO] [stdout] 13 | use workspaces::{network::Sandbox, types::SecretKey, AccountId, Worker};
[INFO] [stdout]    |     ^^^^^^^^^^ use of undeclared crate or module `workspaces`
[INFO] [stdout] 
[INFO] [stdout] 
[INFO] [stdout] error[E0432]: unresolved import `workspaces`
[INFO] [stdout]   --> tests/rpc.rs:13:5
[INFO] [stdout]    |
[INFO] [stdout] 13 | use workspaces::{network::Sandbox, types::SecretKey, AccountId, Worker};
[INFO] [stdout]    |     ^^^^^^^^^^ use of undeclared crate or module `workspaces`
[INFO] [stdout] 
[INFO] [stdout] 
[INFO] [stdout] error[E0599]: no function or associated item named `from_str` found for struct `near_client::crypto::dhx::SecretKey` in the current scope
[INFO] [stdout]   --> tests/rpc.rs:29:36
[INFO] [stdout]    |
[INFO] [stdout] 29 |     let workspaces_sk = SecretKey::from_str(&keypair).unwrap();
[INFO] [stdout]    |                                    ^^^^^^^^ function or associated item not found in `SecretKey`
[INFO] [stdout] 
[INFO] [stdout] 
[INFO] [stdout] error[E0433]: failed to resolve: use of undeclared crate or module `workspaces`
[INFO] [stdout]   --> tests/rpc.rs:65:5
[INFO] [stdout]    |
[INFO] [stdout] 65 |     workspaces::compile_project(target_path.as_str())
[INFO] [stdout]    |     ^^^^^^^^^^ use of undeclared crate or module `workspaces`
[INFO] [stdout] 
[INFO] [stdout] 
[INFO] [stdout] error[E0433]: failed to resolve: use of undeclared crate or module `workspaces`
[INFO] [stdout]   --> tests/rpc.rs:80:18
[INFO] [stdout]    |
[INFO] [stdout] 80 |     let worker = workspaces::sandbox().await.unwrap();
[INFO] [stdout]    |                  ^^^^^^^^^^ use of undeclared crate or module `workspaces`
[INFO] [stdout] 
[INFO] [stdout] 
[INFO] [stdout] error[E0433]: failed to resolve: use of undeclared crate or module `workspaces`
[INFO] [stdout]   --> tests/rpc.rs:95:18
[INFO] [stdout]    |
[INFO] [stdout] 95 |     let worker = workspaces::sandbox().await.unwrap();
[INFO] [stdout]    |                  ^^^^^^^^^^ use of undeclared crate or module `workspaces`
[INFO] [stdout] 
[INFO] [stdout] 
[INFO] [stdout] error[E0433]: failed to resolve: use of undeclared crate or module `workspaces`
[INFO] [stdout]    --> tests/rpc.rs:121:18
[INFO] [stdout]     |
[INFO] [stdout] 121 |     let worker = workspaces::sandbox().await.unwrap();
[INFO] [stdout]     |                  ^^^^^^^^^^ use of undeclared crate or module `workspaces`
[INFO] [stdout] 
[INFO] [stdout] 
[INFO] [stdout] error[E0433]: failed to resolve: use of undeclared crate or module `workspaces`
[INFO] [stdout]    --> tests/rpc.rs:158:18
[INFO] [stdout]     |
[INFO] [stdout] 158 |     let worker = workspaces::sandbox().await.unwrap();
[INFO] [stdout]     |                  ^^^^^^^^^^ use of undeclared crate or module `workspaces`
[INFO] [stdout] 
[INFO] [stdout] 
[INFO] [stdout] error[E0433]: failed to resolve: use of undeclared crate or module `workspaces`
[INFO] [stdout]    --> tests/rpc.rs:251:18
[INFO] [stdout]     |
[INFO] [stdout] 251 |     let worker = workspaces::sandbox().await.unwrap();
[INFO] [stdout]     |                  ^^^^^^^^^^ use of undeclared crate or module `workspaces`
[INFO] [stdout] 
[INFO] [stdout] 
[INFO] [stdout] error[E0433]: failed to resolve: use of undeclared crate or module `workspaces`
[INFO] [stdout]    --> tests/rpc.rs:300:18
[INFO] [stdout]     |
[INFO] [stdout] 300 |     let worker = workspaces::sandbox().await.unwrap();
[INFO] [stdout]     |                  ^^^^^^^^^^ use of undeclared crate or module `workspaces`
[INFO] [stdout] 
[INFO] [stdout] 
[INFO] [stdout] error[E0433]: failed to resolve: use of undeclared crate or module `workspaces`
[INFO] [stdout]    --> tests/rpc.rs:331:18
[INFO] [stdout]     |
[INFO] [stdout] 331 |     let worker = workspaces::sandbox().await.unwrap();
[INFO] [stdout]     |                  ^^^^^^^^^^ use of undeclared crate or module `workspaces`
[INFO] [stdout] 
[INFO] [stdout] 
[INFO] [stdout] error[E0433]: failed to resolve: use of undeclared crate or module `workspaces`
[INFO] [stdout]    --> tests/rpc.rs:353:18
[INFO] [stdout]     |
[INFO] [stdout] 353 |     let worker = workspaces::sandbox().await.unwrap();
[INFO] [stdout]     |                  ^^^^^^^^^^ use of undeclared crate or module `workspaces`
[INFO] [stdout] 
[INFO] [stdout] 
[INFO] [stdout] error[E0433]: failed to resolve: use of undeclared crate or module `workspaces`
[INFO] [stdout]    --> tests/rpc.rs:384:18
[INFO] [stdout]     |
[INFO] [stdout] 384 |     let worker = workspaces::sandbox().await.unwrap();
[INFO] [stdout]     |                  ^^^^^^^^^^ use of undeclared crate or module `workspaces`
[INFO] [stdout] 
[INFO] [stdout] 
[INFO] [stdout] warning: unused import: `str::FromStr`
[INFO] [stdout]  --> tests/rpc.rs:1:22
[INFO] [stdout]   |
[INFO] [stdout] 1 | use std::{fs::write, str::FromStr};
[INFO] [stdout]   |                      ^^^^^^^^^^^^
[INFO] [stdout]   |
[INFO] [stdout]   = note: `#[warn(unused_imports)]` on by default
[INFO] [stdout] 
[INFO] [stdout] 
[INFO] [stdout] error: aborting due to 13 previous errors; 1 warning emitted
[INFO] [stdout] 
[INFO] [stdout] 
[INFO] [stdout] Some errors have detailed explanations: E0432, E0433, E0599.
[INFO] [stdout] 
[INFO] [stdout] For more information about an error, try `rustc --explain E0432`.
[INFO] [stdout] 
[INFO] [stderr] error: could not compile `near-client` due to 14 previous errors; 1 warning emitted
[INFO] [stderr] warning: build failed, waiting for other jobs to finish...
[INFO] running `Command { std: "docker" "inspect" "2ad0d4026c4ee5f77bb647c559371e377c61fa957be071c8af36493615c1728f", kill_on_drop: false }`
[INFO] running `Command { std: "docker" "rm" "-f" "2ad0d4026c4ee5f77bb647c559371e377c61fa957be071c8af36493615c1728f", kill_on_drop: false }`
[INFO] [stdout] 2ad0d4026c4ee5f77bb647c559371e377c61fa957be071c8af36493615c1728f
