[INFO] fetching crate ncryptf-rs 0.2.9...
[INFO] testing ncryptf-rs-0.2.9 against 1.69.0 for beta-1.70-1
[INFO] extracting crate ncryptf-rs 0.2.9 into /workspace/builds/worker-7-tc1/source
[INFO] validating manifest of crates.io crate ncryptf-rs 0.2.9 on toolchain 1.69.0
[INFO] running `Command { std: CARGO_HOME="/workspace/cargo-home" RUSTUP_HOME="/workspace/rustup-home" "/workspace/cargo-home/bin/cargo" "+1.69.0" "metadata" "--manifest-path" "Cargo.toml" "--no-deps", kill_on_drop: false }`
[INFO] removed /workspace/builds/worker-7-tc1/source/.cargo/config
[INFO] started tweaking crates.io crate ncryptf-rs 0.2.9
[INFO] finished tweaking crates.io crate ncryptf-rs 0.2.9
[INFO] tweaked toml for crates.io crate ncryptf-rs 0.2.9 written to /workspace/builds/worker-7-tc1/source/Cargo.toml
[INFO] running `Command { std: CARGO_HOME="/workspace/cargo-home" RUSTUP_HOME="/workspace/rustup-home" __CARGO_TEST_CHANNEL_OVERRIDE_DO_NOT_USE_THIS="nightly" "/workspace/cargo-home/bin/cargo" "+1.69.0" "generate-lockfile" "--manifest-path" "Cargo.toml" "-Zno-index-update", kill_on_drop: false }`
[INFO] running `Command { std: CARGO_HOME="/workspace/cargo-home" RUSTUP_HOME="/workspace/rustup-home" "/workspace/cargo-home/bin/cargo" "+1.69.0" "fetch" "--manifest-path" "Cargo.toml", kill_on_drop: false }`
[INFO] [stderr]  Downloading crates ...
[INFO] [stderr]   Downloaded devise_core v0.4.1
[INFO] [stderr]   Downloaded devise_codegen v0.4.1
[INFO] [stderr]   Downloaded devise v0.4.1
[INFO] [stderr]   Downloaded proc-macro2-diagnostics v0.10.0
[INFO] [stderr]   Downloaded cookie v0.17.0
[INFO] [stderr]   Downloaded deadpool-redis v0.11.1
[INFO] [stderr]   Downloaded rocket_db_pools_codegen v0.1.0-rc.3
[INFO] [stderr]   Downloaded sha256 v1.1.3
[INFO] [stderr]   Downloaded pear_codegen v0.2.4
[INFO] [stderr]   Downloaded ref-cast-impl v1.0.16
[INFO] [stderr]   Downloaded minisign-verify v0.2.1
[INFO] [stderr]   Downloaded rocket_db_pools v0.1.0-rc.3
[INFO] [stderr]   Downloaded libflate v1.3.0
[INFO] [stderr]   Downloaded pear v0.2.4
[INFO] [stderr]   Downloaded ref-cast v1.0.16
[INFO] [stderr]   Downloaded rocket_http v0.5.0-rc.3
[INFO] [stderr]   Downloaded rocket_codegen v0.5.0-rc.3
[INFO] [stderr]   Downloaded redis v0.21.7
[INFO] [stderr]   Downloaded rocket v0.5.0-rc.3
[INFO] [stderr]   Downloaded libsodium-sys-stable v1.19.27
[INFO] running `Command { std: "docker" "create" "-v" "/var/lib/crater-agent-workspace/builds/worker-7-tc1/target:/opt/rustwide/target:rw,Z" "-v" "/var/lib/crater-agent-workspace/builds/worker-7-tc1/source:/opt/rustwide/workdir:ro,Z" "-v" "/var/lib/crater-agent-workspace/cargo-home:/opt/rustwide/cargo-home:ro,Z" "-v" "/var/lib/crater-agent-workspace/rustup-home:/opt/rustwide/rustup-home:ro,Z" "-e" "SOURCE_DIR=/opt/rustwide/workdir" "-e" "CARGO_TARGET_DIR=/opt/rustwide/target" "-e" "CARGO_HOME=/opt/rustwide/cargo-home" "-e" "RUSTUP_HOME=/opt/rustwide/rustup-home" "-w" "/opt/rustwide/workdir" "-m" "1610612736" "--user" "0:0" "--network" "none" "ghcr.io/rust-lang/crates-build-env/linux@sha256:5ff2268d62e97bff2cde7d5815dd6ed5b47097566f13b8d0ca110b04b60e07ed" "/opt/rustwide/cargo-home/bin/cargo" "+1.69.0" "metadata" "--no-deps" "--format-version=1", kill_on_drop: false }`
[INFO] [stdout] 07f26dcb887b2e303270ac2ab1abfab6db085e6e90a48f3358fa2fbd3c3b1c66
[INFO] running `Command { std: "docker" "start" "-a" "07f26dcb887b2e303270ac2ab1abfab6db085e6e90a48f3358fa2fbd3c3b1c66", kill_on_drop: false }`
[INFO] running `Command { std: "docker" "inspect" "07f26dcb887b2e303270ac2ab1abfab6db085e6e90a48f3358fa2fbd3c3b1c66", kill_on_drop: false }`
[INFO] running `Command { std: "docker" "rm" "-f" "07f26dcb887b2e303270ac2ab1abfab6db085e6e90a48f3358fa2fbd3c3b1c66", kill_on_drop: false }`
[INFO] [stdout] 07f26dcb887b2e303270ac2ab1abfab6db085e6e90a48f3358fa2fbd3c3b1c66
[INFO] running `Command { std: "docker" "create" "-v" "/var/lib/crater-agent-workspace/builds/worker-7-tc1/target:/opt/rustwide/target:rw,Z" "-v" "/var/lib/crater-agent-workspace/builds/worker-7-tc1/source:/opt/rustwide/workdir:ro,Z" "-v" "/var/lib/crater-agent-workspace/cargo-home:/opt/rustwide/cargo-home:ro,Z" "-v" "/var/lib/crater-agent-workspace/rustup-home:/opt/rustwide/rustup-home:ro,Z" "-e" "SOURCE_DIR=/opt/rustwide/workdir" "-e" "CARGO_TARGET_DIR=/opt/rustwide/target" "-e" "CARGO_INCREMENTAL=0" "-e" "RUST_BACKTRACE=full" "-e" "RUSTFLAGS=--cap-lints=warn" "-e" "RUSTDOCFLAGS=--cap-lints=warn" "-e" "CARGO_HOME=/opt/rustwide/cargo-home" "-e" "RUSTUP_HOME=/opt/rustwide/rustup-home" "-w" "/opt/rustwide/workdir" "-m" "1610612736" "--user" "0:0" "--network" "none" "ghcr.io/rust-lang/crates-build-env/linux@sha256:5ff2268d62e97bff2cde7d5815dd6ed5b47097566f13b8d0ca110b04b60e07ed" "/opt/rustwide/cargo-home/bin/cargo" "+1.69.0" "build" "--frozen" "--message-format=json", kill_on_drop: false }`
[INFO] [stdout] ac976a2144633212d945d67a4cc94ff49f7ffd975a06e5289a6aa8d591bfed71
[INFO] running `Command { std: "docker" "start" "-a" "ac976a2144633212d945d67a4cc94ff49f7ffd975a06e5289a6aa8d591bfed71", kill_on_drop: false }`
[INFO] [stderr]    Compiling generic-array v0.14.7
[INFO] [stderr]    Compiling rle-decode-fast v1.0.3
[INFO] [stderr]    Compiling crc32fast v1.3.2
[INFO] [stderr]    Compiling xattr v0.2.3
[INFO] [stderr]    Compiling filetime v0.2.21
[INFO] [stderr]    Compiling adler32 v1.2.0
[INFO] [stderr]    Compiling getrandom v0.2.9
[INFO] [stderr]    Compiling minisign-verify v0.2.1
[INFO] [stderr]    Compiling libflate_lz77 v1.2.0
[INFO] [stderr]    Compiling serde_json v1.0.96
[INFO] [stderr]    Compiling tar v0.4.38
[INFO] [stderr]    Compiling rand_core v0.6.4
[INFO] [stderr]    Compiling libflate v1.3.0
[INFO] [stderr]    Compiling rand_chacha v0.3.1
[INFO] [stderr]    Compiling rand v0.8.5
[INFO] [stderr]    Compiling crypto-common v0.1.6
[INFO] [stderr]    Compiling block-buffer v0.10.4
[INFO] [stderr]    Compiling digest v0.10.6
[INFO] [stderr]    Compiling libsodium-sys-stable v1.19.27
[INFO] [stderr]    Compiling sha2 v0.10.6
[INFO] [stderr]    Compiling hmac v0.12.1
[INFO] [stderr]    Compiling hkdf v0.12.3
[INFO] [stderr]    Compiling sha256 v1.1.3
[INFO] [stderr]    Compiling ncryptf-rs v0.2.9 (/opt/rustwide/workdir)
[INFO] [stdout] warning: unnecessary parentheses around const expression
[INFO] [stdout]   --> src/request.rs:74:35
[INFO] [stdout]    |
[INFO] [stdout] 74 |                 let mut ipk: [u8; (CRYPTO_BOX_PUBLICKEYBYTES as usize)] = vec![0; CRYPTO_BOX_PUBLICKEYBYTES  as usize].try_into().unwrap();
[INFO] [stdout]    |                                   ^                                  ^
[INFO] [stdout]    |
[INFO] [stdout]    = note: `#[warn(unused_parens)]` on by default
[INFO] [stdout] help: remove these parentheses
[INFO] [stdout]    |
[INFO] [stdout] 74 -                 let mut ipk: [u8; (CRYPTO_BOX_PUBLICKEYBYTES as usize)] = vec![0; CRYPTO_BOX_PUBLICKEYBYTES  as usize].try_into().unwrap();
[INFO] [stdout] 74 +                 let mut ipk: [u8; CRYPTO_BOX_PUBLICKEYBYTES as usize] = vec![0; CRYPTO_BOX_PUBLICKEYBYTES  as usize].try_into().unwrap();
[INFO] [stdout]    |
[INFO] [stdout] 
[INFO] [stdout] 
[INFO] [stdout] warning: unnecessary parentheses around const expression
[INFO] [stdout]   --> src/request.rs:75:30
[INFO] [stdout]    |
[INFO] [stdout] 75 |                 let csk:[u8; (CRYPTO_BOX_SECRETKEYBYTES as usize)] = self.secret_key.clone().try_into().unwrap();
[INFO] [stdout]    |                              ^                                  ^
[INFO] [stdout]    |
[INFO] [stdout] help: remove these parentheses
[INFO] [stdout]    |
[INFO] [stdout] 75 -                 let csk:[u8; (CRYPTO_BOX_SECRETKEYBYTES as usize)] = self.secret_key.clone().try_into().unwrap();
[INFO] [stdout] 75 +                 let csk:[u8; CRYPTO_BOX_SECRETKEYBYTES as usize] = self.secret_key.clone().try_into().unwrap();
[INFO] [stdout]    |
[INFO] [stdout] 
[INFO] [stdout] 
[INFO] [stdout] warning: unnecessary parentheses around const expression
[INFO] [stdout]   --> src/request.rs:86:35
[INFO] [stdout]    |
[INFO] [stdout] 86 |                 let mut isk: [u8; (CRYPTO_SIGN_PUBLICKEYBYTES as usize)] = vec![0; CRYPTO_SIGN_PUBLICKEYBYTES as usize].try_into().unwrap();
[INFO] [stdout]    |                                   ^                                   ^
[INFO] [stdout]    |
[INFO] [stdout] help: remove these parentheses
[INFO] [stdout]    |
[INFO] [stdout] 86 -                 let mut isk: [u8; (CRYPTO_SIGN_PUBLICKEYBYTES as usize)] = vec![0; CRYPTO_SIGN_PUBLICKEYBYTES as usize].try_into().unwrap();
[INFO] [stdout] 86 +                 let mut isk: [u8; CRYPTO_SIGN_PUBLICKEYBYTES as usize] = vec![0; CRYPTO_SIGN_PUBLICKEYBYTES as usize].try_into().unwrap();
[INFO] [stdout]    |
[INFO] [stdout] 
[INFO] [stdout] 
[INFO] [stdout] warning: unnecessary parentheses around const expression
[INFO] [stdout]   --> src/request.rs:87:31
[INFO] [stdout]    |
[INFO] [stdout] 87 |                 let ssk: [u8; (CRYPTO_SIGN_SECRETKEYBYTES as usize)] = self.signature_secret_key.clone().try_into().unwrap();
[INFO] [stdout]    |                               ^                                   ^
[INFO] [stdout]    |
[INFO] [stdout] help: remove these parentheses
[INFO] [stdout]    |
[INFO] [stdout] 87 -                 let ssk: [u8; (CRYPTO_SIGN_SECRETKEYBYTES as usize)] = self.signature_secret_key.clone().try_into().unwrap();
[INFO] [stdout] 87 +                 let ssk: [u8; CRYPTO_SIGN_SECRETKEYBYTES as usize] = self.signature_secret_key.clone().try_into().unwrap();
[INFO] [stdout]    |
[INFO] [stdout] 
[INFO] [stdout] 
[INFO] [stdout] warning: unnecessary parentheses around const expression
[INFO] [stdout]    --> src/request.rs:107:30
[INFO] [stdout]     |
[INFO] [stdout] 107 |                 let s: &[u8; (CRYPTO_BOX_NONCEBYTES as usize)] = &n.clone().try_into().unwrap();
[INFO] [stdout]     |                              ^                              ^
[INFO] [stdout]     |
[INFO] [stdout] help: remove these parentheses
[INFO] [stdout]     |
[INFO] [stdout] 107 -                 let s: &[u8; (CRYPTO_BOX_NONCEBYTES as usize)] = &n.clone().try_into().unwrap();
[INFO] [stdout] 107 +                 let s: &[u8; CRYPTO_BOX_NONCEBYTES as usize] = &n.clone().try_into().unwrap();
[INFO] [stdout]     |
[INFO] [stdout] 
[INFO] [stdout] 
[INFO] [stdout] warning: unnecessary parentheses around const expression
[INFO] [stdout]    --> src/request.rs:139:21
[INFO] [stdout]     |
[INFO] [stdout] 139 |         let sk:[u8; (CRYPTO_BOX_SECRETKEYBYTES as usize)] = self.secret_key.clone().try_into().unwrap();
[INFO] [stdout]     |                     ^                                  ^
[INFO] [stdout]     |
[INFO] [stdout] help: remove these parentheses
[INFO] [stdout]     |
[INFO] [stdout] 139 -         let sk:[u8; (CRYPTO_BOX_SECRETKEYBYTES as usize)] = self.secret_key.clone().try_into().unwrap();
[INFO] [stdout] 139 +         let sk:[u8; CRYPTO_BOX_SECRETKEYBYTES as usize] = self.secret_key.clone().try_into().unwrap();
[INFO] [stdout]     |
[INFO] [stdout] 
[INFO] [stdout] 
[INFO] [stdout] warning: unnecessary parentheses around const expression
[INFO] [stdout]    --> src/request.rs:140:22
[INFO] [stdout]     |
[INFO] [stdout] 140 |         let pk: [u8; (CRYPTO_BOX_PUBLICKEYBYTES as usize)] = public_key.clone().try_into().unwrap();
[INFO] [stdout]     |                      ^                                  ^
[INFO] [stdout]     |
[INFO] [stdout] help: remove these parentheses
[INFO] [stdout]     |
[INFO] [stdout] 140 -         let pk: [u8; (CRYPTO_BOX_PUBLICKEYBYTES as usize)] = public_key.clone().try_into().unwrap();
[INFO] [stdout] 140 +         let pk: [u8; CRYPTO_BOX_PUBLICKEYBYTES as usize] = public_key.clone().try_into().unwrap();
[INFO] [stdout]     |
[INFO] [stdout] 
[INFO] [stdout] 
[INFO] [stdout] warning: unnecessary parentheses around const expression
[INFO] [stdout]    --> src/request.rs:141:21
[INFO] [stdout]     |
[INFO] [stdout] 141 |         let n: [u8; (CRYPTO_BOX_NONCEBYTES as usize)] = nonce.clone().try_into().unwrap();
[INFO] [stdout]     |                     ^                              ^
[INFO] [stdout]     |
[INFO] [stdout] help: remove these parentheses
[INFO] [stdout]     |
[INFO] [stdout] 141 -         let n: [u8; (CRYPTO_BOX_NONCEBYTES as usize)] = nonce.clone().try_into().unwrap();
[INFO] [stdout] 141 +         let n: [u8; CRYPTO_BOX_NONCEBYTES as usize] = nonce.clone().try_into().unwrap();
[INFO] [stdout]     |
[INFO] [stdout] 
[INFO] [stdout] 
[INFO] [stdout] warning: unnecessary parentheses around const expression
[INFO] [stdout]    --> src/request.rs:172:23
[INFO] [stdout]     |
[INFO] [stdout] 172 |         let key: [u8; (CRYPTO_SIGN_SECRETKEYBYTES as usize)] = self.signature_secret_key.clone().try_into().unwrap();
[INFO] [stdout]     |                       ^                                   ^
[INFO] [stdout]     |
[INFO] [stdout] help: remove these parentheses
[INFO] [stdout]     |
[INFO] [stdout] 172 -         let key: [u8; (CRYPTO_SIGN_SECRETKEYBYTES as usize)] = self.signature_secret_key.clone().try_into().unwrap();
[INFO] [stdout] 172 +         let key: [u8; CRYPTO_SIGN_SECRETKEYBYTES as usize] = self.signature_secret_key.clone().try_into().unwrap();
[INFO] [stdout]     |
[INFO] [stdout] 
[INFO] [stdout] 
[INFO] [stdout] warning: unnecessary parentheses around const expression
[INFO] [stdout]   --> src/response.rs:60:22
[INFO] [stdout]    |
[INFO] [stdout] 60 |         let sk: [u8; (CRYPTO_BOX_SECRETKEYBYTES as usize)] = self.secret_key.clone().try_into().unwrap();
[INFO] [stdout]    |                      ^                                  ^
[INFO] [stdout]    |
[INFO] [stdout] help: remove these parentheses
[INFO] [stdout]    |
[INFO] [stdout] 60 -         let sk: [u8; (CRYPTO_BOX_SECRETKEYBYTES as usize)] = self.secret_key.clone().try_into().unwrap();
[INFO] [stdout] 60 +         let sk: [u8; CRYPTO_BOX_SECRETKEYBYTES as usize] = self.secret_key.clone().try_into().unwrap();
[INFO] [stdout]    |
[INFO] [stdout] 
[INFO] [stdout] 
[INFO] [stdout] warning: unnecessary parentheses around const expression
[INFO] [stdout]   --> src/response.rs:61:22
[INFO] [stdout]    |
[INFO] [stdout] 61 |         let pk: [u8; (CRYPTO_BOX_PUBLICKEYBYTES as usize)] = public_key.try_into().unwrap();
[INFO] [stdout]    |                      ^                                  ^
[INFO] [stdout]    |
[INFO] [stdout] help: remove these parentheses
[INFO] [stdout]    |
[INFO] [stdout] 61 -         let pk: [u8; (CRYPTO_BOX_PUBLICKEYBYTES as usize)] = public_key.try_into().unwrap();
[INFO] [stdout] 61 +         let pk: [u8; CRYPTO_BOX_PUBLICKEYBYTES as usize] = public_key.try_into().unwrap();
[INFO] [stdout]    |
[INFO] [stdout] 
[INFO] [stdout] 
[INFO] [stdout] warning: unnecessary parentheses around const expression
[INFO] [stdout]   --> src/response.rs:62:21
[INFO] [stdout]    |
[INFO] [stdout] 62 |         let n: [u8; (CRYPTO_BOX_NONCEBYTES as usize)] = nonce.try_into().unwrap();
[INFO] [stdout]    |                     ^                              ^
[INFO] [stdout]    |
[INFO] [stdout] help: remove these parentheses
[INFO] [stdout]    |
[INFO] [stdout] 62 -         let n: [u8; (CRYPTO_BOX_NONCEBYTES as usize)] = nonce.try_into().unwrap();
[INFO] [stdout] 62 +         let n: [u8; CRYPTO_BOX_NONCEBYTES as usize] = nonce.try_into().unwrap();
[INFO] [stdout]    |
[INFO] [stdout] 
[INFO] [stdout] 
[INFO] [stdout] warning: unnecessary parentheses around const expression
[INFO] [stdout]   --> src/response.rs:97:22
[INFO] [stdout]    |
[INFO] [stdout] 97 |         let s: &[u8; (CRYPTO_BOX_NONCEBYTES as usize)] = &nonce.clone().try_into().unwrap();
[INFO] [stdout]    |                      ^                              ^
[INFO] [stdout]    |
[INFO] [stdout] help: remove these parentheses
[INFO] [stdout]    |
[INFO] [stdout] 97 -         let s: &[u8; (CRYPTO_BOX_NONCEBYTES as usize)] = &nonce.clone().try_into().unwrap();
[INFO] [stdout] 97 +         let s: &[u8; CRYPTO_BOX_NONCEBYTES as usize] = &nonce.clone().try_into().unwrap();
[INFO] [stdout]    |
[INFO] [stdout] 
[INFO] [stdout] 
[INFO] [stdout] warning: unnecessary parentheses around const expression
[INFO] [stdout]    --> src/response.rs:142:23
[INFO] [stdout]     |
[INFO] [stdout] 142 |         let sig: [u8; (CRYPTO_SIGN_BYTES as usize)] = signature.try_into().unwrap();
[INFO] [stdout]     |                       ^                          ^
[INFO] [stdout]     |
[INFO] [stdout] help: remove these parentheses
[INFO] [stdout]     |
[INFO] [stdout] 142 -         let sig: [u8; (CRYPTO_SIGN_BYTES as usize)] = signature.try_into().unwrap();
[INFO] [stdout] 142 +         let sig: [u8; CRYPTO_SIGN_BYTES as usize] = signature.try_into().unwrap();
[INFO] [stdout]     |
[INFO] [stdout] 
[INFO] [stdout] 
[INFO] [stdout] warning: unnecessary parentheses around const expression
[INFO] [stdout]    --> src/response.rs:143:22
[INFO] [stdout]     |
[INFO] [stdout] 143 |         let pk: [u8; (CRYPTO_SIGN_PUBLICKEYBYTES as usize)] = public_key.try_into().unwrap();
[INFO] [stdout]     |                      ^                                   ^
[INFO] [stdout]     |
[INFO] [stdout] help: remove these parentheses
[INFO] [stdout]     |
[INFO] [stdout] 143 -         let pk: [u8; (CRYPTO_SIGN_PUBLICKEYBYTES as usize)] = public_key.try_into().unwrap();
[INFO] [stdout] 143 +         let pk: [u8; CRYPTO_SIGN_PUBLICKEYBYTES as usize] = public_key.try_into().unwrap();
[INFO] [stdout]     |
[INFO] [stdout] 
[INFO] [stdout] 
[INFO] [stdout] warning: 15 warnings emitted
[INFO] [stdout] 
[INFO] [stdout] 
[INFO] [stderr]     Finished dev [unoptimized + debuginfo] target(s) in 1m 23s
[INFO] running `Command { std: "docker" "inspect" "ac976a2144633212d945d67a4cc94ff49f7ffd975a06e5289a6aa8d591bfed71", kill_on_drop: false }`
[INFO] running `Command { std: "docker" "rm" "-f" "ac976a2144633212d945d67a4cc94ff49f7ffd975a06e5289a6aa8d591bfed71", kill_on_drop: false }`
[INFO] [stdout] ac976a2144633212d945d67a4cc94ff49f7ffd975a06e5289a6aa8d591bfed71
[INFO] running `Command { std: "docker" "create" "-v" "/var/lib/crater-agent-workspace/builds/worker-7-tc1/target:/opt/rustwide/target:rw,Z" "-v" "/var/lib/crater-agent-workspace/builds/worker-7-tc1/source:/opt/rustwide/workdir:ro,Z" "-v" "/var/lib/crater-agent-workspace/cargo-home:/opt/rustwide/cargo-home:ro,Z" "-v" "/var/lib/crater-agent-workspace/rustup-home:/opt/rustwide/rustup-home:ro,Z" "-e" "SOURCE_DIR=/opt/rustwide/workdir" "-e" "CARGO_TARGET_DIR=/opt/rustwide/target" "-e" "CARGO_INCREMENTAL=0" "-e" "RUST_BACKTRACE=full" "-e" "RUSTFLAGS=--cap-lints=warn" "-e" "RUSTDOCFLAGS=--cap-lints=warn" "-e" "CARGO_HOME=/opt/rustwide/cargo-home" "-e" "RUSTUP_HOME=/opt/rustwide/rustup-home" "-w" "/opt/rustwide/workdir" "-m" "1610612736" "--user" "0:0" "--network" "none" "ghcr.io/rust-lang/crates-build-env/linux@sha256:5ff2268d62e97bff2cde7d5815dd6ed5b47097566f13b8d0ca110b04b60e07ed" "/opt/rustwide/cargo-home/bin/cargo" "+1.69.0" "test" "--frozen" "--no-run" "--message-format=json", kill_on_drop: false }`
[INFO] [stdout] 2d36560e52dd1b079d685262ae47260d93128cfaa177649bf3bb4e4dc872c0e0
[INFO] running `Command { std: "docker" "start" "-a" "2d36560e52dd1b079d685262ae47260d93128cfaa177649bf3bb4e4dc872c0e0", kill_on_drop: false }`
[INFO] [stderr]    Compiling tokio v1.28.0
[INFO] [stderr]    Compiling mio v0.8.6
[INFO] [stderr]    Compiling signal-hook-registry v1.4.1
[INFO] [stderr]    Compiling syn v2.0.15
[INFO] [stderr]    Compiling serde v1.0.160
[INFO] [stderr]    Compiling libc v0.2.142
[INFO] [stderr]    Compiling proc-macro2-diagnostics v0.10.0
[INFO] [stderr]    Compiling futures-util v0.3.28
[INFO] [stderr]    Compiling yansi v0.5.1
[INFO] [stderr]    Compiling futures-core v0.3.28
[INFO] [stderr]    Compiling indexmap v1.9.3
[INFO] [stderr]    Compiling futures-task v0.3.28
[INFO] [stderr]    Compiling futures-sink v0.3.28
[INFO] [stderr]    Compiling time-core v0.1.0
[INFO] [stderr]    Compiling cookie v0.17.0
[INFO] [stderr]    Compiling time-macros v0.2.8
[INFO] [stderr]    Compiling inlinable_string v0.1.15
[INFO] [stderr]    Compiling smallvec v1.10.0
[INFO] [stderr]    Compiling bitflags v2.2.1
[INFO] [stderr]    Compiling io-lifetimes v1.0.10
[INFO] [stderr]    Compiling ref-cast v1.0.16
[INFO] [stderr]    Compiling futures-channel v0.3.28
[INFO] [stderr]    Compiling socket2 v0.4.9
[INFO] [stderr]    Compiling want v0.3.0
[INFO] [stderr]    Compiling getrandom v0.2.9
[INFO] [stderr]    Compiling uncased v0.9.7
[INFO] [stderr]    Compiling rustix v0.37.18
[INFO] [stderr]    Compiling rand_core v0.6.4
[INFO] [stderr]    Compiling xattr v0.2.3
[INFO] [stderr]    Compiling filetime v0.2.21
[INFO] [stderr]    Compiling stable-pattern v0.1.0
[INFO] [stderr]    Compiling lock_api v0.4.9
[INFO] [stderr]    Compiling linux-raw-sys v0.3.6
[INFO] [stderr]    Compiling futures-io v0.3.28
[INFO] [stderr]    Compiling time v0.3.20
[INFO] [stderr]    Compiling parking_lot_core v0.9.7
[INFO] [stderr]    Compiling state v0.5.3
[INFO] [stderr]    Compiling futures v0.3.28
[INFO] [stderr]    Compiling rand_chacha v0.3.1
[INFO] [stderr]    Compiling tar v0.4.38
[INFO] [stderr]    Compiling multer v2.1.0
[INFO] [stderr]    Compiling figment v0.10.8
[INFO] [stderr]    Compiling devise_core v0.4.1
[INFO] [stderr]    Compiling atomic v0.5.1
[INFO] [stderr]    Compiling libsodium-sys-stable v1.19.27
[INFO] [stderr]    Compiling hyper v0.14.26
[INFO] [stderr]    Compiling rand v0.8.5
[INFO] [stderr]    Compiling rocket v0.5.0-rc.3
[INFO] [stderr]    Compiling unicode-xid v0.2.4
[INFO] [stderr]    Compiling spin v0.9.8
[INFO] [stderr]    Compiling retain_mut v0.1.9
[INFO] [stderr]    Compiling glob v0.3.1
[INFO] [stderr]    Compiling is-terminal v0.4.7
[INFO] [stderr]    Compiling tempfile v3.5.0
[INFO] [stderr]    Compiling parking_lot v0.12.1
[INFO] [stderr]    Compiling time v0.1.45
[INFO] [stderr]    Compiling binascii v0.1.4
[INFO] [stderr]    Compiling sha1_smol v1.0.0
[INFO] [stderr]    Compiling sha1 v0.6.1
[INFO] [stderr]    Compiling tokio-macros v2.1.0
[INFO] [stderr]    Compiling serde_derive v1.0.160
[INFO] [stderr]    Compiling pear_codegen v0.2.4
[INFO] [stderr]    Compiling async-trait v0.1.68
[INFO] [stderr]    Compiling ref-cast-impl v1.0.16
[INFO] [stderr]    Compiling openssl-macros v0.1.1
[INFO] [stderr]    Compiling devise_codegen v0.4.1
[INFO] [stderr]    Compiling openssl v0.10.52
[INFO] [stderr]    Compiling async-stream-impl v0.3.5
[INFO] [stderr]    Compiling pear v0.2.4
[INFO] [stderr]    Compiling thiserror-impl v1.0.40
[INFO] [stderr]    Compiling devise v0.4.1
[INFO] [stderr]    Compiling rocket_db_pools_codegen v0.1.0-rc.3
[INFO] [stderr]    Compiling async-stream v0.3.5
[INFO] [stderr]    Compiling chrono v0.4.24
[INFO] [stderr]    Compiling rocket_http v0.5.0-rc.3
[INFO] [stderr]    Compiling thiserror v1.0.40
[INFO] [stderr]    Compiling native-tls v0.2.11
[INFO] [stderr]    Compiling rocket_codegen v0.5.0-rc.3
[INFO] [stderr]    Compiling tokio-util v0.7.8
[INFO] [stderr]    Compiling deadpool-runtime v0.1.2
[INFO] [stderr]    Compiling tokio-native-tls v0.3.1
[INFO] [stderr]    Compiling tokio-stream v0.1.14
[INFO] [stderr]    Compiling deadpool v0.9.5
[INFO] [stderr]    Compiling combine v4.6.6
[INFO] [stderr]    Compiling toml v0.5.11
[INFO] [stderr]    Compiling h2 v0.3.18
[INFO] [stderr]    Compiling serde_json v1.0.96
[INFO] [stderr]    Compiling ubyte v0.10.3
[INFO] [stderr]    Compiling serde_urlencoded v0.7.1
[INFO] [stderr]    Compiling redis v0.22.3
[INFO] [stderr]    Compiling redis v0.21.7
[INFO] [stderr]    Compiling hyper-tls v0.5.0
[INFO] [stderr]    Compiling reqwest v0.11.17
[INFO] [stderr]    Compiling deadpool-redis v0.11.1
[INFO] [stderr]    Compiling rocket_db_pools v0.1.0-rc.3
[INFO] [stderr]    Compiling ncryptf-rs v0.2.9 (/opt/rustwide/workdir)
[INFO] [stdout] warning: unnecessary parentheses around const expression
[INFO] [stdout]   --> src/request.rs:74:35
[INFO] [stdout]    |
[INFO] [stdout] 74 |                 let mut ipk: [u8; (CRYPTO_BOX_PUBLICKEYBYTES as usize)] = vec![0; CRYPTO_BOX_PUBLICKEYBYTES  as usize].try_into().unwrap();
[INFO] [stdout]    |                                   ^                                  ^
[INFO] [stdout]    |
[INFO] [stdout]    = note: `#[warn(unused_parens)]` on by default
[INFO] [stdout] help: remove these parentheses
[INFO] [stdout]    |
[INFO] [stdout] 74 -                 let mut ipk: [u8; (CRYPTO_BOX_PUBLICKEYBYTES as usize)] = vec![0; CRYPTO_BOX_PUBLICKEYBYTES  as usize].try_into().unwrap();
[INFO] [stdout] 74 +                 let mut ipk: [u8; CRYPTO_BOX_PUBLICKEYBYTES as usize] = vec![0; CRYPTO_BOX_PUBLICKEYBYTES  as usize].try_into().unwrap();
[INFO] [stdout]    |
[INFO] [stdout] 
[INFO] [stdout] 
[INFO] [stdout] warning: unnecessary parentheses around const expression
[INFO] [stdout]   --> src/request.rs:75:30
[INFO] [stdout]    |
[INFO] [stdout] 75 |                 let csk:[u8; (CRYPTO_BOX_SECRETKEYBYTES as usize)] = self.secret_key.clone().try_into().unwrap();
[INFO] [stdout]    |                              ^                                  ^
[INFO] [stdout]    |
[INFO] [stdout] help: remove these parentheses
[INFO] [stdout]    |
[INFO] [stdout] 75 -                 let csk:[u8; (CRYPTO_BOX_SECRETKEYBYTES as usize)] = self.secret_key.clone().try_into().unwrap();
[INFO] [stdout] 75 +                 let csk:[u8; CRYPTO_BOX_SECRETKEYBYTES as usize] = self.secret_key.clone().try_into().unwrap();
[INFO] [stdout]    |
[INFO] [stdout] 
[INFO] [stdout] 
[INFO] [stdout] warning: unnecessary parentheses around const expression
[INFO] [stdout]   --> src/request.rs:86:35
[INFO] [stdout]    |
[INFO] [stdout] 86 |                 let mut isk: [u8; (CRYPTO_SIGN_PUBLICKEYBYTES as usize)] = vec![0; CRYPTO_SIGN_PUBLICKEYBYTES as usize].try_into().unwrap();
[INFO] [stdout]    |                                   ^                                   ^
[INFO] [stdout]    |
[INFO] [stdout] help: remove these parentheses
[INFO] [stdout]    |
[INFO] [stdout] 86 -                 let mut isk: [u8; (CRYPTO_SIGN_PUBLICKEYBYTES as usize)] = vec![0; CRYPTO_SIGN_PUBLICKEYBYTES as usize].try_into().unwrap();
[INFO] [stdout] 86 +                 let mut isk: [u8; CRYPTO_SIGN_PUBLICKEYBYTES as usize] = vec![0; CRYPTO_SIGN_PUBLICKEYBYTES as usize].try_into().unwrap();
[INFO] [stdout]    |
[INFO] [stdout] 
[INFO] [stdout] 
[INFO] [stdout] warning: unnecessary parentheses around const expression
[INFO] [stdout]   --> src/request.rs:87:31
[INFO] [stdout]    |
[INFO] [stdout] 87 |                 let ssk: [u8; (CRYPTO_SIGN_SECRETKEYBYTES as usize)] = self.signature_secret_key.clone().try_into().unwrap();
[INFO] [stdout]    |                               ^                                   ^
[INFO] [stdout]    |
[INFO] [stdout] help: remove these parentheses
[INFO] [stdout]    |
[INFO] [stdout] 87 -                 let ssk: [u8; (CRYPTO_SIGN_SECRETKEYBYTES as usize)] = self.signature_secret_key.clone().try_into().unwrap();
[INFO] [stdout] 87 +                 let ssk: [u8; CRYPTO_SIGN_SECRETKEYBYTES as usize] = self.signature_secret_key.clone().try_into().unwrap();
[INFO] [stdout]    |
[INFO] [stdout] 
[INFO] [stdout] 
[INFO] [stdout] warning: unnecessary parentheses around const expression
[INFO] [stdout]    --> src/request.rs:107:30
[INFO] [stdout]     |
[INFO] [stdout] 107 |                 let s: &[u8; (CRYPTO_BOX_NONCEBYTES as usize)] = &n.clone().try_into().unwrap();
[INFO] [stdout]     |                              ^                              ^
[INFO] [stdout]     |
[INFO] [stdout] help: remove these parentheses
[INFO] [stdout]     |
[INFO] [stdout] 107 -                 let s: &[u8; (CRYPTO_BOX_NONCEBYTES as usize)] = &n.clone().try_into().unwrap();
[INFO] [stdout] 107 +                 let s: &[u8; CRYPTO_BOX_NONCEBYTES as usize] = &n.clone().try_into().unwrap();
[INFO] [stdout]     |
[INFO] [stdout] 
[INFO] [stdout] 
[INFO] [stdout] warning: unnecessary parentheses around const expression
[INFO] [stdout]    --> src/request.rs:139:21
[INFO] [stdout]     |
[INFO] [stdout] 139 |         let sk:[u8; (CRYPTO_BOX_SECRETKEYBYTES as usize)] = self.secret_key.clone().try_into().unwrap();
[INFO] [stdout]     |                     ^                                  ^
[INFO] [stdout]     |
[INFO] [stdout] help: remove these parentheses
[INFO] [stdout]     |
[INFO] [stdout] 139 -         let sk:[u8; (CRYPTO_BOX_SECRETKEYBYTES as usize)] = self.secret_key.clone().try_into().unwrap();
[INFO] [stdout] 139 +         let sk:[u8; CRYPTO_BOX_SECRETKEYBYTES as usize] = self.secret_key.clone().try_into().unwrap();
[INFO] [stdout]     |
[INFO] [stdout] 
[INFO] [stdout] 
[INFO] [stdout] warning: unnecessary parentheses around const expression
[INFO] [stdout]    --> src/request.rs:140:22
[INFO] [stdout]     |
[INFO] [stdout] 140 |         let pk: [u8; (CRYPTO_BOX_PUBLICKEYBYTES as usize)] = public_key.clone().try_into().unwrap();
[INFO] [stdout]     |                      ^                                  ^
[INFO] [stdout]     |
[INFO] [stdout] help: remove these parentheses
[INFO] [stdout]     |
[INFO] [stdout] 140 -         let pk: [u8; (CRYPTO_BOX_PUBLICKEYBYTES as usize)] = public_key.clone().try_into().unwrap();
[INFO] [stdout] 140 +         let pk: [u8; CRYPTO_BOX_PUBLICKEYBYTES as usize] = public_key.clone().try_into().unwrap();
[INFO] [stdout]     |
[INFO] [stdout] 
[INFO] [stdout] 
[INFO] [stdout] warning: unnecessary parentheses around const expression
[INFO] [stdout]    --> src/request.rs:141:21
[INFO] [stdout]     |
[INFO] [stdout] 141 |         let n: [u8; (CRYPTO_BOX_NONCEBYTES as usize)] = nonce.clone().try_into().unwrap();
[INFO] [stdout]     |                     ^                              ^
[INFO] [stdout]     |
[INFO] [stdout] help: remove these parentheses
[INFO] [stdout]     |
[INFO] [stdout] 141 -         let n: [u8; (CRYPTO_BOX_NONCEBYTES as usize)] = nonce.clone().try_into().unwrap();
[INFO] [stdout] 141 +         let n: [u8; CRYPTO_BOX_NONCEBYTES as usize] = nonce.clone().try_into().unwrap();
[INFO] [stdout]     |
[INFO] [stdout] 
[INFO] [stdout] 
[INFO] [stdout] warning: unnecessary parentheses around const expression
[INFO] [stdout]    --> src/request.rs:172:23
[INFO] [stdout]     |
[INFO] [stdout] 172 |         let key: [u8; (CRYPTO_SIGN_SECRETKEYBYTES as usize)] = self.signature_secret_key.clone().try_into().unwrap();
[INFO] [stdout]     |                       ^                                   ^
[INFO] [stdout]     |
[INFO] [stdout] help: remove these parentheses
[INFO] [stdout]     |
[INFO] [stdout] 172 -         let key: [u8; (CRYPTO_SIGN_SECRETKEYBYTES as usize)] = self.signature_secret_key.clone().try_into().unwrap();
[INFO] [stdout] 172 +         let key: [u8; CRYPTO_SIGN_SECRETKEYBYTES as usize] = self.signature_secret_key.clone().try_into().unwrap();
[INFO] [stdout]     |
[INFO] [stdout] 
[INFO] [stdout] 
[INFO] [stdout] warning: unnecessary parentheses around const expression
[INFO] [stdout]   --> src/response.rs:60:22
[INFO] [stdout]    |
[INFO] [stdout] 60 |         let sk: [u8; (CRYPTO_BOX_SECRETKEYBYTES as usize)] = self.secret_key.clone().try_into().unwrap();
[INFO] [stdout]    |                      ^                                  ^
[INFO] [stdout]    |
[INFO] [stdout] help: remove these parentheses
[INFO] [stdout]    |
[INFO] [stdout] 60 -         let sk: [u8; (CRYPTO_BOX_SECRETKEYBYTES as usize)] = self.secret_key.clone().try_into().unwrap();
[INFO] [stdout] 60 +         let sk: [u8; CRYPTO_BOX_SECRETKEYBYTES as usize] = self.secret_key.clone().try_into().unwrap();
[INFO] [stdout]    |
[INFO] [stdout] 
[INFO] [stdout] 
[INFO] [stdout] warning: unnecessary parentheses around const expression
[INFO] [stdout]   --> src/response.rs:61:22
[INFO] [stdout]    |
[INFO] [stdout] 61 |         let pk: [u8; (CRYPTO_BOX_PUBLICKEYBYTES as usize)] = public_key.try_into().unwrap();
[INFO] [stdout]    |                      ^                                  ^
[INFO] [stdout]    |
[INFO] [stdout] help: remove these parentheses
[INFO] [stdout]    |
[INFO] [stdout] 61 -         let pk: [u8; (CRYPTO_BOX_PUBLICKEYBYTES as usize)] = public_key.try_into().unwrap();
[INFO] [stdout] 61 +         let pk: [u8; CRYPTO_BOX_PUBLICKEYBYTES as usize] = public_key.try_into().unwrap();
[INFO] [stdout]    |
[INFO] [stdout] 
[INFO] [stdout] 
[INFO] [stdout] warning: unnecessary parentheses around const expression
[INFO] [stdout]   --> src/response.rs:62:21
[INFO] [stdout]    |
[INFO] [stdout] 62 |         let n: [u8; (CRYPTO_BOX_NONCEBYTES as usize)] = nonce.try_into().unwrap();
[INFO] [stdout]    |                     ^                              ^
[INFO] [stdout]    |
[INFO] [stdout] help: remove these parentheses
[INFO] [stdout]    |
[INFO] [stdout] 62 -         let n: [u8; (CRYPTO_BOX_NONCEBYTES as usize)] = nonce.try_into().unwrap();
[INFO] [stdout] 62 +         let n: [u8; CRYPTO_BOX_NONCEBYTES as usize] = nonce.try_into().unwrap();
[INFO] [stdout]    |
[INFO] [stdout] 
[INFO] [stdout] 
[INFO] [stdout] warning: unnecessary parentheses around const expression
[INFO] [stdout]   --> src/response.rs:97:22
[INFO] [stdout]    |
[INFO] [stdout] 97 |         let s: &[u8; (CRYPTO_BOX_NONCEBYTES as usize)] = &nonce.clone().try_into().unwrap();
[INFO] [stdout]    |                      ^                              ^
[INFO] [stdout]    |
[INFO] [stdout] help: remove these parentheses
[INFO] [stdout]    |
[INFO] [stdout] 97 -         let s: &[u8; (CRYPTO_BOX_NONCEBYTES as usize)] = &nonce.clone().try_into().unwrap();
[INFO] [stdout] 97 +         let s: &[u8; CRYPTO_BOX_NONCEBYTES as usize] = &nonce.clone().try_into().unwrap();
[INFO] [stdout]    |
[INFO] [stdout] 
[INFO] [stdout] 
[INFO] [stdout] warning: unnecessary parentheses around const expression
[INFO] [stdout]    --> src/response.rs:142:23
[INFO] [stdout]     |
[INFO] [stdout] 142 |         let sig: [u8; (CRYPTO_SIGN_BYTES as usize)] = signature.try_into().unwrap();
[INFO] [stdout]     |                       ^                          ^
[INFO] [stdout]     |
[INFO] [stdout] help: remove these parentheses
[INFO] [stdout]     |
[INFO] [stdout] 142 -         let sig: [u8; (CRYPTO_SIGN_BYTES as usize)] = signature.try_into().unwrap();
[INFO] [stdout] 142 +         let sig: [u8; CRYPTO_SIGN_BYTES as usize] = signature.try_into().unwrap();
[INFO] [stdout]     |
[INFO] [stdout] 
[INFO] [stdout] 
[INFO] [stdout] warning: unnecessary parentheses around const expression
[INFO] [stdout]    --> src/response.rs:143:22
[INFO] [stdout]     |
[INFO] [stdout] 143 |         let pk: [u8; (CRYPTO_SIGN_PUBLICKEYBYTES as usize)] = public_key.try_into().unwrap();
[INFO] [stdout]     |                      ^                                   ^
[INFO] [stdout]     |
[INFO] [stdout] help: remove these parentheses
[INFO] [stdout]     |
[INFO] [stdout] 143 -         let pk: [u8; (CRYPTO_SIGN_PUBLICKEYBYTES as usize)] = public_key.try_into().unwrap();
[INFO] [stdout] 143 +         let pk: [u8; CRYPTO_SIGN_PUBLICKEYBYTES as usize] = public_key.try_into().unwrap();
[INFO] [stdout]     |
[INFO] [stdout] 
[INFO] [stdout] 
[INFO] [stdout] warning: unnecessary parentheses around const expression
[INFO] [stdout]   --> src/request.rs:74:35
[INFO] [stdout]    |
[INFO] [stdout] 74 |                 let mut ipk: [u8; (CRYPTO_BOX_PUBLICKEYBYTES as usize)] = vec![0; CRYPTO_BOX_PUBLICKEYBYTES  as usize].try_into().unwrap();
[INFO] [stdout]    |                                   ^                                  ^
[INFO] [stdout]    |
[INFO] [stdout]    = note: `#[warn(unused_parens)]` on by default
[INFO] [stdout] help: remove these parentheses
[INFO] [stdout]    |
[INFO] [stdout] 74 -                 let mut ipk: [u8; (CRYPTO_BOX_PUBLICKEYBYTES as usize)] = vec![0; CRYPTO_BOX_PUBLICKEYBYTES  as usize].try_into().unwrap();
[INFO] [stdout] 74 +                 let mut ipk: [u8; CRYPTO_BOX_PUBLICKEYBYTES as usize] = vec![0; CRYPTO_BOX_PUBLICKEYBYTES  as usize].try_into().unwrap();
[INFO] [stdout]    |
[INFO] [stdout] 
[INFO] [stdout] 
[INFO] [stdout] warning: unnecessary parentheses around const expression
[INFO] [stdout]   --> src/request.rs:75:30
[INFO] [stdout]    |
[INFO] [stdout] 75 |                 let csk:[u8; (CRYPTO_BOX_SECRETKEYBYTES as usize)] = self.secret_key.clone().try_into().unwrap();
[INFO] [stdout]    |                              ^                                  ^
[INFO] [stdout]    |
[INFO] [stdout] help: remove these parentheses
[INFO] [stdout]    |
[INFO] [stdout] 75 -                 let csk:[u8; (CRYPTO_BOX_SECRETKEYBYTES as usize)] = self.secret_key.clone().try_into().unwrap();
[INFO] [stdout] 75 +                 let csk:[u8; CRYPTO_BOX_SECRETKEYBYTES as usize] = self.secret_key.clone().try_into().unwrap();
[INFO] [stdout]    |
[INFO] [stdout] 
[INFO] [stdout] 
[INFO] [stdout] warning: unnecessary parentheses around const expression
[INFO] [stdout]   --> src/request.rs:86:35
[INFO] [stdout]    |
[INFO] [stdout] 86 |                 let mut isk: [u8; (CRYPTO_SIGN_PUBLICKEYBYTES as usize)] = vec![0; CRYPTO_SIGN_PUBLICKEYBYTES as usize].try_into().unwrap();
[INFO] [stdout]    |                                   ^                                   ^
[INFO] [stdout]    |
[INFO] [stdout] help: remove these parentheses
[INFO] [stdout]    |
[INFO] [stdout] 86 -                 let mut isk: [u8; (CRYPTO_SIGN_PUBLICKEYBYTES as usize)] = vec![0; CRYPTO_SIGN_PUBLICKEYBYTES as usize].try_into().unwrap();
[INFO] [stdout] 86 +                 let mut isk: [u8; CRYPTO_SIGN_PUBLICKEYBYTES as usize] = vec![0; CRYPTO_SIGN_PUBLICKEYBYTES as usize].try_into().unwrap();
[INFO] [stdout]    |
[INFO] [stdout] 
[INFO] [stdout] 
[INFO] [stdout] warning: unnecessary parentheses around const expression
[INFO] [stdout]   --> src/request.rs:87:31
[INFO] [stdout]    |
[INFO] [stdout] 87 |                 let ssk: [u8; (CRYPTO_SIGN_SECRETKEYBYTES as usize)] = self.signature_secret_key.clone().try_into().unwrap();
[INFO] [stdout]    |                               ^                                   ^
[INFO] [stdout]    |
[INFO] [stdout] help: remove these parentheses
[INFO] [stdout]    |
[INFO] [stdout] 87 -                 let ssk: [u8; (CRYPTO_SIGN_SECRETKEYBYTES as usize)] = self.signature_secret_key.clone().try_into().unwrap();
[INFO] [stdout] 87 +                 let ssk: [u8; CRYPTO_SIGN_SECRETKEYBYTES as usize] = self.signature_secret_key.clone().try_into().unwrap();
[INFO] [stdout]    |
[INFO] [stdout] 
[INFO] [stdout] 
[INFO] [stdout] warning: unnecessary parentheses around const expression
[INFO] [stdout]    --> src/request.rs:107:30
[INFO] [stdout]     |
[INFO] [stdout] 107 |                 let s: &[u8; (CRYPTO_BOX_NONCEBYTES as usize)] = &n.clone().try_into().unwrap();
[INFO] [stdout]     |                              ^                              ^
[INFO] [stdout]     |
[INFO] [stdout] help: remove these parentheses
[INFO] [stdout]     |
[INFO] [stdout] 107 -                 let s: &[u8; (CRYPTO_BOX_NONCEBYTES as usize)] = &n.clone().try_into().unwrap();
[INFO] [stdout] 107 +                 let s: &[u8; CRYPTO_BOX_NONCEBYTES as usize] = &n.clone().try_into().unwrap();
[INFO] [stdout]     |
[INFO] [stdout] 
[INFO] [stdout] 
[INFO] [stdout] warning: unnecessary parentheses around const expression
[INFO] [stdout]    --> src/request.rs:139:21
[INFO] [stdout]     |
[INFO] [stdout] 139 |         let sk:[u8; (CRYPTO_BOX_SECRETKEYBYTES as usize)] = self.secret_key.clone().try_into().unwrap();
[INFO] [stdout]     |                     ^                                  ^
[INFO] [stdout]     |
[INFO] [stdout] help: remove these parentheses
[INFO] [stdout]     |
[INFO] [stdout] 139 -         let sk:[u8; (CRYPTO_BOX_SECRETKEYBYTES as usize)] = self.secret_key.clone().try_into().unwrap();
[INFO] [stdout] 139 +         let sk:[u8; CRYPTO_BOX_SECRETKEYBYTES as usize] = self.secret_key.clone().try_into().unwrap();
[INFO] [stdout]     |
[INFO] [stdout] 
[INFO] [stdout] 
[INFO] [stdout] warning: unnecessary parentheses around const expression
[INFO] [stdout]    --> src/request.rs:140:22
[INFO] [stdout]     |
[INFO] [stdout] 140 |         let pk: [u8; (CRYPTO_BOX_PUBLICKEYBYTES as usize)] = public_key.clone().try_into().unwrap();
[INFO] [stdout]     |                      ^                                  ^
[INFO] [stdout]     |
[INFO] [stdout] help: remove these parentheses
[INFO] [stdout]     |
[INFO] [stdout] 140 -         let pk: [u8; (CRYPTO_BOX_PUBLICKEYBYTES as usize)] = public_key.clone().try_into().unwrap();
[INFO] [stdout] 140 +         let pk: [u8; CRYPTO_BOX_PUBLICKEYBYTES as usize] = public_key.clone().try_into().unwrap();
[INFO] [stdout]     |
[INFO] [stdout] 
[INFO] [stdout] 
[INFO] [stdout] warning: unnecessary parentheses around const expression
[INFO] [stdout]    --> src/request.rs:141:21
[INFO] [stdout]     |
[INFO] [stdout] 141 |         let n: [u8; (CRYPTO_BOX_NONCEBYTES as usize)] = nonce.clone().try_into().unwrap();
[INFO] [stdout]     |                     ^                              ^
[INFO] [stdout]     |
[INFO] [stdout] help: remove these parentheses
[INFO] [stdout]     |
[INFO] [stdout] 141 -         let n: [u8; (CRYPTO_BOX_NONCEBYTES as usize)] = nonce.clone().try_into().unwrap();
[INFO] [stdout] 141 +         let n: [u8; CRYPTO_BOX_NONCEBYTES as usize] = nonce.clone().try_into().unwrap();
[INFO] [stdout]     |
[INFO] [stdout] 
[INFO] [stdout] 
[INFO] [stdout] warning: unnecessary parentheses around const expression
[INFO] [stdout]    --> src/request.rs:172:23
[INFO] [stdout]     |
[INFO] [stdout] 172 |         let key: [u8; (CRYPTO_SIGN_SECRETKEYBYTES as usize)] = self.signature_secret_key.clone().try_into().unwrap();
[INFO] [stdout]     |                       ^                                   ^
[INFO] [stdout]     |
[INFO] [stdout] help: remove these parentheses
[INFO] [stdout]     |
[INFO] [stdout] 172 -         let key: [u8; (CRYPTO_SIGN_SECRETKEYBYTES as usize)] = self.signature_secret_key.clone().try_into().unwrap();
[INFO] [stdout] 172 +         let key: [u8; CRYPTO_SIGN_SECRETKEYBYTES as usize] = self.signature_secret_key.clone().try_into().unwrap();
[INFO] [stdout]     |
[INFO] [stdout] 
[INFO] [stdout] 
[INFO] [stdout] warning: unnecessary parentheses around const expression
[INFO] [stdout]   --> src/response.rs:60:22
[INFO] [stdout]    |
[INFO] [stdout] 60 |         let sk: [u8; (CRYPTO_BOX_SECRETKEYBYTES as usize)] = self.secret_key.clone().try_into().unwrap();
[INFO] [stdout]    |                      ^                                  ^
[INFO] [stdout]    |
[INFO] [stdout] help: remove these parentheses
[INFO] [stdout]    |
[INFO] [stdout] 60 -         let sk: [u8; (CRYPTO_BOX_SECRETKEYBYTES as usize)] = self.secret_key.clone().try_into().unwrap();
[INFO] [stdout] 60 +         let sk: [u8; CRYPTO_BOX_SECRETKEYBYTES as usize] = self.secret_key.clone().try_into().unwrap();
[INFO] [stdout]    |
[INFO] [stdout] 
[INFO] [stdout] 
[INFO] [stdout] warning: unnecessary parentheses around const expression
[INFO] [stdout]   --> src/response.rs:61:22
[INFO] [stdout]    |
[INFO] [stdout] 61 |         let pk: [u8; (CRYPTO_BOX_PUBLICKEYBYTES as usize)] = public_key.try_into().unwrap();
[INFO] [stdout]    |                      ^                                  ^
[INFO] [stdout]    |
[INFO] [stdout] help: remove these parentheses
[INFO] [stdout]    |
[INFO] [stdout] 61 -         let pk: [u8; (CRYPTO_BOX_PUBLICKEYBYTES as usize)] = public_key.try_into().unwrap();
[INFO] [stdout] 61 +         let pk: [u8; CRYPTO_BOX_PUBLICKEYBYTES as usize] = public_key.try_into().unwrap();
[INFO] [stdout]    |
[INFO] [stdout] 
[INFO] [stdout] 
[INFO] [stdout] warning: unnecessary parentheses around const expression
[INFO] [stdout]   --> src/response.rs:62:21
[INFO] [stdout]    |
[INFO] [stdout] 62 |         let n: [u8; (CRYPTO_BOX_NONCEBYTES as usize)] = nonce.try_into().unwrap();
[INFO] [stdout]    |                     ^                              ^
[INFO] [stdout]    |
[INFO] [stdout] help: remove these parentheses
[INFO] [stdout]    |
[INFO] [stdout] 62 -         let n: [u8; (CRYPTO_BOX_NONCEBYTES as usize)] = nonce.try_into().unwrap();
[INFO] [stdout] 62 +         let n: [u8; CRYPTO_BOX_NONCEBYTES as usize] = nonce.try_into().unwrap();
[INFO] [stdout]    |
[INFO] [stdout] 
[INFO] [stdout] 
[INFO] [stdout] warning: unnecessary parentheses around const expression
[INFO] [stdout]   --> src/response.rs:97:22
[INFO] [stdout]    |
[INFO] [stdout] 97 |         let s: &[u8; (CRYPTO_BOX_NONCEBYTES as usize)] = &nonce.clone().try_into().unwrap();
[INFO] [stdout]    |                      ^                              ^
[INFO] [stdout]    |
[INFO] [stdout] help: remove these parentheses
[INFO] [stdout]    |
[INFO] [stdout] 97 -         let s: &[u8; (CRYPTO_BOX_NONCEBYTES as usize)] = &nonce.clone().try_into().unwrap();
[INFO] [stdout] 97 +         let s: &[u8; CRYPTO_BOX_NONCEBYTES as usize] = &nonce.clone().try_into().unwrap();
[INFO] [stdout]    |
[INFO] [stdout] 
[INFO] [stdout] 
[INFO] [stdout] warning: unnecessary parentheses around const expression
[INFO] [stdout]    --> src/response.rs:142:23
[INFO] [stdout]     |
[INFO] [stdout] 142 |         let sig: [u8; (CRYPTO_SIGN_BYTES as usize)] = signature.try_into().unwrap();
[INFO] [stdout]     |                       ^                          ^
[INFO] [stdout]     |
[INFO] [stdout] help: remove these parentheses
[INFO] [stdout]     |
[INFO] [stdout] 142 -         let sig: [u8; (CRYPTO_SIGN_BYTES as usize)] = signature.try_into().unwrap();
[INFO] [stdout] 142 +         let sig: [u8; CRYPTO_SIGN_BYTES as usize] = signature.try_into().unwrap();
[INFO] [stdout]     |
[INFO] [stdout] 
[INFO] [stdout] 
[INFO] [stdout] warning: unnecessary parentheses around const expression
[INFO] [stdout]    --> src/response.rs:143:22
[INFO] [stdout]     |
[INFO] [stdout] 143 |         let pk: [u8; (CRYPTO_SIGN_PUBLICKEYBYTES as usize)] = public_key.try_into().unwrap();
[INFO] [stdout]     |                      ^                                   ^
[INFO] [stdout]     |
[INFO] [stdout] help: remove these parentheses
[INFO] [stdout]     |
[INFO] [stdout] 143 -         let pk: [u8; (CRYPTO_SIGN_PUBLICKEYBYTES as usize)] = public_key.try_into().unwrap();
[INFO] [stdout] 143 +         let pk: [u8; CRYPTO_SIGN_PUBLICKEYBYTES as usize] = public_key.try_into().unwrap();
[INFO] [stdout]     |
[INFO] [stdout] 
[INFO] [stdout] 
[INFO] [stdout] warning: 15 warnings emitted
[INFO] [stdout] 
[INFO] [stdout] 
[INFO] [stdout] warning: 15 warnings emitted
[INFO] [stdout] 
[INFO] [stdout] 
[INFO] [stdout] error[E0432]: unresolved imports `ncryptf::ek_route`, `ncryptf::rocket`
[INFO] [stdout]  --> tests/rocketts/mod.rs:1:15
[INFO] [stdout]   |
[INFO] [stdout] 1 | use ncryptf::{ek_route, rocket::ExportableEncryptionKeyData};
[INFO] [stdout]   |               ^^^^^^^^  ^^^^^^ could not find `rocket` in `ncryptf`
[INFO] [stdout]   |               |
[INFO] [stdout]   |               no `ek_route` in the root
[INFO] [stdout] 
[INFO] [stdout] 
[INFO] [stdout] error[E0432]: unresolved import `ncryptf::rocket`
[INFO] [stdout]  --> tests/rocketts/mod.rs:7:14
[INFO] [stdout]   |
[INFO] [stdout] 7 | use ncryptf::rocket::Fairing as NcryptfFairing;
[INFO] [stdout]   |              ^^^^^^ could not find `rocket` in `ncryptf`
[INFO] [stdout] 
[INFO] [stdout] 
[INFO] [stdout] error[E0433]: failed to resolve: could not find `auth` in `ncryptf`
[INFO] [stdout]   --> tests/rocketts/mod.rs:40:10
[INFO] [stdout]    |
[INFO] [stdout] 40 | ncryptf::auth!(User);
[INFO] [stdout]    |          ^^^^ could not find `auth` in `ncryptf`
[INFO] [stdout] 
[INFO] [stdout] 
[INFO] [stdout] error: cannot determine resolution for the macro `ek_route`
[INFO] [stdout]   --> tests/rocketts/mod.rs:87:5
[INFO] [stdout]    |
[INFO] [stdout] 87 |     ek_route!(RedisDb);
[INFO] [stdout]    |     ^^^^^^^^
[INFO] [stdout]    |
[INFO] [stdout]    = note: import resolution is stuck, try simplifying macro imports
[INFO] [stdout] 
[INFO] [stdout] 
[INFO] [stdout] error[E0433]: failed to resolve: could not find `rocket` in `ncryptf`
[INFO] [stdout]   --> tests/rocketts/mod.rs:18:15
[INFO] [stdout]    |
[INFO] [stdout] 18 | impl ncryptf::rocket::AuthorizationTrait for User {
[INFO] [stdout]    |               ^^^^^^ could not find `rocket` in `ncryptf`
[INFO] [stdout] 
[INFO] [stdout] 
[INFO] [stdout] error[E0433]: failed to resolve: could not find `rocket` in `ncryptf`
[INFO] [stdout]   --> tests/rocketts/mod.rs:20:139
[INFO] [stdout]    |
[INFO] [stdout] 20 | ...:Figment) -> Result<ncryptf::Token, ncryptf::rocket::TokenError> {
[INFO] [stdout]    |                                                 ^^^^^^ could not find `rocket` in `ncryptf`
[INFO] [stdout] 
[INFO] [stdout] 
[INFO] [stdout] error[E0433]: failed to resolve: could not find `rocket` in `ncryptf`
[INFO] [stdout]   --> tests/rocketts/mod.rs:35:127
[INFO] [stdout]    |
[INFO] [stdout] 35 | ...ment::Figment) -> Result<Box<Self>, ncryptf::rocket::TokenError> {
[INFO] [stdout]    |                                                 ^^^^^^ could not find `rocket` in `ncryptf`
[INFO] [stdout] 
[INFO] [stdout] 
[INFO] [stdout] error[E0433]: failed to resolve: could not find `rocket` in `ncryptf`
[INFO] [stdout]   --> tests/rocketts/mod.rs:54:20
[INFO] [stdout]    |
[INFO] [stdout] 54 |     data: ncryptf::rocket::Json<TestStruct>
[INFO] [stdout]    |                    ^^^^^^ could not find `rocket` in `ncryptf`
[INFO] [stdout] 
[INFO] [stdout] 
[INFO] [stdout] error[E0433]: failed to resolve: could not find `rocket` in `ncryptf`
[INFO] [stdout]   --> tests/rocketts/mod.rs:55:15
[INFO] [stdout]    |
[INFO] [stdout] 55 | ) -> ncryptf::rocket::Json<TestStruct> {
[INFO] [stdout]    |               ^^^^^^ could not find `rocket` in `ncryptf`
[INFO] [stdout] 
[INFO] [stdout] 
[INFO] [stdout] error[E0433]: failed to resolve: could not find `rocket` in `ncryptf`
[INFO] [stdout]   --> tests/rocketts/mod.rs:56:21
[INFO] [stdout]    |
[INFO] [stdout] 56 |     return ncryptf::rocket::Json(data.0);
[INFO] [stdout]    |                     ^^^^^^ could not find `rocket` in `ncryptf`
[INFO] [stdout] 
[INFO] [stdout] 
[INFO] [stdout] error[E0433]: failed to resolve: could not find `rocket` in `ncryptf`
[INFO] [stdout]   --> tests/rocketts/mod.rs:61:20
[INFO] [stdout]    |
[INFO] [stdout] 61 |     data: ncryptf::rocket::Json<TestStruct>,
[INFO] [stdout]    |                    ^^^^^^ could not find `rocket` in `ncryptf`
[INFO] [stdout] 
[INFO] [stdout] 
[INFO] [stdout] error[E0433]: failed to resolve: could not find `rocket` in `ncryptf`
[INFO] [stdout]   --> tests/rocketts/mod.rs:63:15
[INFO] [stdout]    |
[INFO] [stdout] 63 | ) -> ncryptf::rocket::Json<TestStruct> {
[INFO] [stdout]    |               ^^^^^^ could not find `rocket` in `ncryptf`
[INFO] [stdout] 
[INFO] [stdout] 
[INFO] [stdout] error[E0433]: failed to resolve: could not find `rocket` in `ncryptf`
[INFO] [stdout]   --> tests/rocketts/mod.rs:64:21
[INFO] [stdout]    |
[INFO] [stdout] 64 |     return ncryptf::rocket::Json(data.0);
[INFO] [stdout]    |                     ^^^^^^ could not find `rocket` in `ncryptf`
[INFO] [stdout] 
[INFO] [stdout] 
[INFO] [stdout] error[E0433]: failed to resolve: could not find `rocket` in `ncryptf`
[INFO] [stdout]    --> tests/rocketts/mod.rs:104:25
[INFO] [stdout]     |
[INFO] [stdout] 104 | fn get_ek() -> ncryptf::rocket::EncryptionKey {
[INFO] [stdout]     |                         ^^^^^^ could not find `rocket` in `ncryptf`
[INFO] [stdout] 
[INFO] [stdout] 
[INFO] [stdout] error[E0433]: failed to resolve: could not find `rocket` in `ncryptf`
[INFO] [stdout]    --> tests/rocketts/mod.rs:122:23
[INFO] [stdout]     |
[INFO] [stdout] 122 |     let ek = ncryptf::rocket::EncryptionKey::new(false);
[INFO] [stdout]     |                       ^^^^^^ could not find `rocket` in `ncryptf`
[INFO] [stdout] 
[INFO] [stdout] 
[INFO] [stdout] error[E0422]: cannot find struct, variant or union type `ncryptf_ek_route` in this scope
[INFO] [stdout]   --> tests/rocketts/mod.rs:93:36
[INFO] [stdout]    |
[INFO] [stdout] 93 |         .mount("/ncryptf", routes![ncryptf_ek_route]);
[INFO] [stdout]    |                                    ^^^^^^^^^^^^^^^^ not found in this scope
[INFO] [stdout] 
[INFO] [stdout] 
[INFO] [stdout] error: aborting due to 16 previous errors
[INFO] [stdout] 
[INFO] [stdout] 
[INFO] [stdout] Some errors have detailed explanations: E0422, E0432, E0433.
[INFO] [stdout] 
[INFO] [stdout] For more information about an error, try `rustc --explain E0422`.
[INFO] [stdout] 
[INFO] [stderr] error: could not compile `ncryptf-rs` due to 17 previous errors
[INFO] running `Command { std: "docker" "inspect" "2d36560e52dd1b079d685262ae47260d93128cfaa177649bf3bb4e4dc872c0e0", kill_on_drop: false }`
[INFO] running `Command { std: "docker" "rm" "-f" "2d36560e52dd1b079d685262ae47260d93128cfaa177649bf3bb4e4dc872c0e0", kill_on_drop: false }`
[INFO] [stdout] 2d36560e52dd1b079d685262ae47260d93128cfaa177649bf3bb4e4dc872c0e0
