[INFO] fetching crate ncr 0.1.1...
[INFO] testing ncr-0.1.1 against 1.69.0 for beta-1.70-1
[INFO] extracting crate ncr 0.1.1 into /workspace/builds/worker-4-tc1/source
[INFO] validating manifest of crates.io crate ncr 0.1.1 on toolchain 1.69.0
[INFO] running `Command { std: CARGO_HOME="/workspace/cargo-home" RUSTUP_HOME="/workspace/rustup-home" "/workspace/cargo-home/bin/cargo" "+1.69.0" "metadata" "--manifest-path" "Cargo.toml" "--no-deps", kill_on_drop: false }`
[INFO] started tweaking crates.io crate ncr 0.1.1
[INFO] finished tweaking crates.io crate ncr 0.1.1
[INFO] tweaked toml for crates.io crate ncr 0.1.1 written to /workspace/builds/worker-4-tc1/source/Cargo.toml
[INFO] running `Command { std: CARGO_HOME="/workspace/cargo-home" RUSTUP_HOME="/workspace/rustup-home" __CARGO_TEST_CHANNEL_OVERRIDE_DO_NOT_USE_THIS="nightly" "/workspace/cargo-home/bin/cargo" "+1.69.0" "generate-lockfile" "--manifest-path" "Cargo.toml" "-Zno-index-update", kill_on_drop: false }`
[INFO] running `Command { std: CARGO_HOME="/workspace/cargo-home" RUSTUP_HOME="/workspace/rustup-home" "/workspace/cargo-home/bin/cargo" "+1.69.0" "fetch" "--manifest-path" "Cargo.toml", kill_on_drop: false }`
[INFO] [stderr]  Downloading crates ...
[INFO] [stderr]   Downloaded aead v0.5.2
[INFO] [stderr]   Downloaded cfb8 v0.8.1
[INFO] running `Command { std: "docker" "create" "-v" "/var/lib/crater-agent-workspace/builds/worker-4-tc1/target:/opt/rustwide/target:rw,Z" "-v" "/var/lib/crater-agent-workspace/builds/worker-4-tc1/source:/opt/rustwide/workdir:ro,Z" "-v" "/var/lib/crater-agent-workspace/cargo-home:/opt/rustwide/cargo-home:ro,Z" "-v" "/var/lib/crater-agent-workspace/rustup-home:/opt/rustwide/rustup-home:ro,Z" "-e" "SOURCE_DIR=/opt/rustwide/workdir" "-e" "CARGO_TARGET_DIR=/opt/rustwide/target" "-e" "CARGO_HOME=/opt/rustwide/cargo-home" "-e" "RUSTUP_HOME=/opt/rustwide/rustup-home" "-w" "/opt/rustwide/workdir" "-m" "1610612736" "--user" "0:0" "--network" "none" "ghcr.io/rust-lang/crates-build-env/linux@sha256:5ff2268d62e97bff2cde7d5815dd6ed5b47097566f13b8d0ca110b04b60e07ed" "/opt/rustwide/cargo-home/bin/cargo" "+1.69.0" "metadata" "--no-deps" "--format-version=1", kill_on_drop: false }`
[INFO] [stdout] ab3ad7f3576c26ca797ab8763deb2a1f9e02e3493e22d3fd379276fe611795ee
[INFO] running `Command { std: "docker" "start" "-a" "ab3ad7f3576c26ca797ab8763deb2a1f9e02e3493e22d3fd379276fe611795ee", kill_on_drop: false }`
[INFO] running `Command { std: "docker" "inspect" "ab3ad7f3576c26ca797ab8763deb2a1f9e02e3493e22d3fd379276fe611795ee", kill_on_drop: false }`
[INFO] running `Command { std: "docker" "rm" "-f" "ab3ad7f3576c26ca797ab8763deb2a1f9e02e3493e22d3fd379276fe611795ee", kill_on_drop: false }`
[INFO] [stdout] ab3ad7f3576c26ca797ab8763deb2a1f9e02e3493e22d3fd379276fe611795ee
[INFO] running `Command { std: "docker" "create" "-v" "/var/lib/crater-agent-workspace/builds/worker-4-tc1/target:/opt/rustwide/target:rw,Z" "-v" "/var/lib/crater-agent-workspace/builds/worker-4-tc1/source:/opt/rustwide/workdir:ro,Z" "-v" "/var/lib/crater-agent-workspace/cargo-home:/opt/rustwide/cargo-home:ro,Z" "-v" "/var/lib/crater-agent-workspace/rustup-home:/opt/rustwide/rustup-home:ro,Z" "-e" "SOURCE_DIR=/opt/rustwide/workdir" "-e" "CARGO_TARGET_DIR=/opt/rustwide/target" "-e" "CARGO_INCREMENTAL=0" "-e" "RUST_BACKTRACE=full" "-e" "RUSTFLAGS=--cap-lints=warn" "-e" "RUSTDOCFLAGS=--cap-lints=warn" "-e" "CARGO_HOME=/opt/rustwide/cargo-home" "-e" "RUSTUP_HOME=/opt/rustwide/rustup-home" "-w" "/opt/rustwide/workdir" "-m" "1610612736" "--user" "0:0" "--network" "none" "ghcr.io/rust-lang/crates-build-env/linux@sha256:5ff2268d62e97bff2cde7d5815dd6ed5b47097566f13b8d0ca110b04b60e07ed" "/opt/rustwide/cargo-home/bin/cargo" "+1.69.0" "build" "--frozen" "--message-format=json", kill_on_drop: false }`
[INFO] [stdout] a5e7be1bf8039d3880c20b07b44e4303c82ed65992722e6cbdf173a639072fa5
[INFO] running `Command { std: "docker" "start" "-a" "a5e7be1bf8039d3880c20b07b44e4303c82ed65992722e6cbdf173a639072fa5", kill_on_drop: false }`
[INFO] [stderr]    Compiling libc v0.2.142
[INFO] [stderr]    Compiling subtle v2.4.1
[INFO] [stderr]    Compiling cpufeatures v0.2.7
[INFO] [stderr]    Compiling generic-array v0.14.7
[INFO] [stderr]    Compiling phf_shared v0.11.1
[INFO] [stderr]    Compiling phf v0.11.1
[INFO] [stderr]    Compiling block-buffer v0.10.4
[INFO] [stderr]    Compiling crypto-common v0.1.6
[INFO] [stderr]    Compiling digest v0.10.6
[INFO] [stderr]    Compiling getrandom v0.2.9
[INFO] [stderr]    Compiling rand_core v0.6.4
[INFO] [stderr]    Compiling pbkdf2 v0.11.0
[INFO] [stderr]    Compiling hmac v0.12.1
[INFO] [stderr]    Compiling sha1 v0.10.5
[INFO] [stderr]    Compiling rand_chacha v0.3.1
[INFO] [stderr]    Compiling rand v0.8.5
[INFO] [stderr]    Compiling ncr v0.1.1 (/opt/rustwide/workdir)
[INFO] [stderr]     Finished dev [unoptimized + debuginfo] target(s) in 6.40s
[INFO] running `Command { std: "docker" "inspect" "a5e7be1bf8039d3880c20b07b44e4303c82ed65992722e6cbdf173a639072fa5", kill_on_drop: false }`
[INFO] running `Command { std: "docker" "rm" "-f" "a5e7be1bf8039d3880c20b07b44e4303c82ed65992722e6cbdf173a639072fa5", kill_on_drop: false }`
[INFO] [stdout] a5e7be1bf8039d3880c20b07b44e4303c82ed65992722e6cbdf173a639072fa5
[INFO] running `Command { std: "docker" "create" "-v" "/var/lib/crater-agent-workspace/builds/worker-4-tc1/target:/opt/rustwide/target:rw,Z" "-v" "/var/lib/crater-agent-workspace/builds/worker-4-tc1/source:/opt/rustwide/workdir:ro,Z" "-v" "/var/lib/crater-agent-workspace/cargo-home:/opt/rustwide/cargo-home:ro,Z" "-v" "/var/lib/crater-agent-workspace/rustup-home:/opt/rustwide/rustup-home:ro,Z" "-e" "SOURCE_DIR=/opt/rustwide/workdir" "-e" "CARGO_TARGET_DIR=/opt/rustwide/target" "-e" "CARGO_INCREMENTAL=0" "-e" "RUST_BACKTRACE=full" "-e" "RUSTFLAGS=--cap-lints=warn" "-e" "RUSTDOCFLAGS=--cap-lints=warn" "-e" "CARGO_HOME=/opt/rustwide/cargo-home" "-e" "RUSTUP_HOME=/opt/rustwide/rustup-home" "-w" "/opt/rustwide/workdir" "-m" "1610612736" "--user" "0:0" "--network" "none" "ghcr.io/rust-lang/crates-build-env/linux@sha256:5ff2268d62e97bff2cde7d5815dd6ed5b47097566f13b8d0ca110b04b60e07ed" "/opt/rustwide/cargo-home/bin/cargo" "+1.69.0" "test" "--frozen" "--no-run" "--message-format=json", kill_on_drop: false }`
[INFO] [stdout] fe018576e3415c4ae997b06fcc51cd98b0263656308256625881631a9b6a8b31
[INFO] running `Command { std: "docker" "start" "-a" "fe018576e3415c4ae997b06fcc51cd98b0263656308256625881631a9b6a8b31", kill_on_drop: false }`
[INFO] [stderr]    Compiling ncr v0.1.1 (/opt/rustwide/workdir)
[INFO] [stderr]     Finished test [unoptimized + debuginfo] target(s) in 0.67s
[INFO] running `Command { std: "docker" "inspect" "fe018576e3415c4ae997b06fcc51cd98b0263656308256625881631a9b6a8b31", kill_on_drop: false }`
[INFO] running `Command { std: "docker" "rm" "-f" "fe018576e3415c4ae997b06fcc51cd98b0263656308256625881631a9b6a8b31", kill_on_drop: false }`
[INFO] [stdout] fe018576e3415c4ae997b06fcc51cd98b0263656308256625881631a9b6a8b31
[INFO] running `Command { std: "docker" "create" "-v" "/var/lib/crater-agent-workspace/builds/worker-4-tc1/target:/opt/rustwide/target:rw,Z" "-v" "/var/lib/crater-agent-workspace/builds/worker-4-tc1/source:/opt/rustwide/workdir:ro,Z" "-v" "/var/lib/crater-agent-workspace/cargo-home:/opt/rustwide/cargo-home:ro,Z" "-v" "/var/lib/crater-agent-workspace/rustup-home:/opt/rustwide/rustup-home:ro,Z" "-e" "SOURCE_DIR=/opt/rustwide/workdir" "-e" "CARGO_TARGET_DIR=/opt/rustwide/target" "-e" "CARGO_INCREMENTAL=0" "-e" "RUST_BACKTRACE=full" "-e" "RUSTFLAGS=--cap-lints=warn" "-e" "RUSTDOCFLAGS=--cap-lints=warn" "-e" "CARGO_HOME=/opt/rustwide/cargo-home" "-e" "RUSTUP_HOME=/opt/rustwide/rustup-home" "-w" "/opt/rustwide/workdir" "-m" "1610612736" "--user" "0:0" "--network" "none" "ghcr.io/rust-lang/crates-build-env/linux@sha256:5ff2268d62e97bff2cde7d5815dd6ed5b47097566f13b8d0ca110b04b60e07ed" "/opt/rustwide/cargo-home/bin/cargo" "+1.69.0" "test" "--frozen", kill_on_drop: false }`
[INFO] [stdout] a7fc199a2488af4879fb408ffb2d2663823e3e437418a15e58c5a39340e3f48d
[INFO] running `Command { std: "docker" "start" "-a" "a7fc199a2488af4879fb408ffb2d2663823e3e437418a15e58c5a39340e3f48d", kill_on_drop: false }`
[INFO] [stderr]     Finished test [unoptimized + debuginfo] target(s) in 0.03s
[INFO] [stderr]      Running unittests src/lib.rs (/opt/rustwide/target/debug/deps/ncr-b63ecd63ac176812)
[INFO] [stdout] 
[INFO] [stderr]    Doc-tests ncr
[INFO] [stdout] running 0 tests
[INFO] [stdout] 
[INFO] [stdout] test result: ok. 0 passed; 0 failed; 0 ignored; 0 measured; 0 filtered out; finished in 0.00s
[INFO] [stdout] 
[INFO] [stdout] 
[INFO] [stdout] running 6 tests
[INFO] [stdout] test src/lib.rs - (line 17) ... FAILED
[INFO] [stdout] test src/lib.rs - (line 35) ... FAILED
[INFO] [stdout] test src/encoding/mod.rs - encoding (line 7) ... ok
[INFO] [stdout] test src/encoding/mod.rs - encoding (line 18) ... ok
[INFO] [stdout] test src/encryption/mod.rs - encryption (line 18) ... ok
[INFO] [stdout] test src/encryption/mod.rs - encryption (line 7) ... ok
[INFO] [stdout] 
[INFO] [stdout] failures:
[INFO] [stdout] 
[INFO] [stdout] ---- src/lib.rs - (line 17) stdout ----
[INFO] [stdout] error[E0432]: unresolved import `ncr::encryption::Cfb8Encryption`
[INFO] [stdout]  --> src/lib.rs:20:18
[INFO] [stdout]   |
[INFO] [stdout] 6 |     encryption::{Cfb8Encryption, Encryption},
[INFO] [stdout]   |                  ^^^^^^^^^^^^^^
[INFO] [stdout]   |                  |
[INFO] [stdout]   |                  no `Cfb8Encryption` in `encryption`
[INFO] [stdout]   |                  help: a similar name exists in the module: `Encryption`
[INFO] [stdout] 
[INFO] [stdout] error: aborting due to previous error
[INFO] [stdout] 
[INFO] [stdout] For more information about this error, try `rustc --explain E0432`.
[INFO] [stdout] Couldn't compile the test.
[INFO] [stdout] ---- src/lib.rs - (line 35) stdout ----
[INFO] [stdout] error[E0432]: unresolved import `ncr::encryption::Cfb8Encryption`
[INFO] [stdout]  --> src/lib.rs:38:18
[INFO] [stdout]   |
[INFO] [stdout] 6 |     encryption::{Cfb8Encryption, Encryption},
[INFO] [stdout]   |                  ^^^^^^^^^^^^^^
[INFO] [stdout]   |                  |
[INFO] [stdout]   |                  no `Cfb8Encryption` in `encryption`
[INFO] [stdout]   |                  help: a similar name exists in the module: `Encryption`
[INFO] [stdout] 
[INFO] [stdout] error: aborting due to previous error
[INFO] [stdout] 
[INFO] [stdout] For more information about this error, try `rustc --explain E0432`.
[INFO] [stdout] Couldn't compile the test.
[INFO] [stdout] 
[INFO] [stdout] failures:
[INFO] [stdout]     src/lib.rs - (line 17)
[INFO] [stdout]     src/lib.rs - (line 35)
[INFO] [stdout] 
[INFO] [stdout] test result: FAILED. 4 passed; 2 failed; 0 ignored; 0 measured; 0 filtered out; finished in 1.12s
[INFO] [stdout] 
[INFO] [stderr] error: doctest failed, to rerun pass `--doc`
[INFO] running `Command { std: "docker" "inspect" "a7fc199a2488af4879fb408ffb2d2663823e3e437418a15e58c5a39340e3f48d", kill_on_drop: false }`
[INFO] running `Command { std: "docker" "rm" "-f" "a7fc199a2488af4879fb408ffb2d2663823e3e437418a15e58c5a39340e3f48d", kill_on_drop: false }`
[INFO] [stdout] a7fc199a2488af4879fb408ffb2d2663823e3e437418a15e58c5a39340e3f48d
