[INFO] fetching crate nature_db 0.15.0...
[INFO] testing nature_db-0.15.0 against 1.69.0 for beta-1.70-1
[INFO] extracting crate nature_db 0.15.0 into /workspace/builds/worker-0-tc1/source
[INFO] validating manifest of crates.io crate nature_db 0.15.0 on toolchain 1.69.0
[INFO] running `Command { std: CARGO_HOME="/workspace/cargo-home" RUSTUP_HOME="/workspace/rustup-home" "/workspace/cargo-home/bin/cargo" "+1.69.0" "metadata" "--manifest-path" "Cargo.toml" "--no-deps", kill_on_drop: false }`
[INFO] started tweaking crates.io crate nature_db 0.15.0
[INFO] finished tweaking crates.io crate nature_db 0.15.0
[INFO] tweaked toml for crates.io crate nature_db 0.15.0 written to /workspace/builds/worker-0-tc1/source/Cargo.toml
[INFO] running `Command { std: CARGO_HOME="/workspace/cargo-home" RUSTUP_HOME="/workspace/rustup-home" __CARGO_TEST_CHANNEL_OVERRIDE_DO_NOT_USE_THIS="nightly" "/workspace/cargo-home/bin/cargo" "+1.69.0" "generate-lockfile" "--manifest-path" "Cargo.toml" "-Zno-index-update", kill_on_drop: false }`
[INFO] running `Command { std: CARGO_HOME="/workspace/cargo-home" RUSTUP_HOME="/workspace/rustup-home" "/workspace/cargo-home/bin/cargo" "+1.69.0" "fetch" "--manifest-path" "Cargo.toml", kill_on_drop: false }`
[INFO] [stderr]  Downloading crates ...
[INFO] [stderr]   Downloaded actix-threadpool v0.3.3
[INFO] [stderr]   Downloaded lru_time_cache v0.10.0
[INFO] [stderr]   Downloaded bigdecimal v0.1.2
[INFO] [stderr]   Downloaded actix-rt v1.1.1
[INFO] [stderr]   Downloaded actix-macros v0.1.3
[INFO] [stderr]   Downloaded nature_common v0.15.0
[INFO] [stderr]   Downloaded actix-service v1.0.6
[INFO] [stderr]   Downloaded mysql_common v0.22.2
[INFO] [stderr]   Downloaded mysql_async v0.23.1
[INFO] running `Command { std: "docker" "create" "-v" "/var/lib/crater-agent-workspace/builds/worker-0-tc1/target:/opt/rustwide/target:rw,Z" "-v" "/var/lib/crater-agent-workspace/builds/worker-0-tc1/source:/opt/rustwide/workdir:ro,Z" "-v" "/var/lib/crater-agent-workspace/cargo-home:/opt/rustwide/cargo-home:ro,Z" "-v" "/var/lib/crater-agent-workspace/rustup-home:/opt/rustwide/rustup-home:ro,Z" "-e" "SOURCE_DIR=/opt/rustwide/workdir" "-e" "CARGO_TARGET_DIR=/opt/rustwide/target" "-e" "CARGO_HOME=/opt/rustwide/cargo-home" "-e" "RUSTUP_HOME=/opt/rustwide/rustup-home" "-w" "/opt/rustwide/workdir" "-m" "1610612736" "--user" "0:0" "--network" "none" "ghcr.io/rust-lang/crates-build-env/linux@sha256:5ff2268d62e97bff2cde7d5815dd6ed5b47097566f13b8d0ca110b04b60e07ed" "/opt/rustwide/cargo-home/bin/cargo" "+1.69.0" "metadata" "--no-deps" "--format-version=1", kill_on_drop: false }`
[INFO] [stdout] b4e5523148a0f0bc905ffec68b2400908962eb03bdf4543b0a419efd8ea1c317
[INFO] running `Command { std: "docker" "start" "-a" "b4e5523148a0f0bc905ffec68b2400908962eb03bdf4543b0a419efd8ea1c317", kill_on_drop: false }`
[INFO] running `Command { std: "docker" "inspect" "b4e5523148a0f0bc905ffec68b2400908962eb03bdf4543b0a419efd8ea1c317", kill_on_drop: false }`
[INFO] running `Command { std: "docker" "rm" "-f" "b4e5523148a0f0bc905ffec68b2400908962eb03bdf4543b0a419efd8ea1c317", kill_on_drop: false }`
[INFO] [stdout] b4e5523148a0f0bc905ffec68b2400908962eb03bdf4543b0a419efd8ea1c317
[INFO] running `Command { std: "docker" "create" "-v" "/var/lib/crater-agent-workspace/builds/worker-0-tc1/target:/opt/rustwide/target:rw,Z" "-v" "/var/lib/crater-agent-workspace/builds/worker-0-tc1/source:/opt/rustwide/workdir:ro,Z" "-v" "/var/lib/crater-agent-workspace/cargo-home:/opt/rustwide/cargo-home:ro,Z" "-v" "/var/lib/crater-agent-workspace/rustup-home:/opt/rustwide/rustup-home:ro,Z" "-e" "SOURCE_DIR=/opt/rustwide/workdir" "-e" "CARGO_TARGET_DIR=/opt/rustwide/target" "-e" "CARGO_INCREMENTAL=0" "-e" "RUST_BACKTRACE=full" "-e" "RUSTFLAGS=--cap-lints=warn" "-e" "RUSTDOCFLAGS=--cap-lints=warn" "-e" "CARGO_HOME=/opt/rustwide/cargo-home" "-e" "RUSTUP_HOME=/opt/rustwide/rustup-home" "-w" "/opt/rustwide/workdir" "-m" "1610612736" "--user" "0:0" "--network" "none" "ghcr.io/rust-lang/crates-build-env/linux@sha256:5ff2268d62e97bff2cde7d5815dd6ed5b47097566f13b8d0ca110b04b60e07ed" "/opt/rustwide/cargo-home/bin/cargo" "+1.69.0" "build" "--frozen" "--message-format=json", kill_on_drop: false }`
[INFO] [stdout] 707fdfb6c0edee57ad83ace573c0217d492afd0d8069db5823b8ca474b47463a
[INFO] running `Command { std: "docker" "start" "-a" "707fdfb6c0edee57ad83ace573c0217d492afd0d8069db5823b8ca474b47463a", kill_on_drop: false }`
[INFO] [stderr]    Compiling libc v0.2.142
[INFO] [stderr]    Compiling cfg-if v1.0.0
[INFO] [stderr]    Compiling syn v1.0.109
[INFO] [stderr]    Compiling memchr v2.5.0
[INFO] [stderr]    Compiling cfg-if v0.1.10
[INFO] [stderr]    Compiling log v0.4.17
[INFO] [stderr]    Compiling slab v0.4.8
[INFO] [stderr]    Compiling futures-core v0.3.28
[INFO] [stderr]    Compiling lazy_static v1.4.0
[INFO] [stderr]    Compiling cc v1.0.79
[INFO] [stderr]    Compiling futures-sink v0.3.28
[INFO] [stderr]    Compiling futures-channel v0.3.28
[INFO] [stderr]    Compiling fnv v1.0.7
[INFO] [stderr]    Compiling proc-macro2 v1.0.56
[INFO] [stderr]    Compiling bytes v0.5.6
[INFO] [stderr]    Compiling futures-task v0.3.28
[INFO] [stderr]    Compiling pin-project-lite v0.2.9
[INFO] [stderr]    Compiling futures-util v0.3.28
[INFO] [stderr]    Compiling version_check v0.9.4
[INFO] [stderr]    Compiling pin-project-lite v0.1.12
[INFO] [stderr]    Compiling pin-utils v0.1.0
[INFO] [stderr]    Compiling futures-io v0.3.28
[INFO] [stderr]    Compiling pkg-config v0.3.26
[INFO] [stderr]    Compiling bitflags v1.3.2
[INFO] [stderr]    Compiling scopeguard v1.1.0
[INFO] [stderr]    Compiling itoa v1.0.6
[INFO] [stderr]    Compiling serde v1.0.160
[INFO] [stderr]    Compiling once_cell v1.17.1
[INFO] [stderr]    Compiling tinyvec_macros v0.1.1
[INFO] [stderr]    Compiling ppv-lite86 v0.2.17
[INFO] [stderr]    Compiling getrandom v0.1.16
[INFO] [stderr]    Compiling smallvec v1.10.0
[INFO] [stderr]    Compiling num-traits v0.2.15
[INFO] [stderr]    Compiling tinyvec v1.6.0
[INFO] [stderr]    Compiling unicode-bidi v0.3.13
[INFO] [stderr]    Compiling quote v1.0.26
[INFO] [stderr]    Compiling percent-encoding v2.2.0
[INFO] [stderr]    Compiling gimli v0.27.2
[INFO] [stderr]    Compiling failure_derive v0.1.8
[INFO] [stderr]    Compiling adler v1.0.2
[INFO] [stderr]    Compiling form_urlencoded v1.1.0
[INFO] [stderr]    Compiling syn v2.0.15
[INFO] [stderr]    Compiling unicode-xid v0.2.4
[INFO] [stderr]    Compiling miniz_oxide v0.6.2
[INFO] [stderr]    Compiling object v0.30.3
[INFO] [stderr]    Compiling crossbeam-utils v0.7.2
[INFO] [stderr]    Compiling lock_api v0.4.9
[INFO] [stderr]    Compiling num-integer v0.1.45
[INFO] [stderr]    Compiling backtrace v0.3.67
[INFO] [stderr]    Compiling openssl-sys v0.9.87
[INFO] [stderr]    Compiling maybe-uninit v2.0.0
[INFO] [stderr]    Compiling rustc-demangle v0.1.23
[INFO] [stderr]    Compiling parking_lot_core v0.8.6
[INFO] [stderr]    Compiling bytes v1.4.0
[INFO] [stderr]    Compiling pin-project-internal v0.4.30
[INFO] [stderr]    Compiling ryu v1.0.13
[INFO] [stderr]    Compiling unicode-normalization v0.1.22
[INFO] [stderr]    Compiling tracing-core v0.1.30
[INFO] [stderr]    Compiling instant v0.1.12
[INFO] [stderr]    Compiling indexmap v1.9.3
[INFO] [stderr]    Compiling http v0.2.9
[INFO] [stderr]    Compiling async-trait v0.1.68
[INFO] [stderr]    Compiling httparse v1.8.0
[INFO] [stderr]    Compiling iovec v0.1.4
[INFO] [stderr]    Compiling num_cpus v1.15.0
[INFO] [stderr]    Compiling net2 v0.2.38
[INFO] [stderr]    Compiling signal-hook-registry v1.4.1
[INFO] [stderr]    Compiling idna v0.3.0
[INFO] [stderr]    Compiling socket2 v0.3.19
[INFO] [stderr]    Compiling mio v0.6.23
[INFO] [stderr]    Compiling tracing v0.1.37
[INFO] [stderr]    Compiling rand_core v0.5.1
[INFO] [stderr]    Compiling rand_chacha v0.2.2
[INFO] [stderr]    Compiling foreign-types-shared v0.1.1
[INFO] [stderr]    Compiling byteorder v1.4.3
[INFO] [stderr]    Compiling convert_case v0.4.0
[INFO] [stderr]    Compiling url v2.3.1
[INFO] [stderr]    Compiling hashbrown v0.12.3
[INFO] [stderr]    Compiling openssl v0.10.52
[INFO] [stderr]    Compiling mio-uds v0.6.8
[INFO] [stderr]    Compiling rand v0.7.3
[INFO] [stderr]    Compiling parking_lot v0.11.2
[INFO] [stderr]    Compiling foreign-types v0.3.2
[INFO] [stderr]    Compiling addr2line v0.19.0
[INFO] [stderr]    Compiling threadpool v1.8.1
[INFO] [stderr]    Compiling standback v0.2.17
[INFO] [stderr]    Compiling unicase v2.6.0
[INFO] [stderr]    Compiling itoa v0.4.8
[INFO] [stderr]    Compiling serde_json v1.0.96
[INFO] [stderr]    Compiling match_cfg v0.1.0
[INFO] [stderr]    Compiling proc-macro-hack v0.5.20+deprecated
[INFO] [stderr]    Compiling heck v0.4.1
[INFO] [stderr]    Compiling native-tls v0.2.11
[INFO] [stderr]    Compiling matches v0.1.10
[INFO] [stderr]    Compiling idna v0.2.3
[INFO] [stderr]    Compiling hostname v0.3.1
[INFO] [stderr]    Compiling getrandom v0.2.9
[INFO] [stderr]    Compiling time v0.1.45
[INFO] [stderr]    Compiling aho-corasick v1.0.1
[INFO] [stderr]    Compiling memoffset v0.5.6
[INFO] [stderr]    Compiling quick-error v1.2.3
[INFO] [stderr]    Compiling copyless v0.1.5
[INFO] [stderr]    Compiling openssl-probe v0.1.5
[INFO] [stderr]    Compiling linked-hash-map v0.5.6
[INFO] [stderr]    Compiling iana-time-zone v0.1.56
[INFO] [stderr]    Compiling regex-syntax v0.7.1
[INFO] [stderr]    Compiling sha1_smol v1.0.0
[INFO] [stderr]    Compiling chrono v0.4.24
[INFO] [stderr]    Compiling lru-cache v0.1.2
[INFO] [stderr]    Compiling rand_core v0.6.4
[INFO] [stderr]    Compiling sha1 v0.6.1
[INFO] [stderr]    Compiling resolv-conf v0.6.3
[INFO] [stderr]    Compiling generic-array v0.12.4
[INFO] [stderr]    Compiling synstructure v0.12.6
[INFO] [stderr]    Compiling libz-sys v1.1.9
[INFO] [stderr]    Compiling num-bigint v0.2.6
[INFO] [stderr]    Compiling crossbeam-epoch v0.8.2
[INFO] [stderr]    Compiling lexical-core v0.7.6
[INFO] [stderr]    Compiling try-lock v0.2.4
[INFO] [stderr]    Compiling static_assertions v1.1.0
[INFO] [stderr]    Compiling const_fn v0.4.9
[INFO] [stderr]    Compiling byte-tools v0.3.1
[INFO] [stderr]    Compiling crc32fast v1.3.2
[INFO] [stderr]    Compiling mime v0.3.17
[INFO] [stderr]    Compiling block-padding v0.1.5
[INFO] [stderr]    Compiling want v0.3.0
[INFO] [stderr]    Compiling mime_guess v2.0.4
[INFO] [stderr]    Compiling rand_chacha v0.3.1
[INFO] [stderr]    Compiling crossbeam-channel v0.4.4
[INFO] [stderr]    Compiling http-body v0.3.1
[INFO] [stderr]    Compiling time v0.2.27
[INFO] [stderr]    Compiling encoding_rs v0.8.32
[INFO] [stderr]    Compiling rust_decimal v1.29.1
[INFO] [stderr]    Compiling dtoa v0.4.8
[INFO] [stderr]    Compiling tower-service v0.3.2
[INFO] [stderr]    Compiling arrayvec v0.5.2
[INFO] [stderr]    Compiling httpdate v0.3.2
[INFO] [stderr]    Compiling serde_urlencoded v0.6.1
[INFO] [stderr]    Compiling rand v0.8.5
[INFO] [stderr]    Compiling block-buffer v0.7.3
[INFO] [stderr]    Compiling digest v0.8.1
[INFO] [stderr]    Compiling fxhash v0.2.1
[INFO] [stderr]    Compiling parking_lot_core v0.7.3
[INFO] [stderr]    Compiling lock_api v0.3.4
[INFO] [stderr]    Compiling opaque-debug v0.2.3
[INFO] [stderr]    Compiling regex v1.8.1
[INFO] [stderr]    Compiling base64 v0.11.0
[INFO] [stderr]    Compiling futures-macro v0.3.28
[INFO] [stderr]    Compiling openssl-macros v0.1.1
[INFO] [stderr]    Compiling language-tags v0.2.2
[INFO] [stderr]    Compiling arrayvec v0.7.2
[INFO] [stderr]    Compiling fake-simd v0.1.2
[INFO] [stderr]    Compiling serde_derive v1.0.160
[INFO] [stderr]    Compiling sha2 v0.8.2
[INFO] [stderr]    Compiling parking_lot v0.10.2
[INFO] [stderr]    Compiling thiserror-impl v1.0.40
[INFO] [stderr]    Compiling bigdecimal v0.1.2
[INFO] [stderr]    Compiling twox-hash v1.6.3
[INFO] [stderr]    Compiling flate2 v1.0.26
[INFO] [stderr]    Compiling crossbeam-deque v0.7.4
[INFO] [stderr]    Compiling serde_urlencoded v0.7.1
[INFO] [stderr]    Compiling crossbeam-queue v0.2.3
[INFO] [stderr]    Compiling lexical v5.2.2
[INFO] [stderr]    Compiling base64 v0.13.1
[INFO] [stderr]    Compiling uuid v0.8.2
[INFO] [stderr]    Compiling base64 v0.12.3
[INFO] [stderr]    Compiling ipnet v2.7.2
[INFO] [stderr]    Compiling crossbeam v0.7.3
[INFO] [stderr]    Compiling itertools v0.9.0
[INFO] [stderr]    Compiling fern v0.6.2
[INFO] [stderr]    Compiling tokio-macros v0.2.6
[INFO] [stderr]    Compiling pin-project-internal v1.0.12
[INFO] [stderr]    Compiling derive_more v0.99.17
[INFO] [stderr]    Compiling actix-macros v0.1.3
[INFO] [stderr]    Compiling enum-as-inner v0.3.4
[INFO] [stderr]    Compiling time-macros-impl v0.1.2
[INFO] [stderr]    Compiling actix_derive v0.5.0
[INFO] [stderr]    Compiling thiserror v1.0.40
[INFO] [stderr]    Compiling mio-named-pipes v0.1.7
[INFO] [stderr]    Compiling lru_time_cache v0.10.0
[INFO] [stderr]    Compiling tokio v0.2.25
[INFO] [stderr]    Compiling failure v0.1.8
[INFO] [stderr]    Compiling time-macros v0.1.1
[INFO] [stderr]    Compiling pin-project v1.0.12
[INFO] [stderr]    Compiling pin-project v0.4.30
[INFO] [stderr]    Compiling tracing-futures v0.2.5
[INFO] [stderr]    Compiling mysql_common v0.22.2
[INFO] [stderr]    Compiling futures-executor v0.3.28
[INFO] [stderr]    Compiling actix-service v1.0.6
[INFO] [stderr]    Compiling futures v0.3.28
[INFO] [stderr]    Compiling actix-threadpool v0.3.3
[INFO] [stderr]    Compiling tokio-util v0.2.0
[INFO] [stderr]    Compiling tokio-util v0.3.1
[INFO] [stderr]    Compiling trust-dns-proto v0.18.0-alpha.2
[INFO] [stderr]    Compiling actix-rt v1.1.1
[INFO] [stderr]    Compiling tokio-tls v0.3.1
[INFO] [stderr]    Compiling h2 v0.2.7
[INFO] [stderr]    Compiling actix-codec v0.2.0
[INFO] [stderr]    Compiling mysql_async v0.23.1
[INFO] [stderr]    Compiling actix-utils v1.0.6
[INFO] [stderr]    Compiling trust-dns-resolver v0.18.0-alpha.2
[INFO] [stderr]    Compiling actix-connect v1.0.2
[INFO] [stderr]    Compiling hyper v0.13.10
[INFO] [stderr]    Compiling actix-http v1.0.1
[INFO] [stderr]    Compiling actix v0.9.0
[INFO] [stderr]    Compiling hyper-tls v0.4.3
[INFO] [stderr]    Compiling reqwest v0.10.10
[INFO] [stderr]    Compiling nature_common v0.15.0
[INFO] [stderr]    Compiling nature_db v0.15.0 (/opt/rustwide/workdir)
[INFO] [stdout] warning: use of deprecated method `chrono::TimeZone::timestamp_millis`: use `timestamp_millis_opt()` instead
[INFO] [stdout]    --> src/mysql_dao/instance_dao.rs:220:32
[INFO] [stdout]     |
[INFO] [stdout] 220 |             "time_ge" => Local.timestamp_millis(time_ge_v).naive_local(),
[INFO] [stdout]     |                                ^^^^^^^^^^^^^^^^
[INFO] [stdout]     |
[INFO] [stdout]     = note: `#[warn(deprecated)]` on by default
[INFO] [stdout] 
[INFO] [stdout] 
[INFO] [stdout] warning: use of deprecated method `chrono::TimeZone::timestamp_millis`: use `timestamp_millis_opt()` instead
[INFO] [stdout]    --> src/mysql_dao/instance_dao.rs:221:32
[INFO] [stdout]     |
[INFO] [stdout] 221 |             "time_lt" => Local.timestamp_millis(time_lt_v).naive_local(),
[INFO] [stdout]     |                                ^^^^^^^^^^^^^^^^
[INFO] [stdout] 
[INFO] [stdout] 
[INFO] [stdout] warning: use of deprecated method `chrono::TimeZone::timestamp_millis`: use `timestamp_millis_opt()` instead
[INFO] [stdout]   --> src/raw_models/instance_raw.rs:83:32
[INFO] [stdout]    |
[INFO] [stdout] 83 |             create_time: Local.timestamp_millis(instance.create_time).naive_local(),
[INFO] [stdout]    |                                ^^^^^^^^^^^^^^^^
[INFO] [stdout] 
[INFO] [stdout] 
[INFO] [stdout] warning: use of deprecated method `chrono::TimeZone::timestamp_millis`: use `timestamp_millis_opt()` instead
[INFO] [stdout]    --> src/models/mission.rs:202:26
[INFO] [stdout]     |
[INFO] [stdout] 202 |         let diff = Local.timestamp_millis(rtn.0.parse::<i64>()?).sub(Local::now()).num_seconds();
[INFO] [stdout]     |                          ^^^^^^^^^^^^^^^^
[INFO] [stdout] 
[INFO] [stdout] 
[INFO] [stdout] warning: 4 warnings emitted
[INFO] [stdout] 
[INFO] [stdout] 
[INFO] [stderr]     Finished dev [unoptimized + debuginfo] target(s) in 57.47s
[INFO] running `Command { std: "docker" "inspect" "707fdfb6c0edee57ad83ace573c0217d492afd0d8069db5823b8ca474b47463a", kill_on_drop: false }`
[INFO] running `Command { std: "docker" "rm" "-f" "707fdfb6c0edee57ad83ace573c0217d492afd0d8069db5823b8ca474b47463a", kill_on_drop: false }`
[INFO] [stdout] 707fdfb6c0edee57ad83ace573c0217d492afd0d8069db5823b8ca474b47463a
[INFO] running `Command { std: "docker" "create" "-v" "/var/lib/crater-agent-workspace/builds/worker-0-tc1/target:/opt/rustwide/target:rw,Z" "-v" "/var/lib/crater-agent-workspace/builds/worker-0-tc1/source:/opt/rustwide/workdir:ro,Z" "-v" "/var/lib/crater-agent-workspace/cargo-home:/opt/rustwide/cargo-home:ro,Z" "-v" "/var/lib/crater-agent-workspace/rustup-home:/opt/rustwide/rustup-home:ro,Z" "-e" "SOURCE_DIR=/opt/rustwide/workdir" "-e" "CARGO_TARGET_DIR=/opt/rustwide/target" "-e" "CARGO_INCREMENTAL=0" "-e" "RUST_BACKTRACE=full" "-e" "RUSTFLAGS=--cap-lints=warn" "-e" "RUSTDOCFLAGS=--cap-lints=warn" "-e" "CARGO_HOME=/opt/rustwide/cargo-home" "-e" "RUSTUP_HOME=/opt/rustwide/rustup-home" "-w" "/opt/rustwide/workdir" "-m" "1610612736" "--user" "0:0" "--network" "none" "ghcr.io/rust-lang/crates-build-env/linux@sha256:5ff2268d62e97bff2cde7d5815dd6ed5b47097566f13b8d0ca110b04b60e07ed" "/opt/rustwide/cargo-home/bin/cargo" "+1.69.0" "test" "--frozen" "--no-run" "--message-format=json", kill_on_drop: false }`
[INFO] [stdout] 2c8ef382bc378a94905713298eb25718f32c388c1aa61fb7e2681c1dd41cfeb0
[INFO] running `Command { std: "docker" "start" "-a" "2c8ef382bc378a94905713298eb25718f32c388c1aa61fb7e2681c1dd41cfeb0", kill_on_drop: false }`
[INFO] [stderr]    Compiling nature_db v0.15.0 (/opt/rustwide/workdir)
[INFO] [stdout] warning: use of deprecated method `chrono::TimeZone::timestamp_millis`: use `timestamp_millis_opt()` instead
[INFO] [stdout]    --> src/mysql_dao/instance_dao.rs:220:32
[INFO] [stdout]     |
[INFO] [stdout] 220 |             "time_ge" => Local.timestamp_millis(time_ge_v).naive_local(),
[INFO] [stdout]     |                                ^^^^^^^^^^^^^^^^
[INFO] [stdout]     |
[INFO] [stdout]     = note: `#[warn(deprecated)]` on by default
[INFO] [stdout] 
[INFO] [stdout] 
[INFO] [stdout] warning: use of deprecated method `chrono::TimeZone::timestamp_millis`: use `timestamp_millis_opt()` instead
[INFO] [stdout]    --> src/mysql_dao/instance_dao.rs:221:32
[INFO] [stdout]     |
[INFO] [stdout] 221 |             "time_lt" => Local.timestamp_millis(time_lt_v).naive_local(),
[INFO] [stdout]     |                                ^^^^^^^^^^^^^^^^
[INFO] [stdout] 
[INFO] [stdout] 
[INFO] [stdout] warning: use of deprecated method `chrono::TimeZone::timestamp_millis`: use `timestamp_millis_opt()` instead
[INFO] [stdout]   --> src/raw_models/instance_raw.rs:83:32
[INFO] [stdout]    |
[INFO] [stdout] 83 |             create_time: Local.timestamp_millis(instance.create_time).naive_local(),
[INFO] [stdout]    |                                ^^^^^^^^^^^^^^^^
[INFO] [stdout] 
[INFO] [stdout] 
[INFO] [stdout] warning: use of deprecated method `chrono::TimeZone::timestamp_millis`: use `timestamp_millis_opt()` instead
[INFO] [stdout]    --> src/models/mission.rs:202:26
[INFO] [stdout]     |
[INFO] [stdout] 202 |         let diff = Local.timestamp_millis(rtn.0.parse::<i64>()?).sub(Local::now()).num_seconds();
[INFO] [stdout]     |                          ^^^^^^^^^^^^^^^^
[INFO] [stdout] 
[INFO] [stdout] 
[INFO] [stdout] warning: 4 warnings emitted
[INFO] [stdout] 
[INFO] [stdout] 
[INFO] [stdout] warning: use of deprecated method `chrono::TimeZone::ymd`: use `with_ymd_and_hms()` instead
[INFO] [stdout]   --> src/mysql_dao/task_check.rs:97:33
[INFO] [stdout]    |
[INFO] [stdout] 97 |             time_ge: Some(Local.ymd(2020, 8, 7).and_hms(0, 0, 0).naive_local()),
[INFO] [stdout]    |                                 ^^^
[INFO] [stdout]    |
[INFO] [stdout]    = note: `#[warn(deprecated)]` on by default
[INFO] [stdout] 
[INFO] [stdout] 
[INFO] [stdout] warning: use of deprecated method `chrono::Date::<Tz>::and_hms`: Use and_hms_opt() instead
[INFO] [stdout]   --> src/mysql_dao/task_check.rs:97:49
[INFO] [stdout]    |
[INFO] [stdout] 97 |             time_ge: Some(Local.ymd(2020, 8, 7).and_hms(0, 0, 0).naive_local()),
[INFO] [stdout]    |                                                 ^^^^^^^
[INFO] [stdout] 
[INFO] [stdout] 
[INFO] [stdout] warning: use of deprecated method `chrono::TimeZone::timestamp_millis`: use `timestamp_millis_opt()` instead
[INFO] [stdout]    --> src/mysql_dao/instance_dao.rs:220:32
[INFO] [stdout]     |
[INFO] [stdout] 220 |             "time_ge" => Local.timestamp_millis(time_ge_v).naive_local(),
[INFO] [stdout]     |                                ^^^^^^^^^^^^^^^^
[INFO] [stdout] 
[INFO] [stdout] 
[INFO] [stdout] warning: use of deprecated method `chrono::TimeZone::timestamp_millis`: use `timestamp_millis_opt()` instead
[INFO] [stdout]    --> src/mysql_dao/instance_dao.rs:221:32
[INFO] [stdout]     |
[INFO] [stdout] 221 |             "time_lt" => Local.timestamp_millis(time_lt_v).naive_local(),
[INFO] [stdout]     |                                ^^^^^^^^^^^^^^^^
[INFO] [stdout] 
[INFO] [stdout] 
[INFO] [stdout] warning: use of deprecated method `chrono::TimeZone::timestamp_millis`: use `timestamp_millis_opt()` instead
[INFO] [stdout]    --> src/mysql_dao/instance_dao.rs:283:24
[INFO] [stdout]     |
[INFO] [stdout] 283 |         let ge = Local.timestamp_millis(ge_t);
[INFO] [stdout]     |                        ^^^^^^^^^^^^^^^^
[INFO] [stdout] 
[INFO] [stdout] 
[INFO] [stdout] warning: use of deprecated method `chrono::TimeZone::timestamp_millis`: use `timestamp_millis_opt()` instead
[INFO] [stdout]   --> src/raw_models/instance_raw.rs:83:32
[INFO] [stdout]    |
[INFO] [stdout] 83 |             create_time: Local.timestamp_millis(instance.create_time).naive_local(),
[INFO] [stdout]    |                                ^^^^^^^^^^^^^^^^
[INFO] [stdout] 
[INFO] [stdout] 
[INFO] [stdout] warning: use of deprecated method `chrono::TimeZone::timestamp_millis`: use `timestamp_millis_opt()` instead
[INFO] [stdout]    --> src/models/mission.rs:202:26
[INFO] [stdout]     |
[INFO] [stdout] 202 |         let diff = Local.timestamp_millis(rtn.0.parse::<i64>()?).sub(Local::now()).num_seconds();
[INFO] [stdout]     |                          ^^^^^^^^^^^^^^^^
[INFO] [stdout] 
[INFO] [stdout] 
[INFO] [stdout] warning: 7 warnings emitted
[INFO] [stdout] 
[INFO] [stdout] 
[INFO] [stderr]     Finished test [unoptimized + debuginfo] target(s) in 10.05s
[INFO] running `Command { std: "docker" "inspect" "2c8ef382bc378a94905713298eb25718f32c388c1aa61fb7e2681c1dd41cfeb0", kill_on_drop: false }`
[INFO] running `Command { std: "docker" "rm" "-f" "2c8ef382bc378a94905713298eb25718f32c388c1aa61fb7e2681c1dd41cfeb0", kill_on_drop: false }`
[INFO] [stdout] 2c8ef382bc378a94905713298eb25718f32c388c1aa61fb7e2681c1dd41cfeb0
[INFO] running `Command { std: "docker" "create" "-v" "/var/lib/crater-agent-workspace/builds/worker-0-tc1/target:/opt/rustwide/target:rw,Z" "-v" "/var/lib/crater-agent-workspace/builds/worker-0-tc1/source:/opt/rustwide/workdir:ro,Z" "-v" "/var/lib/crater-agent-workspace/cargo-home:/opt/rustwide/cargo-home:ro,Z" "-v" "/var/lib/crater-agent-workspace/rustup-home:/opt/rustwide/rustup-home:ro,Z" "-e" "SOURCE_DIR=/opt/rustwide/workdir" "-e" "CARGO_TARGET_DIR=/opt/rustwide/target" "-e" "CARGO_INCREMENTAL=0" "-e" "RUST_BACKTRACE=full" "-e" "RUSTFLAGS=--cap-lints=warn" "-e" "RUSTDOCFLAGS=--cap-lints=warn" "-e" "CARGO_HOME=/opt/rustwide/cargo-home" "-e" "RUSTUP_HOME=/opt/rustwide/rustup-home" "-w" "/opt/rustwide/workdir" "-m" "1610612736" "--user" "0:0" "--network" "none" "ghcr.io/rust-lang/crates-build-env/linux@sha256:5ff2268d62e97bff2cde7d5815dd6ed5b47097566f13b8d0ca110b04b60e07ed" "/opt/rustwide/cargo-home/bin/cargo" "+1.69.0" "test" "--frozen", kill_on_drop: false }`
[INFO] [stdout] fd764d2b60c4aab95b4105fecc235f168e3cbc085a35bbbffa1031e556f0e0e0
[INFO] running `Command { std: "docker" "start" "-a" "fd764d2b60c4aab95b4105fecc235f168e3cbc085a35bbbffa1031e556f0e0e0", kill_on_drop: false }`
[INFO] [stderr] warning: use of deprecated method `chrono::TimeZone::timestamp_millis`: use `timestamp_millis_opt()` instead
[INFO] [stderr]    --> src/mysql_dao/instance_dao.rs:220:32
[INFO] [stderr]     |
[INFO] [stderr] 220 |             "time_ge" => Local.timestamp_millis(time_ge_v).naive_local(),
[INFO] [stderr]     |                                ^^^^^^^^^^^^^^^^
[INFO] [stderr]     |
[INFO] [stderr]     = note: `#[warn(deprecated)]` on by default
[INFO] [stderr] 
[INFO] [stderr] warning: use of deprecated method `chrono::TimeZone::timestamp_millis`: use `timestamp_millis_opt()` instead
[INFO] [stderr]    --> src/mysql_dao/instance_dao.rs:221:32
[INFO] [stderr]     |
[INFO] [stderr] 221 |             "time_lt" => Local.timestamp_millis(time_lt_v).naive_local(),
[INFO] [stderr]     |                                ^^^^^^^^^^^^^^^^
[INFO] [stderr] 
[INFO] [stderr] warning: use of deprecated method `chrono::TimeZone::timestamp_millis`: use `timestamp_millis_opt()` instead
[INFO] [stderr]   --> src/raw_models/instance_raw.rs:83:32
[INFO] [stderr]    |
[INFO] [stderr] 83 |             create_time: Local.timestamp_millis(instance.create_time).naive_local(),
[INFO] [stderr]    |                                ^^^^^^^^^^^^^^^^
[INFO] [stderr] 
[INFO] [stderr] warning: use of deprecated method `chrono::TimeZone::timestamp_millis`: use `timestamp_millis_opt()` instead
[INFO] [stderr]    --> src/models/mission.rs:202:26
[INFO] [stderr]     |
[INFO] [stderr] 202 |         let diff = Local.timestamp_millis(rtn.0.parse::<i64>()?).sub(Local::now()).num_seconds();
[INFO] [stderr]     |                          ^^^^^^^^^^^^^^^^
[INFO] [stderr] 
[INFO] [stderr] warning: use of deprecated method `chrono::TimeZone::ymd`: use `with_ymd_and_hms()` instead
[INFO] [stderr]   --> src/mysql_dao/task_check.rs:97:33
[INFO] [stderr]    |
[INFO] [stderr] 97 |             time_ge: Some(Local.ymd(2020, 8, 7).and_hms(0, 0, 0).naive_local()),
[INFO] [stderr]    |                                 ^^^
[INFO] [stderr]    |
[INFO] [stderr]    = note: `#[warn(deprecated)]` on by default
[INFO] [stderr] 
[INFO] [stderr] warning: use of deprecated method `chrono::Date::<Tz>::and_hms`: Use and_hms_opt() instead
[INFO] [stderr]   --> src/mysql_dao/task_check.rs:97:49
[INFO] [stderr]    |
[INFO] [stderr] 97 |             time_ge: Some(Local.ymd(2020, 8, 7).and_hms(0, 0, 0).naive_local()),
[INFO] [stderr]    |                                                 ^^^^^^^
[INFO] [stderr] 
[INFO] [stderr] warning: use of deprecated method `chrono::TimeZone::timestamp_millis`: use `timestamp_millis_opt()` instead
[INFO] [stderr]    --> src/mysql_dao/instance_dao.rs:220:32
[INFO] [stderr]     |
[INFO] [stderr] 220 |             "time_ge" => Local.timestamp_millis(time_ge_v).naive_local(),
[INFO] [stderr]     |                                ^^^^^^^^^^^^^^^^
[INFO] [stderr] 
[INFO] [stderr] warning: use of deprecated method `chrono::TimeZone::timestamp_millis`: use `timestamp_millis_opt()` instead
[INFO] [stderr]    --> src/mysql_dao/instance_dao.rs:283:24
[INFO] [stderr]     |
[INFO] [stderr] 283 |         let ge = Local.timestamp_millis(ge_t);
[INFO] [stderr]     |                        ^^^^^^^^^^^^^^^^
[INFO] [stderr] 
[INFO] [stderr] warning: `nature_db` (lib) generated 4 warnings
[INFO] [stderr] warning: `nature_db` (lib test) generated 7 warnings (3 duplicates)
[INFO] [stderr]     Finished test [unoptimized + debuginfo] target(s) in 0.25s
[INFO] [stderr]      Running unittests src/lib.rs (/opt/rustwide/target/debug/deps/nature_db-528432dce288038f)
[INFO] [stdout] 
[INFO] [stdout] running 60 tests
[INFO] [stdout] test cache::meta_cache::test::cache_mater_test ... ignored
[INFO] [stdout] test cache::meta_cache::test::loop_has_multi_sub_include_state ... ignored
[INFO] [stdout] test cache::meta_cache::test::loop_has_multi_sub_no_state ... ignored
[INFO] [stdout] test cache::meta_cache::test::loop_has_one_sub_but_state ... ignored
[INFO] [stdout] test cache::meta_cache::test::loop_hss_none_sub ... ignored
[INFO] [stdout] test cache::meta_cache::test::loop_self_must_not_state ... ignored
[INFO] [stdout] test cache::meta_cache::test::multi_hss_none_sub ... ignored
[INFO] [stdout] test cache::meta_cache::test::multi_must_not_state ... ignored
[INFO] [stdout] test cache::meta_cache::test::multi_one_state ... ignored
[INFO] [stdout] test cache::meta_cache::test::sub_is_multi_or_loop ... ignored
[INFO] [stdout] test cache::meta_cache::test::get_master_test ... ok
[INFO] [stdout] test cache::meta_cache::test::get_sub_test ... ok
[INFO] [stdout] test models::flow_tool::demand_test::context_check_all ... ok
[INFO] [stdout] test models::flow_selector::test::selector_serder_test ... ok
[INFO] [stdout] test cache::relation_cache::test::relation_error ... ok
[INFO] [stdout] test cache::relation_cache::test::get_none ... ok
[INFO] [stdout] test models::flow_tool::demand_test::context_check_any ... ok
[INFO] [stdout] test cache::relation_cache::test::meta_type_is_multi_or_loop ... ok
[INFO] [stdout] test models::flow_tool::demand_test::context_check_all_any ... ok
[INFO] [stdout] test models::flow_tool::demand_test::context_check_none ... ok
[INFO] [stdout] test models::flow_tool::demand_test::context_check_none_priority ... ok
[INFO] [stdout] test models::flow_tool::demand_test::status_check_all_any ... ok
[INFO] [stdout] test models::flow_tool::demand_test::status_check_any ... ok
[INFO] [stdout] test models::flow_tool::demand_test::status_check_nothing ... ok
[INFO] [stdout] test models::flow_tool::demand_test::context_check_nothing ... ok
[INFO] [stdout] test models::flow_tool::demand_test::status_check_all ... ok
[INFO] [stdout] test models::flow_tool::demand_test::status_check_none_priority ... ok
[INFO] [stdout] test models::mission::test::no_relation ... ok
[INFO] [stdout] test models::mission::test::para_test ... ignored
[INFO] [stdout] test models::mission::test::one_relation_but_no_selector ... ok
[INFO] [stdout] test models::mission::test::mission_copy_from_relation ... ok
[INFO] [stdout] test models::mission::test::state_verify ... ok
[INFO] [stdout] test models::mission::test::sys_context_verify ... ok
[INFO] [stdout] test models::flow_tool::demand_test::status_check_none ... ok
[INFO] [stdout] test models::relation_setting::test::default_test ... ok
[INFO] [stdout] test mysql_dao::instance_dao::test::query_by_range ... ignored
[INFO] [stdout] test mysql_dao::instance_dao::test::query_by_range_test ... ignored
[INFO] [stdout] test mysql_dao::meta_dao::test::define_test ... ignored
[INFO] [stdout] test mysql_dao::relation_dao::test::relation_test ... ignored
[INFO] [stdout] test mysql_dao::task_check::test::get_ignore_test ... ignored
[INFO] [stdout] test models::relation_setting::test::delay_on_para ... ok
[INFO] [stdout] test models::relation_setting::test::use_upstream_id ... ok
[INFO] [stdout] test mysql_dao::task_dao::test::insert_repeat_test ... ignored
[INFO] [stdout] test models::relation_setting::test::executor_test ... ok
[INFO] [stdout] test models::mission::test::get_delay_test ... ok
[INFO] [stdout] test models::relation_setting::test::selector_test ... ok
[INFO] [stdout] test raw_models::task::test::vec_test ... ignored
[INFO] [stdout] test raw_models::meta_raw::test::try_into_state_check_test ... ok
[INFO] [stdout] test raw_models::meta_raw::test::try_into_test ... ok
[INFO] [stdout] test models::mission::test::many_relations ... ok
[INFO] [stdout] test models::mission::test::context_verify ... ok
[INFO] [stdout] test raw_models::relation_raw::test::get_string_test ... ok
[INFO] [stdout] test models::relation_setting::test::empty_executor_test ... ok
[INFO] [stdout] test models::relation_setting::test::target_state ... ok
[INFO] [stdout] test models::relation::test_from_raw::master_should_have_relation ... ok
[INFO] [stdout] test models::relation::test_from_raw::setting_error_test ... ok
[INFO] [stdout] test models::relation::test_from_raw::one_group_is_ok ... ok
[INFO] [stdout] test mysql_dao::instance_dao::test::query_by_id ... ok
[INFO] [stdout] test mysql_dao::instance_dao::test::get_last_state_test ... ok
[INFO] [stdout] test mysql_dao::task_check::test::get_test ... FAILED
[INFO] [stdout] 
[INFO] [stdout] failures:
[INFO] [stdout] 
[INFO] [stdout] ---- mysql_dao::task_check::test::get_test stdout ----
[INFO] [stdout] thread 'mysql_dao::task_check::test::get_test' panicked at 'called `Result::unwrap()` on an `Err` value: EnvironmentError("database exception: Input/output error: Connection refused (os error 111)")', src/mysql_dao/task_check.rs:84:56
[INFO] [stdout] stack backtrace:
[INFO] [stdout]    0:     0x56453e8942ba - std::backtrace_rs::backtrace::libunwind::trace::ha9053a9a07ca49cb
[INFO] [stdout]                                at /rustc/84c898d65adf2f39a5a98507f1fe0ce10a2b8dbc/library/std/src/../../backtrace/src/backtrace/libunwind.rs:93:5
[INFO] [stdout]    1:     0x56453e8942ba - std::backtrace_rs::backtrace::trace_unsynchronized::h9c2852a457ad564e
[INFO] [stdout]                                at /rustc/84c898d65adf2f39a5a98507f1fe0ce10a2b8dbc/library/std/src/../../backtrace/src/backtrace/mod.rs:66:5
[INFO] [stdout]    2:     0x56453e8942ba - std::sys_common::backtrace::_print_fmt::h457936fbfaa0070f
[INFO] [stdout]                                at /rustc/84c898d65adf2f39a5a98507f1fe0ce10a2b8dbc/library/std/src/sys_common/backtrace.rs:65:5
[INFO] [stdout]    3:     0x56453e8942ba - <std::sys_common::backtrace::_print::DisplayBacktrace as core::fmt::Display>::fmt::h5779d7bf7f70cb0c
[INFO] [stdout]                                at /rustc/84c898d65adf2f39a5a98507f1fe0ce10a2b8dbc/library/std/src/sys_common/backtrace.rs:44:22
[INFO] [stdout]    4:     0x56453e8bb99e - core::fmt::write::h5a4baaff1bcd3eb5
[INFO] [stdout]                                at /rustc/84c898d65adf2f39a5a98507f1fe0ce10a2b8dbc/library/core/src/fmt/mod.rs:1232:17
[INFO] [stdout]    5:     0x56453e890e55 - std::io::Write::write_fmt::h478f79c628ef31d1
[INFO] [stdout]                                at /rustc/84c898d65adf2f39a5a98507f1fe0ce10a2b8dbc/library/std/src/io/mod.rs:1684:15
[INFO] [stdout]    6:     0x56453e894085 - std::sys_common::backtrace::_print::h5fcdc36060f177e8
[INFO] [stdout]                                at /rustc/84c898d65adf2f39a5a98507f1fe0ce10a2b8dbc/library/std/src/sys_common/backtrace.rs:47:5
[INFO] [stdout]    7:     0x56453e894085 - std::sys_common::backtrace::print::h54ca9458b876c8bf
[INFO] [stdout]                                at /rustc/84c898d65adf2f39a5a98507f1fe0ce10a2b8dbc/library/std/src/sys_common/backtrace.rs:34:9
[INFO] [stdout]    8:     0x56453e895e4f - std::panicking::default_hook::{{closure}}::hbe471161c7664ed6
[INFO] [stdout]                                at /rustc/84c898d65adf2f39a5a98507f1fe0ce10a2b8dbc/library/std/src/panicking.rs:271:22
[INFO] [stdout]    9:     0x56453e895b0f - std::panicking::default_hook::ha3500da57aa4ac4f
[INFO] [stdout]                                at /rustc/84c898d65adf2f39a5a98507f1fe0ce10a2b8dbc/library/std/src/panicking.rs:287:9
[INFO] [stdout]   10:     0x56453e380d17 - <alloc::boxed::Box<F,A> as core::ops::function::Fn<Args>>::call::hdf1b89dd137ece34
[INFO] [stdout]                                at /rustc/84c898d65adf2f39a5a98507f1fe0ce10a2b8dbc/library/alloc/src/boxed.rs:2001:9
[INFO] [stdout]   11:     0x56453e380d17 - test::test_main::{{closure}}::h9081a79f20e75698
[INFO] [stdout]                                at /rustc/84c898d65adf2f39a5a98507f1fe0ce10a2b8dbc/library/test/src/lib.rs:135:21
[INFO] [stdout]   12:     0x56453e89657d - <alloc::boxed::Box<F,A> as core::ops::function::Fn<Args>>::call::h6507bddc3eebb4a5
[INFO] [stdout]                                at /rustc/84c898d65adf2f39a5a98507f1fe0ce10a2b8dbc/library/alloc/src/boxed.rs:2001:9
[INFO] [stdout]   13:     0x56453e89657d - std::panicking::rust_panic_with_hook::h50c09d000dc561d2
[INFO] [stdout]                                at /rustc/84c898d65adf2f39a5a98507f1fe0ce10a2b8dbc/library/std/src/panicking.rs:696:13
[INFO] [stdout]   14:     0x56453e8962f9 - std::panicking::begin_panic_handler::{{closure}}::h9e2b2176e00e0d9c
[INFO] [stdout]                                at /rustc/84c898d65adf2f39a5a98507f1fe0ce10a2b8dbc/library/std/src/panicking.rs:583:13
[INFO] [stdout]   15:     0x56453e894726 - std::sys_common::backtrace::__rust_end_short_backtrace::h5739b8e512c09d02
[INFO] [stdout]                                at /rustc/84c898d65adf2f39a5a98507f1fe0ce10a2b8dbc/library/std/src/sys_common/backtrace.rs:150:18
[INFO] [stdout]   16:     0x56453e896002 - rust_begin_unwind
[INFO] [stdout]                                at /rustc/84c898d65adf2f39a5a98507f1fe0ce10a2b8dbc/library/std/src/panicking.rs:579:5
[INFO] [stdout]   17:     0x56453e1f9713 - core::panicking::panic_fmt::hf33a1475b4dc5c3e
[INFO] [stdout]                                at /rustc/84c898d65adf2f39a5a98507f1fe0ce10a2b8dbc/library/core/src/panicking.rs:64:14
[INFO] [stdout]   18:     0x56453e1f9bc3 - core::result::unwrap_failed::hdff5465d74574b44
[INFO] [stdout]                                at /rustc/84c898d65adf2f39a5a98507f1fe0ce10a2b8dbc/library/core/src/result.rs:1750:5
[INFO] [stdout]   19:     0x56453e22947f - core::result::Result<T,E>::unwrap::h871f54a48526ac2b
[INFO] [stdout]                                at /rustc/84c898d65adf2f39a5a98507f1fe0ce10a2b8dbc/library/core/src/result.rs:1090:23
[INFO] [stdout]   20:     0x56453e350221 - nature_db::mysql_dao::task_check::test::get_test::{{closure}}::hedc9af388eea31ff
[INFO] [stdout]                                at /opt/rustwide/workdir/src/mysql_dao/task_check.rs:84:19
[INFO] [stdout]   21:     0x56453e330484 - tokio::runtime::basic_scheduler::BasicScheduler<P>::block_on::{{closure}}::{{closure}}::h996d6e8239191eec
[INFO] [stdout]                                at /opt/rustwide/cargo-home/registry/src/github.com-1ecc6299db9ec823/tokio-0.2.25/src/runtime/basic_scheduler.rs:131:58
[INFO] [stdout]   22:     0x56453e248750 - tokio::coop::with_budget::{{closure}}::h297bbe4aff6051f7
[INFO] [stdout]                                at /opt/rustwide/cargo-home/registry/src/github.com-1ecc6299db9ec823/tokio-0.2.25/src/coop.rs:127:9
[INFO] [stdout]   23:     0x56453e219874 - std::thread::local::LocalKey<T>::try_with::h2b2a28543841dd97
[INFO] [stdout]                                at /rustc/84c898d65adf2f39a5a98507f1fe0ce10a2b8dbc/library/std/src/thread/local.rs:446:16
[INFO] [stdout]   24:     0x56453e216f5a - std::thread::local::LocalKey<T>::with::h9cf66f18a0b9d4b2
[INFO] [stdout]                                at /rustc/84c898d65adf2f39a5a98507f1fe0ce10a2b8dbc/library/std/src/thread/local.rs:422:9
[INFO] [stdout]   25:     0x56453e327d1c - tokio::coop::with_budget::h06d0b1a883d94db2
[INFO] [stdout]                                at /opt/rustwide/cargo-home/registry/src/github.com-1ecc6299db9ec823/tokio-0.2.25/src/coop.rs:120:5
[INFO] [stdout]   26:     0x56453e327d1c - tokio::coop::budget::h1608f85c0b0abf8f
[INFO] [stdout]                                at /opt/rustwide/cargo-home/registry/src/github.com-1ecc6299db9ec823/tokio-0.2.25/src/coop.rs:96:5
[INFO] [stdout]   27:     0x56453e327d1c - tokio::runtime::basic_scheduler::BasicScheduler<P>::block_on::{{closure}}::h6f780df0064eb859
[INFO] [stdout]                                at /opt/rustwide/cargo-home/registry/src/github.com-1ecc6299db9ec823/tokio-0.2.25/src/runtime/basic_scheduler.rs:131:35
[INFO] [stdout]   28:     0x56453e3371ef - tokio::runtime::basic_scheduler::enter::{{closure}}::hf122cb0c6be9a669
[INFO] [stdout]                                at /opt/rustwide/cargo-home/registry/src/github.com-1ecc6299db9ec823/tokio-0.2.25/src/runtime/basic_scheduler.rs:213:29
[INFO] [stdout]   29:     0x56453e299771 - tokio::macros::scoped_tls::ScopedKey<T>::set::h55bd0d7eeedb233a
[INFO] [stdout]                                at /opt/rustwide/cargo-home/registry/src/github.com-1ecc6299db9ec823/tokio-0.2.25/src/macros/scoped_tls.rs:63:9
[INFO] [stdout]   30:     0x56453e335685 - tokio::runtime::basic_scheduler::enter::hd7f84a53ee64cafa
[INFO] [stdout]                                at /opt/rustwide/cargo-home/registry/src/github.com-1ecc6299db9ec823/tokio-0.2.25/src/runtime/basic_scheduler.rs:213:5
[INFO] [stdout]   31:     0x56453e322412 - tokio::runtime::basic_scheduler::BasicScheduler<P>::block_on::h796fdf682664cd93
[INFO] [stdout]                                at /opt/rustwide/cargo-home/registry/src/github.com-1ecc6299db9ec823/tokio-0.2.25/src/runtime/basic_scheduler.rs:123:9
[INFO] [stdout]   32:     0x56453e26b8c0 - tokio::runtime::Runtime::block_on::{{closure}}::he32144f51118e40b
[INFO] [stdout]                                at /opt/rustwide/cargo-home/registry/src/github.com-1ecc6299db9ec823/tokio-0.2.25/src/runtime/mod.rs:444:34
[INFO] [stdout]   33:     0x56453e2513a6 - tokio::runtime::context::enter::hce8af1c67b878d58
[INFO] [stdout]                                at /opt/rustwide/cargo-home/registry/src/github.com-1ecc6299db9ec823/tokio-0.2.25/src/runtime/context.rs:72:5
[INFO] [stdout]   34:     0x56453e2e8b7c - tokio::runtime::handle::Handle::enter::h967c3240a50a5b09
[INFO] [stdout]                                at /opt/rustwide/cargo-home/registry/src/github.com-1ecc6299db9ec823/tokio-0.2.25/src/runtime/handle.rs:76:9
[INFO] [stdout]   35:     0x56453e26a072 - tokio::runtime::Runtime::block_on::hd45747df6814cce7
[INFO] [stdout]                                at /opt/rustwide/cargo-home/registry/src/github.com-1ecc6299db9ec823/tokio-0.2.25/src/runtime/mod.rs:441:9
[INFO] [stdout]   36:     0x56453e34fd70 - nature_db::mysql_dao::task_check::test::get_test::h755bdb10c3d3032c
[INFO] [stdout]                                at /opt/rustwide/workdir/src/mysql_dao/task_check.rs:72:5
[INFO] [stdout]   37:     0x56453e34fc57 - nature_db::mysql_dao::task_check::test::get_test::{{closure}}::h83ca16ed0051ecb8
[INFO] [stdout]                                at /opt/rustwide/workdir/src/mysql_dao/task_check.rs:72:5
[INFO] [stdout]   38:     0x56453e2cbbf5 - core::ops::function::FnOnce::call_once::hcba9ea10d5d2fda5
[INFO] [stdout]                                at /rustc/84c898d65adf2f39a5a98507f1fe0ce10a2b8dbc/library/core/src/ops/function.rs:250:5
[INFO] [stdout]   39:     0x56453e3860ff - core::ops::function::FnOnce::call_once::h7d969581be7d0075
[INFO] [stdout]                                at /rustc/84c898d65adf2f39a5a98507f1fe0ce10a2b8dbc/library/core/src/ops/function.rs:250:5
[INFO] [stdout]   40:     0x56453e3860ff - test::__rust_begin_short_backtrace::hca25a52684e56655
[INFO] [stdout]                                at /rustc/84c898d65adf2f39a5a98507f1fe0ce10a2b8dbc/library/test/src/lib.rs:656:18
[INFO] [stdout]   41:     0x56453e35771c - test::run_test::{{closure}}::ha8ac744c4af1a4bb
[INFO] [stdout]                                at /rustc/84c898d65adf2f39a5a98507f1fe0ce10a2b8dbc/library/test/src/lib.rs:647:30
[INFO] [stdout]   42:     0x56453e35771c - core::ops::function::FnOnce::call_once{{vtable.shim}}::h7b411a9ed45bdecf
[INFO] [stdout]                                at /rustc/84c898d65adf2f39a5a98507f1fe0ce10a2b8dbc/library/core/src/ops/function.rs:250:5
[INFO] [stdout]   43:     0x56453e3850c6 - <alloc::boxed::Box<F,A> as core::ops::function::FnOnce<Args>>::call_once::hd05328869a8ed200
[INFO] [stdout]                                at /rustc/84c898d65adf2f39a5a98507f1fe0ce10a2b8dbc/library/alloc/src/boxed.rs:1987:9
[INFO] [stdout]   44:     0x56453e3850c6 - <core::panic::unwind_safe::AssertUnwindSafe<F> as core::ops::function::FnOnce<()>>::call_once::h0c601ce20bd5b2be
[INFO] [stdout]                                at /rustc/84c898d65adf2f39a5a98507f1fe0ce10a2b8dbc/library/core/src/panic/unwind_safe.rs:271:9
[INFO] [stdout]   45:     0x56453e3850c6 - std::panicking::try::do_call::ha4be5c164fe30854
[INFO] [stdout]                                at /rustc/84c898d65adf2f39a5a98507f1fe0ce10a2b8dbc/library/std/src/panicking.rs:487:40
[INFO] [stdout]   46:     0x56453e3850c6 - std::panicking::try::h604546f3609af05f
[INFO] [stdout]                                at /rustc/84c898d65adf2f39a5a98507f1fe0ce10a2b8dbc/library/std/src/panicking.rs:451:19
[INFO] [stdout]   47:     0x56453e3850c6 - std::panic::catch_unwind::h5bfa8afe44c9c2f9
[INFO] [stdout]                                at /rustc/84c898d65adf2f39a5a98507f1fe0ce10a2b8dbc/library/std/src/panic.rs:140:14
[INFO] [stdout]   48:     0x56453e3850c6 - test::run_test_in_process::hd50dee55dd63e6aa
[INFO] [stdout]                                at /rustc/84c898d65adf2f39a5a98507f1fe0ce10a2b8dbc/library/test/src/lib.rs:679:27
[INFO] [stdout]   49:     0x56453e3850c6 - test::run_test::run_test_inner::{{closure}}::h4aa0f433aa85cea8
[INFO] [stdout]                                at /rustc/84c898d65adf2f39a5a98507f1fe0ce10a2b8dbc/library/test/src/lib.rs:573:39
[INFO] [stdout]   50:     0x56453e351d91 - test::run_test::run_test_inner::{{closure}}::had56431adf24b4d6
[INFO] [stdout]                                at /rustc/84c898d65adf2f39a5a98507f1fe0ce10a2b8dbc/library/test/src/lib.rs:600:37
[INFO] [stdout]   51:     0x56453e351d91 - std::sys_common::backtrace::__rust_begin_short_backtrace::ha8d9890e0c73bf13
[INFO] [stdout]                                at /rustc/84c898d65adf2f39a5a98507f1fe0ce10a2b8dbc/library/std/src/sys_common/backtrace.rs:134:18
[INFO] [stdout]   52:     0x56453e3577ab - std::thread::Builder::spawn_unchecked_::{{closure}}::{{closure}}::h251832bcb4a95327
[INFO] [stdout]                                at /rustc/84c898d65adf2f39a5a98507f1fe0ce10a2b8dbc/library/std/src/thread/mod.rs:560:17
[INFO] [stdout]   53:     0x56453e3577ab - <core::panic::unwind_safe::AssertUnwindSafe<F> as core::ops::function::FnOnce<()>>::call_once::h8fdff598fa414831
[INFO] [stdout]                                at /rustc/84c898d65adf2f39a5a98507f1fe0ce10a2b8dbc/library/core/src/panic/unwind_safe.rs:271:9
[INFO] [stdout]   54:     0x56453e3577ab - std::panicking::try::do_call::h455dd2f7764a950f
[INFO] [stdout]                                at /rustc/84c898d65adf2f39a5a98507f1fe0ce10a2b8dbc/library/std/src/panicking.rs:487:40
[INFO] [stdout]   55:     0x56453e3577ab - std::panicking::try::had6f23b7b73ae72a
[INFO] [stdout]                                at /rustc/84c898d65adf2f39a5a98507f1fe0ce10a2b8dbc/library/std/src/panicking.rs:451:19
[INFO] [stdout]   56:     0x56453e3577ab - std::panic::catch_unwind::ha6a5ca3915b4dad0
[INFO] [stdout]                                at /rustc/84c898d65adf2f39a5a98507f1fe0ce10a2b8dbc/library/std/src/panic.rs:140:14
[INFO] [stdout]   57:     0x56453e3577ab - std::thread::Builder::spawn_unchecked_::{{closure}}::h883b72ef75da6231
[INFO] [stdout]                                at /rustc/84c898d65adf2f39a5a98507f1fe0ce10a2b8dbc/library/std/src/thread/mod.rs:559:30
[INFO] [stdout]   58:     0x56453e3577ab - core::ops::function::FnOnce::call_once{{vtable.shim}}::hb7dff73dc8bd2ccb
[INFO] [stdout]                                at /rustc/84c898d65adf2f39a5a98507f1fe0ce10a2b8dbc/library/core/src/ops/function.rs:250:5
[INFO] [stdout]   59:     0x56453e89ad53 - <alloc::boxed::Box<F,A> as core::ops::function::FnOnce<Args>>::call_once::h39990b24eedef2ab
[INFO] [stdout]                                at /rustc/84c898d65adf2f39a5a98507f1fe0ce10a2b8dbc/library/alloc/src/boxed.rs:1987:9
[INFO] [stdout]   60:     0x56453e89ad53 - <alloc::boxed::Box<F,A> as core::ops::function::FnOnce<Args>>::call_once::h01a027258444143b
[INFO] [stdout]                                at /rustc/84c898d65adf2f39a5a98507f1fe0ce10a2b8dbc/library/alloc/src/boxed.rs:1987:9
[INFO] [stdout]   61:     0x56453e89ad53 - std::sys::unix::thread::Thread::new::thread_start::ha4f1cdd9c25884ba
[INFO] [stdout]                                at /rustc/84c898d65adf2f39a5a98507f1fe0ce10a2b8dbc/library/std/src/sys/unix/thread.rs:108:17
[INFO] [stdout]   62:     0x7fc85dd92b43 - <unknown>
[INFO] [stdout]   63:     0x7fc85de23bb4 - __clone
[INFO] [stdout]   64:                0x0 - <unknown>
[INFO] [stdout] 
[INFO] [stdout] 
[INFO] [stdout] failures:
[INFO] [stdout]     mysql_dao::task_check::test::get_test
[INFO] [stdout] 
[INFO] [stdout] test result: FAILED. 41 passed; 1 failed; 18 ignored; 0 measured; 0 filtered out; finished in 0.09s
[INFO] [stdout] 
[INFO] [stderr] error: test failed, to rerun pass `--lib`
[INFO] running `Command { std: "docker" "inspect" "fd764d2b60c4aab95b4105fecc235f168e3cbc085a35bbbffa1031e556f0e0e0", kill_on_drop: false }`
[INFO] running `Command { std: "docker" "rm" "-f" "fd764d2b60c4aab95b4105fecc235f168e3cbc085a35bbbffa1031e556f0e0e0", kill_on_drop: false }`
[INFO] [stdout] fd764d2b60c4aab95b4105fecc235f168e3cbc085a35bbbffa1031e556f0e0e0
