[INFO] fetching crate namewise 2.6.8...
[INFO] testing namewise-2.6.8 against 1.69.0 for beta-1.70-1
[INFO] extracting crate namewise 2.6.8 into /workspace/builds/worker-1-tc1/source
[INFO] validating manifest of crates.io crate namewise 2.6.8 on toolchain 1.69.0
[INFO] running `Command { std: CARGO_HOME="/workspace/cargo-home" RUSTUP_HOME="/workspace/rustup-home" "/workspace/cargo-home/bin/cargo" "+1.69.0" "metadata" "--manifest-path" "Cargo.toml" "--no-deps", kill_on_drop: false }`
[INFO] started tweaking crates.io crate namewise 2.6.8
[INFO] finished tweaking crates.io crate namewise 2.6.8
[INFO] tweaked toml for crates.io crate namewise 2.6.8 written to /workspace/builds/worker-1-tc1/source/Cargo.toml
[INFO] running `Command { std: CARGO_HOME="/workspace/cargo-home" RUSTUP_HOME="/workspace/rustup-home" __CARGO_TEST_CHANNEL_OVERRIDE_DO_NOT_USE_THIS="nightly" "/workspace/cargo-home/bin/cargo" "+1.69.0" "generate-lockfile" "--manifest-path" "Cargo.toml" "-Zno-index-update", kill_on_drop: false }`
[INFO] [stderr]     Blocking waiting for file lock on package cache
[INFO] running `Command { std: CARGO_HOME="/workspace/cargo-home" RUSTUP_HOME="/workspace/rustup-home" "/workspace/cargo-home/bin/cargo" "+1.69.0" "fetch" "--manifest-path" "Cargo.toml", kill_on_drop: false }`
[INFO] [stderr]     Blocking waiting for file lock on package cache
[INFO] [stderr]  Downloading crates ...
[INFO] [stderr]   Downloaded namewise-derive v2.6.8
[INFO] [stderr]   Downloaded namewise-common v2.6.8
[INFO] running `Command { std: "docker" "create" "-v" "/var/lib/crater-agent-workspace/builds/worker-1-tc1/target:/opt/rustwide/target:rw,Z" "-v" "/var/lib/crater-agent-workspace/builds/worker-1-tc1/source:/opt/rustwide/workdir:ro,Z" "-v" "/var/lib/crater-agent-workspace/cargo-home:/opt/rustwide/cargo-home:ro,Z" "-v" "/var/lib/crater-agent-workspace/rustup-home:/opt/rustwide/rustup-home:ro,Z" "-e" "SOURCE_DIR=/opt/rustwide/workdir" "-e" "CARGO_TARGET_DIR=/opt/rustwide/target" "-e" "CARGO_HOME=/opt/rustwide/cargo-home" "-e" "RUSTUP_HOME=/opt/rustwide/rustup-home" "-w" "/opt/rustwide/workdir" "-m" "1610612736" "--user" "0:0" "--network" "none" "ghcr.io/rust-lang/crates-build-env/linux@sha256:5ff2268d62e97bff2cde7d5815dd6ed5b47097566f13b8d0ca110b04b60e07ed" "/opt/rustwide/cargo-home/bin/cargo" "+1.69.0" "metadata" "--no-deps" "--format-version=1", kill_on_drop: false }`
[INFO] [stdout] 507b24a2bca52665ad23d7c602cea568647579886d5688b269e1907ffc08b149
[INFO] running `Command { std: "docker" "start" "-a" "507b24a2bca52665ad23d7c602cea568647579886d5688b269e1907ffc08b149", kill_on_drop: false }`
[INFO] running `Command { std: "docker" "inspect" "507b24a2bca52665ad23d7c602cea568647579886d5688b269e1907ffc08b149", kill_on_drop: false }`
[INFO] running `Command { std: "docker" "rm" "-f" "507b24a2bca52665ad23d7c602cea568647579886d5688b269e1907ffc08b149", kill_on_drop: false }`
[INFO] [stdout] 507b24a2bca52665ad23d7c602cea568647579886d5688b269e1907ffc08b149
[INFO] running `Command { std: "docker" "create" "-v" "/var/lib/crater-agent-workspace/builds/worker-1-tc1/target:/opt/rustwide/target:rw,Z" "-v" "/var/lib/crater-agent-workspace/builds/worker-1-tc1/source:/opt/rustwide/workdir:ro,Z" "-v" "/var/lib/crater-agent-workspace/cargo-home:/opt/rustwide/cargo-home:ro,Z" "-v" "/var/lib/crater-agent-workspace/rustup-home:/opt/rustwide/rustup-home:ro,Z" "-e" "SOURCE_DIR=/opt/rustwide/workdir" "-e" "CARGO_TARGET_DIR=/opt/rustwide/target" "-e" "CARGO_INCREMENTAL=0" "-e" "RUST_BACKTRACE=full" "-e" "RUSTFLAGS=--cap-lints=warn" "-e" "RUSTDOCFLAGS=--cap-lints=warn" "-e" "CARGO_HOME=/opt/rustwide/cargo-home" "-e" "RUSTUP_HOME=/opt/rustwide/rustup-home" "-w" "/opt/rustwide/workdir" "-m" "1610612736" "--user" "0:0" "--network" "none" "ghcr.io/rust-lang/crates-build-env/linux@sha256:5ff2268d62e97bff2cde7d5815dd6ed5b47097566f13b8d0ca110b04b60e07ed" "/opt/rustwide/cargo-home/bin/cargo" "+1.69.0" "build" "--frozen" "--message-format=json", kill_on_drop: false }`
[INFO] [stdout] 519ec1e67fb667b12c96fc60e3472c62ddee9d27aa4dc6e0e84bbe118379b38c
[INFO] running `Command { std: "docker" "start" "-a" "519ec1e67fb667b12c96fc60e3472c62ddee9d27aa4dc6e0e84bbe118379b38c", kill_on_drop: false }`
[INFO] [stderr]    Compiling proc-macro2 v1.0.56
[INFO] [stderr]    Compiling syn v1.0.109
[INFO] [stderr]    Compiling fnv v1.0.7
[INFO] [stderr]    Compiling ident_case v1.0.1
[INFO] [stderr]    Compiling strsim v0.10.0
[INFO] [stderr]    Compiling convert_case v0.4.0
[INFO] [stderr]    Compiling either v1.8.1
[INFO] [stderr]    Compiling itertools v0.10.5
[INFO] [stderr]    Compiling quote v1.0.26
[INFO] [stderr]    Compiling syn v2.0.15
[INFO] [stderr]    Compiling derive_more v0.99.17
[INFO] [stderr]    Compiling darling_core v0.20.0
[INFO] [stderr]    Compiling thiserror-impl v1.0.40
[INFO] [stderr]    Compiling darling_macro v0.20.0
[INFO] [stderr]    Compiling thiserror v1.0.40
[INFO] [stderr]    Compiling namewise-common v2.6.8
[INFO] [stderr]    Compiling darling v0.20.0
[INFO] [stderr]    Compiling namewise-derive v2.6.8
[INFO] [stdout] error[E0308]: mismatched types
[INFO] [stdout]   --> /opt/rustwide/cargo-home/registry/src/github.com-1ecc6299db9ec823/namewise-derive-2.6.8/src/derive_from.rs:8:44
[INFO] [stdout]    |
[INFO] [stdout] 8  |     let params = Params::from_derive_input(&derive_input).expect("Failed to parse inputs");
[INFO] [stdout]    |                  ------------------------- ^^^^^^^^^^^^^ expected `syn::derive::DeriveInput`, found `syn::DeriveInput`
[INFO] [stdout]    |                  |
[INFO] [stdout]    |                  arguments to this function are incorrect
[INFO] [stdout]    |
[INFO] [stdout]    = note: `syn::DeriveInput` and `syn::derive::DeriveInput` have similar names, but are actually distinct types
[INFO] [stdout] note: `syn::DeriveInput` is defined in crate `syn`
[INFO] [stdout]   --> /opt/rustwide/cargo-home/registry/src/github.com-1ecc6299db9ec823/syn-1.0.109/src/derive.rs:4:1
[INFO] [stdout]    |
[INFO] [stdout] 4  | / ast_struct! {
[INFO] [stdout] 5  | |     /// Data structure sent to a `proc_macro_derive` macro.
[INFO] [stdout] 6  | |     ///
[INFO] [stdout] 7  | |     /// *This type is available only if Syn is built with the `"derive"` feature.*
[INFO] [stdout] ...  |
[INFO] [stdout] 24 | |     }
[INFO] [stdout] 25 | | }
[INFO] [stdout]    | |_^
[INFO] [stdout] note: `syn::derive::DeriveInput` is defined in crate `syn`
[INFO] [stdout]   --> /opt/rustwide/cargo-home/registry/src/github.com-1ecc6299db9ec823/syn-2.0.15/src/derive.rs:4:1
[INFO] [stdout]    |
[INFO] [stdout] 4  | / ast_struct! {
[INFO] [stdout] 5  | |     /// Data structure sent to a `proc_macro_derive` macro.
[INFO] [stdout] 6  | |     #[cfg_attr(doc_cfg, doc(cfg(feature = "derive")))]
[INFO] [stdout] 7  | |     pub struct DeriveInput {
[INFO] [stdout] ...  |
[INFO] [stdout] 13 | |     }
[INFO] [stdout] 14 | | }
[INFO] [stdout]    | |_^
[INFO] [stdout]    = note: perhaps two different versions of crate `syn` are being used?
[INFO] [stdout] note: associated function defined here
[INFO] [stdout]   --> /opt/rustwide/cargo-home/registry/src/github.com-1ecc6299db9ec823/darling_core-0.20.0/src/from_derive_input.rs:13:8
[INFO] [stdout]    |
[INFO] [stdout] 13 |     fn from_derive_input(input: &DeriveInput) -> Result<Self>;
[INFO] [stdout]    |        ^^^^^^^^^^^^^^^^^
[INFO] [stdout]    = note: this error originates in the macro `strip_attrs_pub` which comes from the expansion of the macro `ast_struct` (in Nightly builds, run with -Z macro-backtrace for more info)
[INFO] [stdout] 
[INFO] [stdout] 
[INFO] [stdout] error[E0277]: the trait bound `syn::Type: FromMeta` is not satisfied
[INFO] [stdout]   --> /opt/rustwide/cargo-home/registry/src/github.com-1ecc6299db9ec823/namewise-derive-2.6.8/src/derive_from.rs:40:12
[INFO] [stdout]    |
[INFO] [stdout] 40 |     types: Vec<Type>,
[INFO] [stdout]    |            ^^^ the trait `FromMeta` is not implemented for `syn::Type`
[INFO] [stdout]    |
[INFO] [stdout]    = help: the following other types implement trait `FromMeta`:
[INFO] [stdout]              ()
[INFO] [stdout]              Arc<T>
[INFO] [stdout]              AtomicBool
[INFO] [stdout]              Flag
[INFO] [stdout]              HashMap<proc_macro2::Ident, V, S>
[INFO] [stdout]              HashMap<std::string::String, V, S>
[INFO] [stdout]              HashMap<syn::path::Path, V, S>
[INFO] [stdout]              IdentString
[INFO] [stdout]            and 71 others
[INFO] [stdout] 
[INFO] [stdout] 
[INFO] [stdout] error[E0277]: the trait bound `syn::Variant: FromVariant` is not satisfied
[INFO] [stdout]    --> /opt/rustwide/cargo-home/registry/src/github.com-1ecc6299db9ec823/namewise-derive-2.6.8/src/derive_from.rs:31:10
[INFO] [stdout]     |
[INFO] [stdout] 31  | #[derive(FromDeriveInput)]
[INFO] [stdout]     |          ^^^^^^^^^^^^^^^ the trait `FromVariant` is not implemented for `syn::Variant`
[INFO] [stdout]     |
[INFO] [stdout]     = help: the following other types implement trait `FromVariant`:
[INFO] [stdout]               ()
[INFO] [stdout]               Ignored
[INFO] [stdout]               SpannedValue<T>
[INFO] [stdout]               Vec<syn::attr::Attribute>
[INFO] [stdout]               WithOriginal<T, syn::data::Variant>
[INFO] [stdout]               proc_macro2::Ident
[INFO] [stdout]               syn::data::Variant
[INFO] [stdout] note: required by a bound in `darling::ast::Data::<V, F>::try_from`
[INFO] [stdout]    --> /opt/rustwide/cargo-home/registry/src/github.com-1ecc6299db9ec823/darling_core-0.20.0/src/ast/data.rs:122:9
[INFO] [stdout]     |
[INFO] [stdout] 122 | impl<V: FromVariant, F: FromField> Data<V, F> {
[INFO] [stdout]     |         ^^^^^^^^^^^ required by this bound in `Data::<V, F>::try_from`
[INFO] [stdout]     = note: this error originates in the derive macro `FromDeriveInput` (in Nightly builds, run with -Z macro-backtrace for more info)
[INFO] [stdout] 
[INFO] [stdout] 
[INFO] [stdout] error[E0277]: the trait bound `syn::Type: FromMeta` is not satisfied
[INFO] [stdout]   --> /opt/rustwide/cargo-home/registry/src/github.com-1ecc6299db9ec823/namewise-derive-2.6.8/src/derive_from.rs:51:13
[INFO] [stdout]    |
[INFO] [stdout] 51 |     mapper: Option<Type>,
[INFO] [stdout]    |             ^^^^^^ the trait `FromMeta` is not implemented for `syn::Type`
[INFO] [stdout]    |
[INFO] [stdout]    = help: the following other types implement trait `FromMeta`:
[INFO] [stdout]              ()
[INFO] [stdout]              Arc<T>
[INFO] [stdout]              AtomicBool
[INFO] [stdout]              Flag
[INFO] [stdout]              HashMap<proc_macro2::Ident, V, S>
[INFO] [stdout]              HashMap<std::string::String, V, S>
[INFO] [stdout]              HashMap<syn::path::Path, V, S>
[INFO] [stdout]              IdentString
[INFO] [stdout]            and 71 others
[INFO] [stdout]    = note: required for `Option<syn::Type>` to implement `FromMeta`
[INFO] [stdout] 
[INFO] [stdout] 
[INFO] [stdout] error[E0308]: mismatched types
[INFO] [stdout]   --> /opt/rustwide/cargo-home/registry/src/github.com-1ecc6299db9ec823/namewise-derive-2.6.8/src/derive_into.rs:8:44
[INFO] [stdout]    |
[INFO] [stdout] 8  |     let params = Params::from_derive_input(&derive_input).expect("Failed to parse inputs");
[INFO] [stdout]    |                  ------------------------- ^^^^^^^^^^^^^ expected `syn::derive::DeriveInput`, found `syn::DeriveInput`
[INFO] [stdout]    |                  |
[INFO] [stdout]    |                  arguments to this function are incorrect
[INFO] [stdout]    |
[INFO] [stdout]    = note: `syn::DeriveInput` and `syn::derive::DeriveInput` have similar names, but are actually distinct types
[INFO] [stdout] note: `syn::DeriveInput` is defined in crate `syn`
[INFO] [stdout]   --> /opt/rustwide/cargo-home/registry/src/github.com-1ecc6299db9ec823/syn-1.0.109/src/derive.rs:4:1
[INFO] [stdout]    |
[INFO] [stdout] 4  | / ast_struct! {
[INFO] [stdout] 5  | |     /// Data structure sent to a `proc_macro_derive` macro.
[INFO] [stdout] 6  | |     ///
[INFO] [stdout] 7  | |     /// *This type is available only if Syn is built with the `"derive"` feature.*
[INFO] [stdout] ...  |
[INFO] [stdout] 24 | |     }
[INFO] [stdout] 25 | | }
[INFO] [stdout]    | |_^
[INFO] [stdout] note: `syn::derive::DeriveInput` is defined in crate `syn`
[INFO] [stdout]   --> /opt/rustwide/cargo-home/registry/src/github.com-1ecc6299db9ec823/syn-2.0.15/src/derive.rs:4:1
[INFO] [stdout]    |
[INFO] [stdout] 4  | / ast_struct! {
[INFO] [stdout] 5  | |     /// Data structure sent to a `proc_macro_derive` macro.
[INFO] [stdout] 6  | |     #[cfg_attr(doc_cfg, doc(cfg(feature = "derive")))]
[INFO] [stdout] 7  | |     pub struct DeriveInput {
[INFO] [stdout] ...  |
[INFO] [stdout] 13 | |     }
[INFO] [stdout] 14 | | }
[INFO] [stdout]    | |_^
[INFO] [stdout]    = note: perhaps two different versions of crate `syn` are being used?
[INFO] [stdout] note: associated function defined here
[INFO] [stdout]   --> /opt/rustwide/cargo-home/registry/src/github.com-1ecc6299db9ec823/darling_core-0.20.0/src/from_derive_input.rs:13:8
[INFO] [stdout]    |
[INFO] [stdout] 13 |     fn from_derive_input(input: &DeriveInput) -> Result<Self>;
[INFO] [stdout]    |        ^^^^^^^^^^^^^^^^^
[INFO] [stdout]    = note: this error originates in the macro `strip_attrs_pub` which comes from the expansion of the macro `ast_struct` (in Nightly builds, run with -Z macro-backtrace for more info)
[INFO] [stdout] 
[INFO] [stdout] 
[INFO] [stdout] error[E0277]: the trait bound `syn::Type: FromMeta` is not satisfied
[INFO] [stdout]   --> /opt/rustwide/cargo-home/registry/src/github.com-1ecc6299db9ec823/namewise-derive-2.6.8/src/derive_into.rs:37:12
[INFO] [stdout]    |
[INFO] [stdout] 37 |     types: Vec<Type>,
[INFO] [stdout]    |            ^^^ the trait `FromMeta` is not implemented for `syn::Type`
[INFO] [stdout]    |
[INFO] [stdout]    = help: the following other types implement trait `FromMeta`:
[INFO] [stdout]              ()
[INFO] [stdout]              Arc<T>
[INFO] [stdout]              AtomicBool
[INFO] [stdout]              Flag
[INFO] [stdout]              HashMap<proc_macro2::Ident, V, S>
[INFO] [stdout]              HashMap<std::string::String, V, S>
[INFO] [stdout]              HashMap<syn::path::Path, V, S>
[INFO] [stdout]              IdentString
[INFO] [stdout]            and 71 others
[INFO] [stdout] 
[INFO] [stdout] 
[INFO] [stdout] error[E0277]: the trait bound `syn::Variant: FromVariant` is not satisfied
[INFO] [stdout]    --> /opt/rustwide/cargo-home/registry/src/github.com-1ecc6299db9ec823/namewise-derive-2.6.8/src/derive_into.rs:31:10
[INFO] [stdout]     |
[INFO] [stdout] 31  | #[derive(FromDeriveInput)]
[INFO] [stdout]     |          ^^^^^^^^^^^^^^^ the trait `FromVariant` is not implemented for `syn::Variant`
[INFO] [stdout]     |
[INFO] [stdout]     = help: the following other types implement trait `FromVariant`:
[INFO] [stdout]               ()
[INFO] [stdout]               Ignored
[INFO] [stdout]               SpannedValue<T>
[INFO] [stdout]               Vec<syn::attr::Attribute>
[INFO] [stdout]               WithOriginal<T, syn::data::Variant>
[INFO] [stdout]               proc_macro2::Ident
[INFO] [stdout]               syn::data::Variant
[INFO] [stdout] note: required by a bound in `darling::ast::Data::<V, F>::try_from`
[INFO] [stdout]    --> /opt/rustwide/cargo-home/registry/src/github.com-1ecc6299db9ec823/darling_core-0.20.0/src/ast/data.rs:122:9
[INFO] [stdout]     |
[INFO] [stdout] 122 | impl<V: FromVariant, F: FromField> Data<V, F> {
[INFO] [stdout]     |         ^^^^^^^^^^^ required by this bound in `Data::<V, F>::try_from`
[INFO] [stdout]     = note: this error originates in the derive macro `FromDeriveInput` (in Nightly builds, run with -Z macro-backtrace for more info)
[INFO] [stdout] 
[INFO] [stdout] 
[INFO] [stdout] error[E0277]: the trait bound `syn::Type: FromMeta` is not satisfied
[INFO] [stdout]   --> /opt/rustwide/cargo-home/registry/src/github.com-1ecc6299db9ec823/namewise-derive-2.6.8/src/derive_into.rs:48:13
[INFO] [stdout]    |
[INFO] [stdout] 48 |     mapper: Option<Type>,
[INFO] [stdout]    |             ^^^^^^ the trait `FromMeta` is not implemented for `syn::Type`
[INFO] [stdout]    |
[INFO] [stdout]    = help: the following other types implement trait `FromMeta`:
[INFO] [stdout]              ()
[INFO] [stdout]              Arc<T>
[INFO] [stdout]              AtomicBool
[INFO] [stdout]              Flag
[INFO] [stdout]              HashMap<proc_macro2::Ident, V, S>
[INFO] [stdout]              HashMap<std::string::String, V, S>
[INFO] [stdout]              HashMap<syn::path::Path, V, S>
[INFO] [stdout]              IdentString
[INFO] [stdout]            and 71 others
[INFO] [stdout]    = note: required for `Option<syn::Type>` to implement `FromMeta`
[INFO] [stdout] 
[INFO] [stdout] 
[INFO] [stdout] error[E0308]: mismatched types
[INFO] [stdout]   --> /opt/rustwide/cargo-home/registry/src/github.com-1ecc6299db9ec823/namewise-derive-2.6.8/src/derive_try_from.rs:8:44
[INFO] [stdout]    |
[INFO] [stdout] 8  |     let params = Params::from_derive_input(&derive_input).expect("Failed to parse inputs");
[INFO] [stdout]    |                  ------------------------- ^^^^^^^^^^^^^ expected `syn::derive::DeriveInput`, found `syn::DeriveInput`
[INFO] [stdout]    |                  |
[INFO] [stdout]    |                  arguments to this function are incorrect
[INFO] [stdout]    |
[INFO] [stdout]    = note: `syn::DeriveInput` and `syn::derive::DeriveInput` have similar names, but are actually distinct types
[INFO] [stdout] note: `syn::DeriveInput` is defined in crate `syn`
[INFO] [stdout]   --> /opt/rustwide/cargo-home/registry/src/github.com-1ecc6299db9ec823/syn-1.0.109/src/derive.rs:4:1
[INFO] [stdout]    |
[INFO] [stdout] 4  | / ast_struct! {
[INFO] [stdout] 5  | |     /// Data structure sent to a `proc_macro_derive` macro.
[INFO] [stdout] 6  | |     ///
[INFO] [stdout] 7  | |     /// *This type is available only if Syn is built with the `"derive"` feature.*
[INFO] [stdout] ...  |
[INFO] [stdout] 24 | |     }
[INFO] [stdout] 25 | | }
[INFO] [stdout]    | |_^
[INFO] [stdout] note: `syn::derive::DeriveInput` is defined in crate `syn`
[INFO] [stdout]   --> /opt/rustwide/cargo-home/registry/src/github.com-1ecc6299db9ec823/syn-2.0.15/src/derive.rs:4:1
[INFO] [stdout]    |
[INFO] [stdout] 4  | / ast_struct! {
[INFO] [stdout] 5  | |     /// Data structure sent to a `proc_macro_derive` macro.
[INFO] [stdout] 6  | |     #[cfg_attr(doc_cfg, doc(cfg(feature = "derive")))]
[INFO] [stdout] 7  | |     pub struct DeriveInput {
[INFO] [stdout] ...  |
[INFO] [stdout] 13 | |     }
[INFO] [stdout] 14 | | }
[INFO] [stdout]    | |_^
[INFO] [stdout]    = note: perhaps two different versions of crate `syn` are being used?
[INFO] [stdout] note: associated function defined here
[INFO] [stdout]   --> /opt/rustwide/cargo-home/registry/src/github.com-1ecc6299db9ec823/darling_core-0.20.0/src/from_derive_input.rs:13:8
[INFO] [stdout]    |
[INFO] [stdout] 13 |     fn from_derive_input(input: &DeriveInput) -> Result<Self>;
[INFO] [stdout]    |        ^^^^^^^^^^^^^^^^^
[INFO] [stdout]    = note: this error originates in the macro `strip_attrs_pub` which comes from the expansion of the macro `ast_struct` (in Nightly builds, run with -Z macro-backtrace for more info)
[INFO] [stdout] 
[INFO] [stdout] 
[INFO] [stdout] error[E0277]: the trait bound `syn::Type: FromMeta` is not satisfied
[INFO] [stdout]   --> /opt/rustwide/cargo-home/registry/src/github.com-1ecc6299db9ec823/namewise-derive-2.6.8/src/derive_try_from.rs:37:12
[INFO] [stdout]    |
[INFO] [stdout] 37 |     types: Vec<Type>,
[INFO] [stdout]    |            ^^^ the trait `FromMeta` is not implemented for `syn::Type`
[INFO] [stdout]    |
[INFO] [stdout]    = help: the following other types implement trait `FromMeta`:
[INFO] [stdout]              ()
[INFO] [stdout]              Arc<T>
[INFO] [stdout]              AtomicBool
[INFO] [stdout]              Flag
[INFO] [stdout]              HashMap<proc_macro2::Ident, V, S>
[INFO] [stdout]              HashMap<std::string::String, V, S>
[INFO] [stdout]              HashMap<syn::path::Path, V, S>
[INFO] [stdout]              IdentString
[INFO] [stdout]            and 71 others
[INFO] [stdout] 
[INFO] [stdout] 
[INFO] [stdout] error[E0277]: the trait bound `syn::Variant: FromVariant` is not satisfied
[INFO] [stdout]    --> /opt/rustwide/cargo-home/registry/src/github.com-1ecc6299db9ec823/namewise-derive-2.6.8/src/derive_try_from.rs:31:10
[INFO] [stdout]     |
[INFO] [stdout] 31  | #[derive(FromDeriveInput)]
[INFO] [stdout]     |          ^^^^^^^^^^^^^^^ the trait `FromVariant` is not implemented for `syn::Variant`
[INFO] [stdout]     |
[INFO] [stdout]     = help: the following other types implement trait `FromVariant`:
[INFO] [stdout]               ()
[INFO] [stdout]               Ignored
[INFO] [stdout]               SpannedValue<T>
[INFO] [stdout]               Vec<syn::attr::Attribute>
[INFO] [stdout]               WithOriginal<T, syn::data::Variant>
[INFO] [stdout]               proc_macro2::Ident
[INFO] [stdout]               syn::data::Variant
[INFO] [stdout] note: required by a bound in `darling::ast::Data::<V, F>::try_from`
[INFO] [stdout]    --> /opt/rustwide/cargo-home/registry/src/github.com-1ecc6299db9ec823/darling_core-0.20.0/src/ast/data.rs:122:9
[INFO] [stdout]     |
[INFO] [stdout] 122 | impl<V: FromVariant, F: FromField> Data<V, F> {
[INFO] [stdout]     |         ^^^^^^^^^^^ required by this bound in `Data::<V, F>::try_from`
[INFO] [stdout]     = note: this error originates in the derive macro `FromDeriveInput` (in Nightly builds, run with -Z macro-backtrace for more info)
[INFO] [stdout] 
[INFO] [stdout] 
[INFO] [stdout] error[E0277]: the trait bound `syn::Type: FromMeta` is not satisfied
[INFO] [stdout]   --> /opt/rustwide/cargo-home/registry/src/github.com-1ecc6299db9ec823/namewise-derive-2.6.8/src/derive_try_from.rs:53:13
[INFO] [stdout]    |
[INFO] [stdout] 53 |     mapper: Option<Type>,
[INFO] [stdout]    |             ^^^^^^ the trait `FromMeta` is not implemented for `syn::Type`
[INFO] [stdout]    |
[INFO] [stdout]    = help: the following other types implement trait `FromMeta`:
[INFO] [stdout]              ()
[INFO] [stdout]              Arc<T>
[INFO] [stdout]              AtomicBool
[INFO] [stdout]              Flag
[INFO] [stdout]              HashMap<proc_macro2::Ident, V, S>
[INFO] [stdout]              HashMap<std::string::String, V, S>
[INFO] [stdout]              HashMap<syn::path::Path, V, S>
[INFO] [stdout]              IdentString
[INFO] [stdout]            and 71 others
[INFO] [stdout]    = note: required for `Option<syn::Type>` to implement `FromMeta`
[INFO] [stdout] 
[INFO] [stdout] 
[INFO] [stdout] error[E0277]: the trait bound `syn::Expr: FromMeta` is not satisfied
[INFO] [stdout]   --> /opt/rustwide/cargo-home/registry/src/github.com-1ecc6299db9ec823/namewise-derive-2.6.8/src/derive_try_from.rs:56:20
[INFO] [stdout]    |
[INFO] [stdout] 56 |     default_value: Option<Expr>,
[INFO] [stdout]    |                    ^^^^^^ the trait `FromMeta` is not implemented for `syn::Expr`
[INFO] [stdout]    |
[INFO] [stdout]    = help: the following other types implement trait `FromMeta`:
[INFO] [stdout]              ()
[INFO] [stdout]              Arc<T>
[INFO] [stdout]              AtomicBool
[INFO] [stdout]              Flag
[INFO] [stdout]              HashMap<proc_macro2::Ident, V, S>
[INFO] [stdout]              HashMap<std::string::String, V, S>
[INFO] [stdout]              HashMap<syn::path::Path, V, S>
[INFO] [stdout]              IdentString
[INFO] [stdout]            and 71 others
[INFO] [stdout]    = note: required for `Option<syn::Expr>` to implement `FromMeta`
[INFO] [stdout] 
[INFO] [stdout] 
[INFO] [stdout] error: aborting due to 13 previous errors
[INFO] [stdout] 
[INFO] [stdout] 
[INFO] [stdout] Some errors have detailed explanations: E0277, E0308.
[INFO] [stdout] 
[INFO] [stdout] For more information about an error, try `rustc --explain E0277`.
[INFO] [stdout] 
[INFO] [stderr] error: could not compile `namewise-derive` due to 14 previous errors
[INFO] running `Command { std: "docker" "inspect" "519ec1e67fb667b12c96fc60e3472c62ddee9d27aa4dc6e0e84bbe118379b38c", kill_on_drop: false }`
[INFO] running `Command { std: "docker" "rm" "-f" "519ec1e67fb667b12c96fc60e3472c62ddee9d27aa4dc6e0e84bbe118379b38c", kill_on_drop: false }`
[INFO] [stdout] 519ec1e67fb667b12c96fc60e3472c62ddee9d27aa4dc6e0e84bbe118379b38c
