[INFO] fetching crate nalgebra_latex 0.1.22...
[INFO] testing nalgebra_latex-0.1.22 against 1.69.0 for beta-1.70-1
[INFO] extracting crate nalgebra_latex 0.1.22 into /workspace/builds/worker-0-tc1/source
[INFO] validating manifest of crates.io crate nalgebra_latex 0.1.22 on toolchain 1.69.0
[INFO] running `Command { std: CARGO_HOME="/workspace/cargo-home" RUSTUP_HOME="/workspace/rustup-home" "/workspace/cargo-home/bin/cargo" "+1.69.0" "metadata" "--manifest-path" "Cargo.toml" "--no-deps", kill_on_drop: false }`
[INFO] started tweaking crates.io crate nalgebra_latex 0.1.22
[INFO] finished tweaking crates.io crate nalgebra_latex 0.1.22
[INFO] tweaked toml for crates.io crate nalgebra_latex 0.1.22 written to /workspace/builds/worker-0-tc1/source/Cargo.toml
[INFO] running `Command { std: CARGO_HOME="/workspace/cargo-home" RUSTUP_HOME="/workspace/rustup-home" __CARGO_TEST_CHANNEL_OVERRIDE_DO_NOT_USE_THIS="nightly" "/workspace/cargo-home/bin/cargo" "+1.69.0" "generate-lockfile" "--manifest-path" "Cargo.toml" "-Zno-index-update", kill_on_drop: false }`
[INFO] running `Command { std: CARGO_HOME="/workspace/cargo-home" RUSTUP_HOME="/workspace/rustup-home" "/workspace/cargo-home/bin/cargo" "+1.69.0" "fetch" "--manifest-path" "Cargo.toml", kill_on_drop: false }`
[INFO] [stderr]  Downloading crates ...
[INFO] [stderr]   Downloaded simba v0.7.3
[INFO] [stderr]   Downloaded nalgebra v0.31.4
[INFO] [stderr]   Downloaded const_num_bigint_derive v0.1.1
[INFO] [stderr]   Downloaded mime_typed v0.1.7
[INFO] [stderr]   Downloaded const_std_vec v0.2.0
[INFO] [stderr]   Downloaded const_num_bigint v0.2.1
[INFO] [stderr]   Downloaded execute_evcxr v0.1.1
[INFO] [stderr]   Downloaded partial_application v0.2.1
[INFO] [stderr]   Downloaded zst v0.1.2
[INFO] [stderr]   Downloaded nalgebra_linsys v0.1.1
[INFO] [stderr]   Downloaded remove_macro_call v0.1.3
[INFO] [stderr]   Downloaded the_assoc_ty_ext v0.1.0
[INFO] [stderr]   Downloaded unconst_trait_impl v0.1.5
[INFO] running `Command { std: "docker" "create" "-v" "/var/lib/crater-agent-workspace/builds/worker-0-tc1/target:/opt/rustwide/target:rw,Z" "-v" "/var/lib/crater-agent-workspace/builds/worker-0-tc1/source:/opt/rustwide/workdir:ro,Z" "-v" "/var/lib/crater-agent-workspace/cargo-home:/opt/rustwide/cargo-home:ro,Z" "-v" "/var/lib/crater-agent-workspace/rustup-home:/opt/rustwide/rustup-home:ro,Z" "-e" "SOURCE_DIR=/opt/rustwide/workdir" "-e" "CARGO_TARGET_DIR=/opt/rustwide/target" "-e" "CARGO_HOME=/opt/rustwide/cargo-home" "-e" "RUSTUP_HOME=/opt/rustwide/rustup-home" "-w" "/opt/rustwide/workdir" "-m" "1610612736" "--user" "0:0" "--network" "none" "ghcr.io/rust-lang/crates-build-env/linux@sha256:5ff2268d62e97bff2cde7d5815dd6ed5b47097566f13b8d0ca110b04b60e07ed" "/opt/rustwide/cargo-home/bin/cargo" "+1.69.0" "metadata" "--no-deps" "--format-version=1", kill_on_drop: false }`
[INFO] [stdout] de089cbc9bd5aef3b39b59651f2b68d90e62dc2cfb810cf47d67d289ad68b2ad
[INFO] running `Command { std: "docker" "start" "-a" "de089cbc9bd5aef3b39b59651f2b68d90e62dc2cfb810cf47d67d289ad68b2ad", kill_on_drop: false }`
[INFO] running `Command { std: "docker" "inspect" "de089cbc9bd5aef3b39b59651f2b68d90e62dc2cfb810cf47d67d289ad68b2ad", kill_on_drop: false }`
[INFO] running `Command { std: "docker" "rm" "-f" "de089cbc9bd5aef3b39b59651f2b68d90e62dc2cfb810cf47d67d289ad68b2ad", kill_on_drop: false }`
[INFO] [stdout] de089cbc9bd5aef3b39b59651f2b68d90e62dc2cfb810cf47d67d289ad68b2ad
[INFO] running `Command { std: "docker" "create" "-v" "/var/lib/crater-agent-workspace/builds/worker-0-tc1/target:/opt/rustwide/target:rw,Z" "-v" "/var/lib/crater-agent-workspace/builds/worker-0-tc1/source:/opt/rustwide/workdir:ro,Z" "-v" "/var/lib/crater-agent-workspace/cargo-home:/opt/rustwide/cargo-home:ro,Z" "-v" "/var/lib/crater-agent-workspace/rustup-home:/opt/rustwide/rustup-home:ro,Z" "-e" "SOURCE_DIR=/opt/rustwide/workdir" "-e" "CARGO_TARGET_DIR=/opt/rustwide/target" "-e" "CARGO_INCREMENTAL=0" "-e" "RUST_BACKTRACE=full" "-e" "RUSTFLAGS=--cap-lints=warn" "-e" "RUSTDOCFLAGS=--cap-lints=warn" "-e" "CARGO_HOME=/opt/rustwide/cargo-home" "-e" "RUSTUP_HOME=/opt/rustwide/rustup-home" "-w" "/opt/rustwide/workdir" "-m" "1610612736" "--user" "0:0" "--network" "none" "ghcr.io/rust-lang/crates-build-env/linux@sha256:5ff2268d62e97bff2cde7d5815dd6ed5b47097566f13b8d0ca110b04b60e07ed" "/opt/rustwide/cargo-home/bin/cargo" "+1.69.0" "build" "--frozen" "--message-format=json", kill_on_drop: false }`
[INFO] [stdout] 1235bd1b7038d5b43ec966e8492f3ad1ec30b7fe70a41c3adf256d5fd6389a13
[INFO] running `Command { std: "docker" "start" "-a" "1235bd1b7038d5b43ec966e8492f3ad1ec30b7fe70a41c3adf256d5fd6389a13", kill_on_drop: false }`
[INFO] [stderr]    Compiling autocfg v1.1.0
[INFO] [stderr]    Compiling proc-macro2 v1.0.56
[INFO] [stderr]    Compiling quote v1.0.26
[INFO] [stderr]    Compiling unicode-ident v1.0.8
[INFO] [stderr]    Compiling syn v1.0.109
[INFO] [stderr]    Compiling bytemuck v1.13.1
[INFO] [stderr]    Compiling paste v1.0.12
[INFO] [stderr]    Compiling typenum v1.16.0
[INFO] [stderr]    Compiling cfg_aliases v0.1.1
[INFO] [stderr]    Compiling rawpointer v0.2.1
[INFO] [stderr]    Compiling thiserror v1.0.40
[INFO] [stderr]    Compiling the_assoc_ty_ext v0.1.0
[INFO] [stderr]    Compiling either v1.8.1
[INFO] [stderr]    Compiling mime_typed v0.1.7
[INFO] [stderr]    Compiling zst v0.1.2
[INFO] [stderr]    Compiling safe_arch v0.6.0
[INFO] [stderr]    Compiling num-traits v0.2.15
[INFO] [stderr]    Compiling num-integer v0.1.45
[INFO] [stderr]    Compiling matrixmultiply v0.3.4
[INFO] [stderr]    Compiling num-rational v0.4.1
[INFO] [stderr]    Compiling wide v0.7.8
[INFO] [stderr]    Compiling syn v2.0.15
[INFO] [stderr]    Compiling num-complex v0.4.3
[INFO] [stderr]    Compiling approx v0.5.1
[INFO] [stderr]    Compiling simba v0.7.3
[INFO] [stderr]    Compiling thiserror-impl v1.0.40
[INFO] [stderr]    Compiling nalgebra-macros v0.1.0
[INFO] [stderr]    Compiling unconst_trait_impl v0.1.5
[INFO] [stderr]    Compiling remove_macro_call v0.1.3
[INFO] [stderr]    Compiling nalgebra v0.31.4
[INFO] [stderr]    Compiling nalgebra_linsys v0.1.1
[INFO] [stderr]    Compiling nalgebra_latex v0.1.22 (/opt/rustwide/workdir)
[INFO] [stderr]     Finished dev [unoptimized + debuginfo] target(s) in 17.78s
[INFO] running `Command { std: "docker" "inspect" "1235bd1b7038d5b43ec966e8492f3ad1ec30b7fe70a41c3adf256d5fd6389a13", kill_on_drop: false }`
[INFO] running `Command { std: "docker" "rm" "-f" "1235bd1b7038d5b43ec966e8492f3ad1ec30b7fe70a41c3adf256d5fd6389a13", kill_on_drop: false }`
[INFO] [stdout] 1235bd1b7038d5b43ec966e8492f3ad1ec30b7fe70a41c3adf256d5fd6389a13
[INFO] running `Command { std: "docker" "create" "-v" "/var/lib/crater-agent-workspace/builds/worker-0-tc1/target:/opt/rustwide/target:rw,Z" "-v" "/var/lib/crater-agent-workspace/builds/worker-0-tc1/source:/opt/rustwide/workdir:ro,Z" "-v" "/var/lib/crater-agent-workspace/cargo-home:/opt/rustwide/cargo-home:ro,Z" "-v" "/var/lib/crater-agent-workspace/rustup-home:/opt/rustwide/rustup-home:ro,Z" "-e" "SOURCE_DIR=/opt/rustwide/workdir" "-e" "CARGO_TARGET_DIR=/opt/rustwide/target" "-e" "CARGO_INCREMENTAL=0" "-e" "RUST_BACKTRACE=full" "-e" "RUSTFLAGS=--cap-lints=warn" "-e" "RUSTDOCFLAGS=--cap-lints=warn" "-e" "CARGO_HOME=/opt/rustwide/cargo-home" "-e" "RUSTUP_HOME=/opt/rustwide/rustup-home" "-w" "/opt/rustwide/workdir" "-m" "1610612736" "--user" "0:0" "--network" "none" "ghcr.io/rust-lang/crates-build-env/linux@sha256:5ff2268d62e97bff2cde7d5815dd6ed5b47097566f13b8d0ca110b04b60e07ed" "/opt/rustwide/cargo-home/bin/cargo" "+1.69.0" "test" "--frozen" "--no-run" "--message-format=json", kill_on_drop: false }`
[INFO] [stdout] 3a71d2716afe3e5ff1b042993a04a8cc44ffa8cfad7360c14ad57bc2ba880a5f
[INFO] running `Command { std: "docker" "start" "-a" "3a71d2716afe3e5ff1b042993a04a8cc44ffa8cfad7360c14ad57bc2ba880a5f", kill_on_drop: false }`
[INFO] [stderr]    Compiling unicode-ident v1.0.8
[INFO] [stderr]    Compiling num-traits v0.2.15
[INFO] [stderr]    Compiling num-integer v0.1.45
[INFO] [stderr]    Compiling proc-macro2 v1.0.56
[INFO] [stderr]    Compiling num-bigint v0.4.3
[INFO] [stderr]    Compiling quote v1.0.26
[INFO] [stderr]    Compiling syn v1.0.109
[INFO] [stderr]    Compiling const_std_vec v0.2.0
[INFO] [stderr]    Compiling partial_application v0.2.1
[INFO] [stderr]    Compiling syn v2.0.15
[INFO] [stderr]    Compiling num-complex v0.4.3
[INFO] [stderr]    Compiling approx v0.5.1
[INFO] [stderr]    Compiling num-rational v0.4.1
[INFO] [stderr]    Compiling simba v0.7.3
[INFO] [stderr]    Compiling thiserror-impl v1.0.40
[INFO] [stderr]    Compiling thiserror v1.0.40
[INFO] [stderr]    Compiling nalgebra-macros v0.1.0
[INFO] [stderr]    Compiling remove_macro_call v0.1.3
[INFO] [stderr]    Compiling unconst_trait_impl v0.1.5
[INFO] [stderr]    Compiling const_num_bigint_derive v0.1.1
[INFO] [stderr]    Compiling execute_evcxr v0.1.1
[INFO] [stderr]    Compiling const_num_bigint v0.2.1
[INFO] [stderr]    Compiling zst v0.1.2
[INFO] [stderr]    Compiling nalgebra v0.31.4
[INFO] [stderr]    Compiling nalgebra_linsys v0.1.1
[INFO] [stderr]    Compiling nalgebra_latex v0.1.22 (/opt/rustwide/workdir)
[INFO] [stderr]     Finished test [unoptimized + debuginfo] target(s) in 15.42s
[INFO] running `Command { std: "docker" "inspect" "3a71d2716afe3e5ff1b042993a04a8cc44ffa8cfad7360c14ad57bc2ba880a5f", kill_on_drop: false }`
[INFO] running `Command { std: "docker" "rm" "-f" "3a71d2716afe3e5ff1b042993a04a8cc44ffa8cfad7360c14ad57bc2ba880a5f", kill_on_drop: false }`
[INFO] [stdout] 3a71d2716afe3e5ff1b042993a04a8cc44ffa8cfad7360c14ad57bc2ba880a5f
[INFO] running `Command { std: "docker" "create" "-v" "/var/lib/crater-agent-workspace/builds/worker-0-tc1/target:/opt/rustwide/target:rw,Z" "-v" "/var/lib/crater-agent-workspace/builds/worker-0-tc1/source:/opt/rustwide/workdir:ro,Z" "-v" "/var/lib/crater-agent-workspace/cargo-home:/opt/rustwide/cargo-home:ro,Z" "-v" "/var/lib/crater-agent-workspace/rustup-home:/opt/rustwide/rustup-home:ro,Z" "-e" "SOURCE_DIR=/opt/rustwide/workdir" "-e" "CARGO_TARGET_DIR=/opt/rustwide/target" "-e" "CARGO_INCREMENTAL=0" "-e" "RUST_BACKTRACE=full" "-e" "RUSTFLAGS=--cap-lints=warn" "-e" "RUSTDOCFLAGS=--cap-lints=warn" "-e" "CARGO_HOME=/opt/rustwide/cargo-home" "-e" "RUSTUP_HOME=/opt/rustwide/rustup-home" "-w" "/opt/rustwide/workdir" "-m" "1610612736" "--user" "0:0" "--network" "none" "ghcr.io/rust-lang/crates-build-env/linux@sha256:5ff2268d62e97bff2cde7d5815dd6ed5b47097566f13b8d0ca110b04b60e07ed" "/opt/rustwide/cargo-home/bin/cargo" "+1.69.0" "test" "--frozen", kill_on_drop: false }`
[INFO] [stdout] 55494fb839525cb7c800f5a76e14b8aae299d6caacfc6994fec8fc8d81b7fd4c
[INFO] running `Command { std: "docker" "start" "-a" "55494fb839525cb7c800f5a76e14b8aae299d6caacfc6994fec8fc8d81b7fd4c", kill_on_drop: false }`
[INFO] [stderr]     Finished test [unoptimized + debuginfo] target(s) in 0.02s
[INFO] [stderr]      Running unittests src/lib.rs (/opt/rustwide/target/debug/deps/nalgebra_latex-dfe8226f23422d12)
[INFO] [stdout] 
[INFO] [stdout] running 0 tests
[INFO] [stdout] 
[INFO] [stdout] test result: ok. 0 passed; 0 failed; 0 ignored; 0 measured; 0 filtered out; finished in 0.00s
[INFO] [stdout] 
[INFO] [stderr]    Doc-tests nalgebra_latex
[INFO] [stdout] 
[INFO] [stdout] running 25 tests
[INFO] [stdout] test src/fmt/mod.rs - fmt::EvcxrOutputFormatter (line 377) ... ignored
[INFO] [stdout] test src/fmt/mod.rs - fmt::EvcxrOutputFormatter::write_evcxr_output (line 462) ... ignored
[INFO] [stdout] test src/fmt/mod.rs - fmt::EvcxrOutputFormatter (line 414) - compile ... ok
[INFO] [stdout] test src/fmt/mod.rs - fmt::UncheckedLatexFormatter (line 118) ... FAILED
[INFO] [stdout] test src/fmt/mod.rs - fmt::EvcxrOutputFormatter::write_evcxr_output (line 499) - compile ... ok
[INFO] [stdout] test src/fmt/mod.rs - fmt::UncheckedLatexFormatter::write_latex_unchecked (line 168) ... FAILED
[INFO] [stdout] test src/env.rs - env::LatexEnvironment::write_closing_tag (line 242) ... ok
[INFO] [stdout] test src/env.rs - env::LatexEnvironment::write_name (line 138) ... ok
[INFO] [stdout] test src/fmt/mod.rs - fmt::BracedMatrixFormatter (line 664) ... ok
[INFO] [stdout] test src/fmt/mod.rs - fmt::PlainMatrixContentsFormatter (line 549) ... ok
[INFO] [stdout] test src/fmt/mod.rs - fmt::PlainMatrixFormatter (line 580) ... ok
[INFO] [stdout] test src/fmt/mod.rs - fmt::LatexFormatter::write_latex (line 303) ... ok
[INFO] [stdout] test src/fmt/mod.rs - fmt::ParenthesizedMatrixFormatter (line 608) ... ok
[INFO] [stdout] test src/env.rs - env::LatexEnvironment::write_opening_tag (line 205) ... ok
[INFO] [stdout] test src/env.rs - env::LatexEnvironment (line 36) ... ok
[INFO] [stdout] test src/fmt/labels.rs - fmt::labels (line 5) ... ok
[INFO] [stdout] test src/fmt/mod.rs - fmt::BracketedMatrixFormatter (line 636) ... ok
[INFO] [stdout] test src/fmt/mod.rs - fmt::DoubleVBarDelimitedMatrixFormatter (line 720) ... ok
[INFO] [stdout] test src/fmt/mod.rs - fmt::LatexFormatter (line 248) ... ok
[INFO] [stdout] test src/fmt/mod.rs - fmt::write_latex (line 69) ... ok
[INFO] [stdout] test src/fmt/mod.rs - fmt::VBarDelimitedMatrixFormatter (line 692) ... ok
[INFO] [stdout] test src/lib.rs - (line 13) ... ok
[INFO] [stdout] test src/lib.rs - macros::inplace_format (line 22) ... ok
[INFO] [stdout] test src/lin_sys/mod.rs - lin_sys::LinSys (line 15) ... ok
[INFO] [stdout] test src/lin_sys/fmt/mod.rs - lin_sys::fmt::PlainLinSysFormatter (line 14) ... ok
[INFO] [stdout] 
[INFO] [stdout] failures:
[INFO] [stdout] 
[INFO] [stdout] ---- src/fmt/mod.rs - fmt::UncheckedLatexFormatter (line 118) stdout ----
[INFO] [stdout] error[E0080]: it is undefined behavior to use this value
[INFO] [stdout]   --> src/fmt/mod.rs:125:32
[INFO] [stdout]    |
[INFO] [stdout] 10 | const A11 : &'static BigUint = biguint!("1");
[INFO] [stdout]    |                                ^^^^^^^^^^^^^ unable to turn pointer into raw bytes
[INFO] [stdout]    |
[INFO] [stdout]    = help: this code performed an operation that depends on the underlying bytes representing a pointer
[INFO] [stdout]    = help: the absolute address of a pointer is not known at compile-time, so such operations are not supported
[INFO] [stdout]    = note: the raw bytes of the constant (size: 8, align: 8) {
[INFO] [stdout]                ╾───────alloc11───────╼                         │ ╾──────╼
[INFO] [stdout]            }
[INFO] [stdout]    = note: this error originates in the macro `$crate::biguint_with_crate` which comes from the expansion of the macro `biguint` (in Nightly builds, run with -Z macro-backtrace for more info)
[INFO] [stdout] 
[INFO] [stdout] note: erroneous constant used
[INFO] [stdout]   --> src/fmt/mod.rs:125:32
[INFO] [stdout]    |
[INFO] [stdout] 10 | const A11 : &'static BigUint = biguint!("1");
[INFO] [stdout]    |                                ^^^^^^^^^^^^^
[INFO] [stdout]    |
[INFO] [stdout]    = note: this note originates in the macro `$crate::biguint_with_crate` which comes from the expansion of the macro `biguint` (in Nightly builds, run with -Z macro-backtrace for more info)
[INFO] [stdout] 
[INFO] [stdout] error[E0080]: it is undefined behavior to use this value
[INFO] [stdout]   --> src/fmt/mod.rs:126:32
[INFO] [stdout]    |
[INFO] [stdout] 11 | const A12 : &'static BigUint = biguint!("2");
[INFO] [stdout]    |                                ^^^^^^^^^^^^^ unable to turn pointer into raw bytes
[INFO] [stdout]    |
[INFO] [stdout]    = help: this code performed an operation that depends on the underlying bytes representing a pointer
[INFO] [stdout]    = help: the absolute address of a pointer is not known at compile-time, so such operations are not supported
[INFO] [stdout]    = note: the raw bytes of the constant (size: 8, align: 8) {
[INFO] [stdout]                ╾───────alloc22───────╼                         │ ╾──────╼
[INFO] [stdout]            }
[INFO] [stdout]    = note: this error originates in the macro `$crate::biguint_with_crate` which comes from the expansion of the macro `biguint` (in Nightly builds, run with -Z macro-backtrace for more info)
[INFO] [stdout] 
[INFO] [stdout] note: erroneous constant used
[INFO] [stdout]   --> src/fmt/mod.rs:126:32
[INFO] [stdout]    |
[INFO] [stdout] 11 | const A12 : &'static BigUint = biguint!("2");
[INFO] [stdout]    |                                ^^^^^^^^^^^^^
[INFO] [stdout]    |
[INFO] [stdout]    = note: this note originates in the macro `$crate::biguint_with_crate` which comes from the expansion of the macro `biguint` (in Nightly builds, run with -Z macro-backtrace for more info)
[INFO] [stdout] 
[INFO] [stdout] error[E0080]: it is undefined behavior to use this value
[INFO] [stdout]   --> src/fmt/mod.rs:127:32
[INFO] [stdout]    |
[INFO] [stdout] 12 | const A21 : &'static BigUint = biguint!("3");
[INFO] [stdout]    |                                ^^^^^^^^^^^^^ unable to turn pointer into raw bytes
[INFO] [stdout]    |
[INFO] [stdout]    = help: this code performed an operation that depends on the underlying bytes representing a pointer
[INFO] [stdout]    = help: the absolute address of a pointer is not known at compile-time, so such operations are not supported
[INFO] [stdout]    = note: the raw bytes of the constant (size: 8, align: 8) {
[INFO] [stdout]                ╾───────alloc33───────╼                         │ ╾──────╼
[INFO] [stdout]            }
[INFO] [stdout]    = note: this error originates in the macro `$crate::biguint_with_crate` which comes from the expansion of the macro `biguint` (in Nightly builds, run with -Z macro-backtrace for more info)
[INFO] [stdout] 
[INFO] [stdout] note: erroneous constant used
[INFO] [stdout]   --> src/fmt/mod.rs:127:32
[INFO] [stdout]    |
[INFO] [stdout] 12 | const A21 : &'static BigUint = biguint!("3");
[INFO] [stdout]    |                                ^^^^^^^^^^^^^
[INFO] [stdout]    |
[INFO] [stdout]    = note: this note originates in the macro `$crate::biguint_with_crate` which comes from the expansion of the macro `biguint` (in Nightly builds, run with -Z macro-backtrace for more info)
[INFO] [stdout] 
[INFO] [stdout] error[E0080]: it is undefined behavior to use this value
[INFO] [stdout]   --> src/fmt/mod.rs:128:32
[INFO] [stdout]    |
[INFO] [stdout] 13 | const A22 : &'static BigUint = biguint!("4");
[INFO] [stdout]    |                                ^^^^^^^^^^^^^ unable to turn pointer into raw bytes
[INFO] [stdout]    |
[INFO] [stdout]    = help: this code performed an operation that depends on the underlying bytes representing a pointer
[INFO] [stdout]    = help: the absolute address of a pointer is not known at compile-time, so such operations are not supported
[INFO] [stdout]    = note: the raw bytes of the constant (size: 8, align: 8) {
[INFO] [stdout]                ╾───────alloc44───────╼                         │ ╾──────╼
[INFO] [stdout]            }
[INFO] [stdout]    = note: this error originates in the macro `$crate::biguint_with_crate` which comes from the expansion of the macro `biguint` (in Nightly builds, run with -Z macro-backtrace for more info)
[INFO] [stdout] 
[INFO] [stdout] note: erroneous constant used
[INFO] [stdout]   --> src/fmt/mod.rs:128:32
[INFO] [stdout]    |
[INFO] [stdout] 13 | const A22 : &'static BigUint = biguint!("4");
[INFO] [stdout]    |                                ^^^^^^^^^^^^^
[INFO] [stdout]    |
[INFO] [stdout]    = note: this note originates in the macro `$crate::biguint_with_crate` which comes from the expansion of the macro `biguint` (in Nightly builds, run with -Z macro-backtrace for more info)
[INFO] [stdout] 
[INFO] [stdout] error: aborting due to 4 previous errors
[INFO] [stdout] 
[INFO] [stdout] For more information about this error, try `rustc --explain E0080`.
[INFO] [stdout] Couldn't compile the test.
[INFO] [stdout] ---- src/fmt/mod.rs - fmt::UncheckedLatexFormatter::write_latex_unchecked (line 168) stdout ----
[INFO] [stdout] error[E0080]: it is undefined behavior to use this value
[INFO] [stdout]   --> src/fmt/mod.rs:175:32
[INFO] [stdout]    |
[INFO] [stdout] 10 | const A11 : &'static BigUint = biguint!("1");
[INFO] [stdout]    |                                ^^^^^^^^^^^^^ unable to turn pointer into raw bytes
[INFO] [stdout]    |
[INFO] [stdout]    = help: this code performed an operation that depends on the underlying bytes representing a pointer
[INFO] [stdout]    = help: the absolute address of a pointer is not known at compile-time, so such operations are not supported
[INFO] [stdout]    = note: the raw bytes of the constant (size: 8, align: 8) {
[INFO] [stdout]                ╾───────alloc11───────╼                         │ ╾──────╼
[INFO] [stdout]            }
[INFO] [stdout]    = note: this error originates in the macro `$crate::biguint_with_crate` which comes from the expansion of the macro `biguint` (in Nightly builds, run with -Z macro-backtrace for more info)
[INFO] [stdout] 
[INFO] [stdout] note: erroneous constant used
[INFO] [stdout]   --> src/fmt/mod.rs:175:32
[INFO] [stdout]    |
[INFO] [stdout] 10 | const A11 : &'static BigUint = biguint!("1");
[INFO] [stdout]    |                                ^^^^^^^^^^^^^
[INFO] [stdout]    |
[INFO] [stdout]    = note: this note originates in the macro `$crate::biguint_with_crate` which comes from the expansion of the macro `biguint` (in Nightly builds, run with -Z macro-backtrace for more info)
[INFO] [stdout] 
[INFO] [stdout] error[E0080]: it is undefined behavior to use this value
[INFO] [stdout]   --> src/fmt/mod.rs:176:32
[INFO] [stdout]    |
[INFO] [stdout] 11 | const A12 : &'static BigUint = biguint!("2");
[INFO] [stdout]    |                                ^^^^^^^^^^^^^ unable to turn pointer into raw bytes
[INFO] [stdout]    |
[INFO] [stdout]    = help: this code performed an operation that depends on the underlying bytes representing a pointer
[INFO] [stdout]    = help: the absolute address of a pointer is not known at compile-time, so such operations are not supported
[INFO] [stdout]    = note: the raw bytes of the constant (size: 8, align: 8) {
[INFO] [stdout]                ╾───────alloc22───────╼                         │ ╾──────╼
[INFO] [stdout]            }
[INFO] [stdout]    = note: this error originates in the macro `$crate::biguint_with_crate` which comes from the expansion of the macro `biguint` (in Nightly builds, run with -Z macro-backtrace for more info)
[INFO] [stdout] 
[INFO] [stdout] note: erroneous constant used
[INFO] [stdout]   --> src/fmt/mod.rs:176:32
[INFO] [stdout]    |
[INFO] [stdout] 11 | const A12 : &'static BigUint = biguint!("2");
[INFO] [stdout]    |                                ^^^^^^^^^^^^^
[INFO] [stdout]    |
[INFO] [stdout]    = note: this note originates in the macro `$crate::biguint_with_crate` which comes from the expansion of the macro `biguint` (in Nightly builds, run with -Z macro-backtrace for more info)
[INFO] [stdout] 
[INFO] [stdout] error[E0080]: it is undefined behavior to use this value
[INFO] [stdout]   --> src/fmt/mod.rs:177:32
[INFO] [stdout]    |
[INFO] [stdout] 12 | const A21 : &'static BigUint = biguint!("3");
[INFO] [stdout]    |                                ^^^^^^^^^^^^^ unable to turn pointer into raw bytes
[INFO] [stdout]    |
[INFO] [stdout]    = help: this code performed an operation that depends on the underlying bytes representing a pointer
[INFO] [stdout]    = help: the absolute address of a pointer is not known at compile-time, so such operations are not supported
[INFO] [stdout]    = note: the raw bytes of the constant (size: 8, align: 8) {
[INFO] [stdout]                ╾───────alloc33───────╼                         │ ╾──────╼
[INFO] [stdout]            }
[INFO] [stdout]    = note: this error originates in the macro `$crate::biguint_with_crate` which comes from the expansion of the macro `biguint` (in Nightly builds, run with -Z macro-backtrace for more info)
[INFO] [stdout] 
[INFO] [stdout] note: erroneous constant used
[INFO] [stdout]   --> src/fmt/mod.rs:177:32
[INFO] [stdout]    |
[INFO] [stdout] 12 | const A21 : &'static BigUint = biguint!("3");
[INFO] [stdout]    |                                ^^^^^^^^^^^^^
[INFO] [stdout]    |
[INFO] [stdout]    = note: this note originates in the macro `$crate::biguint_with_crate` which comes from the expansion of the macro `biguint` (in Nightly builds, run with -Z macro-backtrace for more info)
[INFO] [stdout] 
[INFO] [stdout] error[E0080]: it is undefined behavior to use this value
[INFO] [stdout]   --> src/fmt/mod.rs:178:32
[INFO] [stdout]    |
[INFO] [stdout] 13 | const A22 : &'static BigUint = biguint!("4");
[INFO] [stdout]    |                                ^^^^^^^^^^^^^ unable to turn pointer into raw bytes
[INFO] [stdout]    |
[INFO] [stdout]    = help: this code performed an operation that depends on the underlying bytes representing a pointer
[INFO] [stdout]    = help: the absolute address of a pointer is not known at compile-time, so such operations are not supported
[INFO] [stdout]    = note: the raw bytes of the constant (size: 8, align: 8) {
[INFO] [stdout]                ╾───────alloc44───────╼                         │ ╾──────╼
[INFO] [stdout]            }
[INFO] [stdout]    = note: this error originates in the macro `$crate::biguint_with_crate` which comes from the expansion of the macro `biguint` (in Nightly builds, run with -Z macro-backtrace for more info)
[INFO] [stdout] 
[INFO] [stdout] note: erroneous constant used
[INFO] [stdout]   --> src/fmt/mod.rs:178:32
[INFO] [stdout]    |
[INFO] [stdout] 13 | const A22 : &'static BigUint = biguint!("4");
[INFO] [stdout]    |                                ^^^^^^^^^^^^^
[INFO] [stdout]    |
[INFO] [stdout]    = note: this note originates in the macro `$crate::biguint_with_crate` which comes from the expansion of the macro `biguint` (in Nightly builds, run with -Z macro-backtrace for more info)
[INFO] [stdout] 
[INFO] [stdout] error: aborting due to 4 previous errors
[INFO] [stdout] 
[INFO] [stdout] For more information about this error, try `rustc --explain E0080`.
[INFO] [stdout] Couldn't compile the test.
[INFO] [stdout] 
[INFO] [stdout] failures:
[INFO] [stdout]     src/fmt/mod.rs - fmt::UncheckedLatexFormatter (line 118)
[INFO] [stdout]     src/fmt/mod.rs - fmt::UncheckedLatexFormatter::write_latex_unchecked (line 168)
[INFO] [stdout] 
[INFO] [stdout] test result: FAILED. 21 passed; 2 failed; 2 ignored; 0 measured; 0 filtered out; finished in 0.52s
[INFO] [stdout] 
[INFO] [stderr] error: doctest failed, to rerun pass `--doc`
[INFO] running `Command { std: "docker" "inspect" "55494fb839525cb7c800f5a76e14b8aae299d6caacfc6994fec8fc8d81b7fd4c", kill_on_drop: false }`
[INFO] running `Command { std: "docker" "rm" "-f" "55494fb839525cb7c800f5a76e14b8aae299d6caacfc6994fec8fc8d81b7fd4c", kill_on_drop: false }`
[INFO] [stdout] 55494fb839525cb7c800f5a76e14b8aae299d6caacfc6994fec8fc8d81b7fd4c
