[INFO] fetching crate nalgebra-sparse 0.9.0...
[INFO] testing nalgebra-sparse-0.9.0 against 1.69.0 for beta-1.70-1
[INFO] extracting crate nalgebra-sparse 0.9.0 into /workspace/builds/worker-1-tc1/source
[INFO] validating manifest of crates.io crate nalgebra-sparse 0.9.0 on toolchain 1.69.0
[INFO] running `Command { std: CARGO_HOME="/workspace/cargo-home" RUSTUP_HOME="/workspace/rustup-home" "/workspace/cargo-home/bin/cargo" "+1.69.0" "metadata" "--manifest-path" "Cargo.toml" "--no-deps", kill_on_drop: false }`
[INFO] started tweaking crates.io crate nalgebra-sparse 0.9.0
[INFO] finished tweaking crates.io crate nalgebra-sparse 0.9.0
[INFO] tweaked toml for crates.io crate nalgebra-sparse 0.9.0 written to /workspace/builds/worker-1-tc1/source/Cargo.toml
[INFO] running `Command { std: CARGO_HOME="/workspace/cargo-home" RUSTUP_HOME="/workspace/rustup-home" __CARGO_TEST_CHANNEL_OVERRIDE_DO_NOT_USE_THIS="nightly" "/workspace/cargo-home/bin/cargo" "+1.69.0" "generate-lockfile" "--manifest-path" "Cargo.toml" "-Zno-index-update", kill_on_drop: false }`
[INFO] running `Command { std: CARGO_HOME="/workspace/cargo-home" RUSTUP_HOME="/workspace/rustup-home" "/workspace/cargo-home/bin/cargo" "+1.69.0" "fetch" "--manifest-path" "Cargo.toml", kill_on_drop: false }`
[INFO] [stderr]  Downloading crates ...
[INFO] [stderr]   Downloaded matrixcompare v0.3.0
[INFO] [stderr]   Downloaded matrixcompare-core v0.1.0
[INFO] running `Command { std: "docker" "create" "-v" "/var/lib/crater-agent-workspace/builds/worker-1-tc1/target:/opt/rustwide/target:rw,Z" "-v" "/var/lib/crater-agent-workspace/builds/worker-1-tc1/source:/opt/rustwide/workdir:ro,Z" "-v" "/var/lib/crater-agent-workspace/cargo-home:/opt/rustwide/cargo-home:ro,Z" "-v" "/var/lib/crater-agent-workspace/rustup-home:/opt/rustwide/rustup-home:ro,Z" "-e" "SOURCE_DIR=/opt/rustwide/workdir" "-e" "CARGO_TARGET_DIR=/opt/rustwide/target" "-e" "CARGO_HOME=/opt/rustwide/cargo-home" "-e" "RUSTUP_HOME=/opt/rustwide/rustup-home" "-w" "/opt/rustwide/workdir" "-m" "1610612736" "--user" "0:0" "--network" "none" "ghcr.io/rust-lang/crates-build-env/linux@sha256:5ff2268d62e97bff2cde7d5815dd6ed5b47097566f13b8d0ca110b04b60e07ed" "/opt/rustwide/cargo-home/bin/cargo" "+1.69.0" "metadata" "--no-deps" "--format-version=1", kill_on_drop: false }`
[INFO] [stdout] 5c610f47161775707e34a28ee27a8b4f26a48028c983dd68ccad319f7ea62d2e
[INFO] running `Command { std: "docker" "start" "-a" "5c610f47161775707e34a28ee27a8b4f26a48028c983dd68ccad319f7ea62d2e", kill_on_drop: false }`
[INFO] running `Command { std: "docker" "inspect" "5c610f47161775707e34a28ee27a8b4f26a48028c983dd68ccad319f7ea62d2e", kill_on_drop: false }`
[INFO] running `Command { std: "docker" "rm" "-f" "5c610f47161775707e34a28ee27a8b4f26a48028c983dd68ccad319f7ea62d2e", kill_on_drop: false }`
[INFO] [stdout] 5c610f47161775707e34a28ee27a8b4f26a48028c983dd68ccad319f7ea62d2e
[INFO] running `Command { std: "docker" "create" "-v" "/var/lib/crater-agent-workspace/builds/worker-1-tc1/target:/opt/rustwide/target:rw,Z" "-v" "/var/lib/crater-agent-workspace/builds/worker-1-tc1/source:/opt/rustwide/workdir:ro,Z" "-v" "/var/lib/crater-agent-workspace/cargo-home:/opt/rustwide/cargo-home:ro,Z" "-v" "/var/lib/crater-agent-workspace/rustup-home:/opt/rustwide/rustup-home:ro,Z" "-e" "SOURCE_DIR=/opt/rustwide/workdir" "-e" "CARGO_TARGET_DIR=/opt/rustwide/target" "-e" "CARGO_INCREMENTAL=0" "-e" "RUST_BACKTRACE=full" "-e" "RUSTFLAGS=--cap-lints=warn" "-e" "RUSTDOCFLAGS=--cap-lints=warn" "-e" "CARGO_HOME=/opt/rustwide/cargo-home" "-e" "RUSTUP_HOME=/opt/rustwide/rustup-home" "-w" "/opt/rustwide/workdir" "-m" "1610612736" "--user" "0:0" "--network" "none" "ghcr.io/rust-lang/crates-build-env/linux@sha256:5ff2268d62e97bff2cde7d5815dd6ed5b47097566f13b8d0ca110b04b60e07ed" "/opt/rustwide/cargo-home/bin/cargo" "+1.69.0" "build" "--frozen" "--message-format=json", kill_on_drop: false }`
[INFO] [stdout] 80bf616c36660ee8700d894059750bed6ca0db05b0d0ccf263a91f8d56b80986
[INFO] running `Command { std: "docker" "start" "-a" "80bf616c36660ee8700d894059750bed6ca0db05b0d0ccf263a91f8d56b80986", kill_on_drop: false }`
[INFO] [stderr]    Compiling num-traits v0.2.15
[INFO] [stderr]    Compiling num-integer v0.1.45
[INFO] [stderr]    Compiling paste v1.0.12
[INFO] [stderr]    Compiling bytemuck v1.13.1
[INFO] [stderr]    Compiling num-rational v0.4.1
[INFO] [stderr]    Compiling matrixmultiply v0.3.4
[INFO] [stderr]    Compiling rawpointer v0.2.1
[INFO] [stderr]    Compiling nalgebra-macros v0.2.0
[INFO] [stderr]    Compiling safe_arch v0.6.0
[INFO] [stderr]    Compiling wide v0.7.8
[INFO] [stderr]    Compiling approx v0.5.1
[INFO] [stderr]    Compiling num-complex v0.4.3
[INFO] [stderr]    Compiling simba v0.8.1
[INFO] [stderr]    Compiling nalgebra v0.32.2
[INFO] [stderr]    Compiling nalgebra-sparse v0.9.0 (/opt/rustwide/workdir)
[INFO] [stderr]     Finished dev [unoptimized + debuginfo] target(s) in 19.39s
[INFO] running `Command { std: "docker" "inspect" "80bf616c36660ee8700d894059750bed6ca0db05b0d0ccf263a91f8d56b80986", kill_on_drop: false }`
[INFO] running `Command { std: "docker" "rm" "-f" "80bf616c36660ee8700d894059750bed6ca0db05b0d0ccf263a91f8d56b80986", kill_on_drop: false }`
[INFO] [stdout] 80bf616c36660ee8700d894059750bed6ca0db05b0d0ccf263a91f8d56b80986
[INFO] running `Command { std: "docker" "create" "-v" "/var/lib/crater-agent-workspace/builds/worker-1-tc1/target:/opt/rustwide/target:rw,Z" "-v" "/var/lib/crater-agent-workspace/builds/worker-1-tc1/source:/opt/rustwide/workdir:ro,Z" "-v" "/var/lib/crater-agent-workspace/cargo-home:/opt/rustwide/cargo-home:ro,Z" "-v" "/var/lib/crater-agent-workspace/rustup-home:/opt/rustwide/rustup-home:ro,Z" "-e" "SOURCE_DIR=/opt/rustwide/workdir" "-e" "CARGO_TARGET_DIR=/opt/rustwide/target" "-e" "CARGO_INCREMENTAL=0" "-e" "RUST_BACKTRACE=full" "-e" "RUSTFLAGS=--cap-lints=warn" "-e" "RUSTDOCFLAGS=--cap-lints=warn" "-e" "CARGO_HOME=/opt/rustwide/cargo-home" "-e" "RUSTUP_HOME=/opt/rustwide/rustup-home" "-w" "/opt/rustwide/workdir" "-m" "1610612736" "--user" "0:0" "--network" "none" "ghcr.io/rust-lang/crates-build-env/linux@sha256:5ff2268d62e97bff2cde7d5815dd6ed5b47097566f13b8d0ca110b04b60e07ed" "/opt/rustwide/cargo-home/bin/cargo" "+1.69.0" "test" "--frozen" "--no-run" "--message-format=json", kill_on_drop: false }`
[INFO] [stdout] b702f05e630e322373b2c7e7bb7905bf3f7368f858e202533a4f79ab4e50e29d
[INFO] running `Command { std: "docker" "start" "-a" "b702f05e630e322373b2c7e7bb7905bf3f7368f858e202533a4f79ab4e50e29d", kill_on_drop: false }`
[INFO] [stderr]    Compiling libc v0.2.142
[INFO] [stderr]    Compiling libm v0.2.6
[INFO] [stderr]    Compiling num-traits v0.2.15
[INFO] [stderr]    Compiling io-lifetimes v1.0.10
[INFO] [stderr]    Compiling rustix v0.37.18
[INFO] [stderr]    Compiling linux-raw-sys v0.3.6
[INFO] [stderr]    Compiling ppv-lite86 v0.2.17
[INFO] [stderr]    Compiling fastrand v1.9.0
[INFO] [stderr]    Compiling serde v1.0.160
[INFO] [stderr]    Compiling bit-vec v0.6.3
[INFO] [stderr]    Compiling matrixcompare-core v0.1.0
[INFO] [stderr]    Compiling fnv v1.0.7
[INFO] [stderr]    Compiling quick-error v1.2.3
[INFO] [stderr]    Compiling byteorder v1.4.3
[INFO] [stderr]    Compiling quick-error v2.0.1
[INFO] [stderr]    Compiling regex-syntax v0.6.29
[INFO] [stderr]    Compiling unarray v0.1.4
[INFO] [stderr]    Compiling either v1.8.1
[INFO] [stderr]    Compiling bit-set v0.5.3
[INFO] [stderr]    Compiling itertools v0.10.5
[INFO] [stderr]    Compiling num-integer v0.1.45
[INFO] [stderr]    Compiling approx v0.5.1
[INFO] [stderr]    Compiling num-complex v0.4.3
[INFO] [stderr]    Compiling getrandom v0.2.9
[INFO] [stderr]    Compiling wait-timeout v0.2.0
[INFO] [stderr]    Compiling rand_core v0.6.4
[INFO] [stderr]    Compiling num-rational v0.4.1
[INFO] [stderr]    Compiling simba v0.8.1
[INFO] [stderr]    Compiling rand_chacha v0.3.1
[INFO] [stderr]    Compiling rand_xorshift v0.3.0
[INFO] [stderr]    Compiling rand v0.8.5
[INFO] [stderr]    Compiling serde_json v1.0.96
[INFO] [stderr]    Compiling tempfile v3.5.0
[INFO] [stderr]    Compiling rusty-fork v0.3.0
[INFO] [stderr]    Compiling proptest v1.1.0
[INFO] [stderr]    Compiling matrixcompare v0.3.0
[INFO] [stderr]    Compiling nalgebra v0.32.2
[INFO] [stderr]    Compiling nalgebra-sparse v0.9.0 (/opt/rustwide/workdir)
[INFO] [stdout] error: Please enable the `proptest-support`, `compare` and `io` features in order to compile and run the tests.
[INFO] [stdout]             Example: `cargo test -p nalgebra-sparse --features proptest-support,compare,io`
[INFO] [stdout]  --> tests/unit.rs:3:1
[INFO] [stdout]   |
[INFO] [stdout] 3 | / compile_error!(
[INFO] [stdout] 4 | |     "Please enable the `proptest-support`, `compare` and `io` features in order to compile and run the tests.
[INFO] [stdout] 5 | |      Example: `cargo test -p nalgebra-sparse --features proptest-support,compare,io`"
[INFO] [stdout] 6 | | );
[INFO] [stdout]   | |_^
[INFO] [stdout] 
[INFO] [stdout] 
[INFO] [stdout] error[E0432]: unresolved import `nalgebra_sparse::proptest`
[INFO] [stdout]  --> tests/unit_tests/cholesky.rs:5:22
[INFO] [stdout]   |
[INFO] [stdout] 5 | use nalgebra_sparse::proptest::csc;
[INFO] [stdout]   |                      ^^^^^^^^ could not find `proptest` in `nalgebra_sparse`
[INFO] [stdout] 
[INFO] [stdout] 
[INFO] [stdout] error[E0432]: unresolved import `nalgebra::proptest`
[INFO] [stdout]  --> tests/unit_tests/cholesky.rs:7:15
[INFO] [stdout]   |
[INFO] [stdout] 7 | use nalgebra::proptest::matrix;
[INFO] [stdout]   |               ^^^^^^^^ could not find `proptest` in `nalgebra`
[INFO] [stdout] 
[INFO] [stdout] 
[INFO] [stdout] error[E0432]: unresolved import `nalgebra::proptest`
[INFO] [stdout]  --> tests/unit_tests/convert_serial.rs:2:15
[INFO] [stdout]   |
[INFO] [stdout] 2 | use nalgebra::proptest::matrix;
[INFO] [stdout]   |               ^^^^^^^^ could not find `proptest` in `nalgebra`
[INFO] [stdout] 
[INFO] [stdout] 
[INFO] [stdout] error[E0432]: unresolved import `nalgebra_sparse::proptest`
[INFO] [stdout]   --> tests/unit_tests/convert_serial.rs:12:22
[INFO] [stdout]    |
[INFO] [stdout] 12 | use nalgebra_sparse::proptest::{coo_no_duplicates, coo_with_duplicates, csc, csr};
[INFO] [stdout]    |                      ^^^^^^^^ could not find `proptest` in `nalgebra_sparse`
[INFO] [stdout] 
[INFO] [stdout] 
[INFO] [stdout] error[E0432]: unresolved import `nalgebra_sparse::io`
[INFO] [stdout]  --> tests/unit_tests/matrix_market.rs:4:22
[INFO] [stdout]   |
[INFO] [stdout] 4 | use nalgebra_sparse::io::{
[INFO] [stdout]   |                      ^^ could not find `io` in `nalgebra_sparse`
[INFO] [stdout] 
[INFO] [stdout] 
[INFO] [stdout] error[E0432]: unresolved import `nalgebra_sparse::proptest`
[INFO] [stdout]  --> tests/unit_tests/matrix_market.rs:8:22
[INFO] [stdout]   |
[INFO] [stdout] 8 | use nalgebra_sparse::proptest::coo_no_duplicates;
[INFO] [stdout]   |                      ^^^^^^^^ could not find `proptest` in `nalgebra_sparse`
[INFO] [stdout] 
[INFO] [stdout] 
[INFO] [stdout] error[E0432]: unresolved import `nalgebra_sparse::proptest`
[INFO] [stdout]   --> tests/unit_tests/ops.rs:14:22
[INFO] [stdout]    |
[INFO] [stdout] 14 | use nalgebra_sparse::proptest::{csc, csr, sparsity_pattern};
[INFO] [stdout]    |                      ^^^^^^^^ could not find `proptest` in `nalgebra_sparse`
[INFO] [stdout] 
[INFO] [stdout] 
[INFO] [stdout] error[E0432]: unresolved import `nalgebra::proptest`
[INFO] [stdout]   --> tests/unit_tests/ops.rs:16:15
[INFO] [stdout]    |
[INFO] [stdout] 16 | use nalgebra::proptest::{matrix, vector};
[INFO] [stdout]    |               ^^^^^^^^ could not find `proptest` in `nalgebra`
[INFO] [stdout] 
[INFO] [stdout] 
[INFO] [stdout] error[E0433]: failed to resolve: use of undeclared crate or module `proptest`
[INFO] [stdout]  --> tests/common/mod.rs:4:5
[INFO] [stdout]   |
[INFO] [stdout] 4 | use proptest::strategy::Strategy;
[INFO] [stdout]   |     ^^^^^^^^ use of undeclared crate or module `proptest`
[INFO] [stdout] 
[INFO] [stdout] 
[INFO] [stdout] error[E0433]: failed to resolve: use of undeclared crate or module `proptest`
[INFO] [stdout]  --> tests/unit_tests/cholesky.rs:9:5
[INFO] [stdout]   |
[INFO] [stdout] 9 | use proptest::prelude::*;
[INFO] [stdout]   |     ^^^^^^^^ use of undeclared crate or module `proptest`
[INFO] [stdout] 
[INFO] [stdout] 
[INFO] [stdout] error[E0433]: failed to resolve: use of undeclared crate or module `proptest`
[INFO] [stdout]   --> tests/unit_tests/convert_serial.rs:13:5
[INFO] [stdout]    |
[INFO] [stdout] 13 | use proptest::prelude::*;
[INFO] [stdout]    |     ^^^^^^^^ use of undeclared crate or module `proptest`
[INFO] [stdout] 
[INFO] [stdout] 
[INFO] [stdout] error[E0433]: failed to resolve: use of undeclared crate or module `proptest`
[INFO] [stdout]  --> tests/unit_tests/csc.rs:5:5
[INFO] [stdout]   |
[INFO] [stdout] 5 | use proptest::prelude::*;
[INFO] [stdout]   |     ^^^^^^^^ use of undeclared crate or module `proptest`
[INFO] [stdout] 
[INFO] [stdout] 
[INFO] [stdout] error[E0433]: failed to resolve: use of undeclared crate or module `proptest`
[INFO] [stdout]  --> tests/unit_tests/csr.rs:5:5
[INFO] [stdout]   |
[INFO] [stdout] 5 | use proptest::prelude::*;
[INFO] [stdout]   |     ^^^^^^^^ use of undeclared crate or module `proptest`
[INFO] [stdout] 
[INFO] [stdout] 
[INFO] [stdout] error[E0433]: failed to resolve: use of undeclared crate or module `proptest`
[INFO] [stdout]   --> tests/unit_tests/matrix_market.rs:10:5
[INFO] [stdout]    |
[INFO] [stdout] 10 | use proptest::prelude::*;
[INFO] [stdout]    |     ^^^^^^^^ use of undeclared crate or module `proptest`
[INFO] [stdout] 
[INFO] [stdout] 
[INFO] [stdout] error[E0433]: failed to resolve: use of undeclared crate or module `proptest`
[INFO] [stdout]   --> tests/unit_tests/ops.rs:19:5
[INFO] [stdout]    |
[INFO] [stdout] 19 | use proptest::prelude::*;
[INFO] [stdout]    |     ^^^^^^^^ use of undeclared crate or module `proptest`
[INFO] [stdout] 
[INFO] [stdout] 
[INFO] [stdout] error[E0433]: failed to resolve: use of undeclared crate or module `proptest`
[INFO] [stdout]  --> tests/unit_tests/csc.rs:6:5
[INFO] [stdout]   |
[INFO] [stdout] 6 | use proptest::sample::subsequence;
[INFO] [stdout]   |     ^^^^^^^^ use of undeclared crate or module `proptest`
[INFO] [stdout] 
[INFO] [stdout] 
[INFO] [stdout] error[E0433]: failed to resolve: use of undeclared crate or module `proptest`
[INFO] [stdout]  --> tests/unit_tests/csr.rs:6:5
[INFO] [stdout]   |
[INFO] [stdout] 6 | use proptest::sample::subsequence;
[INFO] [stdout]   |     ^^^^^^^^ use of undeclared crate or module `proptest`
[INFO] [stdout] 
[INFO] [stdout] 
[INFO] [stdout] error[E0432]: unresolved imports `nalgebra_sparse::proptest`, `proptest::sample::subsequence`, `proptest::sample::subsequence`
[INFO] [stdout]  --> tests/unit_tests/csc.rs:6:5
[INFO] [stdout]   |
[INFO] [stdout] 6 | use proptest::sample::subsequence;
[INFO] [stdout]   |     ^^^^^^^^^^^^^^^^^^^^^^^^^^^^^
[INFO] [stdout]   |
[INFO] [stdout]  ::: tests/common/mod.rs:3:22
[INFO] [stdout]   |
[INFO] [stdout] 3 | use nalgebra_sparse::proptest::{csc, csr};
[INFO] [stdout]   |                      ^^^^^^^^ could not find `proptest` in `nalgebra_sparse`
[INFO] [stdout]   |
[INFO] [stdout]  ::: tests/unit_tests/csr.rs:6:5
[INFO] [stdout]   |
[INFO] [stdout] 6 | use proptest::sample::subsequence;
[INFO] [stdout]   |     ^^^^^^^^^^^^^^^^^^^^^^^^^^^^^
[INFO] [stdout] 
[INFO] [stdout] 
[INFO] [stdout] error: cannot find macro `proptest` in this scope
[INFO] [stdout]    --> tests/unit_tests/ops.rs:354:1
[INFO] [stdout]     |
[INFO] [stdout] 354 | proptest! {
[INFO] [stdout]     | ^^^^^^^^
[INFO] [stdout] 
[INFO] [stdout] 
[INFO] [stdout] error: cannot find macro `proptest` in this scope
[INFO] [stdout]    --> tests/unit_tests/matrix_market.rs:458:1
[INFO] [stdout]     |
[INFO] [stdout] 458 | proptest! {
[INFO] [stdout]     | ^^^^^^^^
[INFO] [stdout] 
[INFO] [stdout] 
[INFO] [stdout] error: cannot find macro `proptest` in this scope
[INFO] [stdout]    --> tests/unit_tests/matrix_market.rs:449:1
[INFO] [stdout]     |
[INFO] [stdout] 449 | proptest! {
[INFO] [stdout]     | ^^^^^^^^
[INFO] [stdout] 
[INFO] [stdout] 
[INFO] [stdout] error: cannot find macro `proptest` in this scope
[INFO] [stdout]    --> tests/unit_tests/csr.rs:643:1
[INFO] [stdout]     |
[INFO] [stdout] 643 | proptest! {
[INFO] [stdout]     | ^^^^^^^^
[INFO] [stdout] 
[INFO] [stdout] 
[INFO] [stdout] error: cannot find macro `proptest` in this scope
[INFO] [stdout]    --> tests/unit_tests/csc.rs:649:1
[INFO] [stdout]     |
[INFO] [stdout] 649 | proptest! {
[INFO] [stdout]     | ^^^^^^^^
[INFO] [stdout] 
[INFO] [stdout] 
[INFO] [stdout] error: cannot find macro `proptest` in this scope
[INFO] [stdout]    --> tests/unit_tests/convert_serial.rs:306:1
[INFO] [stdout]     |
[INFO] [stdout] 306 | proptest! {
[INFO] [stdout]     | ^^^^^^^^
[INFO] [stdout] 
[INFO] [stdout] 
[INFO] [stdout] error: cannot find macro `proptest` in this scope
[INFO] [stdout]   --> tests/unit_tests/cholesky.rs:24:1
[INFO] [stdout]    |
[INFO] [stdout] 24 | proptest! {
[INFO] [stdout]    | ^^^^^^^^
[INFO] [stdout] 
[INFO] [stdout] 
[INFO] [stdout] error[E0433]: failed to resolve: use of undeclared crate or module `proptest`
[INFO] [stdout]    --> tests/unit_tests/ops.rs:195:5
[INFO] [stdout]     |
[INFO] [stdout] 195 |     proptest::bool::ANY
[INFO] [stdout]     |     ^^^^^^^^ use of undeclared crate or module `proptest`
[INFO] [stdout] 
[INFO] [stdout] 
[INFO] [stdout] error[E0433]: failed to resolve: use of undeclared crate or module `proptest`
[INFO] [stdout]    --> tests/unit_tests/ops.rs:201:25
[INFO] [stdout]     |
[INFO] [stdout] 201 |     let is_transposed = proptest::bool::ANY;
[INFO] [stdout]     |                         ^^^^^^^^ use of undeclared crate or module `proptest`
[INFO] [stdout] 
[INFO] [stdout] 
[INFO] [stdout] error[E0405]: cannot find trait `Strategy` in this scope
[INFO] [stdout]   --> tests/unit_tests/cholesky.rs:12:32
[INFO] [stdout]    |
[INFO] [stdout] 12 | fn positive_definite() -> impl Strategy<Value=CscMatrix<f64>> {
[INFO] [stdout]    |                                ^^^^^^^^ not found in this scope
[INFO] [stdout] 
[INFO] [stdout] 
[INFO] [stdout] error[E0405]: cannot find trait `Strategy` in this scope
[INFO] [stdout]    --> tests/unit_tests/convert_serial.rs:280:27
[INFO] [stdout]     |
[INFO] [stdout] 280 | fn coo_strategy() -> impl Strategy<Value = CooMatrix<i32>> {
[INFO] [stdout]     |                           ^^^^^^^^ not found in this scope
[INFO] [stdout] 
[INFO] [stdout] 
[INFO] [stdout] error[E0405]: cannot find trait `Strategy` in this scope
[INFO] [stdout]    --> tests/unit_tests/convert_serial.rs:284:41
[INFO] [stdout]     |
[INFO] [stdout] 284 | fn coo_no_duplicates_strategy() -> impl Strategy<Value = CooMatrix<i32>> {
[INFO] [stdout]     |                                         ^^^^^^^^ not found in this scope
[INFO] [stdout] 
[INFO] [stdout] 
[INFO] [stdout] error[E0405]: cannot find trait `Strategy` in this scope
[INFO] [stdout]    --> tests/unit_tests/convert_serial.rs:288:27
[INFO] [stdout]     |
[INFO] [stdout] 288 | fn csr_strategy() -> impl Strategy<Value = CsrMatrix<i32>> {
[INFO] [stdout]     |                           ^^^^^^^^ not found in this scope
[INFO] [stdout] 
[INFO] [stdout] 
[INFO] [stdout] error[E0405]: cannot find trait `Strategy` in this scope
[INFO] [stdout]    --> tests/unit_tests/convert_serial.rs:293:36
[INFO] [stdout]     |
[INFO] [stdout] 293 | fn non_zero_csr_strategy() -> impl Strategy<Value = CsrMatrix<i32>> {
[INFO] [stdout]     |                                    ^^^^^^^^ not found in this scope
[INFO] [stdout] 
[INFO] [stdout] 
[INFO] [stdout] error[E0405]: cannot find trait `Strategy` in this scope
[INFO] [stdout]    --> tests/unit_tests/convert_serial.rs:298:36
[INFO] [stdout]     |
[INFO] [stdout] 298 | fn non_zero_csc_strategy() -> impl Strategy<Value = CscMatrix<i32>> {
[INFO] [stdout]     |                                    ^^^^^^^^ not found in this scope
[INFO] [stdout] 
[INFO] [stdout] 
[INFO] [stdout] error[E0405]: cannot find trait `Strategy` in this scope
[INFO] [stdout]    --> tests/unit_tests/convert_serial.rs:302:29
[INFO] [stdout]     |
[INFO] [stdout] 302 | fn dense_strategy() -> impl Strategy<Value = DMatrix<i32>> {
[INFO] [stdout]     |                             ^^^^^^^^ not found in this scope
[INFO] [stdout] 
[INFO] [stdout] 
[INFO] [stdout] error[E0405]: cannot find trait `Strategy` in this scope
[INFO] [stdout]   --> tests/unit_tests/ops.rs:59:43
[INFO] [stdout]    |
[INFO] [stdout] 59 | fn spmm_csr_dense_args_strategy() -> impl Strategy<Value = SpmmCsrDenseArgs<i32>> {
[INFO] [stdout]    |                                           ^^^^^^^^ not found in this scope
[INFO] [stdout] 
[INFO] [stdout] 
[INFO] [stdout] error[E0405]: cannot find trait `Strategy` in this scope
[INFO] [stdout]    --> tests/unit_tests/ops.rs:115:43
[INFO] [stdout]     |
[INFO] [stdout] 115 | fn spmm_csc_dense_args_strategy() -> impl Strategy<Value = SpmmCscDenseArgs<i32>> {
[INFO] [stdout]     |                                           ^^^^^^^^ not found in this scope
[INFO] [stdout] 
[INFO] [stdout] 
[INFO] [stdout] error[E0405]: cannot find trait `Strategy` in this scope
[INFO] [stdout]    --> tests/unit_tests/ops.rs:141:47
[INFO] [stdout]     |
[INFO] [stdout] 141 | fn spadd_csr_prealloc_args_strategy() -> impl Strategy<Value = SpaddCsrArgs<i32>> {
[INFO] [stdout]     |                                               ^^^^^^^^ not found in this scope
[INFO] [stdout] 
[INFO] [stdout] 
[INFO] [stdout] error[E0405]: cannot find trait `Strategy` in this scope
[INFO] [stdout]    --> tests/unit_tests/ops.rs:177:47
[INFO] [stdout]     |
[INFO] [stdout] 177 | fn spadd_csc_prealloc_args_strategy() -> impl Strategy<Value = SpaddCscArgs<i32>> {
[INFO] [stdout]     |                                               ^^^^^^^^ not found in this scope
[INFO] [stdout] 
[INFO] [stdout] 
[INFO] [stdout] error[E0405]: cannot find trait `Strategy` in this scope
[INFO] [stdout]    --> tests/unit_tests/ops.rs:186:29
[INFO] [stdout]     |
[INFO] [stdout] 186 | fn dense_strategy() -> impl Strategy<Value = DMatrix<i32>> {
[INFO] [stdout]     |                             ^^^^^^^^ not found in this scope
[INFO] [stdout] 
[INFO] [stdout] 
[INFO] [stdout] error[E0405]: cannot find trait `Strategy` in this scope
[INFO] [stdout]    --> tests/unit_tests/ops.rs:194:29
[INFO] [stdout]     |
[INFO] [stdout] 194 | fn trans_strategy() -> impl Strategy<Value = bool> + Clone {
[INFO] [stdout]     |                             ^^^^^^^^ not found in this scope
[INFO] [stdout] 
[INFO] [stdout] 
[INFO] [stdout] error[E0405]: cannot find trait `Strategy` in this scope
[INFO] [stdout]    --> tests/unit_tests/ops.rs:200:19
[INFO] [stdout]     |
[INFO] [stdout] 200 | fn op_strategy<S: Strategy>(strategy: S) -> impl Strategy<Value = Op<S::Value>> {
[INFO] [stdout]     |                   ^^^^^^^^ not found in this scope
[INFO] [stdout] 
[INFO] [stdout] 
[INFO] [stdout] error[E0405]: cannot find trait `Strategy` in this scope
[INFO] [stdout]    --> tests/unit_tests/ops.rs:200:50
[INFO] [stdout]     |
[INFO] [stdout] 200 | fn op_strategy<S: Strategy>(strategy: S) -> impl Strategy<Value = Op<S::Value>> {
[INFO] [stdout]     |                                                  ^^^^^^^^ not found in this scope
[INFO] [stdout] 
[INFO] [stdout] 
[INFO] [stdout] error[E0405]: cannot find trait `Strategy` in this scope
[INFO] [stdout]    --> tests/unit_tests/ops.rs:211:31
[INFO] [stdout]     |
[INFO] [stdout] 211 | fn pattern_strategy() -> impl Strategy<Value = SparsityPattern> {
[INFO] [stdout]     |                               ^^^^^^^^ not found in this scope
[INFO] [stdout] 
[INFO] [stdout] 
[INFO] [stdout] error[E0405]: cannot find trait `Strategy` in this scope
[INFO] [stdout]    --> tests/unit_tests/ops.rs:216:37
[INFO] [stdout]     |
[INFO] [stdout] 216 | fn spadd_pattern_strategy() -> impl Strategy<Value = (SparsityPattern, SparsityPattern)> {
[INFO] [stdout]     |                                     ^^^^^^^^ not found in this scope
[INFO] [stdout] 
[INFO] [stdout] 
[INFO] [stdout] error[E0405]: cannot find trait `Strategy` in this scope
[INFO] [stdout]    --> tests/unit_tests/ops.rs:224:40
[INFO] [stdout]     |
[INFO] [stdout] 224 | fn spmm_csr_pattern_strategy() -> impl Strategy<Value = (SparsityPattern, SparsityPattern)> {
[INFO] [stdout]     |                                        ^^^^^^^^ not found in this scope
[INFO] [stdout] 
[INFO] [stdout] 
[INFO] [stdout] error[E0405]: cannot find trait `Strategy` in this scope
[INFO] [stdout]    --> tests/unit_tests/ops.rs:249:46
[INFO] [stdout]     |
[INFO] [stdout] 249 | fn spmm_csr_prealloc_args_strategy() -> impl Strategy<Value = SpmmCsrArgs<i32>> {
[INFO] [stdout]     |                                              ^^^^^^^^ not found in this scope
[INFO] [stdout] 
[INFO] [stdout] 
[INFO] [stdout] error[E0405]: cannot find trait `Strategy` in this scope
[INFO] [stdout]    --> tests/unit_tests/ops.rs:288:46
[INFO] [stdout]     |
[INFO] [stdout] 288 | fn spmm_csc_prealloc_args_strategy() -> impl Strategy<Value = SpmmCscArgs<i32>> {
[INFO] [stdout]     |                                              ^^^^^^^^ not found in this scope
[INFO] [stdout] 
[INFO] [stdout] 
[INFO] [stdout] error[E0405]: cannot find trait `Strategy` in this scope
[INFO] [stdout]    --> tests/unit_tests/ops.rs:300:38
[INFO] [stdout]     |
[INFO] [stdout] 300 | fn csc_invertible_diagonal() -> impl Strategy<Value = CscMatrix<f64>> {
[INFO] [stdout]     |                                      ^^^^^^^^ not found in this scope
[INFO] [stdout] 
[INFO] [stdout] 
[INFO] [stdout] error[E0405]: cannot find trait `Strategy` in this scope
[INFO] [stdout]    --> tests/unit_tests/ops.rs:311:49
[INFO] [stdout]     |
[INFO] [stdout] 311 | fn csc_square_with_non_zero_diagonals() -> impl Strategy<Value = CscMatrix<f64>> {
[INFO] [stdout]     |                                                 ^^^^^^^^ not found in this scope
[INFO] [stdout] 
[INFO] [stdout] 
[INFO] [stdout] warning: unused import: `prop_assert_matrix_eq`
[INFO] [stdout]   --> tests/unit_tests/cholesky.rs:10:39
[INFO] [stdout]    |
[INFO] [stdout] 10 | use matrixcompare::{assert_matrix_eq, prop_assert_matrix_eq};
[INFO] [stdout]    |                                       ^^^^^^^^^^^^^^^^^^^^^
[INFO] [stdout]    |
[INFO] [stdout]    = note: `#[warn(unused_imports)]` on by default
[INFO] [stdout] 
[INFO] [stdout] 
[INFO] [stdout] warning: unused import: `crate::common::csc_strategy`
[INFO] [stdout]  --> tests/unit_tests/convert_serial.rs:1:5
[INFO] [stdout]   |
[INFO] [stdout] 1 | use crate::common::csc_strategy;
[INFO] [stdout]   |     ^^^^^^^^^^^^^^^^^^^^^^^^^^^
[INFO] [stdout] 
[INFO] [stdout] 
[INFO] [stdout] warning: unused imports: `convert_coo_dense`, `convert_dense_coo`
[INFO] [stdout]  --> tests/unit_tests/convert_serial.rs:5:39
[INFO] [stdout]   |
[INFO] [stdout] 5 |     convert_coo_csc, convert_coo_csr, convert_coo_dense, convert_csc_coo, convert_csc_csr,
[INFO] [stdout]   |                                       ^^^^^^^^^^^^^^^^^
[INFO] [stdout] 6 |     convert_csc_dense, convert_csr_coo, convert_csr_csc, convert_csr_dense, convert_dense_coo,
[INFO] [stdout]   |                                                                             ^^^^^^^^^^^^^^^^^
[INFO] [stdout] 
[INFO] [stdout] 
[INFO] [stdout] warning: unused import: `crate::common::csc_strategy`
[INFO] [stdout]   --> tests/unit_tests/csc.rs:11:5
[INFO] [stdout]    |
[INFO] [stdout] 11 | use crate::common::csc_strategy;
[INFO] [stdout]    |     ^^^^^^^^^^^^^^^^^^^^^^^^^^^
[INFO] [stdout] 
[INFO] [stdout] 
[INFO] [stdout] warning: unused import: `std::collections::HashSet`
[INFO] [stdout]   --> tests/unit_tests/csc.rs:13:5
[INFO] [stdout]    |
[INFO] [stdout] 13 | use std::collections::HashSet;
[INFO] [stdout]    |     ^^^^^^^^^^^^^^^^^^^^^^^^^
[INFO] [stdout] 
[INFO] [stdout] 
[INFO] [stdout] warning: unused import: `crate::common::csr_strategy`
[INFO] [stdout]   --> tests/unit_tests/csr.rs:11:5
[INFO] [stdout]    |
[INFO] [stdout] 11 | use crate::common::csr_strategy;
[INFO] [stdout]    |     ^^^^^^^^^^^^^^^^^^^^^^^^^^^
[INFO] [stdout] 
[INFO] [stdout] 
[INFO] [stdout] warning: unused import: `std::collections::HashSet`
[INFO] [stdout]   --> tests/unit_tests/csr.rs:13:5
[INFO] [stdout]    |
[INFO] [stdout] 13 | use std::collections::HashSet;
[INFO] [stdout]    |     ^^^^^^^^^^^^^^^^^^^^^^^^^
[INFO] [stdout] 
[INFO] [stdout] 
[INFO] [stdout] warning: unused import: `tempfile::tempdir`
[INFO] [stdout]   --> tests/unit_tests/matrix_market.rs:11:5
[INFO] [stdout]    |
[INFO] [stdout] 11 | use tempfile::tempdir;
[INFO] [stdout]    |     ^^^^^^^^^^^^^^^^^
[INFO] [stdout] 
[INFO] [stdout] 
[INFO] [stdout] warning: unused imports: `csc_strategy`, `csr_strategy`, `non_zero_i32_value_strategy`
[INFO] [stdout]  --> tests/unit_tests/ops.rs:2:5
[INFO] [stdout]   |
[INFO] [stdout] 2 |     csc_strategy, csr_strategy, non_zero_i32_value_strategy, value_strategy,
[INFO] [stdout]   |     ^^^^^^^^^^^^  ^^^^^^^^^^^^  ^^^^^^^^^^^^^^^^^^^^^^^^^^^
[INFO] [stdout] 
[INFO] [stdout] 
[INFO] [stdout] warning: unused imports: `spadd_csc_prealloc`, `spadd_csr_prealloc`, `spmm_csc_dense`, `spmm_csc_prealloc_unchecked`, `spmm_csc_prealloc`, `spmm_csr_dense`, `spmm_csr_prealloc_unchecked`, `spmm_csr_prealloc`, `spsolve_csc_lower_triangular`
[INFO] [stdout]   --> tests/unit_tests/ops.rs:8:5
[INFO] [stdout]    |
[INFO] [stdout] 8  |     spadd_csc_prealloc, spadd_csr_prealloc, spadd_pattern, spmm_csc_dense, spmm_csc_prealloc,
[INFO] [stdout]    |     ^^^^^^^^^^^^^^^^^^  ^^^^^^^^^^^^^^^^^^                 ^^^^^^^^^^^^^^  ^^^^^^^^^^^^^^^^^
[INFO] [stdout] 9  |     spmm_csc_prealloc_unchecked, spmm_csr_dense, spmm_csr_pattern, spmm_csr_prealloc,
[INFO] [stdout]    |     ^^^^^^^^^^^^^^^^^^^^^^^^^^^  ^^^^^^^^^^^^^^                    ^^^^^^^^^^^^^^^^^
[INFO] [stdout] 10 |     spmm_csr_prealloc_unchecked, spsolve_csc_lower_triangular,
[INFO] [stdout]    |     ^^^^^^^^^^^^^^^^^^^^^^^^^^^  ^^^^^^^^^^^^^^^^^^^^^^^^^^^^
[INFO] [stdout] 
[INFO] [stdout] 
[INFO] [stdout] warning: unused import: `matrixcompare::prop_assert_matrix_eq`
[INFO] [stdout]   --> tests/unit_tests/ops.rs:21:5
[INFO] [stdout]    |
[INFO] [stdout] 21 | use matrixcompare::prop_assert_matrix_eq;
[INFO] [stdout]    |     ^^^^^^^^^^^^^^^^^^^^^^^^^^^^^^^^^^^^
[INFO] [stdout] 
[INFO] [stdout] 
[INFO] [stdout] warning: unused import: `std::panic::catch_unwind`
[INFO] [stdout]   --> tests/unit_tests/ops.rs:23:5
[INFO] [stdout]    |
[INFO] [stdout] 23 | use std::panic::catch_unwind;
[INFO] [stdout]    |     ^^^^^^^^^^^^^^^^^^^^^^^^
[INFO] [stdout] 
[INFO] [stdout] 
[INFO] [stdout] error[E0425]: cannot find function, tuple struct or tuple variant `Just` in this scope
[INFO] [stdout]   --> tests/unit_tests/ops.rs:92:14
[INFO] [stdout]    |
[INFO] [stdout] 92 |             (Just(c), beta, alpha, Just(trans_a), a, Just(trans_b), b)
[INFO] [stdout]    |              ^^^^ not found in this scope
[INFO] [stdout] 
[INFO] [stdout] 
[INFO] [stdout] error[E0425]: cannot find function, tuple struct or tuple variant `Just` in this scope
[INFO] [stdout]   --> tests/unit_tests/ops.rs:92:36
[INFO] [stdout]    |
[INFO] [stdout] 92 |             (Just(c), beta, alpha, Just(trans_a), a, Just(trans_b), b)
[INFO] [stdout]    |                                    ^^^^ not found in this scope
[INFO] [stdout] 
[INFO] [stdout] 
[INFO] [stdout] error[E0425]: cannot find function, tuple struct or tuple variant `Just` in this scope
[INFO] [stdout]   --> tests/unit_tests/ops.rs:92:54
[INFO] [stdout]    |
[INFO] [stdout] 92 |             (Just(c), beta, alpha, Just(trans_a), a, Just(trans_b), b)
[INFO] [stdout]    |                                                      ^^^^ not found in this scope
[INFO] [stdout] 
[INFO] [stdout] 
[INFO] [stdout] error[E0425]: cannot find function, tuple struct or tuple variant `Just` in this scope
[INFO] [stdout]    --> tests/unit_tests/ops.rs:153:17
[INFO] [stdout]     |
[INFO] [stdout] 153 |                 Just(c_pattern),
[INFO] [stdout]     |                 ^^^^ not found in this scope
[INFO] [stdout] 
[INFO] [stdout] 
[INFO] [stdout] error[E0425]: cannot find function, tuple struct or tuple variant `Just` in this scope
[INFO] [stdout]    --> tests/unit_tests/ops.rs:154:17
[INFO] [stdout]     |
[INFO] [stdout] 154 |                 Just(a_pattern),
[INFO] [stdout]     |                 ^^^^ not found in this scope
[INFO] [stdout] 
[INFO] [stdout] 
[INFO] [stdout] error[E0425]: cannot find function, tuple struct or tuple variant `Just` in this scope
[INFO] [stdout]    --> tests/unit_tests/ops.rs:219:10
[INFO] [stdout]     |
[INFO] [stdout] 219 |         (Just(a), b)
[INFO] [stdout]     |          ^^^^ not found in this scope
[INFO] [stdout] 
[INFO] [stdout] 
[INFO] [stdout] error[E0425]: cannot find function, tuple struct or tuple variant `Just` in this scope
[INFO] [stdout]    --> tests/unit_tests/ops.rs:227:10
[INFO] [stdout]     |
[INFO] [stdout] 227 |         (Just(a), b)
[INFO] [stdout]     |          ^^^^ not found in this scope
[INFO] [stdout] 
[INFO] [stdout] 
[INFO] [stdout] error: aborting due to 57 previous errors; 12 warnings emitted
[INFO] [stdout] 
[INFO] [stdout] 
[INFO] [stdout] Some errors have detailed explanations: E0405, E0425, E0432, E0433.
[INFO] [stdout] 
[INFO] [stdout] For more information about an error, try `rustc --explain E0405`.
[INFO] [stdout] 
[INFO] [stderr] error: could not compile `nalgebra-sparse` due to 58 previous errors; 12 warnings emitted
[INFO] [stderr] warning: build failed, waiting for other jobs to finish...
[INFO] running `Command { std: "docker" "inspect" "b702f05e630e322373b2c7e7bb7905bf3f7368f858e202533a4f79ab4e50e29d", kill_on_drop: false }`
[INFO] running `Command { std: "docker" "rm" "-f" "b702f05e630e322373b2c7e7bb7905bf3f7368f858e202533a4f79ab4e50e29d", kill_on_drop: false }`
[INFO] [stdout] b702f05e630e322373b2c7e7bb7905bf3f7368f858e202533a4f79ab4e50e29d
