[INFO] fetching crate nalgebra-py 0.3.1...
[INFO] testing nalgebra-py-0.3.1 against 1.69.0 for beta-1.70-1
[INFO] extracting crate nalgebra-py 0.3.1 into /workspace/builds/worker-0-tc1/source
[INFO] validating manifest of crates.io crate nalgebra-py 0.3.1 on toolchain 1.69.0
[INFO] running `Command { std: CARGO_HOME="/workspace/cargo-home" RUSTUP_HOME="/workspace/rustup-home" "/workspace/cargo-home/bin/cargo" "+1.69.0" "metadata" "--manifest-path" "Cargo.toml" "--no-deps", kill_on_drop: false }`
[INFO] started tweaking crates.io crate nalgebra-py 0.3.1
[INFO] finished tweaking crates.io crate nalgebra-py 0.3.1
[INFO] tweaked toml for crates.io crate nalgebra-py 0.3.1 written to /workspace/builds/worker-0-tc1/source/Cargo.toml
[INFO] running `Command { std: CARGO_HOME="/workspace/cargo-home" RUSTUP_HOME="/workspace/rustup-home" __CARGO_TEST_CHANNEL_OVERRIDE_DO_NOT_USE_THIS="nightly" "/workspace/cargo-home/bin/cargo" "+1.69.0" "generate-lockfile" "--manifest-path" "Cargo.toml" "-Zno-index-update", kill_on_drop: false }`
[INFO] running `Command { std: CARGO_HOME="/workspace/cargo-home" RUSTUP_HOME="/workspace/rustup-home" "/workspace/cargo-home/bin/cargo" "+1.69.0" "fetch" "--manifest-path" "Cargo.toml", kill_on_drop: false }`
[INFO] [stderr]  Downloading crates ...
[INFO] [stderr]   Downloaded numpy v0.16.2
[INFO] [stderr]   Downloaded pyo3-macros-backend v0.16.6
[INFO] [stderr]   Downloaded pyo3-macros v0.16.6
[INFO] [stderr]   Downloaded pyo3-build-config v0.16.6
[INFO] [stderr]   Downloaded pyo3-ffi v0.16.6
[INFO] [stderr]   Downloaded pyo3 v0.16.6
[INFO] running `Command { std: "docker" "create" "-v" "/var/lib/crater-agent-workspace/builds/worker-0-tc1/target:/opt/rustwide/target:rw,Z" "-v" "/var/lib/crater-agent-workspace/builds/worker-0-tc1/source:/opt/rustwide/workdir:ro,Z" "-v" "/var/lib/crater-agent-workspace/cargo-home:/opt/rustwide/cargo-home:ro,Z" "-v" "/var/lib/crater-agent-workspace/rustup-home:/opt/rustwide/rustup-home:ro,Z" "-e" "SOURCE_DIR=/opt/rustwide/workdir" "-e" "CARGO_TARGET_DIR=/opt/rustwide/target" "-e" "CARGO_HOME=/opt/rustwide/cargo-home" "-e" "RUSTUP_HOME=/opt/rustwide/rustup-home" "-w" "/opt/rustwide/workdir" "-m" "1610612736" "--user" "0:0" "--network" "none" "ghcr.io/rust-lang/crates-build-env/linux@sha256:5ff2268d62e97bff2cde7d5815dd6ed5b47097566f13b8d0ca110b04b60e07ed" "/opt/rustwide/cargo-home/bin/cargo" "+1.69.0" "metadata" "--no-deps" "--format-version=1", kill_on_drop: false }`
[INFO] [stdout] 27315f0d4f4827d8e41be9ce6def594ddcc635adb4b7a6a92fe2fcfd1289861d
[INFO] running `Command { std: "docker" "start" "-a" "27315f0d4f4827d8e41be9ce6def594ddcc635adb4b7a6a92fe2fcfd1289861d", kill_on_drop: false }`
[INFO] running `Command { std: "docker" "inspect" "27315f0d4f4827d8e41be9ce6def594ddcc635adb4b7a6a92fe2fcfd1289861d", kill_on_drop: false }`
[INFO] running `Command { std: "docker" "rm" "-f" "27315f0d4f4827d8e41be9ce6def594ddcc635adb4b7a6a92fe2fcfd1289861d", kill_on_drop: false }`
[INFO] [stdout] 27315f0d4f4827d8e41be9ce6def594ddcc635adb4b7a6a92fe2fcfd1289861d
[INFO] running `Command { std: "docker" "create" "-v" "/var/lib/crater-agent-workspace/builds/worker-0-tc1/target:/opt/rustwide/target:rw,Z" "-v" "/var/lib/crater-agent-workspace/builds/worker-0-tc1/source:/opt/rustwide/workdir:ro,Z" "-v" "/var/lib/crater-agent-workspace/cargo-home:/opt/rustwide/cargo-home:ro,Z" "-v" "/var/lib/crater-agent-workspace/rustup-home:/opt/rustwide/rustup-home:ro,Z" "-e" "SOURCE_DIR=/opt/rustwide/workdir" "-e" "CARGO_TARGET_DIR=/opt/rustwide/target" "-e" "CARGO_INCREMENTAL=0" "-e" "RUST_BACKTRACE=full" "-e" "RUSTFLAGS=--cap-lints=warn" "-e" "RUSTDOCFLAGS=--cap-lints=warn" "-e" "CARGO_HOME=/opt/rustwide/cargo-home" "-e" "RUSTUP_HOME=/opt/rustwide/rustup-home" "-w" "/opt/rustwide/workdir" "-m" "1610612736" "--user" "0:0" "--network" "none" "ghcr.io/rust-lang/crates-build-env/linux@sha256:5ff2268d62e97bff2cde7d5815dd6ed5b47097566f13b8d0ca110b04b60e07ed" "/opt/rustwide/cargo-home/bin/cargo" "+1.69.0" "build" "--frozen" "--message-format=json", kill_on_drop: false }`
[INFO] [stdout] eef1c953e4cd8a463ee823e501601cd7723f0d818d43762f280db87a87f85838
[INFO] running `Command { std: "docker" "start" "-a" "eef1c953e4cd8a463ee823e501601cd7723f0d818d43762f280db87a87f85838", kill_on_drop: false }`
[INFO] [stderr]    Compiling target-lexicon v0.12.7
[INFO] [stderr]    Compiling num-traits v0.2.15
[INFO] [stderr]    Compiling proc-macro2 v1.0.56
[INFO] [stderr]    Compiling syn v1.0.109
[INFO] [stderr]    Compiling once_cell v1.17.1
[INFO] [stderr]    Compiling libc v0.2.142
[INFO] [stderr]    Compiling num-integer v0.1.45
[INFO] [stderr]    Compiling lock_api v0.4.9
[INFO] [stderr]    Compiling matrixmultiply v0.3.4
[INFO] [stderr]    Compiling parking_lot_core v0.9.7
[INFO] [stderr]    Compiling bytemuck v1.13.1
[INFO] [stderr]    Compiling rawpointer v0.2.1
[INFO] [stderr]    Compiling paste v1.0.12
[INFO] [stderr]    Compiling scopeguard v1.1.0
[INFO] [stderr]    Compiling smallvec v1.10.0
[INFO] [stderr]    Compiling num-rational v0.4.1
[INFO] [stderr]    Compiling indoc v1.0.9
[INFO] [stderr]    Compiling unindent v0.1.11
[INFO] [stderr]    Compiling safe_arch v0.6.0
[INFO] [stderr]    Compiling wide v0.7.8
[INFO] [stderr]    Compiling quote v1.0.26
[INFO] [stderr]    Compiling pyo3-build-config v0.16.6
[INFO] [stderr]    Compiling parking_lot v0.12.1
[INFO] [stderr]    Compiling num-complex v0.4.3
[INFO] [stderr]    Compiling approx v0.5.1
[INFO] [stderr]    Compiling simba v0.7.3
[INFO] [stderr]    Compiling ndarray v0.15.6
[INFO] [stderr]    Compiling pyo3-ffi v0.16.6
[INFO] [stderr]    Compiling pyo3 v0.16.6
[INFO] [stderr]    Compiling pyo3-macros-backend v0.16.6
[INFO] [stderr]    Compiling nalgebra-macros v0.1.0
[INFO] [stderr]    Compiling pyo3-macros v0.16.6
[INFO] [stderr]    Compiling nalgebra v0.31.4
[INFO] [stderr]    Compiling numpy v0.16.2
[INFO] [stderr]    Compiling nalgebra-py v0.3.1 (/opt/rustwide/workdir)
[INFO] [stderr]     Finished dev [unoptimized + debuginfo] target(s) in 24.25s
[INFO] running `Command { std: "docker" "inspect" "eef1c953e4cd8a463ee823e501601cd7723f0d818d43762f280db87a87f85838", kill_on_drop: false }`
[INFO] running `Command { std: "docker" "rm" "-f" "eef1c953e4cd8a463ee823e501601cd7723f0d818d43762f280db87a87f85838", kill_on_drop: false }`
[INFO] [stdout] eef1c953e4cd8a463ee823e501601cd7723f0d818d43762f280db87a87f85838
[INFO] running `Command { std: "docker" "create" "-v" "/var/lib/crater-agent-workspace/builds/worker-0-tc1/target:/opt/rustwide/target:rw,Z" "-v" "/var/lib/crater-agent-workspace/builds/worker-0-tc1/source:/opt/rustwide/workdir:ro,Z" "-v" "/var/lib/crater-agent-workspace/cargo-home:/opt/rustwide/cargo-home:ro,Z" "-v" "/var/lib/crater-agent-workspace/rustup-home:/opt/rustwide/rustup-home:ro,Z" "-e" "SOURCE_DIR=/opt/rustwide/workdir" "-e" "CARGO_TARGET_DIR=/opt/rustwide/target" "-e" "CARGO_INCREMENTAL=0" "-e" "RUST_BACKTRACE=full" "-e" "RUSTFLAGS=--cap-lints=warn" "-e" "RUSTDOCFLAGS=--cap-lints=warn" "-e" "CARGO_HOME=/opt/rustwide/cargo-home" "-e" "RUSTUP_HOME=/opt/rustwide/rustup-home" "-w" "/opt/rustwide/workdir" "-m" "1610612736" "--user" "0:0" "--network" "none" "ghcr.io/rust-lang/crates-build-env/linux@sha256:5ff2268d62e97bff2cde7d5815dd6ed5b47097566f13b8d0ca110b04b60e07ed" "/opt/rustwide/cargo-home/bin/cargo" "+1.69.0" "test" "--frozen" "--no-run" "--message-format=json", kill_on_drop: false }`
[INFO] [stdout] 18075242931d81d849b8264ebbac772397504950afec45c8513c691376071ed5
[INFO] running `Command { std: "docker" "start" "-a" "18075242931d81d849b8264ebbac772397504950afec45c8513c691376071ed5", kill_on_drop: false }`
[INFO] [stderr]    Compiling nalgebra-py v0.3.1 (/opt/rustwide/workdir)
[INFO] [stderr]     Finished test [unoptimized + debuginfo] target(s) in 0.29s
[INFO] running `Command { std: "docker" "inspect" "18075242931d81d849b8264ebbac772397504950afec45c8513c691376071ed5", kill_on_drop: false }`
[INFO] running `Command { std: "docker" "rm" "-f" "18075242931d81d849b8264ebbac772397504950afec45c8513c691376071ed5", kill_on_drop: false }`
[INFO] [stdout] 18075242931d81d849b8264ebbac772397504950afec45c8513c691376071ed5
[INFO] running `Command { std: "docker" "create" "-v" "/var/lib/crater-agent-workspace/builds/worker-0-tc1/target:/opt/rustwide/target:rw,Z" "-v" "/var/lib/crater-agent-workspace/builds/worker-0-tc1/source:/opt/rustwide/workdir:ro,Z" "-v" "/var/lib/crater-agent-workspace/cargo-home:/opt/rustwide/cargo-home:ro,Z" "-v" "/var/lib/crater-agent-workspace/rustup-home:/opt/rustwide/rustup-home:ro,Z" "-e" "SOURCE_DIR=/opt/rustwide/workdir" "-e" "CARGO_TARGET_DIR=/opt/rustwide/target" "-e" "CARGO_INCREMENTAL=0" "-e" "RUST_BACKTRACE=full" "-e" "RUSTFLAGS=--cap-lints=warn" "-e" "RUSTDOCFLAGS=--cap-lints=warn" "-e" "CARGO_HOME=/opt/rustwide/cargo-home" "-e" "RUSTUP_HOME=/opt/rustwide/rustup-home" "-w" "/opt/rustwide/workdir" "-m" "1610612736" "--user" "0:0" "--network" "none" "ghcr.io/rust-lang/crates-build-env/linux@sha256:5ff2268d62e97bff2cde7d5815dd6ed5b47097566f13b8d0ca110b04b60e07ed" "/opt/rustwide/cargo-home/bin/cargo" "+1.69.0" "test" "--frozen", kill_on_drop: false }`
[INFO] [stdout] b46b02a499a1948e3585f8d87dc559063766d296c510603d4ed9ef1685671637
[INFO] running `Command { std: "docker" "start" "-a" "b46b02a499a1948e3585f8d87dc559063766d296c510603d4ed9ef1685671637", kill_on_drop: false }`
[INFO] [stderr]     Finished test [unoptimized + debuginfo] target(s) in 0.03s
[INFO] [stderr]      Running unittests src/lib.rs (/opt/rustwide/target/debug/deps/nalgebra_py-95e0ac43f0e70987)
[INFO] [stdout] 
[INFO] [stdout] running 0 tests
[INFO] [stdout] 
[INFO] [stdout] test result: ok. 0 passed; 0 failed; 0 ignored; 0 measured; 0 filtered out; finished in 0.00s
[INFO] [stdout] 
[INFO] [stderr]    Doc-tests nalgebra-py
[INFO] [stdout] 
[INFO] [stdout] running 4 tests
[INFO] [stdout] test src/lib.rs - (line 116) ... FAILED
[INFO] [stdout] test src/lib.rs - (line 28) ... FAILED
[INFO] [stdout] test src/lib.rs - (line 88) ... FAILED
[INFO] [stdout] test src/lib.rs - (line 58) ... FAILED
[INFO] [stdout] 
[INFO] [stdout] failures:
[INFO] [stdout] 
[INFO] [stdout] ---- src/lib.rs - (line 116) stdout ----
[INFO] [stdout] error[E0432]: unresolved import `nalgebra_numpy`
[INFO] [stdout]  --> src/lib.rs:117:5
[INFO] [stdout]   |
[INFO] [stdout] 3 | use nalgebra_numpy::matrix_to_numpy;
[INFO] [stdout]   |     ^^^^^^^^^^^^^^ use of undeclared crate or module `nalgebra_numpy`
[INFO] [stdout]   |
[INFO] [stdout] help: there is a crate or module with a similar name
[INFO] [stdout]   |
[INFO] [stdout] 3 | use nalgebra_py::matrix_to_numpy;
[INFO] [stdout]   |     ~~~~~~~~~~~
[INFO] [stdout] 
[INFO] [stdout] error[E0432]: unresolved import `inline_python`
[INFO] [stdout]  --> src/lib.rs:119:5
[INFO] [stdout]   |
[INFO] [stdout] 5 | use inline_python::python;
[INFO] [stdout]   |     ^^^^^^^^^^^^^ use of undeclared crate or module `inline_python`
[INFO] [stdout] 
[INFO] [stdout] error: cannot determine resolution for the macro `python`
[INFO] [stdout]   --> src/lib.rs:128:1
[INFO] [stdout]    |
[INFO] [stdout] 14 | python! {
[INFO] [stdout]    | ^^^^^^
[INFO] [stdout]    |
[INFO] [stdout]    = note: import resolution is stuck, try simplifying macro imports
[INFO] [stdout] 
[INFO] [stdout] error: aborting due to 3 previous errors
[INFO] [stdout] 
[INFO] [stdout] For more information about this error, try `rustc --explain E0432`.
[INFO] [stdout] Couldn't compile the test.
[INFO] [stdout] ---- src/lib.rs - (line 28) stdout ----
[INFO] [stdout] error[E0432]: unresolved import `inline_python`
[INFO] [stdout]  --> src/lib.rs:29:5
[INFO] [stdout]   |
[INFO] [stdout] 2 | use inline_python::{Context, python};
[INFO] [stdout]   |     ^^^^^^^^^^^^^ use of undeclared crate or module `inline_python`
[INFO] [stdout] 
[INFO] [stdout] error[E0432]: unresolved import `nalgebra_numpy`
[INFO] [stdout]  --> src/lib.rs:30:5
[INFO] [stdout]   |
[INFO] [stdout] 3 | use nalgebra_numpy::{matrix_from_numpy};
[INFO] [stdout]   |     ^^^^^^^^^^^^^^ use of undeclared crate or module `nalgebra_numpy`
[INFO] [stdout]   |
[INFO] [stdout] help: there is a crate or module with a similar name
[INFO] [stdout]   |
[INFO] [stdout] 3 | use nalgebra_py::{matrix_from_numpy};
[INFO] [stdout]   |     ~~~~~~~~~~~
[INFO] [stdout] 
[INFO] [stdout] error: cannot determine resolution for the macro `python`
[INFO] [stdout]  --> src/lib.rs:35:13
[INFO] [stdout]   |
[INFO] [stdout] 8 | context.run(python! {
[INFO] [stdout]   |             ^^^^^^
[INFO] [stdout]   |
[INFO] [stdout]   = note: import resolution is stuck, try simplifying macro imports
[INFO] [stdout] 
[INFO] [stdout] error[E0433]: failed to resolve: use of undeclared crate or module `nalgebra_numpy`
[INFO] [stdout]  --> src/lib.rs:32:25
[INFO] [stdout]   |
[INFO] [stdout] 5 | fn main() -> Result<(), nalgebra_numpy::Error> {
[INFO] [stdout]   |                         ^^^^^^^^^^^^^^ use of undeclared crate or module `nalgebra_numpy`
[INFO] [stdout]   |
[INFO] [stdout] help: there is a crate or module with a similar name
[INFO] [stdout]   |
[INFO] [stdout] 5 | fn main() -> Result<(), nalgebra_py::Error> {
[INFO] [stdout]   |                         ~~~~~~~~~~~
[INFO] [stdout] 
[INFO] [stdout] error: aborting due to 4 previous errors
[INFO] [stdout] 
[INFO] [stdout] Some errors have detailed explanations: E0432, E0433.
[INFO] [stdout] For more information about an error, try `rustc --explain E0432`.
[INFO] [stdout] Couldn't compile the test.
[INFO] [stdout] ---- src/lib.rs - (line 88) stdout ----
[INFO] [stdout] error[E0432]: unresolved import `inline_python`
[INFO] [stdout]  --> src/lib.rs:89:5
[INFO] [stdout]   |
[INFO] [stdout] 2 | use inline_python::{Context, python};
[INFO] [stdout]   |     ^^^^^^^^^^^^^ use of undeclared crate or module `inline_python`
[INFO] [stdout] 
[INFO] [stdout] error[E0432]: unresolved import `nalgebra_numpy`
[INFO] [stdout]  --> src/lib.rs:90:5
[INFO] [stdout]   |
[INFO] [stdout] 3 | use nalgebra_numpy::{matrix_from_numpy};
[INFO] [stdout]   |     ^^^^^^^^^^^^^^ use of undeclared crate or module `nalgebra_numpy`
[INFO] [stdout]   |
[INFO] [stdout] help: there is a crate or module with a similar name
[INFO] [stdout]   |
[INFO] [stdout] 3 | use nalgebra_py::{matrix_from_numpy};
[INFO] [stdout]   |     ~~~~~~~~~~~
[INFO] [stdout] 
[INFO] [stdout] error: cannot determine resolution for the macro `python`
[INFO] [stdout]  --> src/lib.rs:95:13
[INFO] [stdout]   |
[INFO] [stdout] 8 | context.run(python! {
[INFO] [stdout]   |             ^^^^^^
[INFO] [stdout]   |
[INFO] [stdout]   = note: import resolution is stuck, try simplifying macro imports
[INFO] [stdout] 
[INFO] [stdout] error[E0433]: failed to resolve: use of undeclared crate or module `nalgebra_numpy`
[INFO] [stdout]  --> src/lib.rs:92:25
[INFO] [stdout]   |
[INFO] [stdout] 5 | fn main() -> Result<(), nalgebra_numpy::Error> {
[INFO] [stdout]   |                         ^^^^^^^^^^^^^^ use of undeclared crate or module `nalgebra_numpy`
[INFO] [stdout]   |
[INFO] [stdout] help: there is a crate or module with a similar name
[INFO] [stdout]   |
[INFO] [stdout] 5 | fn main() -> Result<(), nalgebra_py::Error> {
[INFO] [stdout]   |                         ~~~~~~~~~~~
[INFO] [stdout] 
[INFO] [stdout] warning: use of deprecated type alias `nalgebra::MatrixMN`: use SMatrix for a statically-sized matrix using integer dimensions, or OMatrix for an owned matrix using types as dimensions.
[INFO] [stdout]  --> src/lib.rs:91:16
[INFO] [stdout]   |
[INFO] [stdout] 4 | use nalgebra::{MatrixMN, Dynamic, U3};
[INFO] [stdout]   |                ^^^^^^^^
[INFO] [stdout]   |
[INFO] [stdout]   = note: `#[warn(deprecated)]` on by default
[INFO] [stdout] 
[INFO] [stdout] warning: use of deprecated type alias `nalgebra::MatrixMN`: use SMatrix for a statically-sized matrix using integer dimensions, or OMatrix for an owned matrix using types as dimensions.
[INFO] [stdout]   --> src/lib.rs:105:14
[INFO] [stdout]    |
[INFO] [stdout] 18 | let matrix : MatrixMN<f64, U3, Dynamic> = matrix_from_numpy(gil.python(), matrix)?;
[INFO] [stdout]    |              ^^^^^^^^
[INFO] [stdout] 
[INFO] [stdout] warning: use of deprecated type alias `nalgebra::MatrixMN`: use SMatrix for a statically-sized matrix using integer dimensions, or OMatrix for an owned matrix using types as dimensions.
[INFO] [stdout]   --> src/lib.rs:106:20
[INFO] [stdout]    |
[INFO] [stdout] 19 | assert_eq!(matrix, MatrixMN::<f64, U3, Dynamic>::from_row_slice(&[
[INFO] [stdout]    |                    ^^^^^^^^
[INFO] [stdout] 
[INFO] [stdout] error: aborting due to 4 previous errors; 3 warnings emitted
[INFO] [stdout] 
[INFO] [stdout] Some errors have detailed explanations: E0432, E0433.
[INFO] [stdout] For more information about an error, try `rustc --explain E0432`.
[INFO] [stdout] Couldn't compile the test.
[INFO] [stdout] ---- src/lib.rs - (line 58) stdout ----
[INFO] [stdout] error[E0432]: unresolved import `inline_python`
[INFO] [stdout]  --> src/lib.rs:59:5
[INFO] [stdout]   |
[INFO] [stdout] 2 | use inline_python::{Context, python};
[INFO] [stdout]   |     ^^^^^^^^^^^^^ use of undeclared crate or module `inline_python`
[INFO] [stdout] 
[INFO] [stdout] error[E0432]: unresolved import `nalgebra_numpy`
[INFO] [stdout]  --> src/lib.rs:60:5
[INFO] [stdout]   |
[INFO] [stdout] 3 | use nalgebra_numpy::{matrix_from_numpy};
[INFO] [stdout]   |     ^^^^^^^^^^^^^^ use of undeclared crate or module `nalgebra_numpy`
[INFO] [stdout]   |
[INFO] [stdout] help: there is a crate or module with a similar name
[INFO] [stdout]   |
[INFO] [stdout] 3 | use nalgebra_py::{matrix_from_numpy};
[INFO] [stdout]   |     ~~~~~~~~~~~
[INFO] [stdout] 
[INFO] [stdout] error: cannot determine resolution for the macro `python`
[INFO] [stdout]  --> src/lib.rs:65:13
[INFO] [stdout]   |
[INFO] [stdout] 8 | context.run(python! {
[INFO] [stdout]   |             ^^^^^^
[INFO] [stdout]   |
[INFO] [stdout]   = note: import resolution is stuck, try simplifying macro imports
[INFO] [stdout] 
[INFO] [stdout] error[E0433]: failed to resolve: use of undeclared crate or module `nalgebra_numpy`
[INFO] [stdout]  --> src/lib.rs:62:25
[INFO] [stdout]   |
[INFO] [stdout] 5 | fn main() -> Result<(), nalgebra_numpy::Error> {
[INFO] [stdout]   |                         ^^^^^^^^^^^^^^ use of undeclared crate or module `nalgebra_numpy`
[INFO] [stdout]   |
[INFO] [stdout] help: there is a crate or module with a similar name
[INFO] [stdout]   |
[INFO] [stdout] 5 | fn main() -> Result<(), nalgebra_py::Error> {
[INFO] [stdout]   |                         ~~~~~~~~~~~
[INFO] [stdout] 
[INFO] [stdout] error: aborting due to 4 previous errors
[INFO] [stdout] 
[INFO] [stdout] Some errors have detailed explanations: E0432, E0433.
[INFO] [stdout] For more information about an error, try `rustc --explain E0432`.
[INFO] [stdout] Couldn't compile the test.
[INFO] [stdout] 
[INFO] [stdout] failures:
[INFO] [stdout]     src/lib.rs - (line 116)
[INFO] [stdout]     src/lib.rs - (line 28)
[INFO] [stdout]     src/lib.rs - (line 58)
[INFO] [stdout]     src/lib.rs - (line 88)
[INFO] [stdout] 
[INFO] [stdout] test result: FAILED. 0 passed; 4 failed; 0 ignored; 0 measured; 0 filtered out; finished in 0.05s
[INFO] [stdout] 
[INFO] [stderr] error: doctest failed, to rerun pass `--doc`
[INFO] running `Command { std: "docker" "inspect" "b46b02a499a1948e3585f8d87dc559063766d296c510603d4ed9ef1685671637", kill_on_drop: false }`
[INFO] running `Command { std: "docker" "rm" "-f" "b46b02a499a1948e3585f8d87dc559063766d296c510603d4ed9ef1685671637", kill_on_drop: false }`
[INFO] [stdout] b46b02a499a1948e3585f8d87dc559063766d296c510603d4ed9ef1685671637
