[INFO] fetching crate nale 0.1.1...
[INFO] testing nale-0.1.1 against 1.69.0 for beta-1.70-1
[INFO] extracting crate nale 0.1.1 into /workspace/builds/worker-3-tc1/source
[INFO] validating manifest of crates.io crate nale 0.1.1 on toolchain 1.69.0
[INFO] running `Command { std: CARGO_HOME="/workspace/cargo-home" RUSTUP_HOME="/workspace/rustup-home" "/workspace/cargo-home/bin/cargo" "+1.69.0" "metadata" "--manifest-path" "Cargo.toml" "--no-deps", kill_on_drop: false }`
[INFO] started tweaking crates.io crate nale 0.1.1
[INFO] finished tweaking crates.io crate nale 0.1.1
[INFO] tweaked toml for crates.io crate nale 0.1.1 written to /workspace/builds/worker-3-tc1/source/Cargo.toml
[INFO] running `Command { std: CARGO_HOME="/workspace/cargo-home" RUSTUP_HOME="/workspace/rustup-home" __CARGO_TEST_CHANNEL_OVERRIDE_DO_NOT_USE_THIS="nightly" "/workspace/cargo-home/bin/cargo" "+1.69.0" "generate-lockfile" "--manifest-path" "Cargo.toml" "-Zno-index-update", kill_on_drop: false }`
[INFO] running `Command { std: CARGO_HOME="/workspace/cargo-home" RUSTUP_HOME="/workspace/rustup-home" "/workspace/cargo-home/bin/cargo" "+1.69.0" "fetch" "--manifest-path" "Cargo.toml", kill_on_drop: false }`
[INFO] [stderr]  Downloading crates ...
[INFO] [stderr]   Downloaded seq_io v0.3.1
[INFO] running `Command { std: "docker" "create" "-v" "/var/lib/crater-agent-workspace/builds/worker-3-tc1/target:/opt/rustwide/target:rw,Z" "-v" "/var/lib/crater-agent-workspace/builds/worker-3-tc1/source:/opt/rustwide/workdir:ro,Z" "-v" "/var/lib/crater-agent-workspace/cargo-home:/opt/rustwide/cargo-home:ro,Z" "-v" "/var/lib/crater-agent-workspace/rustup-home:/opt/rustwide/rustup-home:ro,Z" "-e" "SOURCE_DIR=/opt/rustwide/workdir" "-e" "CARGO_TARGET_DIR=/opt/rustwide/target" "-e" "CARGO_HOME=/opt/rustwide/cargo-home" "-e" "RUSTUP_HOME=/opt/rustwide/rustup-home" "-w" "/opt/rustwide/workdir" "-m" "1610612736" "--user" "0:0" "--network" "none" "ghcr.io/rust-lang/crates-build-env/linux@sha256:5ff2268d62e97bff2cde7d5815dd6ed5b47097566f13b8d0ca110b04b60e07ed" "/opt/rustwide/cargo-home/bin/cargo" "+1.69.0" "metadata" "--no-deps" "--format-version=1", kill_on_drop: false }`
[INFO] [stdout] 4633eeda476a84016a265bbb7593953b0d0e76f42e0fc6008b6a39419b091e9a
[INFO] running `Command { std: "docker" "start" "-a" "4633eeda476a84016a265bbb7593953b0d0e76f42e0fc6008b6a39419b091e9a", kill_on_drop: false }`
[INFO] running `Command { std: "docker" "inspect" "4633eeda476a84016a265bbb7593953b0d0e76f42e0fc6008b6a39419b091e9a", kill_on_drop: false }`
[INFO] running `Command { std: "docker" "rm" "-f" "4633eeda476a84016a265bbb7593953b0d0e76f42e0fc6008b6a39419b091e9a", kill_on_drop: false }`
[INFO] [stdout] 4633eeda476a84016a265bbb7593953b0d0e76f42e0fc6008b6a39419b091e9a
[INFO] running `Command { std: "docker" "create" "-v" "/var/lib/crater-agent-workspace/builds/worker-3-tc1/target:/opt/rustwide/target:rw,Z" "-v" "/var/lib/crater-agent-workspace/builds/worker-3-tc1/source:/opt/rustwide/workdir:ro,Z" "-v" "/var/lib/crater-agent-workspace/cargo-home:/opt/rustwide/cargo-home:ro,Z" "-v" "/var/lib/crater-agent-workspace/rustup-home:/opt/rustwide/rustup-home:ro,Z" "-e" "SOURCE_DIR=/opt/rustwide/workdir" "-e" "CARGO_TARGET_DIR=/opt/rustwide/target" "-e" "CARGO_INCREMENTAL=0" "-e" "RUST_BACKTRACE=full" "-e" "RUSTFLAGS=--cap-lints=warn" "-e" "RUSTDOCFLAGS=--cap-lints=warn" "-e" "CARGO_HOME=/opt/rustwide/cargo-home" "-e" "RUSTUP_HOME=/opt/rustwide/rustup-home" "-w" "/opt/rustwide/workdir" "-m" "1610612736" "--user" "0:0" "--network" "none" "ghcr.io/rust-lang/crates-build-env/linux@sha256:5ff2268d62e97bff2cde7d5815dd6ed5b47097566f13b8d0ca110b04b60e07ed" "/opt/rustwide/cargo-home/bin/cargo" "+1.69.0" "build" "--frozen" "--message-format=json", kill_on_drop: false }`
[INFO] [stdout] 56dfe3bf60bc750d002fe3da993ab229ea03272a3127a78dce59276628f0013e
[INFO] running `Command { std: "docker" "start" "-a" "56dfe3bf60bc750d002fe3da993ab229ea03272a3127a78dce59276628f0013e", kill_on_drop: false }`
[INFO] [stderr]    Compiling crossbeam-utils v0.8.15
[INFO] [stderr]    Compiling cfg-if v1.0.0
[INFO] [stderr]    Compiling crossbeam-queue v0.3.8
[INFO] [stderr]    Compiling scopeguard v1.1.0
[INFO] [stderr]    Compiling siphasher v0.3.10
[INFO] [stderr]    Compiling rand_core v0.6.4
[INFO] [stderr]    Compiling syn v1.0.109
[INFO] [stderr]    Compiling memoffset v0.8.0
[INFO] [stderr]    Compiling crossbeam-epoch v0.9.14
[INFO] [stderr]    Compiling memchr v2.5.0
[INFO] [stderr]    Compiling serde v1.0.160
[INFO] [stderr]    Compiling safemem v0.3.3
[INFO] [stderr]    Compiling anyhow v1.0.71
[INFO] [stderr]    Compiling syn v2.0.15
[INFO] [stderr]    Compiling serde_json v1.0.96
[INFO] [stderr]    Compiling thiserror v1.0.40
[INFO] [stderr]    Compiling regex-syntax v0.7.1
[INFO] [stderr]    Compiling itoa v1.0.6
[INFO] [stderr]    Compiling ryu v1.0.13
[INFO] [stderr]    Compiling phf_shared v0.11.1
[INFO] [stderr]    Compiling rand v0.8.5
[INFO] [stderr]    Compiling scoped_threadpool v0.1.9
[INFO] [stderr]    Compiling lazy_static v1.4.0
[INFO] [stderr]    Compiling aho-corasick v1.0.1
[INFO] [stderr]    Compiling buf_redux v0.8.4
[INFO] [stderr]    Compiling phf_generator v0.11.1
[INFO] [stderr]    Compiling crossbeam-channel v0.5.8
[INFO] [stderr]    Compiling crossbeam-deque v0.8.3
[INFO] [stderr]    Compiling crossbeam v0.8.2
[INFO] [stderr]    Compiling regex v1.8.1
[INFO] [stderr]    Compiling serde_derive v1.0.160
[INFO] [stderr]    Compiling thiserror-impl v1.0.40
[INFO] [stderr]    Compiling phf_macros v0.11.1
[INFO] [stderr]    Compiling phf v0.11.1
[INFO] [stderr]    Compiling seq_io v0.3.1
[INFO] [stderr]    Compiling nale v0.1.1 (/opt/rustwide/workdir)
[INFO] [stderr]     Finished dev [optimized + debuginfo] target(s) in 21.54s
[INFO] [stderr] warning: the following packages contain code that will be rejected by a future version of Rust: buf_redux v0.8.4
[INFO] [stderr] note: to see what the problems were, use the option `--future-incompat-report`, or run `cargo report future-incompatibilities --id 1`
[INFO] running `Command { std: "docker" "inspect" "56dfe3bf60bc750d002fe3da993ab229ea03272a3127a78dce59276628f0013e", kill_on_drop: false }`
[INFO] running `Command { std: "docker" "rm" "-f" "56dfe3bf60bc750d002fe3da993ab229ea03272a3127a78dce59276628f0013e", kill_on_drop: false }`
[INFO] [stdout] 56dfe3bf60bc750d002fe3da993ab229ea03272a3127a78dce59276628f0013e
[INFO] running `Command { std: "docker" "create" "-v" "/var/lib/crater-agent-workspace/builds/worker-3-tc1/target:/opt/rustwide/target:rw,Z" "-v" "/var/lib/crater-agent-workspace/builds/worker-3-tc1/source:/opt/rustwide/workdir:ro,Z" "-v" "/var/lib/crater-agent-workspace/cargo-home:/opt/rustwide/cargo-home:ro,Z" "-v" "/var/lib/crater-agent-workspace/rustup-home:/opt/rustwide/rustup-home:ro,Z" "-e" "SOURCE_DIR=/opt/rustwide/workdir" "-e" "CARGO_TARGET_DIR=/opt/rustwide/target" "-e" "CARGO_INCREMENTAL=0" "-e" "RUST_BACKTRACE=full" "-e" "RUSTFLAGS=--cap-lints=warn" "-e" "RUSTDOCFLAGS=--cap-lints=warn" "-e" "CARGO_HOME=/opt/rustwide/cargo-home" "-e" "RUSTUP_HOME=/opt/rustwide/rustup-home" "-w" "/opt/rustwide/workdir" "-m" "1610612736" "--user" "0:0" "--network" "none" "ghcr.io/rust-lang/crates-build-env/linux@sha256:5ff2268d62e97bff2cde7d5815dd6ed5b47097566f13b8d0ca110b04b60e07ed" "/opt/rustwide/cargo-home/bin/cargo" "+1.69.0" "test" "--frozen" "--no-run" "--message-format=json", kill_on_drop: false }`
[INFO] [stdout] 9522f6ab56e4174ee0bdb8cad45533e75094504eef2fe3799a39b92b0db2e5f6
[INFO] running `Command { std: "docker" "start" "-a" "9522f6ab56e4174ee0bdb8cad45533e75094504eef2fe3799a39b92b0db2e5f6", kill_on_drop: false }`
[INFO] [stderr]    Compiling nale v0.1.1 (/opt/rustwide/workdir)
[INFO] [stderr]     Finished test [optimized + debuginfo] target(s) in 0.95s
[INFO] [stderr] warning: the following packages contain code that will be rejected by a future version of Rust: buf_redux v0.8.4
[INFO] [stderr] note: to see what the problems were, use the option `--future-incompat-report`, or run `cargo report future-incompatibilities --id 1`
[INFO] running `Command { std: "docker" "inspect" "9522f6ab56e4174ee0bdb8cad45533e75094504eef2fe3799a39b92b0db2e5f6", kill_on_drop: false }`
[INFO] running `Command { std: "docker" "rm" "-f" "9522f6ab56e4174ee0bdb8cad45533e75094504eef2fe3799a39b92b0db2e5f6", kill_on_drop: false }`
[INFO] [stdout] 9522f6ab56e4174ee0bdb8cad45533e75094504eef2fe3799a39b92b0db2e5f6
[INFO] running `Command { std: "docker" "create" "-v" "/var/lib/crater-agent-workspace/builds/worker-3-tc1/target:/opt/rustwide/target:rw,Z" "-v" "/var/lib/crater-agent-workspace/builds/worker-3-tc1/source:/opt/rustwide/workdir:ro,Z" "-v" "/var/lib/crater-agent-workspace/cargo-home:/opt/rustwide/cargo-home:ro,Z" "-v" "/var/lib/crater-agent-workspace/rustup-home:/opt/rustwide/rustup-home:ro,Z" "-e" "SOURCE_DIR=/opt/rustwide/workdir" "-e" "CARGO_TARGET_DIR=/opt/rustwide/target" "-e" "CARGO_INCREMENTAL=0" "-e" "RUST_BACKTRACE=full" "-e" "RUSTFLAGS=--cap-lints=warn" "-e" "RUSTDOCFLAGS=--cap-lints=warn" "-e" "CARGO_HOME=/opt/rustwide/cargo-home" "-e" "RUSTUP_HOME=/opt/rustwide/rustup-home" "-w" "/opt/rustwide/workdir" "-m" "1610612736" "--user" "0:0" "--network" "none" "ghcr.io/rust-lang/crates-build-env/linux@sha256:5ff2268d62e97bff2cde7d5815dd6ed5b47097566f13b8d0ca110b04b60e07ed" "/opt/rustwide/cargo-home/bin/cargo" "+1.69.0" "test" "--frozen", kill_on_drop: false }`
[INFO] [stdout] bfa4904da37ebdf631a7183820dba11608d63a047d9a22486bbcbd2119513ab8
[INFO] running `Command { std: "docker" "start" "-a" "bfa4904da37ebdf631a7183820dba11608d63a047d9a22486bbcbd2119513ab8", kill_on_drop: false }`
[INFO] [stderr]     Finished test [optimized + debuginfo] target(s) in 0.04s
[INFO] [stderr] warning: the following packages contain code that will be rejected by a future version of Rust: buf_redux v0.8.4
[INFO] [stderr] note: to see what the problems were, use the option `--future-incompat-report`, or run `cargo report future-incompatibilities --id 1`
[INFO] [stderr]      Running unittests src/lib.rs (/opt/rustwide/target/debug/deps/nale-0cefb4e19fcc6dbf)
[INFO] [stdout] 
[INFO] [stdout] running 0 tests
[INFO] [stdout] 
[INFO] [stdout] test result: ok. 0 passed; 0 failed; 0 ignored; 0 measured; 0 filtered out; finished in 0.00s
[INFO] [stdout] 
[INFO] [stderr]    Doc-tests nale
[INFO] [stdout] 
[INFO] [stdout] running 4 tests
[INFO] [stdout] test src/structs/dp_matrix_flat.rs - structs::dp_matrix_flat::DpMatrixFlat::core_data (line 26) ... FAILED
[INFO] [stdout] test src/structs/dp_matrix_flat.rs - structs::dp_matrix_flat::DpMatrixFlat::special_data (line 38) ... FAILED
[INFO] [stdout] test src/structs/dp_matrix_flat.rs - structs::dp_matrix_flat::DpMatrixFlat::core_data (line 13) ... FAILED
[INFO] [stdout] test src/structs/dp_matrix_flat.rs - structs::dp_matrix_flat::DpMatrixFlat::special_data (line 47) ... FAILED
[INFO] [stdout] 
[INFO] [stdout] failures:
[INFO] [stdout] 
[INFO] [stdout] ---- src/structs/dp_matrix_flat.rs - structs::dp_matrix_flat::DpMatrixFlat::core_data (line 26) stdout ----
[INFO] [stdout] error: expected `::`, found `S`
[INFO] [stdout]  --> src/structs/dp_matrix_flat.rs:28:1
[INFO] [stdout]   |
[INFO] [stdout] 2 | fn main() { #[allow(non_snake_case)] fn _doctest_main_src_structs_dp_matrix_flat_rs_26_0() {
[INFO] [stdout]   |                                                                                            - while parsing this struct
[INFO] [stdout] 3 | T:        <target_length>
[INFO] [stdout]   |                          - expected `::`
[INFO] [stdout] 4 | S:        <profile_length>
[INFO] [stdout]   | ^ unexpected token
[INFO] [stdout] 
[INFO] [stdout] error: expected `::`, found `S`
[INFO] [stdout]  --> src/structs/dp_matrix_flat.rs:28:1
[INFO] [stdout]   |
[INFO] [stdout] 3 | T:        <target_length>
[INFO] [stdout]   |  -                       - expected `::`
[INFO] [stdout]   |  |
[INFO] [stdout]   |  help: maybe write a path separator here: `::`
[INFO] [stdout] 4 | S:        <profile_length>
[INFO] [stdout]   | ^ unexpected token
[INFO] [stdout] 
[INFO] [stdout] error: aborting due to 2 previous errors
[INFO] [stdout] 
[INFO] [stdout] Couldn't compile the test.
[INFO] [stdout] ---- src/structs/dp_matrix_flat.rs - structs::dp_matrix_flat::DpMatrixFlat::special_data (line 38) stdout ----
[INFO] [stdout] error: mismatched closing delimiter: `]`
[INFO] [stdout]  --> src/structs/dp_matrix_flat.rs:38:92
[INFO] [stdout]   |
[INFO] [stdout] 2 | fn main() { #[allow(non_snake_case)] fn _doctest_main_src_structs_dp_matrix_flat_rs_38_0() {
[INFO] [stdout]   |                                                                                            ^ unclosed delimiter
[INFO] [stdout] ...
[INFO] [stdout] 8 | ]
[INFO] [stdout]   | ^ mismatched closing delimiter
[INFO] [stdout] 
[INFO] [stdout] error: unexpected closing delimiter: `}`
[INFO] [stdout]  --> src/structs/dp_matrix_flat.rs:45:54
[INFO] [stdout]   |
[INFO] [stdout] 8 | ]
[INFO] [stdout]   | - missing open `[` for this delimiter
[INFO] [stdout] 9 | } _doctest_main_src_structs_dp_matrix_flat_rs_38_0() }
[INFO] [stdout]   |                                                      ^ unexpected closing delimiter
[INFO] [stdout] 
[INFO] [stdout] error: aborting due to 2 previous errors
[INFO] [stdout] 
[INFO] [stdout] Couldn't compile the test.
[INFO] [stdout] ---- src/structs/dp_matrix_flat.rs - structs::dp_matrix_flat::DpMatrixFlat::core_data (line 13) stdout ----
[INFO] [stdout] error: mismatched closing delimiter: `]`
[INFO] [stdout]   --> src/structs/dp_matrix_flat.rs:13:92
[INFO] [stdout]    |
[INFO] [stdout] 2  | fn main() { #[allow(non_snake_case)] fn _doctest_main_src_structs_dp_matrix_flat_rs_13_0() {
[INFO] [stdout]    |                                                                                            ^ unclosed delimiter
[INFO] [stdout] ...
[INFO] [stdout] 12 | ]
[INFO] [stdout]    | ^ mismatched closing delimiter
[INFO] [stdout] 
[INFO] [stdout] error: unexpected closing delimiter: `}`
[INFO] [stdout]   --> src/structs/dp_matrix_flat.rs:24:54
[INFO] [stdout]    |
[INFO] [stdout] 12 | ]
[INFO] [stdout]    | - missing open `[` for this delimiter
[INFO] [stdout] 13 | } _doctest_main_src_structs_dp_matrix_flat_rs_13_0() }
[INFO] [stdout]    |                                                      ^ unexpected closing delimiter
[INFO] [stdout] 
[INFO] [stdout] error: aborting due to 2 previous errors
[INFO] [stdout] 
[INFO] [stdout] Couldn't compile the test.
[INFO] [stdout] ---- src/structs/dp_matrix_flat.rs - structs::dp_matrix_flat::DpMatrixFlat::special_data (line 47) stdout ----
[INFO] [stdout] error: expected `::`, found `N_i`
[INFO] [stdout]  --> src/structs/dp_matrix_flat.rs:49:1
[INFO] [stdout]   |
[INFO] [stdout] 2 | fn main() { #[allow(non_snake_case)] fn _doctest_main_src_structs_dp_matrix_flat_rs_47_0() {
[INFO] [stdout]   |                                                                                            - while parsing this struct
[INFO] [stdout] 3 | T:        <target_length>
[INFO] [stdout]   |                          - expected `::`
[INFO] [stdout] 4 | N_i: the N state score at target position i
[INFO] [stdout]   | ^^^ unexpected token
[INFO] [stdout] 
[INFO] [stdout] error: struct literal body without path
[INFO] [stdout]  --> src/structs/dp_matrix_flat.rs:47:92
[INFO] [stdout]   |
[INFO] [stdout] 2 |   fn main() { #[allow(non_snake_case)] fn _doctest_main_src_structs_dp_matrix_flat_rs_47_0() {
[INFO] [stdout]   |  ____________________________________________________________________________________________^
[INFO] [stdout] 3 | | T:        <target_length>
[INFO] [stdout] 4 | | N_i: the N state score at target position i
[INFO] [stdout] 5 | | B_i: the B state score at target position i
[INFO] [stdout] ... |
[INFO] [stdout] 8 | | J_i: the J state score at target position i
[INFO] [stdout] 9 | | } _doctest_main_src_structs_dp_matrix_flat_rs_47_0() }
[INFO] [stdout]   | |_^
[INFO] [stdout]   |
[INFO] [stdout] help: you might have forgotten to add the struct literal inside the block
[INFO] [stdout]   |
[INFO] [stdout] 2 ~ fn main() { #[allow(non_snake_case)] fn _doctest_main_src_structs_dp_matrix_flat_rs_47_0() { SomeStruct {
[INFO] [stdout] 3 | T:        <target_length>
[INFO] [stdout] ...
[INFO] [stdout] 8 | J_i: the J state score at target position i
[INFO] [stdout] 9 ~ } } _doctest_main_src_structs_dp_matrix_flat_rs_47_0() }
[INFO] [stdout]   |
[INFO] [stdout] 
[INFO] [stdout] error: aborting due to 2 previous errors
[INFO] [stdout] 
[INFO] [stdout] Couldn't compile the test.
[INFO] [stdout] 
[INFO] [stdout] failures:
[INFO] [stdout]     src/structs/dp_matrix_flat.rs - structs::dp_matrix_flat::DpMatrixFlat::core_data (line 13)
[INFO] [stdout]     src/structs/dp_matrix_flat.rs - structs::dp_matrix_flat::DpMatrixFlat::core_data (line 26)
[INFO] [stdout]     src/structs/dp_matrix_flat.rs - structs::dp_matrix_flat::DpMatrixFlat::special_data (line 38)
[INFO] [stdout]     src/structs/dp_matrix_flat.rs - structs::dp_matrix_flat::DpMatrixFlat::special_data (line 47)
[INFO] [stdout] 
[INFO] [stdout] test result: FAILED. 0 passed; 4 failed; 0 ignored; 0 measured; 0 filtered out; finished in 0.04s
[INFO] [stdout] 
[INFO] [stderr] error: doctest failed, to rerun pass `--doc`
[INFO] running `Command { std: "docker" "inspect" "bfa4904da37ebdf631a7183820dba11608d63a047d9a22486bbcbd2119513ab8", kill_on_drop: false }`
[INFO] running `Command { std: "docker" "rm" "-f" "bfa4904da37ebdf631a7183820dba11608d63a047d9a22486bbcbd2119513ab8", kill_on_drop: false }`
[INFO] [stdout] bfa4904da37ebdf631a7183820dba11608d63a047d9a22486bbcbd2119513ab8
