[INFO] fetching crate nade 0.2.2...
[INFO] testing nade-0.2.2 against 1.69.0 for beta-1.70-1
[INFO] extracting crate nade 0.2.2 into /workspace/builds/worker-1-tc1/source
[INFO] validating manifest of crates.io crate nade 0.2.2 on toolchain 1.69.0
[INFO] running `Command { std: CARGO_HOME="/workspace/cargo-home" RUSTUP_HOME="/workspace/rustup-home" "/workspace/cargo-home/bin/cargo" "+1.69.0" "metadata" "--manifest-path" "Cargo.toml" "--no-deps", kill_on_drop: false }`
[INFO] started tweaking crates.io crate nade 0.2.2
[INFO] finished tweaking crates.io crate nade 0.2.2
[INFO] tweaked toml for crates.io crate nade 0.2.2 written to /workspace/builds/worker-1-tc1/source/Cargo.toml
[INFO] running `Command { std: CARGO_HOME="/workspace/cargo-home" RUSTUP_HOME="/workspace/rustup-home" __CARGO_TEST_CHANNEL_OVERRIDE_DO_NOT_USE_THIS="nightly" "/workspace/cargo-home/bin/cargo" "+1.69.0" "generate-lockfile" "--manifest-path" "Cargo.toml" "-Zno-index-update", kill_on_drop: false }`
[INFO] running `Command { std: CARGO_HOME="/workspace/cargo-home" RUSTUP_HOME="/workspace/rustup-home" "/workspace/cargo-home/bin/cargo" "+1.69.0" "fetch" "--manifest-path" "Cargo.toml", kill_on_drop: false }`
[INFO] [stderr]  Downloading crates ...
[INFO] [stderr]   Downloaded macro-v v0.1.3
[INFO] [stderr]   Downloaded nade-macro v0.2.2
[INFO] running `Command { std: "docker" "create" "-v" "/var/lib/crater-agent-workspace/builds/worker-1-tc1/target:/opt/rustwide/target:rw,Z" "-v" "/var/lib/crater-agent-workspace/builds/worker-1-tc1/source:/opt/rustwide/workdir:ro,Z" "-v" "/var/lib/crater-agent-workspace/cargo-home:/opt/rustwide/cargo-home:ro,Z" "-v" "/var/lib/crater-agent-workspace/rustup-home:/opt/rustwide/rustup-home:ro,Z" "-e" "SOURCE_DIR=/opt/rustwide/workdir" "-e" "CARGO_TARGET_DIR=/opt/rustwide/target" "-e" "CARGO_HOME=/opt/rustwide/cargo-home" "-e" "RUSTUP_HOME=/opt/rustwide/rustup-home" "-w" "/opt/rustwide/workdir" "-m" "1610612736" "--user" "0:0" "--network" "none" "ghcr.io/rust-lang/crates-build-env/linux@sha256:5ff2268d62e97bff2cde7d5815dd6ed5b47097566f13b8d0ca110b04b60e07ed" "/opt/rustwide/cargo-home/bin/cargo" "+1.69.0" "metadata" "--no-deps" "--format-version=1", kill_on_drop: false }`
[INFO] [stdout] c0b2056f086046276577b51f1085fc90ae6581010d3e949edc6d9074617c2afd
[INFO] running `Command { std: "docker" "start" "-a" "c0b2056f086046276577b51f1085fc90ae6581010d3e949edc6d9074617c2afd", kill_on_drop: false }`
[INFO] running `Command { std: "docker" "inspect" "c0b2056f086046276577b51f1085fc90ae6581010d3e949edc6d9074617c2afd", kill_on_drop: false }`
[INFO] running `Command { std: "docker" "rm" "-f" "c0b2056f086046276577b51f1085fc90ae6581010d3e949edc6d9074617c2afd", kill_on_drop: false }`
[INFO] [stdout] c0b2056f086046276577b51f1085fc90ae6581010d3e949edc6d9074617c2afd
[INFO] running `Command { std: "docker" "create" "-v" "/var/lib/crater-agent-workspace/builds/worker-1-tc1/target:/opt/rustwide/target:rw,Z" "-v" "/var/lib/crater-agent-workspace/builds/worker-1-tc1/source:/opt/rustwide/workdir:ro,Z" "-v" "/var/lib/crater-agent-workspace/cargo-home:/opt/rustwide/cargo-home:ro,Z" "-v" "/var/lib/crater-agent-workspace/rustup-home:/opt/rustwide/rustup-home:ro,Z" "-e" "SOURCE_DIR=/opt/rustwide/workdir" "-e" "CARGO_TARGET_DIR=/opt/rustwide/target" "-e" "CARGO_INCREMENTAL=0" "-e" "RUST_BACKTRACE=full" "-e" "RUSTFLAGS=--cap-lints=warn" "-e" "RUSTDOCFLAGS=--cap-lints=warn" "-e" "CARGO_HOME=/opt/rustwide/cargo-home" "-e" "RUSTUP_HOME=/opt/rustwide/rustup-home" "-w" "/opt/rustwide/workdir" "-m" "1610612736" "--user" "0:0" "--network" "none" "ghcr.io/rust-lang/crates-build-env/linux@sha256:5ff2268d62e97bff2cde7d5815dd6ed5b47097566f13b8d0ca110b04b60e07ed" "/opt/rustwide/cargo-home/bin/cargo" "+1.69.0" "build" "--frozen" "--message-format=json", kill_on_drop: false }`
[INFO] [stdout] 0cd72569ab604d7b6ec16d0c4163b864f3399d4a8e51b3c8baaccee9ecc644d1
[INFO] running `Command { std: "docker" "start" "-a" "0cd72569ab604d7b6ec16d0c4163b864f3399d4a8e51b3c8baaccee9ecc644d1", kill_on_drop: false }`
[INFO] [stderr]    Compiling proc-macro2 v1.0.56
[INFO] [stderr]    Compiling quote v1.0.26
[INFO] [stderr]    Compiling prettyplease v0.2.4
[INFO] [stderr]    Compiling syn v2.0.15
[INFO] [stderr]    Compiling macro-v v0.1.3
[INFO] [stderr]    Compiling nade-macro v0.2.2
[INFO] [stderr]    Compiling nade v0.2.2 (/opt/rustwide/workdir)
[INFO] [stderr]     Finished dev [unoptimized + debuginfo] target(s) in 9.00s
[INFO] running `Command { std: "docker" "inspect" "0cd72569ab604d7b6ec16d0c4163b864f3399d4a8e51b3c8baaccee9ecc644d1", kill_on_drop: false }`
[INFO] running `Command { std: "docker" "rm" "-f" "0cd72569ab604d7b6ec16d0c4163b864f3399d4a8e51b3c8baaccee9ecc644d1", kill_on_drop: false }`
[INFO] [stdout] 0cd72569ab604d7b6ec16d0c4163b864f3399d4a8e51b3c8baaccee9ecc644d1
[INFO] running `Command { std: "docker" "create" "-v" "/var/lib/crater-agent-workspace/builds/worker-1-tc1/target:/opt/rustwide/target:rw,Z" "-v" "/var/lib/crater-agent-workspace/builds/worker-1-tc1/source:/opt/rustwide/workdir:ro,Z" "-v" "/var/lib/crater-agent-workspace/cargo-home:/opt/rustwide/cargo-home:ro,Z" "-v" "/var/lib/crater-agent-workspace/rustup-home:/opt/rustwide/rustup-home:ro,Z" "-e" "SOURCE_DIR=/opt/rustwide/workdir" "-e" "CARGO_TARGET_DIR=/opt/rustwide/target" "-e" "CARGO_INCREMENTAL=0" "-e" "RUST_BACKTRACE=full" "-e" "RUSTFLAGS=--cap-lints=warn" "-e" "RUSTDOCFLAGS=--cap-lints=warn" "-e" "CARGO_HOME=/opt/rustwide/cargo-home" "-e" "RUSTUP_HOME=/opt/rustwide/rustup-home" "-w" "/opt/rustwide/workdir" "-m" "1610612736" "--user" "0:0" "--network" "none" "ghcr.io/rust-lang/crates-build-env/linux@sha256:5ff2268d62e97bff2cde7d5815dd6ed5b47097566f13b8d0ca110b04b60e07ed" "/opt/rustwide/cargo-home/bin/cargo" "+1.69.0" "test" "--frozen" "--no-run" "--message-format=json", kill_on_drop: false }`
[INFO] [stdout] cc05898469d738d3f922576da03bc26d654eba6644b3429fa9d9d534cba38273
[INFO] running `Command { std: "docker" "start" "-a" "cc05898469d738d3f922576da03bc26d654eba6644b3429fa9d9d534cba38273", kill_on_drop: false }`
[INFO] [stderr]    Compiling trybuild v1.0.80
[INFO] [stderr]    Compiling glob v0.3.1
[INFO] [stderr]    Compiling termcolor v1.2.0
[INFO] [stderr]    Compiling syn v2.0.15
[INFO] [stderr]    Compiling basic-toml v0.1.2
[INFO] [stderr]    Compiling serde_json v1.0.96
[INFO] [stderr]    Compiling prettyplease v0.2.4
[INFO] [stderr]    Compiling macro-v v0.1.3
[INFO] [stderr]    Compiling serde_derive v1.0.160
[INFO] [stderr]    Compiling nade-macro v0.2.2
[INFO] [stderr]    Compiling nade v0.2.2 (/opt/rustwide/workdir)
[INFO] [stderr]     Finished test [unoptimized + debuginfo] target(s) in 12.15s
[INFO] running `Command { std: "docker" "inspect" "cc05898469d738d3f922576da03bc26d654eba6644b3429fa9d9d534cba38273", kill_on_drop: false }`
[INFO] running `Command { std: "docker" "rm" "-f" "cc05898469d738d3f922576da03bc26d654eba6644b3429fa9d9d534cba38273", kill_on_drop: false }`
[INFO] [stdout] cc05898469d738d3f922576da03bc26d654eba6644b3429fa9d9d534cba38273
[INFO] running `Command { std: "docker" "create" "-v" "/var/lib/crater-agent-workspace/builds/worker-1-tc1/target:/opt/rustwide/target:rw,Z" "-v" "/var/lib/crater-agent-workspace/builds/worker-1-tc1/source:/opt/rustwide/workdir:ro,Z" "-v" "/var/lib/crater-agent-workspace/cargo-home:/opt/rustwide/cargo-home:ro,Z" "-v" "/var/lib/crater-agent-workspace/rustup-home:/opt/rustwide/rustup-home:ro,Z" "-e" "SOURCE_DIR=/opt/rustwide/workdir" "-e" "CARGO_TARGET_DIR=/opt/rustwide/target" "-e" "CARGO_INCREMENTAL=0" "-e" "RUST_BACKTRACE=full" "-e" "RUSTFLAGS=--cap-lints=warn" "-e" "RUSTDOCFLAGS=--cap-lints=warn" "-e" "CARGO_HOME=/opt/rustwide/cargo-home" "-e" "RUSTUP_HOME=/opt/rustwide/rustup-home" "-w" "/opt/rustwide/workdir" "-m" "1610612736" "--user" "0:0" "--network" "none" "ghcr.io/rust-lang/crates-build-env/linux@sha256:5ff2268d62e97bff2cde7d5815dd6ed5b47097566f13b8d0ca110b04b60e07ed" "/opt/rustwide/cargo-home/bin/cargo" "+1.69.0" "test" "--frozen", kill_on_drop: false }`
[INFO] [stdout] c7b9ad617f9bb15e26060fc369945ba8b94110bd2c3c94147f25d0f42bd6c0d5
[INFO] running `Command { std: "docker" "start" "-a" "c7b9ad617f9bb15e26060fc369945ba8b94110bd2c3c94147f25d0f42bd6c0d5", kill_on_drop: false }`
[INFO] [stderr]     Finished test [unoptimized + debuginfo] target(s) in 0.01s
[INFO] [stderr]      Running unittests src/lib.rs (/opt/rustwide/target/debug/deps/nade-0acb72ac6da343e6)
[INFO] [stdout] 
[INFO] [stdout] running 0 tests
[INFO] [stdout] 
[INFO] [stdout] test result: ok. 0 passed; 0 failed; 0 ignored; 0 measured; 0 filtered out; finished in 0.00s
[INFO] [stdout] 
[INFO] [stderr]    Doc-tests nade
[INFO] [stdout] 
[INFO] [stdout] running 14 tests
[INFO] [stdout] test src/lib.rs - (line 100) ... FAILED
[INFO] [stdout] test src/lib.rs - (line 186) ... FAILED
[INFO] [stdout] test src/lib.rs - (line 119) ... FAILED
[INFO] [stdout] test src/lib.rs - (line 69) ... FAILED
[INFO] [stdout] test src/lib.rs - (line 147) ... FAILED
[INFO] [stdout] test src/lib.rs - (line 132) ... FAILED
[INFO] [stdout] test src/lib.rs - (line 167) ... FAILED
[INFO] [stdout] test src/lib.rs - (line 94) ... FAILED
[INFO] [stdout] test src/lib.rs - (line 10) ... FAILED
[INFO] [stdout] test src/lib.rs - (line 243) ... FAILED
[INFO] [stdout] test src/lib.rs - (line 192) ... FAILED
[INFO] [stdout] test src/lib.rs - (line 45) ... FAILED
[INFO] [stdout] test src/lib.rs - (line 219) ... FAILED
[INFO] [stdout] test src/lib.rs - (line 108) ... ok
[INFO] [stdout] 
[INFO] [stdout] failures:
[INFO] [stdout] 
[INFO] [stdout] ---- src/lib.rs - (line 100) stdout ----
[INFO] [stdout] error[E0425]: cannot find function `one` in this scope
[INFO] [stdout]  --> src/lib.rs:101:9
[INFO] [stdout]   |
[INFO] [stdout] 3 | foo(32, one(), 2, 1);
[INFO] [stdout]   |         ^^^ help: a unit variant with a similar name exists: `None`
[INFO] [stdout]  --> /rustc/84c898d65adf2f39a5a98507f1fe0ce10a2b8dbc/library/core/src/option.rs:567:5
[INFO] [stdout]   |
[INFO] [stdout]   = note: similarly named unit variant `None` defined here
[INFO] [stdout] 
[INFO] [stdout] error[E0425]: cannot find function `foo` in this scope
[INFO] [stdout]  --> src/lib.rs:101:1
[INFO] [stdout]   |
[INFO] [stdout] 3 | foo(32, one(), 2, 1);
[INFO] [stdout]   | ^^^ not found in this scope
[INFO] [stdout] 
[INFO] [stdout] error: aborting due to 2 previous errors
[INFO] [stdout] 
[INFO] [stdout] For more information about this error, try `rustc --explain E0425`.
[INFO] [stdout] Couldn't compile the test.
[INFO] [stdout] ---- src/lib.rs - (line 186) stdout ----
[INFO] [stdout] error[E0433]: failed to resolve: use of undeclared crate or module `some_crate`
[INFO] [stdout]  --> src/lib.rs:187:1
[INFO] [stdout]   |
[INFO] [stdout] 3 | some_crate::foo!(32, d = 1, c = 2);
[INFO] [stdout]   | ^^^^^^^^^^ use of undeclared crate or module `some_crate`
[INFO] [stdout] 
[INFO] [stdout] error: aborting due to previous error
[INFO] [stdout] 
[INFO] [stdout] For more information about this error, try `rustc --explain E0433`.
[INFO] [stdout] Couldn't compile the test.
[INFO] [stdout] ---- src/lib.rs - (line 119) stdout ----
[INFO] [stdout] error[E0432]: unresolved import `some_crate`
[INFO] [stdout]  --> src/lib.rs:121:5
[INFO] [stdout]   |
[INFO] [stdout] 4 | use some_crate::foo;
[INFO] [stdout]   |     ^^^^^^^^^^ use of undeclared crate or module `some_crate`
[INFO] [stdout] 
[INFO] [stdout] error[E0433]: failed to resolve: use of undeclared crate or module `some_crate`
[INFO] [stdout]  --> src/lib.rs:125:1
[INFO] [stdout]   |
[INFO] [stdout] 8 | some_crate::foo!(32, d = 1, c = 2);
[INFO] [stdout]   | ^^^^^^^^^^ use of undeclared crate or module `some_crate`
[INFO] [stdout] 
[INFO] [stdout] error: cannot determine resolution for the macro `foo`
[INFO] [stdout]  --> src/lib.rs:122:1
[INFO] [stdout]   |
[INFO] [stdout] 5 | foo!(32, d = 1, c = 2);
[INFO] [stdout]   | ^^^
[INFO] [stdout]   |
[INFO] [stdout]   = note: import resolution is stuck, try simplifying macro imports
[INFO] [stdout] 
[INFO] [stdout] error: aborting due to 3 previous errors
[INFO] [stdout] 
[INFO] [stdout] Some errors have detailed explanations: E0432, E0433.
[INFO] [stdout] For more information about an error, try `rustc --explain E0432`.
[INFO] [stdout] Couldn't compile the test.
[INFO] [stdout] ---- src/lib.rs - (line 69) stdout ----
[INFO] [stdout] error[E0433]: failed to resolve: could not find `macro_v` in the crate root
[INFO] [stdout]   --> src/lib.rs:78:10
[INFO] [stdout]    |
[INFO] [stdout] 12 | #[crate::macro_v(pub)]
[INFO] [stdout]    |          ^^^^^^^ could not find `macro_v` in the crate root
[INFO] [stdout] 
[INFO] [stdout] error: aborting due to previous error
[INFO] [stdout] 
[INFO] [stdout] For more information about this error, try `rustc --explain E0433`.
[INFO] [stdout] Couldn't compile the test.
[INFO] [stdout] ---- src/lib.rs - (line 147) stdout ----
[INFO] [stdout] error: cannot find attribute `nade` in this scope
[INFO] [stdout]  --> src/lib.rs:148:3
[INFO] [stdout]   |
[INFO] [stdout] 4 | #[nade($crate::module)]
[INFO] [stdout]   |   ^^^^
[INFO] [stdout]   |
[INFO] [stdout]   = help: consider importing one of these items:
[INFO] [stdout]           nade::nade
[INFO] [stdout]           nade_macro::nade
[INFO] [stdout] note: `nade` is imported here, but it is a crate, not an attribute
[INFO] [stdout]  --> src/lib.rs:146:1
[INFO] [stdout]   |
[INFO] [stdout] 2 | extern crate r#nade;
[INFO] [stdout]   | ^^^^^^^^^^^^^^^^^^^^
[INFO] [stdout] 
[INFO] [stdout] error: cannot find attribute `nade` in this scope
[INFO] [stdout]  --> src/lib.rs:150:7
[INFO] [stdout]   |
[INFO] [stdout] 6 |     #[nade(42)]
[INFO] [stdout]   |       ^^^^
[INFO] [stdout]   |
[INFO] [stdout]   = help: consider importing one of these items:
[INFO] [stdout]           nade::nade
[INFO] [stdout]           nade_macro::nade
[INFO] [stdout] note: `nade` is imported here, but it is a crate, not an attribute
[INFO] [stdout]  --> src/lib.rs:146:1
[INFO] [stdout]   |
[INFO] [stdout] 2 | extern crate r#nade;
[INFO] [stdout]   | ^^^^^^^^^^^^^^^^^^^^
[INFO] [stdout] 
[INFO] [stdout] error: cannot find attribute `nade` in this scope
[INFO] [stdout]  --> src/lib.rs:153:7
[INFO] [stdout]   |
[INFO] [stdout] 9 |     #[nade(one())]
[INFO] [stdout]   |       ^^^^
[INFO] [stdout]   |
[INFO] [stdout]   = help: consider importing one of these items:
[INFO] [stdout]           nade::nade
[INFO] [stdout]           nade_macro::nade
[INFO] [stdout] note: `nade` is imported here, but it is a crate, not an attribute
[INFO] [stdout]  --> src/lib.rs:146:1
[INFO] [stdout]   |
[INFO] [stdout] 2 | extern crate r#nade;
[INFO] [stdout]   | ^^^^^^^^^^^^^^^^^^^^
[INFO] [stdout] 
[INFO] [stdout] error: cannot find attribute `nade` in this scope
[INFO] [stdout]   --> src/lib.rs:156:7
[INFO] [stdout]    |
[INFO] [stdout] 12 |     #[nade]
[INFO] [stdout]    |       ^^^^
[INFO] [stdout]    |
[INFO] [stdout]    = help: consider importing one of these items:
[INFO] [stdout]            nade::nade
[INFO] [stdout]            nade_macro::nade
[INFO] [stdout] note: `nade` is imported here, but it is a crate, not an attribute
[INFO] [stdout]   --> src/lib.rs:146:1
[INFO] [stdout]    |
[INFO] [stdout] 2  | extern crate r#nade;
[INFO] [stdout]    | ^^^^^^^^^^^^^^^^^^^^
[INFO] [stdout] 
[INFO] [stdout] error: aborting due to 4 previous errors
[INFO] [stdout] 
[INFO] [stdout] Couldn't compile the test.
[INFO] [stdout] ---- src/lib.rs - (line 132) stdout ----
[INFO] [stdout] error[E0432]: unresolved import `some_crate`
[INFO] [stdout]  --> src/lib.rs:134:5
[INFO] [stdout]   |
[INFO] [stdout] 4 | use some_crate::one;
[INFO] [stdout]   |     ^^^^^^^^^^ use of undeclared crate or module `some_crate`
[INFO] [stdout] 
[INFO] [stdout] error: cannot find macro `foo` in this scope
[INFO] [stdout]  --> src/lib.rs:138:1
[INFO] [stdout]   |
[INFO] [stdout] 8 | foo!(32, d = 1, c = 2);
[INFO] [stdout]   | ^^^
[INFO] [stdout] 
[INFO] [stdout] error: cannot find macro `foo` in this scope
[INFO] [stdout]  --> src/lib.rs:135:1
[INFO] [stdout]   |
[INFO] [stdout] 5 | foo!(32, d = 1, c = 2);
[INFO] [stdout]   | ^^^
[INFO] [stdout] 
[INFO] [stdout] error: aborting due to 3 previous errors
[INFO] [stdout] 
[INFO] [stdout] For more information about this error, try `rustc --explain E0432`.
[INFO] [stdout] Couldn't compile the test.
[INFO] [stdout] ---- src/lib.rs - (line 167) stdout ----
[INFO] [stdout] error[E0433]: failed to resolve: could not find `macro_v` in the crate root
[INFO] [stdout]  --> src/lib.rs:172:10
[INFO] [stdout]   |
[INFO] [stdout] 8 | #[crate::macro_v(pub)]
[INFO] [stdout]   |          ^^^^^^^ could not find `macro_v` in the crate root
[INFO] [stdout] 
[INFO] [stdout] error: aborting due to previous error
[INFO] [stdout] 
[INFO] [stdout] For more information about this error, try `rustc --explain E0433`.
[INFO] [stdout] Couldn't compile the test.
[INFO] [stdout] ---- src/lib.rs - (line 94) stdout ----
[INFO] [stdout] error: cannot find macro `foo` in this scope
[INFO] [stdout]  --> src/lib.rs:95:1
[INFO] [stdout]   |
[INFO] [stdout] 3 | foo!(32, d = 1, c = 2);
[INFO] [stdout]   | ^^^
[INFO] [stdout] 
[INFO] [stdout] error: aborting due to previous error
[INFO] [stdout] 
[INFO] [stdout] Couldn't compile the test.
[INFO] [stdout] ---- src/lib.rs - (line 10) stdout ----
[INFO] [stdout] error[E0433]: failed to resolve: could not find `macro_v` in the crate root
[INFO] [stdout]   --> src/lib.rs:19:1
[INFO] [stdout]    |
[INFO] [stdout] 12 | #[nade]
[INFO] [stdout]    | ^^^^^^^ could not find `macro_v` in the crate root
[INFO] [stdout]    |
[INFO] [stdout]    = note: this error originates in the attribute macro `nade` (in Nightly builds, run with -Z macro-backtrace for more info)
[INFO] [stdout] 
[INFO] [stdout] error[E0433]: failed to resolve: could not find `nade_helper` in the crate root
[INFO] [stdout]   --> src/lib.rs:19:1
[INFO] [stdout]    |
[INFO] [stdout] 12 | #[nade]
[INFO] [stdout]    | ^^^^^^^ could not find `nade_helper` in the crate root
[INFO] [stdout] ...
[INFO] [stdout] 29 | assert_eq!(foo!(1, 2, 3, 4), 10); // foo(1, 2, 3, 4)
[INFO] [stdout]    |            ---------------- in this macro invocation
[INFO] [stdout]    |
[INFO] [stdout]    = note: this error originates in the macro `foo` (in Nightly builds, run with -Z macro-backtrace for more info)
[INFO] [stdout] 
[INFO] [stdout] error[E0433]: failed to resolve: could not find `nade_helper` in the crate root
[INFO] [stdout]   --> src/lib.rs:19:1
[INFO] [stdout]    |
[INFO] [stdout] 12 | #[nade]
[INFO] [stdout]    | ^^^^^^^ could not find `nade_helper` in the crate root
[INFO] [stdout] ...
[INFO] [stdout] 30 | assert_eq!(foo!(d = 2), 45); // foo(42, one(), Default::default(), 2)
[INFO] [stdout]    |            ----------- in this macro invocation
[INFO] [stdout]    |
[INFO] [stdout]    = note: this error originates in the macro `foo` (in Nightly builds, run with -Z macro-backtrace for more info)
[INFO] [stdout] 
[INFO] [stdout] error[E0433]: failed to resolve: could not find `nade_helper` in the crate root
[INFO] [stdout]   --> src/lib.rs:19:1
[INFO] [stdout]    |
[INFO] [stdout] 12 | #[nade]
[INFO] [stdout]    | ^^^^^^^ could not find `nade_helper` in the crate root
[INFO] [stdout] ...
[INFO] [stdout] 31 | assert_eq!(foo!(1, c = 2, b = 3, 4), 10); // foo(1, 3, 2, 4)
[INFO] [stdout]    |            ------------------------ in this macro invocation
[INFO] [stdout]    |
[INFO] [stdout]    = note: this error originates in the macro `foo` (in Nightly builds, run with -Z macro-backtrace for more info)
[INFO] [stdout] 
[INFO] [stdout] error: aborting due to 4 previous errors
[INFO] [stdout] 
[INFO] [stdout] For more information about this error, try `rustc --explain E0433`.
[INFO] [stdout] Couldn't compile the test.
[INFO] [stdout] ---- src/lib.rs - (line 243) stdout ----
[INFO] [stdout] error: cannot find macro `foo` in this scope
[INFO] [stdout]  --> src/lib.rs:244:1
[INFO] [stdout]   |
[INFO] [stdout] 3 | foo!();
[INFO] [stdout]   | ^^^
[INFO] [stdout] 
[INFO] [stdout] error: aborting due to previous error
[INFO] [stdout] 
[INFO] [stdout] Couldn't compile the test.
[INFO] [stdout] ---- src/lib.rs - (line 192) stdout ----
[INFO] [stdout] error: cannot find attribute `nade` in this scope
[INFO] [stdout]   --> src/lib.rs:199:3
[INFO] [stdout]    |
[INFO] [stdout] 10 | #[nade]
[INFO] [stdout]    |   ^^^^
[INFO] [stdout]    |
[INFO] [stdout]    = help: consider importing one of these items:
[INFO] [stdout]            nade::nade
[INFO] [stdout]            nade_macro::nade
[INFO] [stdout] note: `nade` is imported here, but it is a crate, not an attribute
[INFO] [stdout]   --> src/lib.rs:191:1
[INFO] [stdout]    |
[INFO] [stdout] 2  | extern crate r#nade;
[INFO] [stdout]    | ^^^^^^^^^^^^^^^^^^^^
[INFO] [stdout] 
[INFO] [stdout] error: cannot find attribute `nade` in this scope
[INFO] [stdout]   --> src/lib.rs:201:7
[INFO] [stdout]    |
[INFO] [stdout] 12 |     #[nade($crate::module::one())]
[INFO] [stdout]    |       ^^^^
[INFO] [stdout]    |
[INFO] [stdout]    = help: consider importing one of these items:
[INFO] [stdout]            nade::nade
[INFO] [stdout]            nade_macro::nade
[INFO] [stdout] note: `nade` is imported here, but it is a crate, not an attribute
[INFO] [stdout]   --> src/lib.rs:191:1
[INFO] [stdout]    |
[INFO] [stdout] 2  | extern crate r#nade;
[INFO] [stdout]    | ^^^^^^^^^^^^^^^^^^^^
[INFO] [stdout] 
[INFO] [stdout] error: cannot find attribute `nade` in this scope
[INFO] [stdout]   --> src/lib.rs:204:7
[INFO] [stdout]    |
[INFO] [stdout] 15 |     #[nade(::std::path::Path::new("a"))]
[INFO] [stdout]    |       ^^^^
[INFO] [stdout]    |
[INFO] [stdout]    = help: consider importing one of these items:
[INFO] [stdout]            nade::nade
[INFO] [stdout]            nade_macro::nade
[INFO] [stdout] note: `nade` is imported here, but it is a crate, not an attribute
[INFO] [stdout]   --> src/lib.rs:191:1
[INFO] [stdout]    |
[INFO] [stdout] 2  | extern crate r#nade;
[INFO] [stdout]    | ^^^^^^^^^^^^^^^^^^^^
[INFO] [stdout] 
[INFO] [stdout] error: cannot find attribute `nade` in this scope
[INFO] [stdout]   --> src/lib.rs:207:7
[INFO] [stdout]    |
[INFO] [stdout] 18 |     #[nade($crate::module::PATH)]
[INFO] [stdout]    |       ^^^^
[INFO] [stdout]    |
[INFO] [stdout]    = help: consider importing one of these items:
[INFO] [stdout]            nade::nade
[INFO] [stdout]            nade_macro::nade
[INFO] [stdout] note: `nade` is imported here, but it is a crate, not an attribute
[INFO] [stdout]   --> src/lib.rs:191:1
[INFO] [stdout]    |
[INFO] [stdout] 2  | extern crate r#nade;
[INFO] [stdout]    | ^^^^^^^^^^^^^^^^^^^^
[INFO] [stdout] 
[INFO] [stdout] error: cannot find attribute `nade` in this scope
[INFO] [stdout]   --> src/lib.rs:210:7
[INFO] [stdout]    |
[INFO] [stdout] 21 |     #[nade("Hello")]
[INFO] [stdout]    |       ^^^^
[INFO] [stdout]    |
[INFO] [stdout]    = help: consider importing one of these items:
[INFO] [stdout]            nade::nade
[INFO] [stdout]            nade_macro::nade
[INFO] [stdout] note: `nade` is imported here, but it is a crate, not an attribute
[INFO] [stdout]   --> src/lib.rs:191:1
[INFO] [stdout]    |
[INFO] [stdout] 2  | extern crate r#nade;
[INFO] [stdout]    | ^^^^^^^^^^^^^^^^^^^^
[INFO] [stdout] 
[INFO] [stdout] error: aborting due to 5 previous errors
[INFO] [stdout] 
[INFO] [stdout] Couldn't compile the test.
[INFO] [stdout] ---- src/lib.rs - (line 45) stdout ----
[INFO] [stdout] error: cannot find attribute `nade` in this scope
[INFO] [stdout]  --> src/lib.rs:50:3
[INFO] [stdout]   |
[INFO] [stdout] 8 | #[nade]
[INFO] [stdout]   |   ^^^^
[INFO] [stdout]   |
[INFO] [stdout]   = help: consider importing one of these items:
[INFO] [stdout]           nade::nade
[INFO] [stdout]           nade_macro::nade
[INFO] [stdout] note: `nade` is imported here, but it is a crate, not an attribute
[INFO] [stdout]  --> src/lib.rs:44:1
[INFO] [stdout]   |
[INFO] [stdout] 2 | extern crate r#nade;
[INFO] [stdout]   | ^^^^^^^^^^^^^^^^^^^^
[INFO] [stdout] 
[INFO] [stdout] error: cannot find attribute `nade` in this scope
[INFO] [stdout]   --> src/lib.rs:52:7
[INFO] [stdout]    |
[INFO] [stdout] 10 |     #[nade(42)]
[INFO] [stdout]    |       ^^^^
[INFO] [stdout]    |
[INFO] [stdout]    = help: consider importing one of these items:
[INFO] [stdout]            nade::nade
[INFO] [stdout]            nade_macro::nade
[INFO] [stdout] note: `nade` is imported here, but it is a crate, not an attribute
[INFO] [stdout]   --> src/lib.rs:44:1
[INFO] [stdout]    |
[INFO] [stdout] 2  | extern crate r#nade;
[INFO] [stdout]    | ^^^^^^^^^^^^^^^^^^^^
[INFO] [stdout] 
[INFO] [stdout] error: cannot find attribute `nade` in this scope
[INFO] [stdout]   --> src/lib.rs:55:7
[INFO] [stdout]    |
[INFO] [stdout] 13 |     #[nade(one())]
[INFO] [stdout]    |       ^^^^
[INFO] [stdout]    |
[INFO] [stdout]    = help: consider importing one of these items:
[INFO] [stdout]            nade::nade
[INFO] [stdout]            nade_macro::nade
[INFO] [stdout] note: `nade` is imported here, but it is a crate, not an attribute
[INFO] [stdout]   --> src/lib.rs:44:1
[INFO] [stdout]    |
[INFO] [stdout] 2  | extern crate r#nade;
[INFO] [stdout]    | ^^^^^^^^^^^^^^^^^^^^
[INFO] [stdout] 
[INFO] [stdout] error: cannot find attribute `nade` in this scope
[INFO] [stdout]   --> src/lib.rs:58:7
[INFO] [stdout]    |
[INFO] [stdout] 16 |     #[nade]
[INFO] [stdout]    |       ^^^^
[INFO] [stdout]    |
[INFO] [stdout]    = help: consider importing one of these items:
[INFO] [stdout]            nade::nade
[INFO] [stdout]            nade_macro::nade
[INFO] [stdout] note: `nade` is imported here, but it is a crate, not an attribute
[INFO] [stdout]   --> src/lib.rs:44:1
[INFO] [stdout]    |
[INFO] [stdout] 2  | extern crate r#nade;
[INFO] [stdout]    | ^^^^^^^^^^^^^^^^^^^^
[INFO] [stdout] 
[INFO] [stdout] error: aborting due to 4 previous errors
[INFO] [stdout] 
[INFO] [stdout] Couldn't compile the test.
[INFO] [stdout] ---- src/lib.rs - (line 219) stdout ----
[INFO] [stdout] error[E0433]: failed to resolve: could not find `macro_v` in the crate root
[INFO] [stdout]  --> src/lib.rs:224:10
[INFO] [stdout]   |
[INFO] [stdout] 8 | #[crate::macro_v(pub)]
[INFO] [stdout]   |          ^^^^^^^ could not find `macro_v` in the crate root
[INFO] [stdout] 
[INFO] [stdout] error: aborting due to previous error
[INFO] [stdout] 
[INFO] [stdout] For more information about this error, try `rustc --explain E0433`.
[INFO] [stdout] Couldn't compile the test.
[INFO] [stdout] 
[INFO] [stdout] failures:
[INFO] [stdout]     src/lib.rs - (line 10)
[INFO] [stdout]     src/lib.rs - (line 100)
[INFO] [stdout]     src/lib.rs - (line 119)
[INFO] [stdout]     src/lib.rs - (line 132)
[INFO] [stdout]     src/lib.rs - (line 147)
[INFO] [stdout]     src/lib.rs - (line 167)
[INFO] [stdout]     src/lib.rs - (line 186)
[INFO] [stdout]     src/lib.rs - (line 192)
[INFO] [stdout]     src/lib.rs - (line 219)
[INFO] [stdout]     src/lib.rs - (line 243)
[INFO] [stdout]     src/lib.rs - (line 45)
[INFO] [stdout]     src/lib.rs - (line 69)
[INFO] [stdout]     src/lib.rs - (line 94)
[INFO] [stdout] 
[INFO] [stdout] test result: FAILED. 1 passed; 13 failed; 0 ignored; 0 measured; 0 filtered out; finished in 0.30s
[INFO] [stdout] 
[INFO] [stderr] error: doctest failed, to rerun pass `--doc`
[INFO] running `Command { std: "docker" "inspect" "c7b9ad617f9bb15e26060fc369945ba8b94110bd2c3c94147f25d0f42bd6c0d5", kill_on_drop: false }`
[INFO] running `Command { std: "docker" "rm" "-f" "c7b9ad617f9bb15e26060fc369945ba8b94110bd2c3c94147f25d0f42bd6c0d5", kill_on_drop: false }`
[INFO] [stdout] c7b9ad617f9bb15e26060fc369945ba8b94110bd2c3c94147f25d0f42bd6c0d5
