[INFO] fetching crate mysql_quick 0.4.2...
[INFO] testing mysql_quick-0.4.2 against 1.69.0 for beta-1.70-1
[INFO] extracting crate mysql_quick 0.4.2 into /workspace/builds/worker-4-tc1/source
[INFO] validating manifest of crates.io crate mysql_quick 0.4.2 on toolchain 1.69.0
[INFO] running `Command { std: CARGO_HOME="/workspace/cargo-home" RUSTUP_HOME="/workspace/rustup-home" "/workspace/cargo-home/bin/cargo" "+1.69.0" "metadata" "--manifest-path" "Cargo.toml" "--no-deps", kill_on_drop: false }`
[INFO] started tweaking crates.io crate mysql_quick 0.4.2
[INFO] finished tweaking crates.io crate mysql_quick 0.4.2
[INFO] tweaked toml for crates.io crate mysql_quick 0.4.2 written to /workspace/builds/worker-4-tc1/source/Cargo.toml
[INFO] running `Command { std: CARGO_HOME="/workspace/cargo-home" RUSTUP_HOME="/workspace/rustup-home" __CARGO_TEST_CHANNEL_OVERRIDE_DO_NOT_USE_THIS="nightly" "/workspace/cargo-home/bin/cargo" "+1.69.0" "generate-lockfile" "--manifest-path" "Cargo.toml" "-Zno-index-update", kill_on_drop: false }`
[INFO] running `Command { std: CARGO_HOME="/workspace/cargo-home" RUSTUP_HOME="/workspace/rustup-home" "/workspace/cargo-home/bin/cargo" "+1.69.0" "fetch" "--manifest-path" "Cargo.toml", kill_on_drop: false }`
[INFO] [stderr]  Downloading crates ...
[INFO] [stderr]   Downloaded frunk_proc_macros_impl v0.1.1
[INFO] [stderr]   Downloaded saturating v0.1.0
[INFO] [stderr]   Downloaded frunk_proc_macros v0.1.1
[INFO] [stderr]   Downloaded frunk v0.4.1
[INFO] [stderr]   Downloaded subprocess v0.2.9
[INFO] [stderr]   Downloaded mysql_common v0.29.2
[INFO] [stderr]   Downloaded bufstream v0.1.4
[INFO] [stderr]   Downloaded derive_utils v0.13.0
[INFO] [stderr]   Downloaded mysql v23.0.1
[INFO] [stderr]   Downloaded io-enum v1.1.0
[INFO] [stderr]   Downloaded frunk_proc_macro_helpers v0.1.1
[INFO] [stderr]   Downloaded frunk_core v0.4.1
[INFO] [stderr]   Downloaded named_pipe v0.4.1
[INFO] [stderr]   Downloaded frunk_derives v0.4.1
[INFO] running `Command { std: "docker" "create" "-v" "/var/lib/crater-agent-workspace/builds/worker-4-tc1/target:/opt/rustwide/target:rw,Z" "-v" "/var/lib/crater-agent-workspace/builds/worker-4-tc1/source:/opt/rustwide/workdir:ro,Z" "-v" "/var/lib/crater-agent-workspace/cargo-home:/opt/rustwide/cargo-home:ro,Z" "-v" "/var/lib/crater-agent-workspace/rustup-home:/opt/rustwide/rustup-home:ro,Z" "-e" "SOURCE_DIR=/opt/rustwide/workdir" "-e" "CARGO_TARGET_DIR=/opt/rustwide/target" "-e" "CARGO_HOME=/opt/rustwide/cargo-home" "-e" "RUSTUP_HOME=/opt/rustwide/rustup-home" "-w" "/opt/rustwide/workdir" "-m" "1610612736" "--user" "0:0" "--network" "none" "ghcr.io/rust-lang/crates-build-env/linux@sha256:5ff2268d62e97bff2cde7d5815dd6ed5b47097566f13b8d0ca110b04b60e07ed" "/opt/rustwide/cargo-home/bin/cargo" "+1.69.0" "metadata" "--no-deps" "--format-version=1", kill_on_drop: false }`
[INFO] [stdout] 0d66ab0d2c6fb3061e831478fb9c8583416bd562808a96faa59e3e77a890466c
[INFO] running `Command { std: "docker" "start" "-a" "0d66ab0d2c6fb3061e831478fb9c8583416bd562808a96faa59e3e77a890466c", kill_on_drop: false }`
[INFO] running `Command { std: "docker" "inspect" "0d66ab0d2c6fb3061e831478fb9c8583416bd562808a96faa59e3e77a890466c", kill_on_drop: false }`
[INFO] running `Command { std: "docker" "rm" "-f" "0d66ab0d2c6fb3061e831478fb9c8583416bd562808a96faa59e3e77a890466c", kill_on_drop: false }`
[INFO] [stdout] 0d66ab0d2c6fb3061e831478fb9c8583416bd562808a96faa59e3e77a890466c
[INFO] running `Command { std: "docker" "create" "-v" "/var/lib/crater-agent-workspace/builds/worker-4-tc1/target:/opt/rustwide/target:rw,Z" "-v" "/var/lib/crater-agent-workspace/builds/worker-4-tc1/source:/opt/rustwide/workdir:ro,Z" "-v" "/var/lib/crater-agent-workspace/cargo-home:/opt/rustwide/cargo-home:ro,Z" "-v" "/var/lib/crater-agent-workspace/rustup-home:/opt/rustwide/rustup-home:ro,Z" "-e" "SOURCE_DIR=/opt/rustwide/workdir" "-e" "CARGO_TARGET_DIR=/opt/rustwide/target" "-e" "CARGO_INCREMENTAL=0" "-e" "RUST_BACKTRACE=full" "-e" "RUSTFLAGS=--cap-lints=warn" "-e" "RUSTDOCFLAGS=--cap-lints=warn" "-e" "CARGO_HOME=/opt/rustwide/cargo-home" "-e" "RUSTUP_HOME=/opt/rustwide/rustup-home" "-w" "/opt/rustwide/workdir" "-m" "1610612736" "--user" "0:0" "--network" "none" "ghcr.io/rust-lang/crates-build-env/linux@sha256:5ff2268d62e97bff2cde7d5815dd6ed5b47097566f13b8d0ca110b04b60e07ed" "/opt/rustwide/cargo-home/bin/cargo" "+1.69.0" "build" "--frozen" "--message-format=json", kill_on_drop: false }`
[INFO] [stdout] 5d42072a43c248dba00ea800c430dd02616798d3d6b7f5df1e0c7cb441fbe647
[INFO] running `Command { std: "docker" "start" "-a" "5d42072a43c248dba00ea800c430dd02616798d3d6b7f5df1e0c7cb441fbe647", kill_on_drop: false }`
[INFO] [stderr]    Compiling typenum v1.16.0
[INFO] [stderr]    Compiling generic-array v0.14.7
[INFO] [stderr]    Compiling syn v1.0.109
[INFO] [stderr]    Compiling lexical-util v0.8.5
[INFO] [stderr]    Compiling syn v2.0.15
[INFO] [stderr]    Compiling openssl-sys v0.9.87
[INFO] [stderr]    Compiling proc-macro-hack v0.5.20+deprecated
[INFO] [stderr]    Compiling frunk_core v0.4.1
[INFO] [stderr]    Compiling num-integer v0.1.45
[INFO] [stderr]    Compiling libloading v0.7.4
[INFO] [stderr]    Compiling num-bigint v0.4.3
[INFO] [stderr]    Compiling clang-sys v1.6.1
[INFO] [stderr]    Compiling lexical-write-integer v0.8.5
[INFO] [stderr]    Compiling lexical-parse-integer v0.8.6
[INFO] [stderr]    Compiling ahash v0.7.6
[INFO] [stderr]    Compiling libz-sys v1.1.9
[INFO] [stderr]    Compiling radium v0.7.0
[INFO] [stderr]    Compiling tinyvec_macros v0.1.1
[INFO] [stderr]    Compiling crypto-common v0.1.6
[INFO] [stderr]    Compiling block-buffer v0.10.4
[INFO] [stderr]    Compiling tinyvec v1.6.0
[INFO] [stderr]    Compiling lexical-parse-float v0.8.5
[INFO] [stderr]    Compiling digest v0.10.6
[INFO] [stderr]    Compiling lexical-write-float v0.8.5
[INFO] [stderr]    Compiling subprocess v0.2.9
[INFO] [stderr]    Compiling frunk_proc_macro_helpers v0.1.1
[INFO] [stderr]    Compiling cmake v0.1.50
[INFO] [stderr]    Compiling tap v1.0.1
[INFO] [stderr]    Compiling crossbeam-queue v0.3.8
[INFO] [stderr]    Compiling openssl v0.10.52
[INFO] [stderr]    Compiling thiserror v1.0.40
[INFO] [stderr]    Compiling bindgen v0.59.2
[INFO] [stderr]    Compiling serde_json v1.0.96
[INFO] [stderr]    Compiling cpufeatures v0.2.7
[INFO] [stderr]    Compiling rust_decimal v1.29.1
[INFO] [stderr]    Compiling foreign-types-shared v0.1.1
[INFO] [stderr]    Compiling crossbeam-epoch v0.9.14
[INFO] [stderr]    Compiling foreign-types v0.3.2
[INFO] [stderr]    Compiling frunk_proc_macros_impl v0.1.1
[INFO] [stderr]    Compiling frunk_derives v0.4.1
[INFO] [stderr]    Compiling wyz v0.5.1
[INFO] [stderr]    Compiling unicode-normalization v0.1.22
[INFO] [stderr]    Compiling lexical-core v0.8.5
[INFO] [stderr]    Compiling funty v2.0.0
[INFO] [stderr]    Compiling native-tls v0.2.11
[INFO] [stderr]    Compiling arrayvec v0.7.2
[INFO] [stderr]    Compiling serde_derive v1.0.160
[INFO] [stderr]    Compiling thiserror-impl v1.0.40
[INFO] [stderr]    Compiling frunk_proc_macros v0.1.1
[INFO] [stderr]    Compiling openssl-macros v0.1.1
[INFO] [stderr]    Compiling unicode-bidi v0.3.13
[INFO] [stderr]    Compiling time-core v0.1.0
[INFO] [stderr]    Compiling percent-encoding v2.2.0
[INFO] [stderr]    Compiling time v0.3.20
[INFO] [stderr]    Compiling form_urlencoded v1.1.0
[INFO] [stderr]    Compiling idna v0.3.0
[INFO] [stderr]    Compiling frunk v0.4.1
[INFO] [stderr]    Compiling bigdecimal v0.3.0
[INFO] [stderr]    Compiling bitvec v1.0.1
[INFO] [stderr]    Compiling hashbrown v0.12.3
[INFO] [stderr]    Compiling flate2 v1.0.26
[INFO] [stderr]    Compiling lexical v6.1.1
[INFO] [stderr]    Compiling crossbeam-deque v0.8.3
[INFO] [stderr]    Compiling sha1 v0.10.5
[INFO] [stderr]    Compiling sha2 v0.10.6
[INFO] [stderr]    Compiling derive_utils v0.13.0
[INFO] [stderr]    Compiling crossbeam-channel v0.5.8
[INFO] [stderr]    Compiling bytes v1.4.0
[INFO] [stderr]    Compiling uuid v1.3.2
[INFO] [stderr]    Compiling mysql v23.0.1
[INFO] [stderr]    Compiling openssl-probe v0.1.5
[INFO] [stderr]    Compiling saturating v0.1.0
[INFO] [stderr]    Compiling smallvec v1.10.0
[INFO] [stderr]    Compiling crossbeam v0.8.2
[INFO] [stderr]    Compiling io-enum v1.1.0
[INFO] [stderr]    Compiling lru v0.8.1
[INFO] [stderr]    Compiling url v2.3.1
[INFO] [stderr]    Compiling pem v1.1.1
[INFO] [stderr]    Compiling twox-hash v1.6.3
[INFO] [stderr]    Compiling mysql_common v0.29.2
[INFO] [stderr]    Compiling socket2 v0.4.9
[INFO] [stderr]    Compiling bufstream v0.1.4
[INFO] [stderr]    Compiling serde v1.0.160
[INFO] [stderr]    Compiling mysql_quick v0.4.2 (/opt/rustwide/workdir)
[INFO] [stderr]     Finished dev [unoptimized + debuginfo] target(s) in 1m 20s
[INFO] running `Command { std: "docker" "inspect" "5d42072a43c248dba00ea800c430dd02616798d3d6b7f5df1e0c7cb441fbe647", kill_on_drop: false }`
[INFO] running `Command { std: "docker" "rm" "-f" "5d42072a43c248dba00ea800c430dd02616798d3d6b7f5df1e0c7cb441fbe647", kill_on_drop: false }`
[INFO] [stdout] 5d42072a43c248dba00ea800c430dd02616798d3d6b7f5df1e0c7cb441fbe647
[INFO] running `Command { std: "docker" "create" "-v" "/var/lib/crater-agent-workspace/builds/worker-4-tc1/target:/opt/rustwide/target:rw,Z" "-v" "/var/lib/crater-agent-workspace/builds/worker-4-tc1/source:/opt/rustwide/workdir:ro,Z" "-v" "/var/lib/crater-agent-workspace/cargo-home:/opt/rustwide/cargo-home:ro,Z" "-v" "/var/lib/crater-agent-workspace/rustup-home:/opt/rustwide/rustup-home:ro,Z" "-e" "SOURCE_DIR=/opt/rustwide/workdir" "-e" "CARGO_TARGET_DIR=/opt/rustwide/target" "-e" "CARGO_INCREMENTAL=0" "-e" "RUST_BACKTRACE=full" "-e" "RUSTFLAGS=--cap-lints=warn" "-e" "RUSTDOCFLAGS=--cap-lints=warn" "-e" "CARGO_HOME=/opt/rustwide/cargo-home" "-e" "RUSTUP_HOME=/opt/rustwide/rustup-home" "-w" "/opt/rustwide/workdir" "-m" "1610612736" "--user" "0:0" "--network" "none" "ghcr.io/rust-lang/crates-build-env/linux@sha256:5ff2268d62e97bff2cde7d5815dd6ed5b47097566f13b8d0ca110b04b60e07ed" "/opt/rustwide/cargo-home/bin/cargo" "+1.69.0" "test" "--frozen" "--no-run" "--message-format=json", kill_on_drop: false }`
[INFO] [stdout] 3a410e3fe65dd932780c9409d131140ce3a4f99eaa48e6644abc8cb4dad816f0
[INFO] running `Command { std: "docker" "start" "-a" "3a410e3fe65dd932780c9409d131140ce3a4f99eaa48e6644abc8cb4dad816f0", kill_on_drop: false }`
[INFO] [stderr]    Compiling mysql_quick v0.4.2 (/opt/rustwide/workdir)
[INFO] [stderr]     Finished test [unoptimized + debuginfo] target(s) in 0.86s
[INFO] running `Command { std: "docker" "inspect" "3a410e3fe65dd932780c9409d131140ce3a4f99eaa48e6644abc8cb4dad816f0", kill_on_drop: false }`
[INFO] running `Command { std: "docker" "rm" "-f" "3a410e3fe65dd932780c9409d131140ce3a4f99eaa48e6644abc8cb4dad816f0", kill_on_drop: false }`
[INFO] [stdout] 3a410e3fe65dd932780c9409d131140ce3a4f99eaa48e6644abc8cb4dad816f0
[INFO] running `Command { std: "docker" "create" "-v" "/var/lib/crater-agent-workspace/builds/worker-4-tc1/target:/opt/rustwide/target:rw,Z" "-v" "/var/lib/crater-agent-workspace/builds/worker-4-tc1/source:/opt/rustwide/workdir:ro,Z" "-v" "/var/lib/crater-agent-workspace/cargo-home:/opt/rustwide/cargo-home:ro,Z" "-v" "/var/lib/crater-agent-workspace/rustup-home:/opt/rustwide/rustup-home:ro,Z" "-e" "SOURCE_DIR=/opt/rustwide/workdir" "-e" "CARGO_TARGET_DIR=/opt/rustwide/target" "-e" "CARGO_INCREMENTAL=0" "-e" "RUST_BACKTRACE=full" "-e" "RUSTFLAGS=--cap-lints=warn" "-e" "RUSTDOCFLAGS=--cap-lints=warn" "-e" "CARGO_HOME=/opt/rustwide/cargo-home" "-e" "RUSTUP_HOME=/opt/rustwide/rustup-home" "-w" "/opt/rustwide/workdir" "-m" "1610612736" "--user" "0:0" "--network" "none" "ghcr.io/rust-lang/crates-build-env/linux@sha256:5ff2268d62e97bff2cde7d5815dd6ed5b47097566f13b8d0ca110b04b60e07ed" "/opt/rustwide/cargo-home/bin/cargo" "+1.69.0" "test" "--frozen", kill_on_drop: false }`
[INFO] [stdout] 9e9d7c0c2a613eda47612fe5744c43a2805375c1dc2e74ade950786a60eb8c37
[INFO] running `Command { std: "docker" "start" "-a" "9e9d7c0c2a613eda47612fe5744c43a2805375c1dc2e74ade950786a60eb8c37", kill_on_drop: false }`
[INFO] [stderr]     Finished test [unoptimized + debuginfo] target(s) in 0.18s
[INFO] [stderr]      Running unittests src/lib.rs (/opt/rustwide/target/debug/deps/mysql_quick-e58d73e506eb5d58)
[INFO] [stderr]    Doc-tests mysql_quick
[INFO] [stdout] 
[INFO] [stdout] running 0 tests
[INFO] [stdout] 
[INFO] [stdout] test result: ok. 0 passed; 0 failed; 0 ignored; 0 measured; 0 filtered out; finished in 0.00s
[INFO] [stdout] 
[INFO] [stdout] 
[INFO] [stdout] running 20 tests
[INFO] [stdout] test src/method/method.rs - method::method::my_run_drop (line 32) ... FAILED
[INFO] [stdout] test src/method/method.rs - method::method::MysqlQuick::new (line 17) ... FAILED
[INFO] [stdout] test src/method/mycount.rs - method::mycount::mycount (line 3) ... FAILED
[INFO] [stdout] test src/method/method.rs - method::method::my_run_vec (line 90) ... FAILED
[INFO] [stdout] test src/method/method.rs - method::method::my_run (line 52) ... FAILED
[INFO] [stdout] test src/method/method.rs - method::method::my_run_tran (line 150) ... FAILED
[INFO] [stdout] test src/method/method.rs - method::method::my_run_tran_drop (line 121) ... FAILED
[INFO] [stdout] test src/method/method.rs - method::method::my_run_tran_vec (line 191) ... FAILED
[INFO] [stdout] test src/method/mydel.rs - method::mydel::mydel (line 3) ... FAILED
[INFO] [stdout] test src/method/myfind.rs - method::myfind::myfind (line 13) ... FAILED
[INFO] [stdout] test src/method/mydel.rs - method::mydel::mydel (line 11) ... FAILED
[INFO] [stdout] test src/method/myfind.rs - method::myfind::myfind (line 4) ... FAILED
[INFO] [stdout] test src/method/myget.rs - method::myget::myget (line 3) ... FAILED
[INFO] [stdout] test src/method/myupdate.rs - method::myupdate::myupdate (line 23) ... FAILED
[INFO] [stdout] test src/method/myset.rs - method::myset::myset (line 4) ... FAILED
[INFO] [stdout] test src/method/myupdatemany.rs - method::myupdatemany::myupdatemany (line 34) ... FAILED
[INFO] [stdout] test src/method/mysetmany.rs - method::mysetmany::mysetmany (line 4) ... FAILED
[INFO] [stdout] test src/method/myupdate.rs - method::myupdate::myupdate (line 3) ... FAILED
[INFO] [stdout] test src/method/myupdatemany.rs - method::myupdatemany::myupdatemany (line 2) ... FAILED
[INFO] [stderr] error: doctest failed, to rerun pass `--doc`
[INFO] [stdout] test src/method/myupdatemany.rs - method::myupdatemany::myupdatemany (line 19) ... FAILED
[INFO] [stdout] 
[INFO] [stdout] failures:
[INFO] [stdout] 
[INFO] [stdout] ---- src/method/method.rs - method::method::my_run_drop (line 32) stdout ----
[INFO] [stdout] error: cannot find macro `myset` in this scope
[INFO] [stdout]  --> src/method/method.rs:33:33
[INFO] [stdout]   |
[INFO] [stdout] 3 | let id = my_run_drop(&mut conn, myset!("feedback", {
[INFO] [stdout]   |                                 ^^^^^
[INFO] [stdout]   |
[INFO] [stdout]   = help: consider importing this macro:
[INFO] [stdout]           mysql_quick::myset
[INFO] [stdout] 
[INFO] [stdout] error[E0425]: cannot find function `my_run_drop` in this scope
[INFO] [stdout]  --> src/method/method.rs:33:10
[INFO] [stdout]   |
[INFO] [stdout] 3 | let id = my_run_drop(&mut conn, myset!("feedback", {
[INFO] [stdout]   |          ^^^^^^^^^^^ not found in this scope
[INFO] [stdout]   |
[INFO] [stdout] help: consider importing this function
[INFO] [stdout]   |
[INFO] [stdout] 2 | use mysql_quick::my_run_drop;
[INFO] [stdout]   |
[INFO] [stdout] 
[INFO] [stdout] error[E0425]: cannot find value `conn` in this scope
[INFO] [stdout]  --> src/method/method.rs:33:27
[INFO] [stdout]   |
[INFO] [stdout] 3 | let id = my_run_drop(&mut conn, myset!("feedback", {
[INFO] [stdout]   |                           ^^^^ not found in this scope
[INFO] [stdout] 
[INFO] [stdout] error: aborting due to 3 previous errors
[INFO] [stdout] 
[INFO] [stdout] For more information about this error, try `rustc --explain E0425`.
[INFO] [stdout] Couldn't compile the test.
[INFO] [stdout] ---- src/method/method.rs - method::method::MysqlQuick::new (line 17) stdout ----
[INFO] [stdout] error[E0433]: failed to resolve: use of undeclared type `MysqlQuick`
[INFO] [stdout]  --> src/method/method.rs:18:12
[INFO] [stdout]   |
[INFO] [stdout] 3 | let conn = MysqlQuick::new(10, 100, "mysql://root:12345678@localhost:3306/dev_db").unwrap();
[INFO] [stdout]   |            ^^^^^^^^^^ use of undeclared type `MysqlQuick`
[INFO] [stdout]   |
[INFO] [stdout] help: consider importing this struct
[INFO] [stdout]   |
[INFO] [stdout] 2 | use mysql_quick::MysqlQuick;
[INFO] [stdout]   |
[INFO] [stdout] 
[INFO] [stdout] error: aborting due to previous error
[INFO] [stdout] 
[INFO] [stdout] For more information about this error, try `rustc --explain E0433`.
[INFO] [stdout] Couldn't compile the test.
[INFO] [stdout] ---- src/method/mycount.rs - method::mycount::mycount (line 3) stdout ----
[INFO] [stdout] error: cannot find macro `mycount` in this scope
[INFO] [stdout]  --> src/method/mycount.rs:4:60
[INFO] [stdout]   |
[INFO] [stdout] 3 | let res_count: (Vec<u64>, Option<u64>) = my_run(&mut conn, mycount!("feedback", {})).unwrap();
[INFO] [stdout]   |                                                            ^^^^^^^
[INFO] [stdout]   |
[INFO] [stdout]   = help: consider importing this macro:
[INFO] [stdout]           mysql_quick::mycount
[INFO] [stdout] 
[INFO] [stdout] error: cannot find macro `mycount` in this scope
[INFO] [stdout]  --> src/method/mycount.rs:9:1
[INFO] [stdout]   |
[INFO] [stdout] 8 | mycount!(table, {
[INFO] [stdout]   | ^^^^^^^
[INFO] [stdout]   |
[INFO] [stdout]   = help: consider importing this macro:
[INFO] [stdout]           mysql_quick::mycount
[INFO] [stdout] 
[INFO] [stdout] error[E0425]: cannot find function `my_run` in this scope
[INFO] [stdout]  --> src/method/mycount.rs:4:42
[INFO] [stdout]   |
[INFO] [stdout] 3 | let res_count: (Vec<u64>, Option<u64>) = my_run(&mut conn, mycount!("feedback", {})).unwrap();
[INFO] [stdout]   |                                          ^^^^^^ not found in this scope
[INFO] [stdout]   |
[INFO] [stdout] help: consider importing this function
[INFO] [stdout]   |
[INFO] [stdout] 2 | use mysql_quick::my_run;
[INFO] [stdout]   |
[INFO] [stdout] 
[INFO] [stdout] error[E0425]: cannot find value `conn` in this scope
[INFO] [stdout]  --> src/method/mycount.rs:4:54
[INFO] [stdout]   |
[INFO] [stdout] 3 | let res_count: (Vec<u64>, Option<u64>) = my_run(&mut conn, mycount!("feedback", {})).unwrap();
[INFO] [stdout]   |                                                      ^^^^ not found in this scope
[INFO] [stdout] 
[INFO] [stdout] error: aborting due to 4 previous errors
[INFO] [stdout] 
[INFO] [stdout] For more information about this error, try `rustc --explain E0425`.
[INFO] [stdout] Couldn't compile the test.
[INFO] [stdout] ---- src/method/method.rs - method::method::my_run_vec (line 90) stdout ----
[INFO] [stdout] error: cannot find macro `myget` in this scope
[INFO] [stdout]  --> src/method/method.rs:91:12
[INFO] [stdout]   |
[INFO] [stdout] 3 | let sql1 = myget!("feedback", 33, "id as id, feedback.content as cc");
[INFO] [stdout]   |            ^^^^^
[INFO] [stdout]   |
[INFO] [stdout]   = help: consider importing this macro:
[INFO] [stdout]           mysql_quick::myget
[INFO] [stdout] 
[INFO] [stdout] error: cannot find derive macro `Serialize` in this scope
[INFO] [stdout]  --> src/method/method.rs:92:10
[INFO] [stdout]   |
[INFO] [stdout] 4 | #[derive(Serialize, Deserialize, Debug)]
[INFO] [stdout]   |          ^^^^^^^^^
[INFO] [stdout]   |
[INFO] [stdout]   = help: consider importing this derive macro:
[INFO] [stdout]           serde::Serialize
[INFO] [stdout] 
[INFO] [stdout] error: cannot find derive macro `Deserialize` in this scope
[INFO] [stdout]  --> src/method/method.rs:92:21
[INFO] [stdout]   |
[INFO] [stdout] 4 | #[derive(Serialize, Deserialize, Debug)]
[INFO] [stdout]   |                     ^^^^^^^^^^^
[INFO] [stdout]   |
[INFO] [stdout]   = help: consider importing this derive macro:
[INFO] [stdout]           serde::Deserialize
[INFO] [stdout] 
[INFO] [stdout] error[E0425]: cannot find function `my_run_vec` in this scope
[INFO] [stdout]  --> src/method/method.rs:97:30
[INFO] [stdout]   |
[INFO] [stdout] 9 | let res_get: Vec<Feedback> = my_run_vec(&mut conn, sql1).unwrap();
[INFO] [stdout]   |                              ^^^^^^^^^^ not found in this scope
[INFO] [stdout]   |
[INFO] [stdout] help: consider importing this function
[INFO] [stdout]   |
[INFO] [stdout] 2 | use mysql_quick::my_run_vec;
[INFO] [stdout]   |
[INFO] [stdout] 
[INFO] [stdout] error[E0425]: cannot find value `conn` in this scope
[INFO] [stdout]  --> src/method/method.rs:97:46
[INFO] [stdout]   |
[INFO] [stdout] 9 | let res_get: Vec<Feedback> = my_run_vec(&mut conn, sql1).unwrap();
[INFO] [stdout]   |                                              ^^^^ not found in this scope
[INFO] [stdout] 
[INFO] [stdout] error: aborting due to 5 previous errors
[INFO] [stdout] 
[INFO] [stdout] For more information about this error, try `rustc --explain E0425`.
[INFO] [stdout] Couldn't compile the test.
[INFO] [stdout] ---- src/method/method.rs - method::method::my_run (line 52) stdout ----
[INFO] [stdout] error: cannot find macro `myget` in this scope
[INFO] [stdout]  --> src/method/method.rs:53:12
[INFO] [stdout]   |
[INFO] [stdout] 3 | let sql1 = myget!("feedback", 33, "id as id, feedback.content as cc");
[INFO] [stdout]   |            ^^^^^
[INFO] [stdout]   |
[INFO] [stdout]   = help: consider importing this macro:
[INFO] [stdout]           mysql_quick::myget
[INFO] [stdout] 
[INFO] [stdout] error: cannot find derive macro `Serialize` in this scope
[INFO] [stdout]  --> src/method/method.rs:54:10
[INFO] [stdout]   |
[INFO] [stdout] 4 | #[derive(Serialize, Deserialize, Debug)]
[INFO] [stdout]   |          ^^^^^^^^^
[INFO] [stdout]   |
[INFO] [stdout]   = help: consider importing this derive macro:
[INFO] [stdout]           serde::Serialize
[INFO] [stdout] 
[INFO] [stdout] error: cannot find derive macro `Deserialize` in this scope
[INFO] [stdout]  --> src/method/method.rs:54:21
[INFO] [stdout]   |
[INFO] [stdout] 4 | #[derive(Serialize, Deserialize, Debug)]
[INFO] [stdout]   |                     ^^^^^^^^^^^
[INFO] [stdout]   |
[INFO] [stdout]   = help: consider importing this derive macro:
[INFO] [stdout]           serde::Deserialize
[INFO] [stdout] 
[INFO] [stdout] error[E0425]: cannot find function `my_run` in this scope
[INFO] [stdout]  --> src/method/method.rs:59:55
[INFO] [stdout]   |
[INFO] [stdout] 9 | let res_get: (Vec<Feedback>, Option<(u64, String)>) = my_run(&mut conn, sql1).unwrap();
[INFO] [stdout]   |                                                       ^^^^^^ not found in this scope
[INFO] [stdout]   |
[INFO] [stdout] help: consider importing this function
[INFO] [stdout]   |
[INFO] [stdout] 2 | use mysql_quick::my_run;
[INFO] [stdout]   |
[INFO] [stdout] 
[INFO] [stdout] error[E0425]: cannot find value `conn` in this scope
[INFO] [stdout]  --> src/method/method.rs:59:67
[INFO] [stdout]   |
[INFO] [stdout] 9 | let res_get: (Vec<Feedback>, Option<(u64, String)>) = my_run(&mut conn, sql1).unwrap();
[INFO] [stdout]   |                                                                   ^^^^ not found in this scope
[INFO] [stdout] 
[INFO] [stdout] error: aborting due to 5 previous errors
[INFO] [stdout] 
[INFO] [stdout] For more information about this error, try `rustc --explain E0425`.
[INFO] [stdout] Couldn't compile the test.
[INFO] [stdout] ---- src/method/method.rs - method::method::my_run_tran (line 150) stdout ----
[INFO] [stdout] error: cannot find macro `myget` in this scope
[INFO] [stdout]  --> src/method/method.rs:151:12
[INFO] [stdout]   |
[INFO] [stdout] 3 | let sql1 = myget!("feedback", 33, "id as id, feedback.content as cc");
[INFO] [stdout]   |            ^^^^^
[INFO] [stdout]   |
[INFO] [stdout]   = help: consider importing this macro:
[INFO] [stdout]           mysql_quick::myget
[INFO] [stdout] 
[INFO] [stdout] error: cannot find derive macro `Serialize` in this scope
[INFO] [stdout]  --> src/method/method.rs:152:10
[INFO] [stdout]   |
[INFO] [stdout] 4 | #[derive(Serialize, Deserialize, Debug)]
[INFO] [stdout]   |          ^^^^^^^^^
[INFO] [stdout]   |
[INFO] [stdout]   = help: consider importing this derive macro:
[INFO] [stdout]           serde::Serialize
[INFO] [stdout] 
[INFO] [stdout] error: cannot find derive macro `Deserialize` in this scope
[INFO] [stdout]  --> src/method/method.rs:152:21
[INFO] [stdout]   |
[INFO] [stdout] 4 | #[derive(Serialize, Deserialize, Debug)]
[INFO] [stdout]   |                     ^^^^^^^^^^^
[INFO] [stdout]   |
[INFO] [stdout]   = help: consider importing this derive macro:
[INFO] [stdout]           serde::Deserialize
[INFO] [stdout] 
[INFO] [stdout] error[E0425]: cannot find function `my_run_tran` in this scope
[INFO] [stdout]  --> src/method/method.rs:157:55
[INFO] [stdout]   |
[INFO] [stdout] 9 | let res_get: (Vec<Feedback>, Option<(u64, String)>) = my_run_tran(&mut tran, sql1).unwrap();
[INFO] [stdout]   |                                                       ^^^^^^^^^^^ not found in this scope
[INFO] [stdout]   |
[INFO] [stdout] help: consider importing this function
[INFO] [stdout]   |
[INFO] [stdout] 2 | use mysql_quick::my_run_tran;
[INFO] [stdout]   |
[INFO] [stdout] 
[INFO] [stdout] error[E0425]: cannot find value `tran` in this scope
[INFO] [stdout]  --> src/method/method.rs:157:72
[INFO] [stdout]   |
[INFO] [stdout] 9 | let res_get: (Vec<Feedback>, Option<(u64, String)>) = my_run_tran(&mut tran, sql1).unwrap();
[INFO] [stdout]   |                                                                        ^^^^ not found in this scope
[INFO] [stdout] 
[INFO] [stdout] error: aborting due to 5 previous errors
[INFO] [stdout] 
[INFO] [stdout] For more information about this error, try `rustc --explain E0425`.
[INFO] [stdout] Couldn't compile the test.
[INFO] [stdout] ---- src/method/method.rs - method::method::my_run_tran_drop (line 121) stdout ----
[INFO] [stdout] error: cannot find macro `myset` in this scope
[INFO] [stdout]  --> src/method/method.rs:122:38
[INFO] [stdout]   |
[INFO] [stdout] 3 | let id = my_run_tran_drop(&mut tran, myset!("feedback", {
[INFO] [stdout]   |                                      ^^^^^
[INFO] [stdout]   |
[INFO] [stdout]   = help: consider importing this macro:
[INFO] [stdout]           mysql_quick::myset
[INFO] [stdout] 
[INFO] [stdout] error: cannot find macro `mydel` in this scope
[INFO] [stdout]  --> src/method/method.rs:127:29
[INFO] [stdout]   |
[INFO] [stdout] 8 | my_run_tran_drop(&mut tran, mydel!("feedback", 50)).unwrap();
[INFO] [stdout]   |                             ^^^^^
[INFO] [stdout]   |
[INFO] [stdout]   = help: consider importing this macro:
[INFO] [stdout]           mysql_quick::mydel
[INFO] [stdout] 
[INFO] [stdout] error: cannot find macro `myupdate` in this scope
[INFO] [stdout]   --> src/method/method.rs:129:29
[INFO] [stdout]    |
[INFO] [stdout] 10 | my_run_tran_drop(&mut tran, myupdate!("feedback", 56, {
[INFO] [stdout]    |                             ^^^^^^^^
[INFO] [stdout]    |
[INFO] [stdout]    = help: consider importing this macro:
[INFO] [stdout]            mysql_quick::myupdate
[INFO] [stdout] 
[INFO] [stdout] error[E0425]: cannot find function `my_run_tran_drop` in this scope
[INFO] [stdout]  --> src/method/method.rs:122:10
[INFO] [stdout]   |
[INFO] [stdout] 3 | let id = my_run_tran_drop(&mut tran, myset!("feedback", {
[INFO] [stdout]   |          ^^^^^^^^^^^^^^^^ not found in this scope
[INFO] [stdout]   |
[INFO] [stdout] help: consider importing this function
[INFO] [stdout]   |
[INFO] [stdout] 2 | use mysql_quick::my_run_tran_drop;
[INFO] [stdout]   |
[INFO] [stdout] 
[INFO] [stdout] error[E0425]: cannot find value `tran` in this scope
[INFO] [stdout]  --> src/method/method.rs:122:32
[INFO] [stdout]   |
[INFO] [stdout] 3 | let id = my_run_tran_drop(&mut tran, myset!("feedback", {
[INFO] [stdout]   |                                ^^^^ not found in this scope
[INFO] [stdout] 
[INFO] [stdout] error[E0425]: cannot find function `my_run_tran_drop` in this scope
[INFO] [stdout]  --> src/method/method.rs:127:1
[INFO] [stdout]   |
[INFO] [stdout] 8 | my_run_tran_drop(&mut tran, mydel!("feedback", 50)).unwrap();
[INFO] [stdout]   | ^^^^^^^^^^^^^^^^ not found in this scope
[INFO] [stdout]   |
[INFO] [stdout] help: consider importing this function
[INFO] [stdout]   |
[INFO] [stdout] 2 | use mysql_quick::my_run_tran_drop;
[INFO] [stdout]   |
[INFO] [stdout] 
[INFO] [stdout] error[E0425]: cannot find value `tran` in this scope
[INFO] [stdout]  --> src/method/method.rs:127:23
[INFO] [stdout]   |
[INFO] [stdout] 8 | my_run_tran_drop(&mut tran, mydel!("feedback", 50)).unwrap();
[INFO] [stdout]   |                       ^^^^ not found in this scope
[INFO] [stdout] 
[INFO] [stdout] error[E0425]: cannot find function `my_run_tran_drop` in this scope
[INFO] [stdout]   --> src/method/method.rs:129:1
[INFO] [stdout]    |
[INFO] [stdout] 10 | my_run_tran_drop(&mut tran, myupdate!("feedback", 56, {
[INFO] [stdout]    | ^^^^^^^^^^^^^^^^ not found in this scope
[INFO] [stdout]    |
[INFO] [stdout] help: consider importing this function
[INFO] [stdout]    |
[INFO] [stdout] 2  | use mysql_quick::my_run_tran_drop;
[INFO] [stdout]    |
[INFO] [stdout] 
[INFO] [stdout] error[E0425]: cannot find value `tran` in this scope
[INFO] [stdout]   --> src/method/method.rs:129:23
[INFO] [stdout]    |
[INFO] [stdout] 10 | my_run_tran_drop(&mut tran, myupdate!("feedback", 56, {
[INFO] [stdout]    |                       ^^^^ not found in this scope
[INFO] [stdout] 
[INFO] [stdout] error: aborting due to 9 previous errors
[INFO] [stdout] 
[INFO] [stdout] For more information about this error, try `rustc --explain E0425`.
[INFO] [stdout] Couldn't compile the test.
[INFO] [stdout] ---- src/method/method.rs - method::method::my_run_tran_vec (line 191) stdout ----
[INFO] [stdout] error: cannot find macro `myget` in this scope
[INFO] [stdout]  --> src/method/method.rs:192:12
[INFO] [stdout]   |
[INFO] [stdout] 3 | let sql1 = myget!("feedback", 33, "id as id, feedback.content as cc");
[INFO] [stdout]   |            ^^^^^
[INFO] [stdout]   |
[INFO] [stdout]   = help: consider importing this macro:
[INFO] [stdout]           mysql_quick::myget
[INFO] [stdout] 
[INFO] [stdout] error: cannot find derive macro `Serialize` in this scope
[INFO] [stdout]  --> src/method/method.rs:193:10
[INFO] [stdout]   |
[INFO] [stdout] 4 | #[derive(Serialize, Deserialize, Debug)]
[INFO] [stdout]   |          ^^^^^^^^^
[INFO] [stdout]   |
[INFO] [stdout]   = help: consider importing this derive macro:
[INFO] [stdout]           serde::Serialize
[INFO] [stdout] 
[INFO] [stdout] error: cannot find derive macro `Deserialize` in this scope
[INFO] [stdout]  --> src/method/method.rs:193:21
[INFO] [stdout]   |
[INFO] [stdout] 4 | #[derive(Serialize, Deserialize, Debug)]
[INFO] [stdout]   |                     ^^^^^^^^^^^
[INFO] [stdout]   |
[INFO] [stdout]   = help: consider importing this derive macro:
[INFO] [stdout]           serde::Deserialize
[INFO] [stdout] 
[INFO] [stdout] error[E0425]: cannot find function `my_run_tran_vec` in this scope
[INFO] [stdout]  --> src/method/method.rs:198:30
[INFO] [stdout]   |
[INFO] [stdout] 9 | let res_get: Vec<Feedback> = my_run_tran_vec(&mut tran, sql1).unwrap();
[INFO] [stdout]   |                              ^^^^^^^^^^^^^^^ not found in this scope
[INFO] [stdout]   |
[INFO] [stdout] help: consider importing this function
[INFO] [stdout]   |
[INFO] [stdout] 2 | use mysql_quick::my_run_tran_vec;
[INFO] [stdout]   |
[INFO] [stdout] 
[INFO] [stdout] error[E0425]: cannot find value `tran` in this scope
[INFO] [stdout]  --> src/method/method.rs:198:51
[INFO] [stdout]   |
[INFO] [stdout] 9 | let res_get: Vec<Feedback> = my_run_tran_vec(&mut tran, sql1).unwrap();
[INFO] [stdout]   |                                                   ^^^^ not found in this scope
[INFO] [stdout] 
[INFO] [stdout] error: aborting due to 5 previous errors
[INFO] [stdout] 
[INFO] [stdout] For more information about this error, try `rustc --explain E0425`.
[INFO] [stdout] Couldn't compile the test.
[INFO] [stdout] ---- src/method/mydel.rs - method::mydel::mydel (line 3) stdout ----
[INFO] [stdout] error: cannot find macro `mydel` in this scope
[INFO] [stdout]  --> src/method/mydel.rs:4:11
[INFO] [stdout]   |
[INFO] [stdout] 3 | let sql = mydel!("feedback", 2);  // where id = 2
[INFO] [stdout]   |           ^^^^^
[INFO] [stdout]   |
[INFO] [stdout]   = help: consider importing this macro:
[INFO] [stdout]           mysql_quick::mydel
[INFO] [stdout] 
[INFO] [stdout] error[E0425]: cannot find function `my_run_drop` in this scope
[INFO] [stdout]  --> src/method/mydel.rs:6:1
[INFO] [stdout]   |
[INFO] [stdout] 5 | my_run_drop(&mut conn, sql).unwrap();
[INFO] [stdout]   | ^^^^^^^^^^^ not found in this scope
[INFO] [stdout]   |
[INFO] [stdout] help: consider importing this function
[INFO] [stdout]   |
[INFO] [stdout] 2 | use mysql_quick::my_run_drop;
[INFO] [stdout]   |
[INFO] [stdout] 
[INFO] [stdout] error[E0425]: cannot find value `conn` in this scope
[INFO] [stdout]  --> src/method/mydel.rs:6:18
[INFO] [stdout]   |
[INFO] [stdout] 5 | my_run_drop(&mut conn, sql).unwrap();
[INFO] [stdout]   |                  ^^^^ not found in this scope
[INFO] [stdout] 
[INFO] [stdout] error: aborting due to 3 previous errors
[INFO] [stdout] 
[INFO] [stdout] For more information about this error, try `rustc --explain E0425`.
[INFO] [stdout] Couldn't compile the test.
[INFO] [stdout] ---- src/method/myfind.rs - method::myfind::myfind (line 13) stdout ----
[INFO] [stdout] error: cannot find macro `myfind` in this scope
[INFO] [stdout]   --> src/method/myfind.rs:48:23
[INFO] [stdout]    |
[INFO] [stdout] 37 |     my_run(&mut conn, myfind!("feedback", {
[INFO] [stdout]    |                       ^^^^^^
[INFO] [stdout]    |
[INFO] [stdout]    = help: consider importing this macro:
[INFO] [stdout]            mysql_quick::myfind
[INFO] [stdout] 
[INFO] [stdout] error: cannot find derive macro `Serialize` in this scope
[INFO] [stdout]   --> src/method/myfind.rs:40:10
[INFO] [stdout]    |
[INFO] [stdout] 29 | #[derive(Serialize, Deserialize)]
[INFO] [stdout]    |          ^^^^^^^^^
[INFO] [stdout]    |
[INFO] [stdout]    = help: consider importing this derive macro:
[INFO] [stdout]            serde::Serialize
[INFO] [stdout] 
[INFO] [stdout] error: cannot find derive macro `Deserialize` in this scope
[INFO] [stdout]   --> src/method/myfind.rs:40:21
[INFO] [stdout]    |
[INFO] [stdout] 29 | #[derive(Serialize, Deserialize)]
[INFO] [stdout]    |                     ^^^^^^^^^^^
[INFO] [stdout]    |
[INFO] [stdout]    = help: consider importing this derive macro:
[INFO] [stdout]            serde::Deserialize
[INFO] [stdout] 
[INFO] [stdout] error: cannot find macro `myfind` in this scope
[INFO] [stdout]  --> src/method/myfind.rs:16:1
[INFO] [stdout]   |
[INFO] [stdout] 5 | myfind!("feedback as fb", {
[INFO] [stdout]   | ^^^^^^
[INFO] [stdout]   |
[INFO] [stdout]   = help: consider importing this macro:
[INFO] [stdout]           mysql_quick::myfind
[INFO] [stdout] 
[INFO] [stdout] error[E0425]: cannot find function `my_run` in this scope
[INFO] [stdout]   --> src/method/myfind.rs:48:5
[INFO] [stdout]    |
[INFO] [stdout] 37 |     my_run(&mut conn, myfind!("feedback", {
[INFO] [stdout]    |     ^^^^^^ not found in this scope
[INFO] [stdout]    |
[INFO] [stdout] help: consider importing this function
[INFO] [stdout]    |
[INFO] [stdout] 4  | use mysql_quick::my_run;
[INFO] [stdout]    |
[INFO] [stdout] 
[INFO] [stdout] error[E0425]: cannot find value `conn` in this scope
[INFO] [stdout]   --> src/method/myfind.rs:48:17
[INFO] [stdout]    |
[INFO] [stdout] 37 |     my_run(&mut conn, myfind!("feedback", {
[INFO] [stdout]    |                 ^^^^ not found in this scope
[INFO] [stdout] 
[INFO] [stdout] error: aborting due to 6 previous errors
[INFO] [stdout] 
[INFO] [stdout] For more information about this error, try `rustc --explain E0425`.
[INFO] [stdout] Couldn't compile the test.
[INFO] [stdout] ---- src/method/mydel.rs - method::mydel::mydel (line 11) stdout ----
[INFO] [stdout] error: cannot find macro `mydel` in this scope
[INFO] [stdout]  --> src/method/mydel.rs:13:11
[INFO] [stdout]   |
[INFO] [stdout] 4 | let sql = mydel!("feedback", {"uid": 12});
[INFO] [stdout]   |           ^^^^^
[INFO] [stdout]   |
[INFO] [stdout]   = help: consider importing this macro:
[INFO] [stdout]           mysql_quick::mydel
[INFO] [stdout] 
[INFO] [stdout] error[E0425]: cannot find function `my_run_drop` in this scope
[INFO] [stdout]  --> src/method/mydel.rs:15:1
[INFO] [stdout]   |
[INFO] [stdout] 6 | my_run_drop(&mut conn, sql).unwrap();
[INFO] [stdout]   | ^^^^^^^^^^^ not found in this scope
[INFO] [stdout]   |
[INFO] [stdout] help: consider importing this function
[INFO] [stdout]   |
[INFO] [stdout] 3 | use mysql_quick::my_run_drop;
[INFO] [stdout]   |
[INFO] [stdout] 
[INFO] [stdout] error[E0425]: cannot find value `conn` in this scope
[INFO] [stdout]  --> src/method/mydel.rs:15:18
[INFO] [stdout]   |
[INFO] [stdout] 6 | my_run_drop(&mut conn, sql).unwrap();
[INFO] [stdout]   |                  ^^^^ not found in this scope
[INFO] [stdout] 
[INFO] [stdout] error: aborting due to 3 previous errors
[INFO] [stdout] 
[INFO] [stdout] For more information about this error, try `rustc --explain E0425`.
[INFO] [stdout] Couldn't compile the test.
[INFO] [stdout] ---- src/method/myfind.rs - method::myfind::myfind (line 4) stdout ----
[INFO] [stdout] error: unknown start of token: \u{ff0c}
[INFO] [stdout]  --> src/method/myfind.rs:6:14
[INFO] [stdout]   |
[INFO] [stdout] 4 | j*: 为 join 操作，["字段", "方法", "字段2"]， 主表"字段"，可以只写字段名
[INFO] [stdout]   |                 ^^
[INFO] [stdout]   |
[INFO] [stdout] help: Unicode character '，' (Fullwidth Comma) looks like ',' (Comma), but it is not
[INFO] [stdout]   |
[INFO] [stdout] 4 | j*: 为 join 操作,["字段", "方法", "字段2"]， 主表"字段"，可以只写字段名
[INFO] [stdout]   |                 ~
[INFO] [stdout] 
[INFO] [stdout] error: unknown start of token: \u{ff0c}
[INFO] [stdout]  --> src/method/myfind.rs:6:34
[INFO] [stdout]   |
[INFO] [stdout] 4 | j*: 为 join 操作，["字段", "方法", "字段2"]， 主表"字段"，可以只写字段名
[INFO] [stdout]   |                                            ^^
[INFO] [stdout]   |
[INFO] [stdout] help: Unicode character '，' (Fullwidth Comma) looks like ',' (Comma), but it is not
[INFO] [stdout]   |
[INFO] [stdout] 4 | j*: 为 join 操作，["字段", "方法", "字段2"], 主表"字段"，可以只写字段名
[INFO] [stdout]   |                                            ~
[INFO] [stdout] 
[INFO] [stdout] error: prefix `主表` is unknown
[INFO] [stdout]  --> src/method/myfind.rs:6:36
[INFO] [stdout]   |
[INFO] [stdout] 4 | j*: 为 join 操作，["字段", "方法", "字段2"]， 主表"字段"，可以只写字段名
[INFO] [stdout]   |                                               ^^^^ unknown prefix
[INFO] [stdout]   |
[INFO] [stdout]   = note: prefixed identifiers and literals are reserved since Rust 2021
[INFO] [stdout] help: consider inserting whitespace here
[INFO] [stdout]   |
[INFO] [stdout] 4 | j*: 为 join 操作，["字段", "方法", "字段2"]， 主表 "字段"，可以只写字段名
[INFO] [stdout]   |                                                   +
[INFO] [stdout] 
[INFO] [stdout] error: unknown start of token: \u{ff0c}
[INFO] [stdout]  --> src/method/myfind.rs:6:42
[INFO] [stdout]   |
[INFO] [stdout] 4 | j*: 为 join 操作，["字段", "方法", "字段2"]， 主表"字段"，可以只写字段名
[INFO] [stdout]   |                                                         ^^
[INFO] [stdout]   |
[INFO] [stdout] help: Unicode character '，' (Fullwidth Comma) looks like ',' (Comma), but it is not
[INFO] [stdout]   |
[INFO] [stdout] 4 | j*: 为 join 操作，["字段", "方法", "字段2"]， 主表"字段",可以只写字段名
[INFO] [stdout]   |                                                         ~
[INFO] [stdout] 
[INFO] [stdout] error: unknown start of token: \u{ff1a}
[INFO] [stdout]  --> src/method/myfind.rs:7:6
[INFO] [stdout]   |
[INFO] [stdout] 5 | j*方法有：`inner、left、right`
[INFO] [stdout]   |         ^^
[INFO] [stdout]   |
[INFO] [stdout] help: Unicode character '：' (Fullwidth Colon) looks like ':' (Colon), but it is not
[INFO] [stdout]   |
[INFO] [stdout] 5 | j*方法有:`inner、left、right`
[INFO] [stdout]   |         ~
[INFO] [stdout] 
[INFO] [stdout] error: unknown start of token: `
[INFO] [stdout]  --> src/method/myfind.rs:7:7
[INFO] [stdout]   |
[INFO] [stdout] 5 | j*方法有：`inner、left、right`
[INFO] [stdout]   |           ^
[INFO] [stdout]   |
[INFO] [stdout] help: Unicode character '`' (Grave Accent) looks like ''' (Single Quote), but it is not
[INFO] [stdout]   |
[INFO] [stdout] 5 | j*方法有：'inner、left、right`
[INFO] [stdout]   |           ~
[INFO] [stdout] 
[INFO] [stdout] error: unknown start of token: \u{3001}
[INFO] [stdout]  --> src/method/myfind.rs:7:13
[INFO] [stdout]   |
[INFO] [stdout] 5 | j*方法有：`inner、left、right`
[INFO] [stdout]   |                 ^^
[INFO] [stdout]   |
[INFO] [stdout] help: Unicode character '、' (Ideographic Comma) looks like '\' (Backslash), but it is not
[INFO] [stdout]   |
[INFO] [stdout] 5 | j*方法有：`inner\left、right`
[INFO] [stdout]   |                 ~
[INFO] [stdout] 
[INFO] [stdout] error: unknown start of token: \u{3001}
[INFO] [stdout]  --> src/method/myfind.rs:7:18
[INFO] [stdout]   |
[INFO] [stdout] 5 | j*方法有：`inner、left、right`
[INFO] [stdout]   |                       ^^
[INFO] [stdout]   |
[INFO] [stdout] help: Unicode character '、' (Ideographic Comma) looks like '\' (Backslash), but it is not
[INFO] [stdout]   |
[INFO] [stdout] 5 | j*方法有：`inner、left\right`
[INFO] [stdout]   |                       ~
[INFO] [stdout] 
[INFO] [stdout] error: unknown start of token: `
[INFO] [stdout]  --> src/method/myfind.rs:7:24
[INFO] [stdout]   |
[INFO] [stdout] 5 | j*方法有：`inner、left、right`
[INFO] [stdout]   |                              ^
[INFO] [stdout]   |
[INFO] [stdout] help: Unicode character '`' (Grave Accent) looks like ''' (Single Quote), but it is not
[INFO] [stdout]   |
[INFO] [stdout] 5 | j*方法有：`inner、left、right'
[INFO] [stdout]   |                              ~
[INFO] [stdout] 
[INFO] [stdout] error: unknown start of token: \u{ff0c}
[INFO] [stdout]  --> src/method/myfind.rs:8:10
[INFO] [stdout]   |
[INFO] [stdout] 6 | p*: 为查寻操作，["字段", "方法", "参数"],  主表"字段"，可以只写字段名
[INFO] [stdout]   |               ^^
[INFO] [stdout]   |
[INFO] [stdout] help: Unicode character '，' (Fullwidth Comma) looks like ',' (Comma), but it is not
[INFO] [stdout]   |
[INFO] [stdout] 6 | p*: 为查寻操作,["字段", "方法", "参数"],  主表"字段"，可以只写字段名
[INFO] [stdout]   |               ~
[INFO] [stdout] 
[INFO] [stdout] error: prefix `主表` is unknown
[INFO] [stdout]  --> src/method/myfind.rs:8:32
[INFO] [stdout]   |
[INFO] [stdout] 6 | p*: 为查寻操作，["字段", "方法", "参数"],  主表"字段"，可以只写字段名
[INFO] [stdout]   |                                            ^^^^ unknown prefix
[INFO] [stdout]   |
[INFO] [stdout]   = note: prefixed identifiers and literals are reserved since Rust 2021
[INFO] [stdout] help: consider inserting whitespace here
[INFO] [stdout]   |
[INFO] [stdout] 6 | p*: 为查寻操作，["字段", "方法", "参数"],  主表 "字段"，可以只写字段名
[INFO] [stdout]   |                                                +
[INFO] [stdout] 
[INFO] [stdout] error: unknown start of token: \u{ff0c}
[INFO] [stdout]  --> src/method/myfind.rs:8:38
[INFO] [stdout]   |
[INFO] [stdout] 6 | p*: 为查寻操作，["字段", "方法", "参数"],  主表"字段"，可以只写字段名
[INFO] [stdout]   |                                                      ^^
[INFO] [stdout]   |
[INFO] [stdout] help: Unicode character '，' (Fullwidth Comma) looks like ',' (Comma), but it is not
[INFO] [stdout]   |
[INFO] [stdout] 6 | p*: 为查寻操作，["字段", "方法", "参数"],  主表"字段",可以只写字段名
[INFO] [stdout]   |                                                      ~
[INFO] [stdout] 
[INFO] [stdout] error: unknown start of token: \u{ff1a}
[INFO] [stdout]  --> src/method/myfind.rs:9:8
[INFO] [stdout]   |
[INFO] [stdout] 7 | p*查寻方法有：`>、<、=、!=、<=、>=、like、in、not_in、is_null`
[INFO] [stdout]   |             ^^
[INFO] [stdout]   |
[INFO] [stdout] help: Unicode character '：' (Fullwidth Colon) looks like ':' (Colon), but it is not
[INFO] [stdout]   |
[INFO] [stdout] 7 | p*查寻方法有:`>、<、=、!=、<=、>=、like、in、not_in、is_null`
[INFO] [stdout]   |             ~
[INFO] [stdout] 
[INFO] [stdout] error: unknown start of token: `
[INFO] [stdout]  --> src/method/myfind.rs:9:9
[INFO] [stdout]   |
[INFO] [stdout] 7 | p*查寻方法有：`>、<、=、!=、<=、>=、like、in、not_in、is_null`
[INFO] [stdout]   |               ^
[INFO] [stdout]   |
[INFO] [stdout] help: Unicode character '`' (Grave Accent) looks like ''' (Single Quote), but it is not
[INFO] [stdout]   |
[INFO] [stdout] 7 | p*查寻方法有：'>、<、=、!=、<=、>=、like、in、not_in、is_null`
[INFO] [stdout]   |               ~
[INFO] [stdout] 
[INFO] [stdout] error: unknown start of token: \u{3001}
[INFO] [stdout]  --> src/method/myfind.rs:9:11
[INFO] [stdout]   |
[INFO] [stdout] 7 | p*查寻方法有：`>、<、=、!=、<=、>=、like、in、not_in、is_null`
[INFO] [stdout]   |                 ^^
[INFO] [stdout]   |
[INFO] [stdout] help: Unicode character '、' (Ideographic Comma) looks like '\' (Backslash), but it is not
[INFO] [stdout]   |
[INFO] [stdout] 7 | p*查寻方法有：`>\<、=、!=、<=、>=、like、in、not_in、is_null`
[INFO] [stdout]   |                 ~
[INFO] [stdout] 
[INFO] [stdout] error: unknown start of token: \u{3001}
[INFO] [stdout]  --> src/method/myfind.rs:9:13
[INFO] [stdout]   |
[INFO] [stdout] 7 | p*查寻方法有：`>、<、=、!=、<=、>=、like、in、not_in、is_null`
[INFO] [stdout]   |                    ^^
[INFO] [stdout]   |
[INFO] [stdout] help: Unicode character '、' (Ideographic Comma) looks like '\' (Backslash), but it is not
[INFO] [stdout]   |
[INFO] [stdout] 7 | p*查寻方法有：`>、<\=、!=、<=、>=、like、in、not_in、is_null`
[INFO] [stdout]   |                    ~
[INFO] [stdout] 
[INFO] [stdout] error: unknown start of token: \u{3001}
[INFO] [stdout]  --> src/method/myfind.rs:9:15
[INFO] [stdout]   |
[INFO] [stdout] 7 | p*查寻方法有：`>、<、=、!=、<=、>=、like、in、not_in、is_null`
[INFO] [stdout]   |                       ^^
[INFO] [stdout]   |
[INFO] [stdout] help: Unicode character '、' (Ideographic Comma) looks like '\' (Backslash), but it is not
[INFO] [stdout]   |
[INFO] [stdout] 7 | p*查寻方法有：`>、<、=\!=、<=、>=、like、in、not_in、is_null`
[INFO] [stdout]   |                       ~
[INFO] [stdout] 
[INFO] [stdout] error: unknown start of token: \u{3001}
[INFO] [stdout]  --> src/method/myfind.rs:9:18
[INFO] [stdout]   |
[INFO] [stdout] 7 | p*查寻方法有：`>、<、=、!=、<=、>=、like、in、not_in、is_null`
[INFO] [stdout]   |                           ^^
[INFO] [stdout]   |
[INFO] [stdout] help: Unicode character '、' (Ideographic Comma) looks like '\' (Backslash), but it is not
[INFO] [stdout]   |
[INFO] [stdout] 7 | p*查寻方法有：`>、<、=、!=\<=、>=、like、in、not_in、is_null`
[INFO] [stdout]   |                           ~
[INFO] [stdout] 
[INFO] [stdout] error: unknown start of token: \u{3001}
[INFO] [stdout]  --> src/method/myfind.rs:9:21
[INFO] [stdout]   |
[INFO] [stdout] 7 | p*查寻方法有：`>、<、=、!=、<=、>=、like、in、not_in、is_null`
[INFO] [stdout]   |                               ^^
[INFO] [stdout]   |
[INFO] [stdout] help: Unicode character '、' (Ideographic Comma) looks like '\' (Backslash), but it is not
[INFO] [stdout]   |
[INFO] [stdout] 7 | p*查寻方法有：`>、<、=、!=、<=\>=、like、in、not_in、is_null`
[INFO] [stdout]   |                               ~
[INFO] [stdout] 
[INFO] [stdout] error: unknown start of token: \u{3001}
[INFO] [stdout]  --> src/method/myfind.rs:9:24
[INFO] [stdout]   |
[INFO] [stdout] 7 | p*查寻方法有：`>、<、=、!=、<=、>=、like、in、not_in、is_null`
[INFO] [stdout]   |                                   ^^
[INFO] [stdout]   |
[INFO] [stdout] help: Unicode character '、' (Ideographic Comma) looks like '\' (Backslash), but it is not
[INFO] [stdout]   |
[INFO] [stdout] 7 | p*查寻方法有：`>、<、=、!=、<=、>=\like、in、not_in、is_null`
[INFO] [stdout]   |                                   ~
[INFO] [stdout] 
[INFO] [stdout] error: unknown start of token: \u{3001}
[INFO] [stdout]  --> src/method/myfind.rs:9:29
[INFO] [stdout]   |
[INFO] [stdout] 7 | p*查寻方法有：`>、<、=、!=、<=、>=、like、in、not_in、is_null`
[INFO] [stdout]   |                                         ^^
[INFO] [stdout]   |
[INFO] [stdout] help: Unicode character '、' (Ideographic Comma) looks like '\' (Backslash), but it is not
[INFO] [stdout]   |
[INFO] [stdout] 7 | p*查寻方法有：`>、<、=、!=、<=、>=、like\in、not_in、is_null`
[INFO] [stdout]   |                                         ~
[INFO] [stdout] 
[INFO] [stdout] error: unknown start of token: \u{3001}
[INFO] [stdout]  --> src/method/myfind.rs:9:32
[INFO] [stdout]   |
[INFO] [stdout] 7 | p*查寻方法有：`>、<、=、!=、<=、>=、like、in、not_in、is_null`
[INFO] [stdout]   |                                             ^^
[INFO] [stdout]   |
[INFO] [stdout] help: Unicode character '、' (Ideographic Comma) looks like '\' (Backslash), but it is not
[INFO] [stdout]   |
[INFO] [stdout] 7 | p*查寻方法有：`>、<、=、!=、<=、>=、like、in\not_in、is_null`
[INFO] [stdout]   |                                             ~
[INFO] [stdout] 
[INFO] [stdout] error: unknown start of token: \u{3001}
[INFO] [stdout]  --> src/method/myfind.rs:9:39
[INFO] [stdout]   |
[INFO] [stdout] 7 | p*查寻方法有：`>、<、=、!=、<=、>=、like、in、not_in、is_null`
[INFO] [stdout]   |                                                     ^^
[INFO] [stdout]   |
[INFO] [stdout] help: Unicode character '、' (Ideographic Comma) looks like '\' (Backslash), but it is not
[INFO] [stdout]   |
[INFO] [stdout] 7 | p*查寻方法有：`>、<、=、!=、<=、>=、like、in、not_in\is_null`
[INFO] [stdout]   |                                                     ~
[INFO] [stdout] 
[INFO] [stdout] error: unknown start of token: `
[INFO] [stdout]  --> src/method/myfind.rs:9:47
[INFO] [stdout]   |
[INFO] [stdout] 7 | p*查寻方法有：`>、<、=、!=、<=、>=、like、in、not_in、is_null`
[INFO] [stdout]   |                                                              ^
[INFO] [stdout]   |
[INFO] [stdout] help: Unicode character '`' (Grave Accent) looks like ''' (Single Quote), but it is not
[INFO] [stdout]   |
[INFO] [stdout] 7 | p*查寻方法有：`>、<、=、!=、<=、>=、like、in、not_in、is_null'
[INFO] [stdout]   |                                                              ~
[INFO] [stdout] 
[INFO] [stdout] error: expected expression, found `:`
[INFO] [stdout]  --> src/method/myfind.rs:6:3
[INFO] [stdout]   |
[INFO] [stdout] 4 | j*: 为 join 操作，["字段", "方法", "字段2"]， 主表"字段"，可以只写字段名
[INFO] [stdout]   |   ^ expected expression
[INFO] [stdout] 
[INFO] [stdout] error: aborting due to 25 previous errors
[INFO] [stdout] 
[INFO] [stdout] Couldn't compile the test.
[INFO] [stdout] ---- src/method/myget.rs - method::myget::myget (line 3) stdout ----
[INFO] [stdout] error: expected one of `!`, `.`, `::`, `;`, `?`, `{`, `}`, or an operator, found `id`
[INFO] [stdout]  --> src/method/myget.rs:4:4
[INFO] [stdout]   |
[INFO] [stdout] 3 | 根据 id 查寻
[INFO] [stdout]   |      ^^ expected one of 8 possible tokens
[INFO] [stdout] 
[INFO] [stdout] error: aborting due to previous error
[INFO] [stdout] 
[INFO] [stdout] Couldn't compile the test.
[INFO] [stdout] ---- src/method/myupdate.rs - method::myupdate::myupdate (line 23) stdout ----
[INFO] [stdout] error: cannot find macro `myupdate` in this scope
[INFO] [stdout]  --> src/method/myupdate.rs:25:11
[INFO] [stdout]   |
[INFO] [stdout] 4 | let sql = myupdate!("feedback", {"uid": 12}, {"name": "zh"});
[INFO] [stdout]   |           ^^^^^^^^
[INFO] [stdout]   |
[INFO] [stdout]   = help: consider importing this macro:
[INFO] [stdout]           mysql_quick::myupdate
[INFO] [stdout] 
[INFO] [stdout] error[E0425]: cannot find function `my_run_drop` in this scope
[INFO] [stdout]  --> src/method/myupdate.rs:27:1
[INFO] [stdout]   |
[INFO] [stdout] 6 | my_run_drop(&mut sql).unwrap();
[INFO] [stdout]   | ^^^^^^^^^^^ not found in this scope
[INFO] [stdout]   |
[INFO] [stdout] help: consider importing this function
[INFO] [stdout]   |
[INFO] [stdout] 3 | use mysql_quick::my_run_drop;
[INFO] [stdout]   |
[INFO] [stdout] 
[INFO] [stdout] error: aborting due to 2 previous errors
[INFO] [stdout] 
[INFO] [stdout] For more information about this error, try `rustc --explain E0425`.
[INFO] [stdout] Couldn't compile the test.
[INFO] [stdout] ---- src/method/myset.rs - method::myset::myset (line 4) stdout ----
[INFO] [stdout] error: cannot find macro `myset` in this scope
[INFO] [stdout]  --> src/method/myset.rs:5:11
[INFO] [stdout]   |
[INFO] [stdout] 3 | let sql = myset!("users", {
[INFO] [stdout]   |           ^^^^^
[INFO] [stdout]   |
[INFO] [stdout]   = help: consider importing this macro:
[INFO] [stdout]           mysql_quick::myset
[INFO] [stdout] 
[INFO] [stdout] error[E0425]: cannot find function `my_run_drop` in this scope
[INFO] [stdout]  --> src/method/myset.rs:10:1
[INFO] [stdout]   |
[INFO] [stdout] 8 | my_run_drop(&mut conn, sql).unwrap();
[INFO] [stdout]   | ^^^^^^^^^^^ not found in this scope
[INFO] [stdout]   |
[INFO] [stdout] help: consider importing this function
[INFO] [stdout]   |
[INFO] [stdout] 2 | use mysql_quick::my_run_drop;
[INFO] [stdout]   |
[INFO] [stdout] 
[INFO] [stdout] error[E0425]: cannot find value `conn` in this scope
[INFO] [stdout]  --> src/method/myset.rs:10:18
[INFO] [stdout]   |
[INFO] [stdout] 8 | my_run_drop(&mut conn, sql).unwrap();
[INFO] [stdout]   |                  ^^^^ not found in this scope
[INFO] [stdout] 
[INFO] [stdout] error: aborting due to 3 previous errors
[INFO] [stdout] 
[INFO] [stdout] For more information about this error, try `rustc --explain E0425`.
[INFO] [stdout] Couldn't compile the test.
[INFO] [stdout] ---- src/method/myupdatemany.rs - method::myupdatemany::myupdatemany (line 34) stdout ----
[INFO] [stdout] error: cannot find macro `myupdatemany` in this scope
[INFO] [stdout]  --> src/method/myupdatemany.rs:37:11
[INFO] [stdout]   |
[INFO] [stdout] 5 | let sql = myupdatemany!("content", "name,+total", vec_data);
[INFO] [stdout]   |           ^^^^^^^^^^^^
[INFO] [stdout]   |
[INFO] [stdout]   = help: consider importing this macro:
[INFO] [stdout]           mysql_quick::myupdatemany
[INFO] [stdout] 
[INFO] [stdout] error: aborting due to previous error
[INFO] [stdout] 
[INFO] [stdout] Couldn't compile the test.
[INFO] [stdout] ---- src/method/mysetmany.rs - method::mysetmany::mysetmany (line 4) stdout ----
[INFO] [stdout] error: cannot find derive macro `Serialize` in this scope
[INFO] [stdout]  --> src/method/mysetmany.rs:5:10
[INFO] [stdout]   |
[INFO] [stdout] 3 | #[derive(Serialize, Deserialize)]
[INFO] [stdout]   |          ^^^^^^^^^
[INFO] [stdout]   |
[INFO] [stdout]   = help: consider importing this derive macro:
[INFO] [stdout]           serde::Serialize
[INFO] [stdout] 
[INFO] [stdout] error: cannot find derive macro `Deserialize` in this scope
[INFO] [stdout]  --> src/method/mysetmany.rs:5:21
[INFO] [stdout]   |
[INFO] [stdout] 3 | #[derive(Serialize, Deserialize)]
[INFO] [stdout]   |                     ^^^^^^^^^^^
[INFO] [stdout]   |
[INFO] [stdout]   = help: consider importing this derive macro:
[INFO] [stdout]           serde::Deserialize
[INFO] [stdout] 
[INFO] [stdout] error: cannot find macro `mysetmany` in this scope
[INFO] [stdout]   --> src/method/mysetmany.rs:14:11
[INFO] [stdout]    |
[INFO] [stdout] 12 | let sql = mysetmany!("content", vec_data);
[INFO] [stdout]    |           ^^^^^^^^^
[INFO] [stdout]    |
[INFO] [stdout]    = help: consider importing this macro:
[INFO] [stdout]            mysql_quick::mysetmany
[INFO] [stdout] 
[INFO] [stdout] error: aborting due to 3 previous errors
[INFO] [stdout] 
[INFO] [stdout] Couldn't compile the test.
[INFO] [stdout] ---- src/method/myupdate.rs - method::myupdate::myupdate (line 3) stdout ----
[INFO] [stdout] error: unknown start of token: \u{201c}
[INFO] [stdout]  --> src/method/myupdate.rs:7:5
[INFO] [stdout]   |
[INFO] [stdout] 6 |     “des”: "null",    // 表示更新该字段值为NULL
[INFO] [stdout]   |     ^
[INFO] [stdout]   |
[INFO] [stdout] help: Unicode characters '“' (Left Double Quotation Mark) and '”' (Right Double Quotation Mark) look like '"' (Quotation Mark), but are not
[INFO] [stdout]   |
[INFO] [stdout] 6 |     "des": "null",    // 表示更新该字段值为NULL
[INFO] [stdout]   |     ~~~~~
[INFO] [stdout] 
[INFO] [stdout] error: unknown start of token: \u{201d}
[INFO] [stdout]  --> src/method/myupdate.rs:7:9
[INFO] [stdout]   |
[INFO] [stdout] 6 |     “des”: "null",    // 表示更新该字段值为NULL
[INFO] [stdout]   |         ^
[INFO] [stdout]   |
[INFO] [stdout] help: Unicode character '”' (Right Double Quotation Mark) looks like '"' (Quotation Mark), but it is not
[INFO] [stdout]   |
[INFO] [stdout] 6 |     “des": "null",    // 表示更新该字段值为NULL
[INFO] [stdout]   |         ~
[INFO] [stdout] 
[INFO] [stdout] error: expected `;`, found `my_run_drop`
[INFO] [stdout]  --> src/method/myupdate.rs:8:3
[INFO] [stdout]   |
[INFO] [stdout] 7 | })  // id = 50
[INFO] [stdout]   |   ^ help: add `;` here
[INFO] [stdout] 8 |
[INFO] [stdout] 9 | my_run_drop(&mut sql).unwrap();
[INFO] [stdout]   | ----------- unexpected token
[INFO] [stdout] 
[INFO] [stdout] error: expected `;`, found `}`
[INFO] [stdout]   --> src/method/myupdate.rs:17:3
[INFO] [stdout]    |
[INFO] [stdout] 16 | }) // 必须都带有[]
[INFO] [stdout]    |   ^ help: add `;` here
[INFO] [stdout] 17 | } _doctest_main_src_method_myupdate_rs_3_0() }
[INFO] [stdout]    | - unexpected token
[INFO] [stdout] 
[INFO] [stdout] error: cannot find macro `myupdate` in this scope
[INFO] [stdout]  --> src/method/myupdate.rs:4:11
[INFO] [stdout]   |
[INFO] [stdout] 3 | let sql = myupdate!("feedback", 50, {
[INFO] [stdout]   |           ^^^^^^^^
[INFO] [stdout]   |
[INFO] [stdout]   = help: consider importing this macro:
[INFO] [stdout]           mysql_quick::myupdate
[INFO] [stdout] 
[INFO] [stdout] error: cannot find macro `myupdate` in this scope
[INFO] [stdout]   --> src/method/myupdate.rs:13:12
[INFO] [stdout]    |
[INFO] [stdout] 12 | let sql2 = myupdate!("feedback", 50, {
[INFO] [stdout]    |            ^^^^^^^^
[INFO] [stdout]    |
[INFO] [stdout]    = help: consider importing this macro:
[INFO] [stdout]            mysql_quick::myupdate
[INFO] [stdout] 
[INFO] [stdout] error[E0425]: cannot find function `my_run_drop` in this scope
[INFO] [stdout]  --> src/method/myupdate.rs:10:1
[INFO] [stdout]   |
[INFO] [stdout] 9 | my_run_drop(&mut sql).unwrap();
[INFO] [stdout]   | ^^^^^^^^^^^ not found in this scope
[INFO] [stdout]   |
[INFO] [stdout] help: consider importing this function
[INFO] [stdout]   |
[INFO] [stdout] 2 | use mysql_quick::my_run_drop;
[INFO] [stdout]   |
[INFO] [stdout] 
[INFO] [stdout] error: aborting due to 7 previous errors
[INFO] [stdout] 
[INFO] [stdout] For more information about this error, try `rustc --explain E0425`.
[INFO] [stdout] Couldn't compile the test.
[INFO] [stdout] ---- src/method/myupdatemany.rs - method::myupdatemany::myupdatemany (line 2) stdout ----
[INFO] [stdout] error: cannot find derive macro `Serialize` in this scope
[INFO] [stdout]  --> src/method/myupdatemany.rs:3:10
[INFO] [stdout]   |
[INFO] [stdout] 3 | #[derive(Serialize, Deserialize)]
[INFO] [stdout]   |          ^^^^^^^^^
[INFO] [stdout]   |
[INFO] [stdout]   = help: consider importing this derive macro:
[INFO] [stdout]           serde::Serialize
[INFO] [stdout] 
[INFO] [stdout] error: cannot find derive macro `Deserialize` in this scope
[INFO] [stdout]  --> src/method/myupdatemany.rs:3:21
[INFO] [stdout]   |
[INFO] [stdout] 3 | #[derive(Serialize, Deserialize)]
[INFO] [stdout]   |                     ^^^^^^^^^^^
[INFO] [stdout]   |
[INFO] [stdout]   = help: consider importing this derive macro:
[INFO] [stdout]           serde::Deserialize
[INFO] [stdout] 
[INFO] [stdout] error: cannot find macro `myupdatemany` in this scope
[INFO] [stdout]   --> src/method/myupdatemany.rs:13:11
[INFO] [stdout]    |
[INFO] [stdout] 13 | let sql = myupdatemany!("content", "id", vec_data);
[INFO] [stdout]    |           ^^^^^^^^^^^^
[INFO] [stdout]    |
[INFO] [stdout]    = help: consider importing this macro:
[INFO] [stdout]            mysql_quick::myupdatemany
[INFO] [stdout] 
[INFO] [stdout] error: aborting due to 3 previous errors
[INFO] [stdout] 
[INFO] [stdout] Couldn't compile the test.
[INFO] [stdout] ---- src/method/myupdatemany.rs - method::myupdatemany::myupdatemany (line 19) stdout ----
[INFO] [stdout] error: cannot find derive macro `Serialize` in this scope
[INFO] [stdout]  --> src/method/myupdatemany.rs:20:10
[INFO] [stdout]   |
[INFO] [stdout] 3 | #[derive(Serialize, Deserialize)]
[INFO] [stdout]   |          ^^^^^^^^^
[INFO] [stdout]   |
[INFO] [stdout]   = help: consider importing this derive macro:
[INFO] [stdout]           serde::Serialize
[INFO] [stdout] 
[INFO] [stdout] error: cannot find derive macro `Deserialize` in this scope
[INFO] [stdout]  --> src/method/myupdatemany.rs:20:21
[INFO] [stdout]   |
[INFO] [stdout] 3 | #[derive(Serialize, Deserialize)]
[INFO] [stdout]   |                     ^^^^^^^^^^^
[INFO] [stdout]   |
[INFO] [stdout]   = help: consider importing this derive macro:
[INFO] [stdout]           serde::Deserialize
[INFO] [stdout] 
[INFO] [stdout] error: cannot find macro `myupdatemany` in this scope
[INFO] [stdout]   --> src/method/myupdatemany.rs:30:11
[INFO] [stdout]    |
[INFO] [stdout] 13 | let sql = myupdatemany!("content", "name,total", vec_data);
[INFO] [stdout]    |           ^^^^^^^^^^^^
[INFO] [stdout]    |
[INFO] [stdout]    = help: consider importing this macro:
[INFO] [stdout]            mysql_quick::myupdatemany
[INFO] [stdout] 
[INFO] [stdout] error[E0308]: mismatched types
[INFO] [stdout]   --> src/method/myupdatemany.rs:27:17
[INFO] [stdout]    |
[INFO] [stdout] 10 |     Item {name: "a", content: String::from("aaa"), total: 12},
[INFO] [stdout]    |                 ^^^- help: try using a conversion method: `.to_string()`
[INFO] [stdout]    |                 |
[INFO] [stdout]    |                 expected `String`, found `&str`
[INFO] [stdout] 
[INFO] [stdout] error[E0308]: mismatched types
[INFO] [stdout]   --> src/method/myupdatemany.rs:28:17
[INFO] [stdout]    |
[INFO] [stdout] 11 |     Item {name: "b", content: String::from("bb"), total: 1},
[INFO] [stdout]    |                 ^^^- help: try using a conversion method: `.to_string()`
[INFO] [stdout]    |                 |
[INFO] [stdout]    |                 expected `String`, found `&str`
[INFO] [stdout] 
[INFO] [stdout] error: aborting due to 5 previous errors
[INFO] [stdout] 
[INFO] [stdout] For more information about this error, try `rustc --explain E0308`.
[INFO] [stdout] Couldn't compile the test.
[INFO] [stdout] 
[INFO] [stdout] failures:
[INFO] [stdout]     src/method/method.rs - method::method::MysqlQuick::new (line 17)
[INFO] [stdout]     src/method/method.rs - method::method::my_run (line 52)
[INFO] [stdout]     src/method/method.rs - method::method::my_run_drop (line 32)
[INFO] [stdout]     src/method/method.rs - method::method::my_run_tran (line 150)
[INFO] [stdout]     src/method/method.rs - method::method::my_run_tran_drop (line 121)
[INFO] [stdout]     src/method/method.rs - method::method::my_run_tran_vec (line 191)
[INFO] [stdout]     src/method/method.rs - method::method::my_run_vec (line 90)
[INFO] [stdout]     src/method/mycount.rs - method::mycount::mycount (line 3)
[INFO] [stdout]     src/method/mydel.rs - method::mydel::mydel (line 11)
[INFO] [stdout]     src/method/mydel.rs - method::mydel::mydel (line 3)
[INFO] [stdout]     src/method/myfind.rs - method::myfind::myfind (line 13)
[INFO] [stdout]     src/method/myfind.rs - method::myfind::myfind (line 4)
[INFO] [stdout]     src/method/myget.rs - method::myget::myget (line 3)
[INFO] [stdout]     src/method/myset.rs - method::myset::myset (line 4)
[INFO] [stdout]     src/method/mysetmany.rs - method::mysetmany::mysetmany (line 4)
[INFO] [stdout]     src/method/myupdate.rs - method::myupdate::myupdate (line 23)
[INFO] [stdout]     src/method/myupdate.rs - method::myupdate::myupdate (line 3)
[INFO] [stdout]     src/method/myupdatemany.rs - method::myupdatemany::myupdatemany (line 19)
[INFO] [stdout]     src/method/myupdatemany.rs - method::myupdatemany::myupdatemany (line 2)
[INFO] [stdout]     src/method/myupdatemany.rs - method::myupdatemany::myupdatemany (line 34)
[INFO] [stdout] 
[INFO] [stdout] test result: FAILED. 0 passed; 20 failed; 0 ignored; 0 measured; 0 filtered out; finished in 1.14s
[INFO] [stdout] 
[INFO] running `Command { std: "docker" "inspect" "9e9d7c0c2a613eda47612fe5744c43a2805375c1dc2e74ade950786a60eb8c37", kill_on_drop: false }`
[INFO] running `Command { std: "docker" "rm" "-f" "9e9d7c0c2a613eda47612fe5744c43a2805375c1dc2e74ade950786a60eb8c37", kill_on_drop: false }`
[INFO] [stdout] 9e9d7c0c2a613eda47612fe5744c43a2805375c1dc2e74ade950786a60eb8c37
