[INFO] fetching crate mybatis-drive 1.0.0...
[INFO] testing mybatis-drive-1.0.0 against 1.69.0 for beta-1.70-1
[INFO] extracting crate mybatis-drive 1.0.0 into /workspace/builds/worker-2-tc1/source
[INFO] validating manifest of crates.io crate mybatis-drive 1.0.0 on toolchain 1.69.0
[INFO] running `Command { std: CARGO_HOME="/workspace/cargo-home" RUSTUP_HOME="/workspace/rustup-home" "/workspace/cargo-home/bin/cargo" "+1.69.0" "metadata" "--manifest-path" "Cargo.toml" "--no-deps", kill_on_drop: false }`
[INFO] started tweaking crates.io crate mybatis-drive 1.0.0
[INFO] finished tweaking crates.io crate mybatis-drive 1.0.0
[INFO] tweaked toml for crates.io crate mybatis-drive 1.0.0 written to /workspace/builds/worker-2-tc1/source/Cargo.toml
[INFO] running `Command { std: CARGO_HOME="/workspace/cargo-home" RUSTUP_HOME="/workspace/rustup-home" __CARGO_TEST_CHANNEL_OVERRIDE_DO_NOT_USE_THIS="nightly" "/workspace/cargo-home/bin/cargo" "+1.69.0" "generate-lockfile" "--manifest-path" "Cargo.toml" "-Zno-index-update", kill_on_drop: false }`
[INFO] running `Command { std: CARGO_HOME="/workspace/cargo-home" RUSTUP_HOME="/workspace/rustup-home" "/workspace/cargo-home/bin/cargo" "+1.69.0" "fetch" "--manifest-path" "Cargo.toml", kill_on_drop: false }`
[INFO] [stderr]  Downloading crates ...
[INFO] [stderr]   Downloaded async-rustls v0.2.0
[INFO] running `Command { std: "docker" "create" "-v" "/var/lib/crater-agent-workspace/builds/worker-2-tc1/target:/opt/rustwide/target:rw,Z" "-v" "/var/lib/crater-agent-workspace/builds/worker-2-tc1/source:/opt/rustwide/workdir:ro,Z" "-v" "/var/lib/crater-agent-workspace/cargo-home:/opt/rustwide/cargo-home:ro,Z" "-v" "/var/lib/crater-agent-workspace/rustup-home:/opt/rustwide/rustup-home:ro,Z" "-e" "SOURCE_DIR=/opt/rustwide/workdir" "-e" "CARGO_TARGET_DIR=/opt/rustwide/target" "-e" "CARGO_HOME=/opt/rustwide/cargo-home" "-e" "RUSTUP_HOME=/opt/rustwide/rustup-home" "-w" "/opt/rustwide/workdir" "-m" "1610612736" "--user" "0:0" "--network" "none" "ghcr.io/rust-lang/crates-build-env/linux@sha256:5ff2268d62e97bff2cde7d5815dd6ed5b47097566f13b8d0ca110b04b60e07ed" "/opt/rustwide/cargo-home/bin/cargo" "+1.69.0" "metadata" "--no-deps" "--format-version=1", kill_on_drop: false }`
[INFO] [stdout] f57be297f0a7ea3c4b92644bdcc07b1d09715080f217c6522b550377d4d1f622
[INFO] running `Command { std: "docker" "start" "-a" "f57be297f0a7ea3c4b92644bdcc07b1d09715080f217c6522b550377d4d1f622", kill_on_drop: false }`
[INFO] running `Command { std: "docker" "inspect" "f57be297f0a7ea3c4b92644bdcc07b1d09715080f217c6522b550377d4d1f622", kill_on_drop: false }`
[INFO] running `Command { std: "docker" "rm" "-f" "f57be297f0a7ea3c4b92644bdcc07b1d09715080f217c6522b550377d4d1f622", kill_on_drop: false }`
[INFO] [stdout] f57be297f0a7ea3c4b92644bdcc07b1d09715080f217c6522b550377d4d1f622
[INFO] running `Command { std: "docker" "create" "-v" "/var/lib/crater-agent-workspace/builds/worker-2-tc1/target:/opt/rustwide/target:rw,Z" "-v" "/var/lib/crater-agent-workspace/builds/worker-2-tc1/source:/opt/rustwide/workdir:ro,Z" "-v" "/var/lib/crater-agent-workspace/cargo-home:/opt/rustwide/cargo-home:ro,Z" "-v" "/var/lib/crater-agent-workspace/rustup-home:/opt/rustwide/rustup-home:ro,Z" "-e" "SOURCE_DIR=/opt/rustwide/workdir" "-e" "CARGO_TARGET_DIR=/opt/rustwide/target" "-e" "CARGO_INCREMENTAL=0" "-e" "RUST_BACKTRACE=full" "-e" "RUSTFLAGS=--cap-lints=warn" "-e" "RUSTDOCFLAGS=--cap-lints=warn" "-e" "CARGO_HOME=/opt/rustwide/cargo-home" "-e" "RUSTUP_HOME=/opt/rustwide/rustup-home" "-w" "/opt/rustwide/workdir" "-m" "1610612736" "--user" "0:0" "--network" "none" "ghcr.io/rust-lang/crates-build-env/linux@sha256:5ff2268d62e97bff2cde7d5815dd6ed5b47097566f13b8d0ca110b04b60e07ed" "/opt/rustwide/cargo-home/bin/cargo" "+1.69.0" "build" "--frozen" "--message-format=json", kill_on_drop: false }`
[INFO] [stdout] bfa32a062446deba599f62d631bd22af1ab8b4deff663d5ad0d5bcd09315f357
[INFO] running `Command { std: "docker" "start" "-a" "bfa32a062446deba599f62d631bd22af1ab8b4deff663d5ad0d5bcd09315f357", kill_on_drop: false }`
[INFO] [stderr]    Compiling typenum v1.16.0
[INFO] [stderr]    Compiling futures-core v0.3.28
[INFO] [stderr]    Compiling generic-array v0.14.7
[INFO] [stderr]    Compiling serde_derive v1.0.160
[INFO] [stderr]    Compiling serde v1.0.160
[INFO] [stderr]    Compiling value-bag v1.0.0-alpha.9
[INFO] [stderr]    Compiling libm v0.2.6
[INFO] [stderr]    Compiling once_cell v1.17.1
[INFO] [stderr]    Compiling num-traits v0.2.15
[INFO] [stderr]    Compiling subtle v2.4.1
[INFO] [stderr]    Compiling log v0.4.17
[INFO] [stderr]    Compiling cc v1.0.79
[INFO] [stderr]    Compiling crossbeam-utils v0.8.15
[INFO] [stderr]    Compiling spin v0.5.2
[INFO] [stderr]    Compiling syn v2.0.15
[INFO] [stderr]    Compiling ctor v0.1.26
[INFO] [stderr]    Compiling getrandom v0.2.9
[INFO] [stderr]    Compiling num-integer v0.1.45
[INFO] [stderr]    Compiling parking v2.1.0
[INFO] [stderr]    Compiling waker-fn v1.1.0
[INFO] [stderr]    Compiling fastrand v1.9.0
[INFO] [stderr]    Compiling futures-io v0.3.28
[INFO] [stderr]    Compiling io-lifetimes v1.0.10
[INFO] [stderr]    Compiling polling v2.8.0
[INFO] [stderr]    Compiling untrusted v0.7.1
[INFO] [stderr]    Compiling rustix v0.37.18
[INFO] [stderr]    Compiling async-io v1.13.0
[INFO] [stderr]    Compiling futures-lite v1.13.0
[INFO] [stderr]    Compiling base64ct v1.6.0
[INFO] [stderr]    Compiling linux-raw-sys v0.3.6
[INFO] [stderr]    Compiling rand_core v0.6.4
[INFO] [stderr]    Compiling socket2 v0.4.9
[INFO] [stderr]    Compiling standback v0.2.17
[INFO] [stderr]    Compiling concurrent-queue v2.2.0
[INFO] [stderr]    Compiling pem-rfc7468 v0.3.1
[INFO] [stderr]    Compiling ahash v0.7.6
[INFO] [stderr]    Compiling const-oid v0.7.1
[INFO] [stderr]    Compiling tinyvec_macros v0.1.1
[INFO] [stderr]    Compiling ppv-lite86 v0.2.17
[INFO] [stderr]    Compiling proc-macro-hack v0.5.20+deprecated
[INFO] [stderr]    Compiling async-task v4.4.0
[INFO] [stderr]    Compiling signal-hook v0.3.15
[INFO] [stderr]    Compiling tinyvec v1.6.0
[INFO] [stderr]    Compiling ring v0.16.20
[INFO] [stderr]    Compiling async-channel v1.8.0
[INFO] [stderr]    Compiling signal-hook-registry v1.4.1
[INFO] [stderr]    Compiling async-process v1.7.0
[INFO] [stderr]    Compiling num-iter v0.1.43
[INFO] [stderr]    Compiling indexmap v1.9.3
[INFO] [stderr]    Compiling parking_lot_core v0.8.6
[INFO] [stderr]    Compiling zeroize v1.6.0
[INFO] [stderr]    Compiling rand_chacha v0.3.1
[INFO] [stderr]    Compiling futures-sink v0.3.28
[INFO] [stderr]    Compiling base64 v0.13.1
[INFO] [stderr]    Compiling atomic-waker v1.1.1
[INFO] [stderr]    Compiling async-executor v1.5.1
[INFO] [stderr]    Compiling blocking v1.3.1
[INFO] [stderr]    Compiling crypto-common v0.1.6
[INFO] [stderr]    Compiling block-buffer v0.10.4
[INFO] [stderr]    Compiling crypto-bigint v0.3.2
[INFO] [stderr]    Compiling rand v0.8.5
[INFO] [stderr]    Compiling digest v0.10.6
[INFO] [stderr]    Compiling unicode-normalization v0.1.22
[INFO] [stderr]    Compiling lazy_static v1.4.0
[INFO] [stderr]    Compiling num-bigint v0.3.3
[INFO] [stderr]    Compiling instant v0.1.12
[INFO] [stderr]    Compiling vcpkg v0.2.15
[INFO] [stderr]    Compiling num-bigint-dig v0.8.2
[INFO] [stderr]    Compiling serde_json v1.0.96
[INFO] [stderr]    Compiling const_fn v0.4.9
[INFO] [stderr]    Compiling der v0.5.1
[INFO] [stderr]    Compiling pkg-config v0.3.26
[INFO] [stderr]    Compiling unicode-bidi v0.3.13
[INFO] [stderr]    Compiling futures-util v0.3.28
[INFO] [stderr]    Compiling time-macros-impl v0.1.2
[INFO] [stderr]    Compiling kv-log-macro v1.0.7
[INFO] [stderr]    Compiling time v0.2.27
[INFO] [stderr]    Compiling minimal-lexical v0.2.1
[INFO] [stderr]    Compiling ryu v1.0.13
[INFO] [stderr]    Compiling percent-encoding v2.2.0
[INFO] [stderr]    Compiling itoa v1.0.6
[INFO] [stderr]    Compiling paste v1.0.12
[INFO] [stderr]    Compiling spki v0.5.4
[INFO] [stderr]    Compiling cpufeatures v0.2.7
[INFO] [stderr]    Compiling rust_decimal v1.29.1
[INFO] [stderr]    Compiling thiserror v1.0.40
[INFO] [stderr]    Compiling iana-time-zone v0.1.56
[INFO] [stderr]    Compiling byteorder v1.4.3
[INFO] [stderr]    Compiling pkcs8 v0.8.0
[INFO] [stderr]    Compiling nom v7.1.3
[INFO] [stderr]    Compiling form_urlencoded v1.1.0
[INFO] [stderr]    Compiling libsqlite3-sys v0.24.2
[INFO] [stderr]    Compiling pkcs1 v0.3.3
[INFO] [stderr]    Compiling parking_lot v0.11.2
[INFO] [stderr]    Compiling thiserror-impl v1.0.40
[INFO] [stderr]    Compiling time-macros v0.1.1
[INFO] [stderr]    Compiling idna v0.3.0
[INFO] [stderr]    Compiling hashbrown v0.11.2
[INFO] [stderr]    Compiling async-global-executor v2.3.1
[INFO] [stderr]    Compiling async-std v1.12.0
[INFO] [stderr]    Compiling hmac v0.12.1
[INFO] [stderr]    Compiling spin v0.9.8
[INFO] [stderr]    Compiling dirs-sys v0.3.7
[INFO] [stderr]    Compiling aho-corasick v1.0.1
[INFO] [stderr]    Compiling arrayvec v0.7.2
[INFO] [stderr]    Compiling regex-syntax v0.7.1
[INFO] [stderr]    Compiling hex v0.4.3
[INFO] [stderr]    Compiling webpki v0.21.4
[INFO] [stderr]    Compiling sct v0.6.1
[INFO] [stderr]    Compiling crc-catalog v1.1.1
[INFO] [stderr]    Compiling unicode_categories v0.1.1
[INFO] [stderr]    Compiling crc v2.1.0
[INFO] [stderr]    Compiling flume v0.10.14
[INFO] [stderr]    Compiling rsa v0.6.1
[INFO] [stderr]    Compiling dirs v4.0.0
[INFO] [stderr]    Compiling rustls v0.19.1
[INFO] [stderr]    Compiling webpki-roots v0.21.1
[INFO] [stderr]    Compiling hkdf v0.12.3
[INFO] [stderr]    Compiling url v2.3.1
[INFO] [stderr]    Compiling hashlink v0.7.0
[INFO] [stderr]    Compiling futures-intrusive v0.4.2
[INFO] [stderr]    Compiling crossbeam-queue v0.3.8
[INFO] [stderr]    Compiling futures-channel v0.3.28
[INFO] [stderr]    Compiling sha-1 v0.10.1
[INFO] [stderr]    Compiling sha2 v0.10.6
[INFO] [stderr]    Compiling stringprep v0.1.2
[INFO] [stderr]    Compiling md-5 v0.10.5
[INFO] [stderr]    Compiling atoi v0.4.0
[INFO] [stderr]    Compiling encoding_rs v0.8.32
[INFO] [stderr]    Compiling bytes v1.4.0
[INFO] [stderr]    Compiling whoami v1.4.0
[INFO] [stderr]    Compiling futures-executor v0.3.28
[INFO] [stderr]    Compiling regex v1.8.1
[INFO] [stderr]    Compiling async-rustls v0.2.0
[INFO] [stderr]    Compiling sqlx-rt v0.5.13
[INFO] [stderr]    Compiling either v1.8.1
[INFO] [stderr]    Compiling uuid v0.8.2
[INFO] [stderr]    Compiling chrono v0.4.24
[INFO] [stderr]    Compiling bigdecimal v0.2.2
[INFO] [stderr]    Compiling serde_bytes v0.11.9
[INFO] [stderr]    Compiling bit-vec v0.6.3
[INFO] [stderr]    Compiling ipnetwork v0.17.0
[INFO] [stderr]    Compiling itertools v0.10.5
[INFO] [stderr]    Compiling rbson v2.0.5
[INFO] [stderr]    Compiling sqlformat v0.1.8
[INFO] [stderr]    Compiling sqlx-core v0.5.13
[INFO] [stderr]    Compiling mybatis-drive v1.0.0 (/opt/rustwide/workdir)
[INFO] [stdout] error[E0599]: no variant or associated item named `ObjectId` found for enum `Bson` in the current scope
[INFO] [stdout]    --> src/db/bind_pg.rs:119:15
[INFO] [stdout]     |
[INFO] [stdout] 119 |         Bson::ObjectId(d) => {
[INFO] [stdout]     |               ^^^^^^^^ variant or associated item not found in `Bson`
[INFO] [stdout] 
[INFO] [stdout] 
[INFO] [stdout] error[E0599]: no variant or associated item named `ObjectId` found for enum `Bson` in the current scope
[INFO] [stdout]    --> src/db/bind_pg.rs:238:27
[INFO] [stdout]     |
[INFO] [stdout] 238 |                     Bson::ObjectId(d) => {
[INFO] [stdout]     |                           ^^^^^^^^ variant or associated item not found in `Bson`
[INFO] [stdout] 
[INFO] [stdout] 
[INFO] [stdout] error[E0599]: no variant or associated item named `ObjectId` found for enum `Bson` in the current scope
[INFO] [stdout]    --> src/db/bind_mysql.rs:108:15
[INFO] [stdout]     |
[INFO] [stdout] 108 |         Bson::ObjectId(d) => {
[INFO] [stdout]     |               ^^^^^^^^ variant or associated item not found in `Bson`
[INFO] [stdout] 
[INFO] [stdout] 
[INFO] [stdout] error[E0599]: no variant or associated item named `ObjectId` found for enum `Bson` in the current scope
[INFO] [stdout]    --> src/db/bind_sqlite.rs:108:15
[INFO] [stdout]     |
[INFO] [stdout] 108 |         Bson::ObjectId(d) => {
[INFO] [stdout]     |               ^^^^^^^^ variant or associated item not found in `Bson`
[INFO] [stdout] 
[INFO] [stdout] 
[INFO] [stdout] error[E0599]: no variant or associated item named `ObjectId` found for enum `Bson` in the current scope
[INFO] [stdout]    --> src/db/bind_mssql.rs:105:15
[INFO] [stdout]     |
[INFO] [stdout] 105 |         Bson::ObjectId(d) => {
[INFO] [stdout]     |               ^^^^^^^^ variant or associated item not found in `Bson`
[INFO] [stdout] 
[INFO] [stdout] 
[INFO] [stdout] warning: use of deprecated associated function `chrono::NaiveDateTime::from_timestamp`: use `from_timestamp_opt()` instead
[INFO] [stdout]   --> src/types/datetime_native.rs:92:51
[INFO] [stdout]    |
[INFO] [stdout] 92 |                     inner: chrono::NaiveDateTime::from_timestamp(timestamp/1000, (timestamp % 1000 * 1000000) as u32)
[INFO] [stdout]    |                                                   ^^^^^^^^^^^^^^
[INFO] [stdout]    |
[INFO] [stdout]    = note: `#[warn(deprecated)]` on by default
[INFO] [stdout] 
[INFO] [stdout] 
[INFO] [stdout] warning: use of deprecated associated function `chrono::NaiveDateTime::from_timestamp`: use `from_timestamp_opt()` instead
[INFO] [stdout]   --> src/types/datetime_utc.rs:72:51
[INFO] [stdout]    |
[INFO] [stdout] 72 |                 let native=chrono::NaiveDateTime::from_timestamp(timestamp/1000, (timestamp % 1000 * 1000000) as u32);
[INFO] [stdout]    |                                                   ^^^^^^^^^^^^^^
[INFO] [stdout] 
[INFO] [stdout] 
[INFO] [stdout] warning: use of deprecated method `chrono::DateTime::<Tz>::date`: Use `date_naive()` instead
[INFO] [stdout]    --> src/types/date_native.rs:102:24
[INFO] [stdout]     |
[INFO] [stdout] 102 |             inner: utc.date().naive_local(),
[INFO] [stdout]     |                        ^^^^
[INFO] [stdout] 
[INFO] [stdout] 
[INFO] [stdout] warning: use of deprecated method `chrono::DateTime::<Tz>::date`: Use `date_naive()` instead
[INFO] [stdout]   --> src/types/date_utc.rs:99:24
[INFO] [stdout]    |
[INFO] [stdout] 99 |             inner: utc.date().naive_local(),
[INFO] [stdout]    |                        ^^^^
[INFO] [stdout] 
[INFO] [stdout] 
[INFO] [stdout] error[E0599]: no variant or associated item named `RegularExpression` found for enum `Bson` in the current scope
[INFO] [stdout]   --> src/types/mod.rs:92:19
[INFO] [stdout]    |
[INFO] [stdout] 92 |             Bson::RegularExpression(j) => { format!("{:?}", j) }
[INFO] [stdout]    |                   ^^^^^^^^^^^^^^^^^ variant or associated item not found in `Bson`
[INFO] [stdout] 
[INFO] [stdout] 
[INFO] [stdout] error[E0599]: no variant or associated item named `JavaScriptCode` found for enum `Bson` in the current scope
[INFO] [stdout]   --> src/types/mod.rs:93:19
[INFO] [stdout]    |
[INFO] [stdout] 93 |             Bson::JavaScriptCode(j) => { format!("{:?}", j) }
[INFO] [stdout]    |                   ^^^^^^^^^^^^^^ variant or associated item not found in `Bson`
[INFO] [stdout] 
[INFO] [stdout] 
[INFO] [stdout] error[E0599]: no variant or associated item named `JavaScriptCodeWithScope` found for enum `Bson` in the current scope
[INFO] [stdout]   --> src/types/mod.rs:94:19
[INFO] [stdout]    |
[INFO] [stdout] 94 |             Bson::JavaScriptCodeWithScope(j) => { format!("{:?}", j) }
[INFO] [stdout]    |                   ^^^^^^^^^^^^^^^^^^^^^^^ variant or associated item not found in `Bson`
[INFO] [stdout] 
[INFO] [stdout] 
[INFO] [stdout] error[E0599]: no variant or associated item named `ObjectId` found for enum `Bson` in the current scope
[INFO] [stdout]    --> src/types/mod.rs:131:19
[INFO] [stdout]     |
[INFO] [stdout] 131 |             Bson::ObjectId(id) => {
[INFO] [stdout]     |                   ^^^^^^^^ variant or associated item not found in `Bson`
[INFO] [stdout] 
[INFO] [stdout] 
[INFO] [stdout] error[E0599]: no variant or associated item named `Symbol` found for enum `Bson` in the current scope
[INFO] [stdout]    --> src/types/mod.rs:137:19
[INFO] [stdout]     |
[INFO] [stdout] 137 |             Bson::Symbol(s) => { format!("{}", s) }
[INFO] [stdout]     |                   ^^^^^^ variant or associated item not found in `Bson`
[INFO] [stdout] 
[INFO] [stdout] 
[INFO] [stdout] error[E0599]: no variant or associated item named `Undefined` found for enum `Bson` in the current scope
[INFO] [stdout]    --> src/types/mod.rs:141:19
[INFO] [stdout]     |
[INFO] [stdout] 141 |             Bson::Undefined => {
[INFO] [stdout]     |                   ^^^^^^^^^ variant or associated item not found in `Bson`
[INFO] [stdout] 
[INFO] [stdout] 
[INFO] [stdout] error[E0599]: no variant or associated item named `MaxKey` found for enum `Bson` in the current scope
[INFO] [stdout]    --> src/types/mod.rs:144:19
[INFO] [stdout]     |
[INFO] [stdout] 144 |             Bson::MaxKey => { format!("{}", "MaxKey") }
[INFO] [stdout]     |                   ^^^^^^ variant or associated item not found in `Bson`
[INFO] [stdout] 
[INFO] [stdout] 
[INFO] [stdout] error[E0599]: no variant or associated item named `MinKey` found for enum `Bson` in the current scope
[INFO] [stdout]    --> src/types/mod.rs:145:19
[INFO] [stdout]     |
[INFO] [stdout] 145 |             Bson::MinKey => { format!("{}", "MinKey") }
[INFO] [stdout]     |                   ^^^^^^ variant or associated item not found in `Bson`
[INFO] [stdout] 
[INFO] [stdout] 
[INFO] [stdout] error[E0599]: no variant or associated item named `DbPointer` found for enum `Bson` in the current scope
[INFO] [stdout]    --> src/types/mod.rs:146:19
[INFO] [stdout]     |
[INFO] [stdout] 146 |             Bson::DbPointer(p) => { format!("{:?}", p) }
[INFO] [stdout]     |                   ^^^^^^^^^ variant or associated item not found in `Bson`
[INFO] [stdout] 
[INFO] [stdout] 
[INFO] [stdout] error: aborting due to 14 previous errors; 4 warnings emitted
[INFO] [stdout] 
[INFO] [stdout] 
[INFO] [stdout] For more information about this error, try `rustc --explain E0599`.
[INFO] [stdout] 
[INFO] [stderr] error: could not compile `mybatis-drive` due to 15 previous errors; 4 warnings emitted
[INFO] [stderr] warning: build failed, waiting for other jobs to finish...
[INFO] running `Command { std: "docker" "inspect" "bfa32a062446deba599f62d631bd22af1ab8b4deff663d5ad0d5bcd09315f357", kill_on_drop: false }`
[INFO] running `Command { std: "docker" "rm" "-f" "bfa32a062446deba599f62d631bd22af1ab8b4deff663d5ad0d5bcd09315f357", kill_on_drop: false }`
[INFO] [stdout] bfa32a062446deba599f62d631bd22af1ab8b4deff663d5ad0d5bcd09315f357
