[INFO] fetching crate munge 0.3.0...
[INFO] testing munge-0.3.0 against 1.69.0 for beta-1.70-1
[INFO] extracting crate munge 0.3.0 into /workspace/builds/worker-3-tc1/source
[INFO] validating manifest of crates.io crate munge 0.3.0 on toolchain 1.69.0
[INFO] running `Command { std: CARGO_HOME="/workspace/cargo-home" RUSTUP_HOME="/workspace/rustup-home" "/workspace/cargo-home/bin/cargo" "+1.69.0" "metadata" "--manifest-path" "Cargo.toml" "--no-deps", kill_on_drop: false }`
[INFO] started tweaking crates.io crate munge 0.3.0
[INFO] finished tweaking crates.io crate munge 0.3.0
[INFO] tweaked toml for crates.io crate munge 0.3.0 written to /workspace/builds/worker-3-tc1/source/Cargo.toml
[INFO] running `Command { std: CARGO_HOME="/workspace/cargo-home" RUSTUP_HOME="/workspace/rustup-home" __CARGO_TEST_CHANNEL_OVERRIDE_DO_NOT_USE_THIS="nightly" "/workspace/cargo-home/bin/cargo" "+1.69.0" "generate-lockfile" "--manifest-path" "Cargo.toml" "-Zno-index-update", kill_on_drop: false }`
[INFO] running `Command { std: CARGO_HOME="/workspace/cargo-home" RUSTUP_HOME="/workspace/rustup-home" "/workspace/cargo-home/bin/cargo" "+1.69.0" "fetch" "--manifest-path" "Cargo.toml", kill_on_drop: false }`
[INFO] [stderr]  Downloading crates ...
[INFO] [stderr]   Downloaded tester v0.9.1
[INFO] [stderr]   Downloaded compiletest_rs v0.7.1
[INFO] [stderr]   Downloaded munge_macro v0.3.0
[INFO] running `Command { std: "docker" "create" "-v" "/var/lib/crater-agent-workspace/builds/worker-3-tc1/target:/opt/rustwide/target:rw,Z" "-v" "/var/lib/crater-agent-workspace/builds/worker-3-tc1/source:/opt/rustwide/workdir:ro,Z" "-v" "/var/lib/crater-agent-workspace/cargo-home:/opt/rustwide/cargo-home:ro,Z" "-v" "/var/lib/crater-agent-workspace/rustup-home:/opt/rustwide/rustup-home:ro,Z" "-e" "SOURCE_DIR=/opt/rustwide/workdir" "-e" "CARGO_TARGET_DIR=/opt/rustwide/target" "-e" "CARGO_HOME=/opt/rustwide/cargo-home" "-e" "RUSTUP_HOME=/opt/rustwide/rustup-home" "-w" "/opt/rustwide/workdir" "-m" "1610612736" "--user" "0:0" "--network" "none" "ghcr.io/rust-lang/crates-build-env/linux@sha256:5ff2268d62e97bff2cde7d5815dd6ed5b47097566f13b8d0ca110b04b60e07ed" "/opt/rustwide/cargo-home/bin/cargo" "+1.69.0" "metadata" "--no-deps" "--format-version=1", kill_on_drop: false }`
[INFO] [stdout] 9b92b8a0d39010c16690996e4b690661216c28c0c66f38299ee2ce65e896dd5f
[INFO] running `Command { std: "docker" "start" "-a" "9b92b8a0d39010c16690996e4b690661216c28c0c66f38299ee2ce65e896dd5f", kill_on_drop: false }`
[INFO] running `Command { std: "docker" "inspect" "9b92b8a0d39010c16690996e4b690661216c28c0c66f38299ee2ce65e896dd5f", kill_on_drop: false }`
[INFO] running `Command { std: "docker" "rm" "-f" "9b92b8a0d39010c16690996e4b690661216c28c0c66f38299ee2ce65e896dd5f", kill_on_drop: false }`
[INFO] [stdout] 9b92b8a0d39010c16690996e4b690661216c28c0c66f38299ee2ce65e896dd5f
[INFO] running `Command { std: "docker" "create" "-v" "/var/lib/crater-agent-workspace/builds/worker-3-tc1/target:/opt/rustwide/target:rw,Z" "-v" "/var/lib/crater-agent-workspace/builds/worker-3-tc1/source:/opt/rustwide/workdir:ro,Z" "-v" "/var/lib/crater-agent-workspace/cargo-home:/opt/rustwide/cargo-home:ro,Z" "-v" "/var/lib/crater-agent-workspace/rustup-home:/opt/rustwide/rustup-home:ro,Z" "-e" "SOURCE_DIR=/opt/rustwide/workdir" "-e" "CARGO_TARGET_DIR=/opt/rustwide/target" "-e" "CARGO_INCREMENTAL=0" "-e" "RUST_BACKTRACE=full" "-e" "RUSTFLAGS=--cap-lints=warn" "-e" "RUSTDOCFLAGS=--cap-lints=warn" "-e" "CARGO_HOME=/opt/rustwide/cargo-home" "-e" "RUSTUP_HOME=/opt/rustwide/rustup-home" "-w" "/opt/rustwide/workdir" "-m" "1610612736" "--user" "0:0" "--network" "none" "ghcr.io/rust-lang/crates-build-env/linux@sha256:5ff2268d62e97bff2cde7d5815dd6ed5b47097566f13b8d0ca110b04b60e07ed" "/opt/rustwide/cargo-home/bin/cargo" "+1.69.0" "build" "--frozen" "--message-format=json", kill_on_drop: false }`
[INFO] [stdout] 0353c050b3284523af8c8d115d162eaa5fdc27db0fc17be814048108c51c6d11
[INFO] running `Command { std: "docker" "start" "-a" "0353c050b3284523af8c8d115d162eaa5fdc27db0fc17be814048108c51c6d11", kill_on_drop: false }`
[INFO] [stderr]     Blocking waiting for file lock on package cache
[INFO] [stderr]    Compiling munge_macro v0.3.0
[INFO] [stderr]    Compiling munge v0.3.0 (/opt/rustwide/workdir)
[INFO] [stderr]     Finished dev [unoptimized + debuginfo] target(s) in 1.19s
[INFO] running `Command { std: "docker" "inspect" "0353c050b3284523af8c8d115d162eaa5fdc27db0fc17be814048108c51c6d11", kill_on_drop: false }`
[INFO] running `Command { std: "docker" "rm" "-f" "0353c050b3284523af8c8d115d162eaa5fdc27db0fc17be814048108c51c6d11", kill_on_drop: false }`
[INFO] [stdout] 0353c050b3284523af8c8d115d162eaa5fdc27db0fc17be814048108c51c6d11
[INFO] running `Command { std: "docker" "create" "-v" "/var/lib/crater-agent-workspace/builds/worker-3-tc1/target:/opt/rustwide/target:rw,Z" "-v" "/var/lib/crater-agent-workspace/builds/worker-3-tc1/source:/opt/rustwide/workdir:ro,Z" "-v" "/var/lib/crater-agent-workspace/cargo-home:/opt/rustwide/cargo-home:ro,Z" "-v" "/var/lib/crater-agent-workspace/rustup-home:/opt/rustwide/rustup-home:ro,Z" "-e" "SOURCE_DIR=/opt/rustwide/workdir" "-e" "CARGO_TARGET_DIR=/opt/rustwide/target" "-e" "CARGO_INCREMENTAL=0" "-e" "RUST_BACKTRACE=full" "-e" "RUSTFLAGS=--cap-lints=warn" "-e" "RUSTDOCFLAGS=--cap-lints=warn" "-e" "CARGO_HOME=/opt/rustwide/cargo-home" "-e" "RUSTUP_HOME=/opt/rustwide/rustup-home" "-w" "/opt/rustwide/workdir" "-m" "1610612736" "--user" "0:0" "--network" "none" "ghcr.io/rust-lang/crates-build-env/linux@sha256:5ff2268d62e97bff2cde7d5815dd6ed5b47097566f13b8d0ca110b04b60e07ed" "/opt/rustwide/cargo-home/bin/cargo" "+1.69.0" "test" "--frozen" "--no-run" "--message-format=json", kill_on_drop: false }`
[INFO] [stdout] 5b78cb617105bca60bbe89591987c6d6fbd7c708bc39d6134b784b3dea249121
[INFO] running `Command { std: "docker" "start" "-a" "5b78cb617105bca60bbe89591987c6d6fbd7c708bc39d6134b784b3dea249121", kill_on_drop: false }`
[INFO] [stderr]    Compiling getopts v0.2.21
[INFO] [stderr]    Compiling compiletest_rs v0.7.1
[INFO] [stderr]    Compiling diff v0.1.13
[INFO] [stderr]    Compiling dirs-sys-next v0.1.2
[INFO] [stderr]    Compiling filetime v0.2.21
[INFO] [stderr]    Compiling serde_derive v1.0.160
[INFO] [stderr]    Compiling dirs-next v2.0.0
[INFO] [stderr]    Compiling term v0.7.0
[INFO] [stderr]    Compiling tester v0.9.1
[INFO] [stderr]    Compiling serde v1.0.160
[INFO] [stderr]    Compiling serde_json v1.0.96
[INFO] [stderr]    Compiling rustfix v0.5.1
[INFO] [stderr]    Compiling munge v0.3.0 (/opt/rustwide/workdir)
[INFO] [stderr]     Finished test [unoptimized + debuginfo] target(s) in 17.23s
[INFO] running `Command { std: "docker" "inspect" "5b78cb617105bca60bbe89591987c6d6fbd7c708bc39d6134b784b3dea249121", kill_on_drop: false }`
[INFO] running `Command { std: "docker" "rm" "-f" "5b78cb617105bca60bbe89591987c6d6fbd7c708bc39d6134b784b3dea249121", kill_on_drop: false }`
[INFO] [stdout] 5b78cb617105bca60bbe89591987c6d6fbd7c708bc39d6134b784b3dea249121
[INFO] running `Command { std: "docker" "create" "-v" "/var/lib/crater-agent-workspace/builds/worker-3-tc1/target:/opt/rustwide/target:rw,Z" "-v" "/var/lib/crater-agent-workspace/builds/worker-3-tc1/source:/opt/rustwide/workdir:ro,Z" "-v" "/var/lib/crater-agent-workspace/cargo-home:/opt/rustwide/cargo-home:ro,Z" "-v" "/var/lib/crater-agent-workspace/rustup-home:/opt/rustwide/rustup-home:ro,Z" "-e" "SOURCE_DIR=/opt/rustwide/workdir" "-e" "CARGO_TARGET_DIR=/opt/rustwide/target" "-e" "CARGO_INCREMENTAL=0" "-e" "RUST_BACKTRACE=full" "-e" "RUSTFLAGS=--cap-lints=warn" "-e" "RUSTDOCFLAGS=--cap-lints=warn" "-e" "CARGO_HOME=/opt/rustwide/cargo-home" "-e" "RUSTUP_HOME=/opt/rustwide/rustup-home" "-w" "/opt/rustwide/workdir" "-m" "1610612736" "--user" "0:0" "--network" "none" "ghcr.io/rust-lang/crates-build-env/linux@sha256:5ff2268d62e97bff2cde7d5815dd6ed5b47097566f13b8d0ca110b04b60e07ed" "/opt/rustwide/cargo-home/bin/cargo" "+1.69.0" "test" "--frozen", kill_on_drop: false }`
[INFO] [stdout] 2bc9c802cde02af2185f8d609edefc195ce318b497c8d39c23a6fb28dfa309f8
[INFO] running `Command { std: "docker" "start" "-a" "2bc9c802cde02af2185f8d609edefc195ce318b497c8d39c23a6fb28dfa309f8", kill_on_drop: false }`
[INFO] [stderr]     Finished test [unoptimized + debuginfo] target(s) in 0.06s
[INFO] [stderr]      Running unittests src/lib.rs (/opt/rustwide/target/debug/deps/munge-5775d8c8d64b18a2)
[INFO] [stdout] 
[INFO] [stdout] running 11 tests
[INFO] [stdout] test tests::test_project_array ... ok
[INFO] [stdout] test tests::test_generics ... ok
[INFO] [stdout] test tests::test_cell ... ok
[INFO] [stdout] test tests::test_project_nested_struct ... ok
[INFO] [stdout] test tests::test_manually_drop ... ok
[INFO] [stdout] test tests::test_project_generic ... ok
[INFO] [stdout] test tests::test_project_nested_array ... ok
[INFO] [stdout] test tests::test_project_tuple ... ok
[INFO] [stdout] test tests::test_project_nested_tuple ... ok
[INFO] [stdout] test tests::test_project_tuple_struct ... ok
[INFO] [stdout] test tests::test_project_struct ... ok
[INFO] [stdout] 
[INFO] [stdout] test result: ok. 11 passed; 0 failed; 0 ignored; 0 measured; 0 filtered out; finished in 0.05s
[INFO] [stdout] 
[INFO] [stderr]      Running tests/tests.rs (/opt/rustwide/target/debug/deps/tests-894f654feba1eaf6)
[INFO] [stdout] 
[INFO] [stdout] running 1 test
[INFO] [stdout] 
[INFO] [stdout] running 2 tests
[INFO] [stdout] test [ui] ui/packed.rs ... FAILED
[INFO] [stdout] test [ui] ui/prevent_misuse.rs ... FAILED
[INFO] [stdout] 
[INFO] [stdout] failures:
[INFO] [stdout] 
[INFO] [stdout] failures:
[INFO] [stdout]     [ui] ui/packed.rs
[INFO] [stdout]     [ui] ui/prevent_misuse.rs
[INFO] [stdout] 
[INFO] [stdout] test result: FAILED. 0 passed; 2 failed; 0 ignored; 0 measured; 0 filtered out; finished in 0.18s
[INFO] [stdout] 
[INFO] [stdout] test compiletest ... FAILED
[INFO] [stdout] 
[INFO] [stdout] failures:
[INFO] [stderr] error: test failed, to rerun pass `--test tests`
[INFO] [stdout] 
[INFO] [stdout] ---- compiletest stdout ----
[INFO] [stdout] diff of stderr:
[INFO] [stdout] 
[INFO] [stdout] -error: reference to packed field is unaligned
[INFO] [stdout] -  --> $DIR/packed.rs:18:63
[INFO] [stdout] +error[E0463]: can't find crate for `munge_macro` which `munge` depends on
[INFO] [stdout] + --> $DIR/packed.rs:2:1
[INFO] [stdout] +  |
[INFO] [stdout] +2 | extern crate munge;
[INFO] [stdout] +  | ^^^^^^^^^^^^^^^^^^^ can't find crate
[INFO] [stdout] +
[INFO] [stdout] +error: cannot determine resolution for the macro `munge`
[INFO] [stdout] +  --> $DIR/packed.rs:18:5
[INFO] [stdout]     |
[INFO] [stdout]  18 |     munge!(let Misalign { byte: a, inner: Misalign { byte: b, inner } } = &mut mu);
[INFO] [stdout] -   |                                                               ^^^^^
[INFO] [stdout] +   |     ^^^^^
[INFO] [stdout]     |
[INFO] [stdout] -   = note: `#[deny(unaligned_references)]` on by default
[INFO] [stdout] -   = warning: this was previously accepted by the compiler but is being phased out; it will become a hard error in a future release!
[INFO] [stdout] -   = note: for more information, see issue #82523 <https://github.com/rust-lang/rust/issues/82523>
[INFO] [stdout] -   = note: fields of packed structs are not properly aligned, and creating a misaligned reference is undefined behavior (even if that reference is never dereferenced)
[INFO] [stdout] -   = help: copy the field contents to a local variable, or replace the reference with a raw pointer and use `read_unaligned`/`write_unaligned` (loads and stores via `*p` must be properly aligned even when using raw pointers)
[INFO] [stdout] +   = note: import resolution is stuck, try simplifying macro imports
[INFO] [stdout]  
[INFO] [stdout] -error: reference to packed field is unaligned
[INFO] [stdout] -  --> $DIR/packed.rs:28:5
[INFO] [stdout] +error[E0425]: cannot find value `a` in this scope
[INFO] [stdout] +  --> $DIR/packed.rs:20:16
[INFO] [stdout]     |
[INFO] [stdout] -28 |     assert_eq!(init.inner.inner, 3);
[INFO] [stdout] -   |     ^^^^^^^^^^^^^^^^^^^^^^^^^^^^^^^
[INFO] [stdout] +20 |     assert_eq!(a.write(1), &1);
[INFO] [stdout] +   |                ^ not found in this scope
[INFO] [stdout] +
[INFO] [stdout] +error[E0425]: cannot find value `b` in this scope
[INFO] [stdout] +  --> $DIR/packed.rs:21:16
[INFO] [stdout]     |
[INFO] [stdout] -   = warning: this was previously accepted by the compiler but is being phased out; it will become a hard error in a future release!
[INFO] [stdout] -   = note: for more information, see issue #82523 <https://github.com/rust-lang/rust/issues/82523>
[INFO] [stdout] -   = note: fields of packed structs are not properly aligned, and creating a misaligned reference is undefined behavior (even if that reference is never dereferenced)
[INFO] [stdout] -   = help: copy the field contents to a local variable, or replace the reference with a raw pointer and use `read_unaligned`/`write_unaligned` (loads and stores via `*p` must be properly aligned even when using raw pointers)
[INFO] [stdout] -   = note: this error originates in the macro `assert_eq` (in Nightly builds, run with -Z macro-backtrace for more info)
[INFO] [stdout] +21 |     assert_eq!(b.write(2), &2);
[INFO] [stdout] +   |                ^ not found in this scope
[INFO] [stdout]  
[INFO] [stdout] -error: aborting due to 2 previous errors
[INFO] [stdout] +error[E0425]: cannot find value `inner` in this scope
[INFO] [stdout] +  --> $DIR/packed.rs:22:16
[INFO] [stdout] +   |
[INFO] [stdout] +22 |     assert_eq!(inner.write(3), &3);
[INFO] [stdout] +   |                ^^^^^ not found in this scope
[INFO] [stdout]  
[INFO] [stdout] +error: aborting due to 5 previous errors
[INFO] [stdout] +
[INFO] [stdout] +Some errors have detailed explanations: E0425, E0463.
[INFO] [stdout] +For more information about an error, try `rustc --explain E0425`.
[INFO] [stdout]  
[INFO] [stdout] 
[INFO] [stdout] The actual stderr differed from the expected stderr.
[INFO] [stdout] Actual stderr saved to /tmp/packed.stage-id.stderr
[INFO] [stdout] To update references, rerun the tests and pass the `--bless` flag
[INFO] [stdout] To only update this specific test, also pass `--test-args packed.rs`
[INFO] [stdout] 
[INFO] [stdout] error: 1 errors occurred comparing output.
[INFO] [stdout] status: exit status: 1
[INFO] [stdout] command: "rustc" "tests/ui/packed.rs" "-L" "/tmp" "--target=x86_64-unknown-linux-gnu" "--error-format" "json" "-C" "prefer-dynamic" "-o" "/tmp/packed.stage-id" "-A" "unused" "-L" "../target/debug" "-L" "/tmp/packed.stage-id.aux"
[INFO] [stdout] stdout:
[INFO] [stdout] ------------------------------------------
[INFO] [stdout] 
[INFO] [stdout] ------------------------------------------
[INFO] [stdout] stderr:
[INFO] [stdout] ------------------------------------------
[INFO] [stdout] {"message":"can't find crate for `munge_macro` which `munge` depends on","code":{"code":"E0463","explanation":"A plugin/crate was declared but cannot be found.\n\nErroneous code example:\n\n```compile_fail,E0463\n#![feature(plugin)]\n#![plugin(cookie_monster)] // error: can't find crate for `cookie_monster`\nextern crate cake_is_a_lie; // error: can't find crate for `cake_is_a_lie`\n```\n\nYou need to link your code to the relevant crate in order to be able to use it\n(through Cargo or the `-L` option of rustc example). Plugins are crates as\nwell, and you link to them the same way.\n\n## Common causes\n\n- The crate is not present at all. If using Cargo, add it to `[dependencies]`\n  in Cargo.toml.\n- The crate is present, but under a different name. If using Cargo, look for\n  `package = ` under `[dependencies]` in Cargo.toml.\n\n## Common causes for missing `std` or `core`\n\n- You are cross-compiling for a target which doesn't have `std` prepackaged.\n  Consider one of the following:\n  + Adding a pre-compiled version of std with `rustup target add`\n  + Building std from source with `cargo build -Z build-std`\n  + Using `#![no_std]` at the crate root, so you won't need `std` in the first\n    place.\n- You are developing the compiler itself and haven't built libstd from source.\n  You can usually build it with `x.py build library/std`. More information\n  about x.py is available in the [rustc-dev-guide].\n\n[rustc-dev-guide]: https://rustc-dev-guide.rust-lang.org/building/how-to-build-and-run.html#building-the-compiler\n"},"level":"error","spans":[{"file_name":"tests/ui/packed.rs","byte_start":20,"byte_end":39,"line_start":2,"line_end":2,"column_start":1,"column_end":20,"is_primary":true,"text":[{"text":"extern crate munge;","highlight_start":1,"highlight_end":20}],"label":"can't find crate","suggested_replacement":null,"suggestion_applicability":null,"expansion":null}],"children":[],"rendered":"error[E0463]: can't find crate for `munge_macro` which `munge` depends on\n --> tests/ui/packed.rs:2:1\n  |\n2 | extern crate munge;\n  | ^^^^^^^^^^^^^^^^^^^ can't find crate\n\n"}
[INFO] [stdout] {"message":"cannot determine resolution for the macro `munge`","code":null,"level":"error","spans":[{"file_name":"tests/ui/packed.rs","byte_start":289,"byte_end":294,"line_start":18,"line_end":18,"column_start":5,"column_end":10,"is_primary":true,"text":[{"text":"    munge!(let Misalign { byte: a, inner: Misalign { byte: b, inner } } = &mut mu);","highlight_start":5,"highlight_end":10}],"label":null,"suggested_replacement":null,"suggestion_applicability":null,"expansion":null}],"children":[{"message":"import resolution is stuck, try simplifying macro imports","code":null,"level":"note","spans":[],"children":[],"rendered":null}],"rendered":"error: cannot determine resolution for the macro `munge`\n  --> tests/ui/packed.rs:18:5\n   |\n18 |     munge!(let Misalign { byte: a, inner: Misalign { byte: b, inner } } = &mut mu);\n   |     ^^^^^\n   |\n   = note: import resolution is stuck, try simplifying macro imports\n\n"}
[INFO] [stdout] {"message":"cannot find value `a` in this scope","code":{"code":"E0425","explanation":"An unresolved name was used.\n\nErroneous code examples:\n\n```compile_fail,E0425\nsomething_that_doesnt_exist::foo;\n// error: unresolved name `something_that_doesnt_exist::foo`\n\n// or:\n\ntrait Foo {\n    fn bar() {\n        Self; // error: unresolved name `Self`\n    }\n}\n\n// or:\n\nlet x = unknown_variable;  // error: unresolved name `unknown_variable`\n```\n\nPlease verify that the name wasn't misspelled and ensure that the\nidentifier being referred to is valid for the given situation. Example:\n\n```\nenum something_that_does_exist {\n    Foo,\n}\n```\n\nOr:\n\n```\nmod something_that_does_exist {\n    pub static foo : i32 = 0i32;\n}\n\nsomething_that_does_exist::foo; // ok!\n```\n\nOr:\n\n```\nlet unknown_variable = 12u32;\nlet x = unknown_variable; // ok!\n```\n\nIf the item is not defined in the current module, it must be imported using a\n`use` statement, like so:\n\n```\n# mod foo { pub fn bar() {} }\n# fn main() {\nuse foo::bar;\nbar();\n# }\n```\n\nIf the item you are importing is not defined in some super-module of the\ncurrent module, then it must also be declared as public (e.g., `pub fn`).\n"},"level":"error","spans":[{"file_name":"tests/ui/packed.rs","byte_start":442,"byte_end":443,"line_start":20,"line_end":20,"column_start":16,"column_end":17,"is_primary":true,"text":[{"text":"    assert_eq!(a.write(1), &1);","highlight_start":16,"highlight_end":17}],"label":"not found in this scope","suggested_replacement":null,"suggestion_applicability":null,"expansion":null}],"children":[],"rendered":"error[E0425]: cannot find value `a` in this scope\n  --> tests/ui/packed.rs:20:16\n   |\n20 |     assert_eq!(a.write(1), &1);\n   |                ^ not found in this scope\n\n"}
[INFO] [stdout] {"message":"cannot find value `b` in this scope","code":{"code":"E0425","explanation":"An unresolved name was used.\n\nErroneous code examples:\n\n```compile_fail,E0425\nsomething_that_doesnt_exist::foo;\n// error: unresolved name `something_that_doesnt_exist::foo`\n\n// or:\n\ntrait Foo {\n    fn bar() {\n        Self; // error: unresolved name `Self`\n    }\n}\n\n// or:\n\nlet x = unknown_variable;  // error: unresolved name `unknown_variable`\n```\n\nPlease verify that the name wasn't misspelled and ensure that the\nidentifier being referred to is valid for the given situation. Example:\n\n```\nenum something_that_does_exist {\n    Foo,\n}\n```\n\nOr:\n\n```\nmod something_that_does_exist {\n    pub static foo : i32 = 0i32;\n}\n\nsomething_that_does_exist::foo; // ok!\n```\n\nOr:\n\n```\nlet unknown_variable = 12u32;\nlet x = unknown_variable; // ok!\n```\n\nIf the item is not defined in the current module, it must be imported using a\n`use` statement, like so:\n\n```\n# mod foo { pub fn bar() {} }\n# fn main() {\nuse foo::bar;\nbar();\n# }\n```\n\nIf the item you are importing is not defined in some super-module of the\ncurrent module, then it must also be declared as public (e.g., `pub fn`).\n"},"level":"error","spans":[{"file_name":"tests/ui/packed.rs","byte_start":475,"byte_end":476,"line_start":21,"line_end":21,"column_start":16,"column_end":17,"is_primary":true,"text":[{"text":"    assert_eq!(b.write(2), &2);","highlight_start":16,"highlight_end":17}],"label":"not found in this scope","suggested_replacement":null,"suggestion_applicability":null,"expansion":null}],"children":[],"rendered":"error[E0425]: cannot find value `b` in this scope\n  --> tests/ui/packed.rs:21:16\n   |\n21 |     assert_eq!(b.write(2), &2);\n   |                ^ not found in this scope\n\n"}
[INFO] [stdout] {"message":"cannot find value `inner` in this scope","code":{"code":"E0425","explanation":"An unresolved name was used.\n\nErroneous code examples:\n\n```compile_fail,E0425\nsomething_that_doesnt_exist::foo;\n// error: unresolved name `something_that_doesnt_exist::foo`\n\n// or:\n\ntrait Foo {\n    fn bar() {\n        Self; // error: unresolved name `Self`\n    }\n}\n\n// or:\n\nlet x = unknown_variable;  // error: unresolved name `unknown_variable`\n```\n\nPlease verify that the name wasn't misspelled and ensure that the\nidentifier being referred to is valid for the given situation. Example:\n\n```\nenum something_that_does_exist {\n    Foo,\n}\n```\n\nOr:\n\n```\nmod something_that_does_exist {\n    pub static foo : i32 = 0i32;\n}\n\nsomething_that_does_exist::foo; // ok!\n```\n\nOr:\n\n```\nlet unknown_variable = 12u32;\nlet x = unknown_variable; // ok!\n```\n\nIf the item is not defined in the current module, it must be imported using a\n`use` statement, like so:\n\n```\n# mod foo { pub fn bar() {} }\n# fn main() {\nuse foo::bar;\nbar();\n# }\n```\n\nIf the item you are importing is not defined in some super-module of the\ncurrent module, then it must also be declared as public (e.g., `pub fn`).\n"},"level":"error","spans":[{"file_name":"tests/ui/packed.rs","byte_start":508,"byte_end":513,"line_start":22,"line_end":22,"column_start":16,"column_end":21,"is_primary":true,"text":[{"text":"    assert_eq!(inner.write(3), &3);","highlight_start":16,"highlight_end":21}],"label":"not found in this scope","suggested_replacement":null,"suggestion_applicability":null,"expansion":null}],"children":[],"rendered":"error[E0425]: cannot find value `inner` in this scope\n  --> tests/ui/packed.rs:22:16\n   |\n22 |     assert_eq!(inner.write(3), &3);\n   |                ^^^^^ not found in this scope\n\n"}
[INFO] [stdout] {"message":"aborting due to 5 previous errors","code":null,"level":"error","spans":[],"children":[],"rendered":"error: aborting due to 5 previous errors\n\n"}
[INFO] [stdout] {"message":"Some errors have detailed explanations: E0425, E0463.","code":null,"level":"failure-note","spans":[],"children":[],"rendered":"Some errors have detailed explanations: E0425, E0463.\n"}
[INFO] [stdout] {"message":"For more information about an error, try `rustc --explain E0425`.","code":null,"level":"failure-note","spans":[],"children":[],"rendered":"For more information about an error, try `rustc --explain E0425`.\n"}
[INFO] [stdout] 
[INFO] [stdout] ------------------------------------------
[INFO] [stdout] 
[INFO] [stdout] diff of stderr:
[INFO] [stdout] 
[INFO] [stdout] -error[E0505]: cannot move out of `mu` because it is borrowed
[INFO] [stdout] -  --> $DIR/prevent_misuse.rs:22:26
[INFO] [stdout] +error[E0463]: can't find crate for `munge_macro` which `munge` depends on
[INFO] [stdout] + --> $DIR/prevent_misuse.rs:2:1
[INFO] [stdout] +  |
[INFO] [stdout] +2 | extern crate munge;
[INFO] [stdout] +  | ^^^^^^^^^^^^^^^^^^^ can't find crate
[INFO] [stdout] +
[INFO] [stdout] +error: cannot determine resolution for the macro `munge`
[INFO] [stdout] +  --> $DIR/prevent_misuse.rs:17:5
[INFO] [stdout]     |
[INFO] [stdout]  17 |     munge!(let Example { a, b } = &mut mu);
[INFO] [stdout] -   |                                   ------- borrow of `mu` occurs here
[INFO] [stdout] -...
[INFO] [stdout] -22 |     let value = unsafe { mu.assume_init() };
[INFO] [stdout] -   |                          ^^ move out of `mu` occurs here
[INFO] [stdout] -...
[INFO] [stdout] +   |     ^^^^^
[INFO] [stdout] +   |
[INFO] [stdout] +   = note: import resolution is stuck, try simplifying macro imports
[INFO] [stdout] +
[INFO] [stdout] +error[E0425]: cannot find value `a` in this scope
[INFO] [stdout] +  --> $DIR/prevent_misuse.rs:18:16
[INFO] [stdout] +   |
[INFO] [stdout] +18 |     assert_eq!(a.write(1), &1);
[INFO] [stdout] +   |                ^ not found in this scope
[INFO] [stdout] +
[INFO] [stdout] +error[E0425]: cannot find value `b` in this scope
[INFO] [stdout] +  --> $DIR/prevent_misuse.rs:19:16
[INFO] [stdout] +   |
[INFO] [stdout] +19 |     assert_eq!(b.write(2), &2);
[INFO] [stdout] +   |                ^ not found in this scope
[INFO] [stdout] +
[INFO] [stdout] +error[E0425]: cannot find value `a` in this scope
[INFO] [stdout] +  --> $DIR/prevent_misuse.rs:28:5
[INFO] [stdout] +   |
[INFO] [stdout]  28 |     a.write(3);
[INFO] [stdout] -   |     ---------- borrow later used here
[INFO] [stdout] +   |     ^ not found in this scope
[INFO] [stdout]  
[INFO] [stdout] -error: aborting due to previous error
[INFO] [stdout] +error: aborting due to 5 previous errors
[INFO] [stdout]  
[INFO] [stdout] -For more information about this error, try `rustc --explain E0505`.
[INFO] [stdout] +Some errors have detailed explanations: E0425, E0463.
[INFO] [stdout] +For more information about an error, try `rustc --explain E0425`.
[INFO] [stdout]  
[INFO] [stdout] 
[INFO] [stdout] The actual stderr differed from the expected stderr.
[INFO] [stdout] Actual stderr saved to /tmp/prevent_misuse.stage-id.stderr
[INFO] [stdout] To update references, rerun the tests and pass the `--bless` flag
[INFO] [stdout] To only update this specific test, also pass `--test-args prevent_misuse.rs`
[INFO] [stdout] 
[INFO] [stdout] error: 1 errors occurred comparing output.
[INFO] [stdout] status: exit status: 1
[INFO] [stdout] command: "rustc" "tests/ui/prevent_misuse.rs" "-L" "/tmp" "--target=x86_64-unknown-linux-gnu" "--error-format" "json" "-C" "prefer-dynamic" "-o" "/tmp/prevent_misuse.stage-id" "-A" "unused" "-L" "../target/debug" "-L" "/tmp/prevent_misuse.stage-id.aux"
[INFO] [stdout] stdout:
[INFO] [stdout] ------------------------------------------
[INFO] [stdout] 
[INFO] [stdout] ------------------------------------------
[INFO] [stdout] stderr:
[INFO] [stdout] ------------------------------------------
[INFO] [stdout] {"message":"can't find crate for `munge_macro` which `munge` depends on","code":{"code":"E0463","explanation":"A plugin/crate was declared but cannot be found.\n\nErroneous code example:\n\n```compile_fail,E0463\n#![feature(plugin)]\n#![plugin(cookie_monster)] // error: can't find crate for `cookie_monster`\nextern crate cake_is_a_lie; // error: can't find crate for `cake_is_a_lie`\n```\n\nYou need to link your code to the relevant crate in order to be able to use it\n(through Cargo or the `-L` option of rustc example). Plugins are crates as\nwell, and you link to them the same way.\n\n## Common causes\n\n- The crate is not present at all. If using Cargo, add it to `[dependencies]`\n  in Cargo.toml.\n- The crate is present, but under a different name. If using Cargo, look for\n  `package = ` under `[dependencies]` in Cargo.toml.\n\n## Common causes for missing `std` or `core`\n\n- You are cross-compiling for a target which doesn't have `std` prepackaged.\n  Consider one of the following:\n  + Adding a pre-compiled version of std with `rustup target add`\n  + Building std from source with `cargo build -Z build-std`\n  + Using `#![no_std]` at the crate root, so you won't need `std` in the first\n    place.\n- You are developing the compiler itself and haven't built libstd from source.\n  You can usually build it with `x.py build library/std`. More information\n  about x.py is available in the [rustc-dev-guide].\n\n[rustc-dev-guide]: https://rustc-dev-guide.rust-lang.org/building/how-to-build-and-run.html#building-the-compiler\n"},"level":"error","spans":[{"file_name":"tests/ui/prevent_misuse.rs","byte_start":20,"byte_end":39,"line_start":2,"line_end":2,"column_start":1,"column_end":20,"is_primary":true,"text":[{"text":"extern crate munge;","highlight_start":1,"highlight_end":20}],"label":"can't find crate","suggested_replacement":null,"suggestion_applicability":null,"expansion":null}],"children":[],"rendered":"error[E0463]: can't find crate for `munge_macro` which `munge` depends on\n --> tests/ui/prevent_misuse.rs:2:1\n  |\n2 | extern crate munge;\n  | ^^^^^^^^^^^^^^^^^^^ can't find crate\n\n"}
[INFO] [stdout] {"message":"cannot determine resolution for the macro `munge`","code":null,"level":"error","spans":[{"file_name":"tests/ui/prevent_misuse.rs","byte_start":244,"byte_end":249,"line_start":17,"line_end":17,"column_start":5,"column_end":10,"is_primary":true,"text":[{"text":"    munge!(let Example { a, b } = &mut mu);","highlight_start":5,"highlight_end":10}],"label":null,"suggested_replacement":null,"suggestion_applicability":null,"expansion":null}],"children":[{"message":"import resolution is stuck, try simplifying macro imports","code":null,"level":"note","spans":[],"children":[],"rendered":null}],"rendered":"error: cannot determine resolution for the macro `munge`\n  --> tests/ui/prevent_misuse.rs:17:5\n   |\n17 |     munge!(let Example { a, b } = &mut mu);\n   |     ^^^^^\n   |\n   = note: import resolution is stuck, try simplifying macro imports\n\n"}
[INFO] [stdout] {"message":"cannot find value `a` in this scope","code":{"code":"E0425","explanation":"An unresolved name was used.\n\nErroneous code examples:\n\n```compile_fail,E0425\nsomething_that_doesnt_exist::foo;\n// error: unresolved name `something_that_doesnt_exist::foo`\n\n// or:\n\ntrait Foo {\n    fn bar() {\n        Self; // error: unresolved name `Self`\n    }\n}\n\n// or:\n\nlet x = unknown_variable;  // error: unresolved name `unknown_variable`\n```\n\nPlease verify that the name wasn't misspelled and ensure that the\nidentifier being referred to is valid for the given situation. Example:\n\n```\nenum something_that_does_exist {\n    Foo,\n}\n```\n\nOr:\n\n```\nmod something_that_does_exist {\n    pub static foo : i32 = 0i32;\n}\n\nsomething_that_does_exist::foo; // ok!\n```\n\nOr:\n\n```\nlet unknown_variable = 12u32;\nlet x = unknown_variable; // ok!\n```\n\nIf the item is not defined in the current module, it must be imported using a\n`use` statement, like so:\n\n```\n# mod foo { pub fn bar() {} }\n# fn main() {\nuse foo::bar;\nbar();\n# }\n```\n\nIf the item you are importing is not defined in some super-module of the\ncurrent module, then it must also be declared as public (e.g., `pub fn`).\n"},"level":"error","spans":[{"file_name":"tests/ui/prevent_misuse.rs","byte_start":300,"byte_end":301,"line_start":18,"line_end":18,"column_start":16,"column_end":17,"is_primary":true,"text":[{"text":"    assert_eq!(a.write(1), &1);","highlight_start":16,"highlight_end":17}],"label":"not found in this scope","suggested_replacement":null,"suggestion_applicability":null,"expansion":null}],"children":[],"rendered":"error[E0425]: cannot find value `a` in this scope\n  --> tests/ui/prevent_misuse.rs:18:16\n   |\n18 |     assert_eq!(a.write(1), &1);\n   |                ^ not found in this scope\n\n"}
[INFO] [stdout] {"message":"cannot find value `b` in this scope","code":{"code":"E0425","explanation":"An unresolved name was used.\n\nErroneous code examples:\n\n```compile_fail,E0425\nsomething_that_doesnt_exist::foo;\n// error: unresolved name `something_that_doesnt_exist::foo`\n\n// or:\n\ntrait Foo {\n    fn bar() {\n        Self; // error: unresolved name `Self`\n    }\n}\n\n// or:\n\nlet x = unknown_variable;  // error: unresolved name `unknown_variable`\n```\n\nPlease verify that the name wasn't misspelled and ensure that the\nidentifier being referred to is valid for the given situation. Example:\n\n```\nenum something_that_does_exist {\n    Foo,\n}\n```\n\nOr:\n\n```\nmod something_that_does_exist {\n    pub static foo : i32 = 0i32;\n}\n\nsomething_that_does_exist::foo; // ok!\n```\n\nOr:\n\n```\nlet unknown_variable = 12u32;\nlet x = unknown_variable; // ok!\n```\n\nIf the item is not defined in the current module, it must be imported using a\n`use` statement, like so:\n\n```\n# mod foo { pub fn bar() {} }\n# fn main() {\nuse foo::bar;\nbar();\n# }\n```\n\nIf the item you are importing is not defined in some super-module of the\ncurrent module, then it must also be declared as public (e.g., `pub fn`).\n"},"level":"error","spans":[{"file_name":"tests/ui/prevent_misuse.rs","byte_start":333,"byte_end":334,"line_start":19,"line_end":19,"column_start":16,"column_end":17,"is_primary":true,"text":[{"text":"    assert_eq!(b.write(2), &2);","highlight_start":16,"highlight_end":17}],"label":"not found in this scope","suggested_replacement":null,"suggestion_applicability":null,"expansion":null}],"children":[],"rendered":"error[E0425]: cannot find value `b` in this scope\n  --> tests/ui/prevent_misuse.rs:19:16\n   |\n19 |     assert_eq!(b.write(2), &2);\n   |                ^ not found in this scope\n\n"}
[INFO] [stdout] {"message":"cannot find value `a` in this scope","code":{"code":"E0425","explanation":"An unresolved name was used.\n\nErroneous code examples:\n\n```compile_fail,E0425\nsomething_that_doesnt_exist::foo;\n// error: unresolved name `something_that_doesnt_exist::foo`\n\n// or:\n\ntrait Foo {\n    fn bar() {\n        Self; // error: unresolved name `Self`\n    }\n}\n\n// or:\n\nlet x = unknown_variable;  // error: unresolved name `unknown_variable`\n```\n\nPlease verify that the name wasn't misspelled and ensure that the\nidentifier being referred to is valid for the given situation. Example:\n\n```\nenum something_that_does_exist {\n    Foo,\n}\n```\n\nOr:\n\n```\nmod something_that_does_exist {\n    pub static foo : i32 = 0i32;\n}\n\nsomething_that_does_exist::foo; // ok!\n```\n\nOr:\n\n```\nlet unknown_variable = 12u32;\nlet x = unknown_variable; // ok!\n```\n\nIf the item is not defined in the current module, it must be imported using a\n`use` statement, like so:\n\n```\n# mod foo { pub fn bar() {} }\n# fn main() {\nuse foo::bar;\nbar();\n# }\n```\n\nIf the item you are importing is not defined in some super-module of the\ncurrent module, then it must also be declared as public (e.g., `pub fn`).\n"},"level":"error","spans":[{"file_name":"tests/ui/prevent_misuse.rs","byte_start":618,"byte_end":619,"line_start":28,"line_end":28,"column_start":5,"column_end":6,"is_primary":true,"text":[{"text":"    a.write(3);","highlight_start":5,"highlight_end":6}],"label":"not found in this scope","suggested_replacement":null,"suggestion_applicability":null,"expansion":null}],"children":[],"rendered":"error[E0425]: cannot find value `a` in this scope\n  --> tests/ui/prevent_misuse.rs:28:5\n   |\n28 |     a.write(3);\n   |     ^ not found in this scope\n\n"}
[INFO] [stdout] {"message":"aborting due to 5 previous errors","code":null,"level":"error","spans":[],"children":[],"rendered":"error: aborting due to 5 previous errors\n\n"}
[INFO] [stdout] {"message":"Some errors have detailed explanations: E0425, E0463.","code":null,"level":"failure-note","spans":[],"children":[],"rendered":"Some errors have detailed explanations: E0425, E0463.\n"}
[INFO] [stdout] {"message":"For more information about an error, try `rustc --explain E0425`.","code":null,"level":"failure-note","spans":[],"children":[],"rendered":"For more information about an error, try `rustc --explain E0425`.\n"}
[INFO] [stdout] 
[INFO] [stdout] ------------------------------------------
[INFO] [stdout] 
[INFO] [stdout] thread 'compiletest' panicked at 'Some tests failed', /opt/rustwide/cargo-home/registry/src/github.com-1ecc6299db9ec823/compiletest_rs-0.7.1/src/lib.rs:105:22
[INFO] [stdout] stack backtrace:
[INFO] [stdout]    0:     0x56074928cd9a - std::backtrace_rs::backtrace::libunwind::trace::ha9053a9a07ca49cb
[INFO] [stdout]                                at /rustc/84c898d65adf2f39a5a98507f1fe0ce10a2b8dbc/library/std/src/../../backtrace/src/backtrace/libunwind.rs:93:5
[INFO] [stdout]    1:     0x56074928cd9a - std::backtrace_rs::backtrace::trace_unsynchronized::h9c2852a457ad564e
[INFO] [stdout]                                at /rustc/84c898d65adf2f39a5a98507f1fe0ce10a2b8dbc/library/std/src/../../backtrace/src/backtrace/mod.rs:66:5
[INFO] [stdout]    2:     0x56074928cd9a - std::sys_common::backtrace::_print_fmt::h457936fbfaa0070f
[INFO] [stdout]                                at /rustc/84c898d65adf2f39a5a98507f1fe0ce10a2b8dbc/library/std/src/sys_common/backtrace.rs:65:5
[INFO] [stdout]    3:     0x56074928cd9a - <std::sys_common::backtrace::_print::DisplayBacktrace as core::fmt::Display>::fmt::h5779d7bf7f70cb0c
[INFO] [stdout]                                at /rustc/84c898d65adf2f39a5a98507f1fe0ce10a2b8dbc/library/std/src/sys_common/backtrace.rs:44:22
[INFO] [stdout]    4:     0x5607492b364e - core::fmt::write::h5a4baaff1bcd3eb5
[INFO] [stdout]                                at /rustc/84c898d65adf2f39a5a98507f1fe0ce10a2b8dbc/library/core/src/fmt/mod.rs:1232:17
[INFO] [stdout]    5:     0x560749289555 - std::io::Write::write_fmt::h478f79c628ef31d1
[INFO] [stdout]                                at /rustc/84c898d65adf2f39a5a98507f1fe0ce10a2b8dbc/library/std/src/io/mod.rs:1684:15
[INFO] [stdout]    6:     0x56074928cb65 - std::sys_common::backtrace::_print::h5fcdc36060f177e8
[INFO] [stdout]                                at /rustc/84c898d65adf2f39a5a98507f1fe0ce10a2b8dbc/library/std/src/sys_common/backtrace.rs:47:5
[INFO] [stdout]    7:     0x56074928cb65 - std::sys_common::backtrace::print::h54ca9458b876c8bf
[INFO] [stdout]                                at /rustc/84c898d65adf2f39a5a98507f1fe0ce10a2b8dbc/library/std/src/sys_common/backtrace.rs:34:9
[INFO] [stdout]    8:     0x56074928efdf - std::panicking::default_hook::{{closure}}::hbe471161c7664ed6
[INFO] [stdout]                                at /rustc/84c898d65adf2f39a5a98507f1fe0ce10a2b8dbc/library/std/src/panicking.rs:271:22
[INFO] [stdout]    9:     0x56074928ec9f - std::panicking::default_hook::ha3500da57aa4ac4f
[INFO] [stdout]                                at /rustc/84c898d65adf2f39a5a98507f1fe0ce10a2b8dbc/library/std/src/panicking.rs:287:9
[INFO] [stdout]   10:     0x560748eb3117 - <alloc::boxed::Box<F,A> as core::ops::function::Fn<Args>>::call::hdf1b89dd137ece34
[INFO] [stdout]                                at /rustc/84c898d65adf2f39a5a98507f1fe0ce10a2b8dbc/library/alloc/src/boxed.rs:2001:9
[INFO] [stdout]   11:     0x560748eb3117 - test::test_main::{{closure}}::h9081a79f20e75698
[INFO] [stdout]                                at /rustc/84c898d65adf2f39a5a98507f1fe0ce10a2b8dbc/library/test/src/lib.rs:135:21
[INFO] [stdout]   12:     0x56074928f70d - <alloc::boxed::Box<F,A> as core::ops::function::Fn<Args>>::call::h6507bddc3eebb4a5
[INFO] [stdout]                                at /rustc/84c898d65adf2f39a5a98507f1fe0ce10a2b8dbc/library/alloc/src/boxed.rs:2001:9
[INFO] [stdout]   13:     0x56074928f70d - std::panicking::rust_panic_with_hook::h50c09d000dc561d2
[INFO] [stdout]                                at /rustc/84c898d65adf2f39a5a98507f1fe0ce10a2b8dbc/library/std/src/panicking.rs:696:13
[INFO] [stdout]   14:     0x5607490f95fa - std::panicking::begin_panic::{{closure}}::hab56abb622a7e5cf
[INFO] [stdout]                                at /rustc/84c898d65adf2f39a5a98507f1fe0ce10a2b8dbc/library/std/src/panicking.rs:612:9
[INFO] [stdout]   15:     0x5607490faaba - std::sys_common::backtrace::__rust_end_short_backtrace::h65033e0a3f597325
[INFO] [stdout]                                at /rustc/84c898d65adf2f39a5a98507f1fe0ce10a2b8dbc/library/std/src/sys_common/backtrace.rs:150:18
[INFO] [stdout]   16:     0x5607490f9540 - std::panicking::begin_panic::h98ec4a8f026d3d81
[INFO] [stdout]                                at /rustc/84c898d65adf2f39a5a98507f1fe0ce10a2b8dbc/library/std/src/panicking.rs:611:12
[INFO] [stdout]   17:     0x560748ec962a - compiletest_rs::run_tests::h9e1346b359678e95
[INFO] [stdout]                                at /opt/rustwide/cargo-home/registry/src/github.com-1ecc6299db9ec823/compiletest_rs-0.7.1/src/lib.rs:105:22
[INFO] [stdout]   18:     0x560748e83d77 - tests::run_mode::h64ed5b0b809994e2
[INFO] [stdout]                                at /opt/rustwide/workdir/tests/tests.rs:17:5
[INFO] [stdout]   19:     0x560748e83dd2 - tests::compiletest::hc38c800bcaa6a055
[INFO] [stdout]                                at /opt/rustwide/workdir/tests/tests.rs:22:5
[INFO] [stdout]   20:     0x560748e83da7 - tests::compiletest::{{closure}}::hb283621456f9618c
[INFO] [stdout]                                at /opt/rustwide/workdir/tests/tests.rs:21:18
[INFO] [stdout]   21:     0x560748e833b5 - core::ops::function::FnOnce::call_once::hd6b8392fc11c0e04
[INFO] [stdout]                                at /rustc/84c898d65adf2f39a5a98507f1fe0ce10a2b8dbc/library/core/src/ops/function.rs:250:5
[INFO] [stdout]   22:     0x560748eb84ff - core::ops::function::FnOnce::call_once::h7d969581be7d0075
[INFO] [stdout]                                at /rustc/84c898d65adf2f39a5a98507f1fe0ce10a2b8dbc/library/core/src/ops/function.rs:250:5
[INFO] [stdout]   23:     0x560748eb84ff - test::__rust_begin_short_backtrace::hca25a52684e56655
[INFO] [stdout]                                at /rustc/84c898d65adf2f39a5a98507f1fe0ce10a2b8dbc/library/test/src/lib.rs:656:18
[INFO] [stdout]   24:     0x560748e89b1c - test::run_test::{{closure}}::ha8ac744c4af1a4bb
[INFO] [stdout]                                at /rustc/84c898d65adf2f39a5a98507f1fe0ce10a2b8dbc/library/test/src/lib.rs:647:30
[INFO] [stdout]   25:     0x560748e89b1c - core::ops::function::FnOnce::call_once{{vtable.shim}}::h7b411a9ed45bdecf
[INFO] [stdout]                                at /rustc/84c898d65adf2f39a5a98507f1fe0ce10a2b8dbc/library/core/src/ops/function.rs:250:5
[INFO] [stdout]   26:     0x560748eb74c6 - <alloc::boxed::Box<F,A> as core::ops::function::FnOnce<Args>>::call_once::hd05328869a8ed200
[INFO] [stdout]                                at /rustc/84c898d65adf2f39a5a98507f1fe0ce10a2b8dbc/library/alloc/src/boxed.rs:1987:9
[INFO] [stdout]   27:     0x560748eb74c6 - <core::panic::unwind_safe::AssertUnwindSafe<F> as core::ops::function::FnOnce<()>>::call_once::h0c601ce20bd5b2be
[INFO] [stdout]                                at /rustc/84c898d65adf2f39a5a98507f1fe0ce10a2b8dbc/library/core/src/panic/unwind_safe.rs:271:9
[INFO] [stdout]   28:     0x560748eb74c6 - std::panicking::try::do_call::ha4be5c164fe30854
[INFO] [stdout]                                at /rustc/84c898d65adf2f39a5a98507f1fe0ce10a2b8dbc/library/std/src/panicking.rs:487:40
[INFO] [stdout]   29:     0x560748eb74c6 - std::panicking::try::h604546f3609af05f
[INFO] [stdout]                                at /rustc/84c898d65adf2f39a5a98507f1fe0ce10a2b8dbc/library/std/src/panicking.rs:451:19
[INFO] [stdout]   30:     0x560748eb74c6 - std::panic::catch_unwind::h5bfa8afe44c9c2f9
[INFO] [stdout]                                at /rustc/84c898d65adf2f39a5a98507f1fe0ce10a2b8dbc/library/std/src/panic.rs:140:14
[INFO] [stdout]   31:     0x560748eb74c6 - test::run_test_in_process::hd50dee55dd63e6aa
[INFO] [stdout]                                at /rustc/84c898d65adf2f39a5a98507f1fe0ce10a2b8dbc/library/test/src/lib.rs:679:27
[INFO] [stdout]   32:     0x560748eb74c6 - test::run_test::run_test_inner::{{closure}}::h4aa0f433aa85cea8
[INFO] [stdout]                                at /rustc/84c898d65adf2f39a5a98507f1fe0ce10a2b8dbc/library/test/src/lib.rs:573:39
[INFO] [stdout]   33:     0x560748e84191 - test::run_test::run_test_inner::{{closure}}::had56431adf24b4d6
[INFO] [stdout]                                at /rustc/84c898d65adf2f39a5a98507f1fe0ce10a2b8dbc/library/test/src/lib.rs:600:37
[INFO] [stdout]   34:     0x560748e84191 - std::sys_common::backtrace::__rust_begin_short_backtrace::ha8d9890e0c73bf13
[INFO] [stdout]                                at /rustc/84c898d65adf2f39a5a98507f1fe0ce10a2b8dbc/library/std/src/sys_common/backtrace.rs:134:18
[INFO] [stdout]   35:     0x560748e89bab - std::thread::Builder::spawn_unchecked_::{{closure}}::{{closure}}::h251832bcb4a95327
[INFO] [stdout]                                at /rustc/84c898d65adf2f39a5a98507f1fe0ce10a2b8dbc/library/std/src/thread/mod.rs:560:17
[INFO] [stdout]   36:     0x560748e89bab - <core::panic::unwind_safe::AssertUnwindSafe<F> as core::ops::function::FnOnce<()>>::call_once::h8fdff598fa414831
[INFO] [stdout]                                at /rustc/84c898d65adf2f39a5a98507f1fe0ce10a2b8dbc/library/core/src/panic/unwind_safe.rs:271:9
[INFO] [stdout]   37:     0x560748e89bab - std::panicking::try::do_call::h455dd2f7764a950f
[INFO] [stdout]                                at /rustc/84c898d65adf2f39a5a98507f1fe0ce10a2b8dbc/library/std/src/panicking.rs:487:40
[INFO] [stdout]   38:     0x560748e89bab - std::panicking::try::had6f23b7b73ae72a
[INFO] [stdout]                                at /rustc/84c898d65adf2f39a5a98507f1fe0ce10a2b8dbc/library/std/src/panicking.rs:451:19
[INFO] [stdout]   39:     0x560748e89bab - std::panic::catch_unwind::ha6a5ca3915b4dad0
[INFO] [stdout]                                at /rustc/84c898d65adf2f39a5a98507f1fe0ce10a2b8dbc/library/std/src/panic.rs:140:14
[INFO] [stdout]   40:     0x560748e89bab - std::thread::Builder::spawn_unchecked_::{{closure}}::h883b72ef75da6231
[INFO] [stdout]                                at /rustc/84c898d65adf2f39a5a98507f1fe0ce10a2b8dbc/library/std/src/thread/mod.rs:559:30
[INFO] [stdout]   41:     0x560748e89bab - core::ops::function::FnOnce::call_once{{vtable.shim}}::hb7dff73dc8bd2ccb
[INFO] [stdout]                                at /rustc/84c898d65adf2f39a5a98507f1fe0ce10a2b8dbc/library/core/src/ops/function.rs:250:5
[INFO] [stdout]   42:     0x5607492952e3 - <alloc::boxed::Box<F,A> as core::ops::function::FnOnce<Args>>::call_once::h39990b24eedef2ab
[INFO] [stdout]                                at /rustc/84c898d65adf2f39a5a98507f1fe0ce10a2b8dbc/library/alloc/src/boxed.rs:1987:9
[INFO] [stdout]   43:     0x5607492952e3 - <alloc::boxed::Box<F,A> as core::ops::function::FnOnce<Args>>::call_once::h01a027258444143b
[INFO] [stdout]                                at /rustc/84c898d65adf2f39a5a98507f1fe0ce10a2b8dbc/library/alloc/src/boxed.rs:1987:9
[INFO] [stdout]   44:     0x5607492952e3 - std::sys::unix::thread::Thread::new::thread_start::ha4f1cdd9c25884ba
[INFO] [stdout]                                at /rustc/84c898d65adf2f39a5a98507f1fe0ce10a2b8dbc/library/std/src/sys/unix/thread.rs:108:17
[INFO] [stdout]   45:     0x7fc78bb33b43 - <unknown>
[INFO] [stdout]   46:     0x7fc78bbc4bb4 - __clone
[INFO] [stdout]   47:                0x0 - <unknown>
[INFO] [stdout] 
[INFO] [stdout] 
[INFO] [stdout] failures:
[INFO] [stdout]     compiletest
[INFO] [stdout] 
[INFO] [stdout] test result: FAILED. 0 passed; 1 failed; 0 ignored; 0 measured; 0 filtered out; finished in 0.21s
[INFO] [stdout] 
[INFO] running `Command { std: "docker" "inspect" "2bc9c802cde02af2185f8d609edefc195ce318b497c8d39c23a6fb28dfa309f8", kill_on_drop: false }`
[INFO] running `Command { std: "docker" "rm" "-f" "2bc9c802cde02af2185f8d609edefc195ce318b497c8d39c23a6fb28dfa309f8", kill_on_drop: false }`
[INFO] [stdout] 2bc9c802cde02af2185f8d609edefc195ce318b497c8d39c23a6fb28dfa309f8
