[INFO] fetching crate mun_hir 0.4.0...
[INFO] testing mun_hir-0.4.0 against 1.69.0 for beta-1.70-1
[INFO] extracting crate mun_hir 0.4.0 into /workspace/builds/worker-7-tc1/source
[INFO] validating manifest of crates.io crate mun_hir 0.4.0 on toolchain 1.69.0
[INFO] running `Command { std: CARGO_HOME="/workspace/cargo-home" RUSTUP_HOME="/workspace/rustup-home" "/workspace/cargo-home/bin/cargo" "+1.69.0" "metadata" "--manifest-path" "Cargo.toml" "--no-deps", kill_on_drop: false }`
[INFO] started tweaking crates.io crate mun_hir 0.4.0
[INFO] finished tweaking crates.io crate mun_hir 0.4.0
[INFO] tweaked toml for crates.io crate mun_hir 0.4.0 written to /workspace/builds/worker-7-tc1/source/Cargo.toml
[INFO] running `Command { std: CARGO_HOME="/workspace/cargo-home" RUSTUP_HOME="/workspace/rustup-home" __CARGO_TEST_CHANNEL_OVERRIDE_DO_NOT_USE_THIS="nightly" "/workspace/cargo-home/bin/cargo" "+1.69.0" "generate-lockfile" "--manifest-path" "Cargo.toml" "-Zno-index-update", kill_on_drop: false }`
[INFO] [stderr]     Blocking waiting for file lock on package cache
[INFO] running `Command { std: CARGO_HOME="/workspace/cargo-home" RUSTUP_HOME="/workspace/rustup-home" "/workspace/cargo-home/bin/cargo" "+1.69.0" "fetch" "--manifest-path" "Cargo.toml", kill_on_drop: false }`
[INFO] [stderr]     Blocking waiting for file lock on package cache
[INFO] [stderr]     Blocking waiting for file lock on package cache
[INFO] [stderr]  Downloading crates ...
[INFO] [stderr]   Downloaded drop_bomb v0.1.5
[INFO] [stderr]   Downloaded extendhash v1.0.10
[INFO] [stderr]   Downloaded ra_ap_text_edit v0.0.142
[INFO] [stderr]   Downloaded relative-path v1.8.0
[INFO] [stderr]   Downloaded mun_paths v0.4.0
[INFO] [stderr]   Downloaded salsa v0.16.1
[INFO] [stderr]   Downloaded text-size v1.1.0
[INFO] [stderr]   Downloaded mun_abi v0.4.0
[INFO] [stderr]   Downloaded countme v3.0.1
[INFO] [stderr]   Downloaded rowan v0.15.11
[INFO] [stderr]   Downloaded salsa-macros v0.16.0
[INFO] [stderr]   Downloaded mun_syntax v0.4.0
[INFO] [stderr]   Downloaded mun_target v0.4.0
[INFO] [stderr]   Downloaded text_trees v0.1.2
[INFO] running `Command { std: "docker" "create" "-v" "/var/lib/crater-agent-workspace/builds/worker-7-tc1/target:/opt/rustwide/target:rw,Z" "-v" "/var/lib/crater-agent-workspace/builds/worker-7-tc1/source:/opt/rustwide/workdir:ro,Z" "-v" "/var/lib/crater-agent-workspace/cargo-home:/opt/rustwide/cargo-home:ro,Z" "-v" "/var/lib/crater-agent-workspace/rustup-home:/opt/rustwide/rustup-home:ro,Z" "-e" "SOURCE_DIR=/opt/rustwide/workdir" "-e" "CARGO_TARGET_DIR=/opt/rustwide/target" "-e" "CARGO_HOME=/opt/rustwide/cargo-home" "-e" "RUSTUP_HOME=/opt/rustwide/rustup-home" "-w" "/opt/rustwide/workdir" "-m" "1610612736" "--user" "0:0" "--network" "none" "ghcr.io/rust-lang/crates-build-env/linux@sha256:5ff2268d62e97bff2cde7d5815dd6ed5b47097566f13b8d0ca110b04b60e07ed" "/opt/rustwide/cargo-home/bin/cargo" "+1.69.0" "metadata" "--no-deps" "--format-version=1", kill_on_drop: false }`
[INFO] [stdout] 1862e4fbedfd48e71c6f6af530b129b9b508482711ec0e1c9425e1e0ac6b2c3e
[INFO] running `Command { std: "docker" "start" "-a" "1862e4fbedfd48e71c6f6af530b129b9b508482711ec0e1c9425e1e0ac6b2c3e", kill_on_drop: false }`
[INFO] running `Command { std: "docker" "inspect" "1862e4fbedfd48e71c6f6af530b129b9b508482711ec0e1c9425e1e0ac6b2c3e", kill_on_drop: false }`
[INFO] running `Command { std: "docker" "rm" "-f" "1862e4fbedfd48e71c6f6af530b129b9b508482711ec0e1c9425e1e0ac6b2c3e", kill_on_drop: false }`
[INFO] [stdout] 1862e4fbedfd48e71c6f6af530b129b9b508482711ec0e1c9425e1e0ac6b2c3e
[INFO] running `Command { std: "docker" "create" "-v" "/var/lib/crater-agent-workspace/builds/worker-7-tc1/target:/opt/rustwide/target:rw,Z" "-v" "/var/lib/crater-agent-workspace/builds/worker-7-tc1/source:/opt/rustwide/workdir:ro,Z" "-v" "/var/lib/crater-agent-workspace/cargo-home:/opt/rustwide/cargo-home:ro,Z" "-v" "/var/lib/crater-agent-workspace/rustup-home:/opt/rustwide/rustup-home:ro,Z" "-e" "SOURCE_DIR=/opt/rustwide/workdir" "-e" "CARGO_TARGET_DIR=/opt/rustwide/target" "-e" "CARGO_INCREMENTAL=0" "-e" "RUST_BACKTRACE=full" "-e" "RUSTFLAGS=--cap-lints=warn" "-e" "RUSTDOCFLAGS=--cap-lints=warn" "-e" "CARGO_HOME=/opt/rustwide/cargo-home" "-e" "RUSTUP_HOME=/opt/rustwide/rustup-home" "-w" "/opt/rustwide/workdir" "-m" "1610612736" "--user" "0:0" "--network" "none" "ghcr.io/rust-lang/crates-build-env/linux@sha256:5ff2268d62e97bff2cde7d5815dd6ed5b47097566f13b8d0ca110b04b60e07ed" "/opt/rustwide/cargo-home/bin/cargo" "+1.69.0" "build" "--frozen" "--message-format=json", kill_on_drop: false }`
[INFO] [stdout] e846588c43a486194095f55e1650d85b42fdb91668bb9c33d877968a38aaa8fc
[INFO] running `Command { std: "docker" "start" "-a" "e846588c43a486194095f55e1650d85b42fdb91668bb9c33d877968a38aaa8fc", kill_on_drop: false }`
[INFO] [stderr]    Compiling smallvec v1.10.0
[INFO] [stderr]    Compiling serde v1.0.160
[INFO] [stderr]    Compiling log v0.4.17
[INFO] [stderr]    Compiling memoffset v0.8.0
[INFO] [stderr]    Compiling syn v1.0.109
[INFO] [stderr]    Compiling either v1.8.1
[INFO] [stderr]    Compiling hashbrown v0.12.3
[INFO] [stderr]    Compiling parking_lot_core v0.8.6
[INFO] [stderr]    Compiling itertools v0.10.5
[INFO] [stderr]    Compiling parking_lot_core v0.9.7
[INFO] [stderr]    Compiling instant v0.1.12
[INFO] [stderr]    Compiling indexmap v1.9.3
[INFO] [stderr]    Compiling rustc-hash v1.1.0
[INFO] [stderr]    Compiling crossbeam-utils v0.8.15
[INFO] [stderr]    Compiling unicode-segmentation v1.10.1
[INFO] [stderr]    Compiling parking_lot v0.12.1
[INFO] [stderr]    Compiling extendhash v1.0.10
[INFO] [stderr]    Compiling mun_target v0.4.0
[INFO] [stderr]    Compiling heck v0.3.3
[INFO] [stderr]    Compiling countme v3.0.1
[INFO] [stderr]    Compiling parking_lot v0.11.2
[INFO] [stderr]    Compiling oorandom v11.1.3
[INFO] [stderr]    Compiling relative-path v1.8.0
[INFO] [stderr]    Compiling unicode-xid v0.2.4
[INFO] [stderr]    Compiling drop_bomb v0.1.5
[INFO] [stderr]    Compiling mun_paths v0.4.0
[INFO] [stderr]    Compiling ena v0.14.2
[INFO] [stderr]    Compiling mun_abi v0.4.0
[INFO] [stderr]    Compiling text-size v1.1.0
[INFO] [stderr]    Compiling smol_str v0.1.24
[INFO] [stderr]    Compiling rowan v0.15.11
[INFO] [stderr]    Compiling ra_ap_text_edit v0.0.142
[INFO] [stderr]    Compiling salsa-macros v0.16.0
[INFO] [stderr]    Compiling mun_syntax v0.4.0
[INFO] [stderr]    Compiling salsa v0.16.1
[INFO] [stderr]    Compiling mun_hir v0.4.0 (/opt/rustwide/workdir)
[INFO] [stderr]     Finished dev [unoptimized + debuginfo] target(s) in 31.35s
[INFO] running `Command { std: "docker" "inspect" "e846588c43a486194095f55e1650d85b42fdb91668bb9c33d877968a38aaa8fc", kill_on_drop: false }`
[INFO] running `Command { std: "docker" "rm" "-f" "e846588c43a486194095f55e1650d85b42fdb91668bb9c33d877968a38aaa8fc", kill_on_drop: false }`
[INFO] [stdout] e846588c43a486194095f55e1650d85b42fdb91668bb9c33d877968a38aaa8fc
[INFO] running `Command { std: "docker" "create" "-v" "/var/lib/crater-agent-workspace/builds/worker-7-tc1/target:/opt/rustwide/target:rw,Z" "-v" "/var/lib/crater-agent-workspace/builds/worker-7-tc1/source:/opt/rustwide/workdir:ro,Z" "-v" "/var/lib/crater-agent-workspace/cargo-home:/opt/rustwide/cargo-home:ro,Z" "-v" "/var/lib/crater-agent-workspace/rustup-home:/opt/rustwide/rustup-home:ro,Z" "-e" "SOURCE_DIR=/opt/rustwide/workdir" "-e" "CARGO_TARGET_DIR=/opt/rustwide/target" "-e" "CARGO_INCREMENTAL=0" "-e" "RUST_BACKTRACE=full" "-e" "RUSTFLAGS=--cap-lints=warn" "-e" "RUSTDOCFLAGS=--cap-lints=warn" "-e" "CARGO_HOME=/opt/rustwide/cargo-home" "-e" "RUSTUP_HOME=/opt/rustwide/rustup-home" "-w" "/opt/rustwide/workdir" "-m" "1610612736" "--user" "0:0" "--network" "none" "ghcr.io/rust-lang/crates-build-env/linux@sha256:5ff2268d62e97bff2cde7d5815dd6ed5b47097566f13b8d0ca110b04b60e07ed" "/opt/rustwide/cargo-home/bin/cargo" "+1.69.0" "test" "--frozen" "--no-run" "--message-format=json", kill_on_drop: false }`
[INFO] [stdout] 497375bf3e230ec9aa434af7b1a0abd2e54b3d939fbbda3adbc7da8a0be6b7b6
[INFO] running `Command { std: "docker" "start" "-a" "497375bf3e230ec9aa434af7b1a0abd2e54b3d939fbbda3adbc7da8a0be6b7b6", kill_on_drop: false }`
[INFO] [stderr]    Compiling linked-hash-map v0.5.6
[INFO] [stderr]    Compiling similar v2.2.1
[INFO] [stderr]    Compiling text_trees v0.1.2
[INFO] [stderr]    Compiling yaml-rust v0.4.5
[INFO] [stderr]    Compiling insta v1.29.0
[INFO] [stderr]    Compiling mun_hir v0.4.0 (/opt/rustwide/workdir)
[INFO] [stderr]     Finished test [unoptimized + debuginfo] target(s) in 13.87s
[INFO] running `Command { std: "docker" "inspect" "497375bf3e230ec9aa434af7b1a0abd2e54b3d939fbbda3adbc7da8a0be6b7b6", kill_on_drop: false }`
[INFO] running `Command { std: "docker" "rm" "-f" "497375bf3e230ec9aa434af7b1a0abd2e54b3d939fbbda3adbc7da8a0be6b7b6", kill_on_drop: false }`
[INFO] [stdout] 497375bf3e230ec9aa434af7b1a0abd2e54b3d939fbbda3adbc7da8a0be6b7b6
[INFO] running `Command { std: "docker" "create" "-v" "/var/lib/crater-agent-workspace/builds/worker-7-tc1/target:/opt/rustwide/target:rw,Z" "-v" "/var/lib/crater-agent-workspace/builds/worker-7-tc1/source:/opt/rustwide/workdir:ro,Z" "-v" "/var/lib/crater-agent-workspace/cargo-home:/opt/rustwide/cargo-home:ro,Z" "-v" "/var/lib/crater-agent-workspace/rustup-home:/opt/rustwide/rustup-home:ro,Z" "-e" "SOURCE_DIR=/opt/rustwide/workdir" "-e" "CARGO_TARGET_DIR=/opt/rustwide/target" "-e" "CARGO_INCREMENTAL=0" "-e" "RUST_BACKTRACE=full" "-e" "RUSTFLAGS=--cap-lints=warn" "-e" "RUSTDOCFLAGS=--cap-lints=warn" "-e" "CARGO_HOME=/opt/rustwide/cargo-home" "-e" "RUSTUP_HOME=/opt/rustwide/rustup-home" "-w" "/opt/rustwide/workdir" "-m" "1610612736" "--user" "0:0" "--network" "none" "ghcr.io/rust-lang/crates-build-env/linux@sha256:5ff2268d62e97bff2cde7d5815dd6ed5b47097566f13b8d0ca110b04b60e07ed" "/opt/rustwide/cargo-home/bin/cargo" "+1.69.0" "test" "--frozen", kill_on_drop: false }`
[INFO] [stdout] b0ae54eb3a3b91f6c30f46f5f89d4dd179d753b2654335ad6c2ca7680d3967c3
[INFO] running `Command { std: "docker" "start" "-a" "b0ae54eb3a3b91f6c30f46f5f89d4dd179d753b2654335ad6c2ca7680d3967c3", kill_on_drop: false }`
[INFO] [stderr]     Finished test [unoptimized + debuginfo] target(s) in 0.05s
[INFO] [stderr]      Running unittests src/lib.rs (/opt/rustwide/target/debug/deps/mun_hir-9653a8e71e3e1cd7)
[INFO] [stdout] 
[INFO] [stdout] running 64 tests
[INFO] [stdout] test expr::test::test_float_literals ... ok
[INFO] [stdout] test expr::test::test_integer_literals ... ok
[INFO] [stdout] test expr::validator::tests::test_private_leak_alias ... ok
[INFO] [stdout] test code_model::r#struct::validator::tests::test_private_leak_struct_fields ... ok
[INFO] [stdout] test expr::validator::tests::test_free_type_alias_without_type_ref ... ok
[INFO] [stdout] test expr::validator::tests::test_private_leak_function_args ... ok
[INFO] [stdout] test fixture::test::empty_fixture ... ok
[INFO] [stdout] test expr::validator::tests::test_uninitialized_access ... ok
[INFO] [stdout] test fixture::test::single_fixture ... ok
[INFO] [stdout] test expr::validator::tests::test_private_leak_function_return ... ok
[INFO] [stdout] test expr::validator::tests::test_uninitialized_access_while ... ok
[INFO] [stdout] test fixture::test::multiple_fixtures ... ok
[INFO] [stdout] test line_index::tests::test_line_index ... ok
[INFO] [stdout] test line_index::tests::test_text_part ... ok
[INFO] [stdout] test line_index::tests::test_text_part_utf16 ... ok
[INFO] [stdout] test expr::validator::tests::test_private_leak_function_scoped ... ok
[INFO] [stdout] test fixture::test::trim_raw_string_literal ... ok
[INFO] [stdout] test expr::validator::tests::test_uninitialized_access_if ... ok
[INFO] [stdout] test module_tree::test::valid_module_name ... ok
[INFO] [stdout] test module_tree::test::module_tree ... ok
[INFO] [stdout] test module_tree::test::module_path ... ok
[INFO] [stdout] test package_defs::tests::use_alias ... ok
[INFO] [stdout] test line_index::tests::test_line_offset ... ok
[INFO] [stdout] test package_defs::tests::use_cyclic ... ok
[INFO] [stdout] test package_defs::tests::use_ ... ok
[INFO] [stdout] test package_defs::tests::use_self ... ok
[INFO] [stdout] test package_defs::tests::use_duplicate_name ... ok
[INFO] [stdout] test package_defs::tests::use_cyclic_wildcard ... ok
[INFO] [stdout] test package_defs::tests::use_unresolved ... ok
[INFO] [stdout] test package_defs::tests::use_wildcard ... ok
[INFO] [stdout] test ty::tests::comparison_not_implemented_for_struct ... ok
[INFO] [stdout] test ty::tests::array_is_place_expr ... ok
[INFO] [stdout] test tests::check_package_defs_does_not_change ... ok
[INFO] [stdout] test ty::tests::extern_fn ... ok
[INFO] [stdout] test ty::tests::infer_basics ... ok
[INFO] [stdout] test ty::tests::array_element_assignment ... ok
[INFO] [stdout] test ty::tests::infer_array ... ok
[INFO] [stdout] test ty::tests::infer_literals ... ok
[INFO] [stdout] test ty::tests::infer_branching ... ok
[INFO] [stdout] test ty::tests::infer_conditional_return ... ok
[INFO] [stdout] test fixture::test::incorrectly_indented_fixture - should panic ... ok
[INFO] [stdout] test ty::tests::infer_array_structs ... ok
[INFO] [stdout] test ty::tests::infer_break ... ok
[INFO] [stdout] test ty::tests::infer_loop ... ok
[INFO] [stdout] test ty::tests::infer_invalid_struct_type ... ok
[INFO] [stdout] test ty::tests::infer_unary_ops ... ok
[INFO] [stdout] test ty::tests::invalid_binary_ops ... ok
[INFO] [stdout] test ty::tests::infer_while ... ok
[INFO] [stdout] test ty::tests::invalid_unary_ops ... ok
[INFO] [stdout] test ty::tests::place_expressions ... ok
[INFO] [stdout] test ty::tests::issue_354 ... ok
[INFO] [stdout] test ty::tests::infer_return ... ok
[INFO] [stdout] test ty::tests::scoped_path ... ok
[INFO] [stdout] test ty::tests::infer_type_alias ... ok
[INFO] [stdout] test ty::tests::struct_decl ... ok
[INFO] [stdout] test ty::tests::infer_suffix_literals ... ok
[INFO] [stdout] test ty::tests::update_operators ... ok
[INFO] [stdout] test ty::tests::void_return ... ok
[INFO] [stdout] test ty::tests::struct_lit ... ok
[INFO] [stdout] test ty::tests::recursive_alias ... ok
[INFO] [stdout] test ty::tests::primitives ... ok
[INFO] [stdout] test ty::tests::struct_field_index ... ok
[INFO] [stdout] test ty::tests::private_access ... ok
[INFO] [stderr] error: test failed, to rerun pass `--lib`
[INFO] [stdout] test item_tree::tests::top_level_items ... FAILED
[INFO] [stdout] 
[INFO] [stdout] failures:
[INFO] [stdout] 
[INFO] [stdout] ---- item_tree::tests::top_level_items stdout ----
[INFO] [stdout] ━━━━━━━━━━━━━━━━━━━━━━━━━━━━ Snapshot Summary ━━━━━━━━━━━━━━━━━━━━━━━━━━━━
[INFO] [stdout] Snapshot file: src/item_tree/snapshots/mun_hir__item_tree__tests__top_level_items.snap
[INFO] [stdout] Snapshot: top_level_items
[INFO] [stdout] Source: src/item_tree/tests.rs:61
[INFO] [stdout] ──────────────────────────────────────────────────────────────────────────
[INFO] [stdout] Expression: print_item_tree(r#"
[INFO] [stdout]     fn foo(a:i32, b:u8, c:String) -> i32 {}
[INFO] [stdout]     pub fn bar(a:i32, b:u8, c:String) ->  {}
[INFO] [stdout]     pub(super) fn bar(a:i32, b:u8, c:String) ->  {}
[INFO] [stdout]     pub(package) fn baz(a:i32, b:, c:String) ->  {}
[INFO] [stdout]     extern fn eval(a:String) -> bool;
[INFO] [stdout] 
[INFO] [stdout]     struct Foo {
[INFO] [stdout]         a: i32,
[INFO] [stdout]         b: u8,
[INFO] [stdout]         c: String,
[INFO] [stdout]     }
[INFO] [stdout]     struct Foo2 {
[INFO] [stdout]         a: i32,
[INFO] [stdout]         b: ,
[INFO] [stdout]         c: String,
[INFO] [stdout]     }
[INFO] [stdout]     struct Bar (i32, u32, String)
[INFO] [stdout]     struct Baz;
[INFO] [stdout] 
[INFO] [stdout]     type FooBar = Foo;
[INFO] [stdout]     type FooBar = package::Foo;
[INFO] [stdout]     "#).unwrap()
[INFO] [stdout] ──────────────────────────────────────────────────────────────────────────
[INFO] [stdout] -old snapshot
[INFO] [stdout] +new results
[INFO] [stdout] ────────────┬─────────────────────────────────────────────────────────────
[INFO] [stdout]     0     0 │ top-level items:
[INFO] [stdout]     1       │-Function { name: Name(Text("foo")), visibility: RawVisibilityId("pub(self)"), is_extern: false, types: TypeRefMap { type_refs: Arena { len: 4, data: [Path(Path { kind: Plain, segments: [Name(Text("i32"))] }), Path(Path { kind: Plain, segments: [Name(Text("u8"))] }), Path(Path { kind: Plain, segments: [Name(Text("String"))] }), Path(Path { kind: Plain, segments: [Name(Text("i32"))] })] } }, params: [Idx::<TypeRef>(0), Idx::<TypeRef>(1), Idx::<TypeRef>(2)], ret_type: Idx::<TypeRef>(3), ast_id: FileAstId { raw: Idx::<SyntaxNodePtr>(0), _ty: PhantomData } }
[INFO] [stdout]     2       │-Function { name: Name(Text("bar")), visibility: RawVisibilityId("pub"), is_extern: false, types: TypeRefMap { type_refs: Arena { len: 4, data: [Path(Path { kind: Plain, segments: [Name(Text("i32"))] }), Path(Path { kind: Plain, segments: [Name(Text("u8"))] }), Path(Path { kind: Plain, segments: [Name(Text("String"))] }), Tuple([])] } }, params: [Idx::<TypeRef>(0), Idx::<TypeRef>(1), Idx::<TypeRef>(2)], ret_type: Idx::<TypeRef>(3), ast_id: FileAstId { raw: Idx::<SyntaxNodePtr>(1), _ty: PhantomData } }
[INFO] [stdout]     3       │-Function { name: Name(Text("bar")), visibility: RawVisibilityId("pub(super)"), is_extern: false, types: TypeRefMap { type_refs: Arena { len: 4, data: [Path(Path { kind: Plain, segments: [Name(Text("i32"))] }), Path(Path { kind: Plain, segments: [Name(Text("u8"))] }), Path(Path { kind: Plain, segments: [Name(Text("String"))] }), Tuple([])] } }, params: [Idx::<TypeRef>(0), Idx::<TypeRef>(1), Idx::<TypeRef>(2)], ret_type: Idx::<TypeRef>(3), ast_id: FileAstId { raw: Idx::<SyntaxNodePtr>(2), _ty: PhantomData } }
[INFO] [stdout]     4       │-Function { name: Name(Text("baz")), visibility: RawVisibilityId("pub(package)"), is_extern: false, types: TypeRefMap { type_refs: Arena { len: 4, data: [Path(Path { kind: Plain, segments: [Name(Text("i32"))] }), Error, Path(Path { kind: Plain, segments: [Name(Text("String"))] }), Tuple([])] } }, params: [Idx::<TypeRef>(0), Idx::<TypeRef>(1), Idx::<TypeRef>(2)], ret_type: Idx::<TypeRef>(3), ast_id: FileAstId { raw: Idx::<SyntaxNodePtr>(3), _ty: PhantomData } }
[INFO] [stdout]     5       │-Function { name: Name(Text("eval")), visibility: RawVisibilityId("pub(self)"), is_extern: true, types: TypeRefMap { type_refs: Arena { len: 2, data: [Path(Path { kind: Plain, segments: [Name(Text("String"))] }), Path(Path { kind: Plain, segments: [Name(Text("bool"))] })] } }, params: [Idx::<TypeRef>(0)], ret_type: Idx::<TypeRef>(1), ast_id: FileAstId { raw: Idx::<SyntaxNodePtr>(4), _ty: PhantomData } }
[INFO] [stdout]     6       │-Struct { name: Name(Text("Foo")), visibility: RawVisibilityId("pub(self)"), types: TypeRefMap { type_refs: Arena { len: 3, data: [Path(Path { kind: Plain, segments: [Name(Text("i32"))] }), Path(Path { kind: Plain, segments: [Name(Text("u8"))] }), Path(Path { kind: Plain, segments: [Name(Text("String"))] })] } }, fields: Record(IdRange::<mun_hir::item_tree::Field>(0..3)), ast_id: FileAstId { raw: Idx::<SyntaxNodePtr>(5), _ty: PhantomData }, kind: Record }
[INFO] [stdout]           1 │+Function { name: Name(Text("foo")), visibility: RawVisibilityId("pub(self)"), is_extern: false, types: TypeRefMap { type_refs: Arena { len: 4, data: [Path(Path { kind: Plain, segments: [Name(Text("i32"))] }), Path(Path { kind: Plain, segments: [Name(Text("u8"))] }), Path(Path { kind: Plain, segments: [Name(Text("String"))] }), Path(Path { kind: Plain, segments: [Name(Text("i32"))] })] } }, params: [Idx::<TypeRef>(0), Idx::<TypeRef>(1), Idx::<TypeRef>(2)], ret_type: Idx::<TypeRef>(3), ast_id: FileAstId { raw: Idx::<SyntaxNodePtr>(0), _ty: PhantomData<fn() -> mun_syntax::ast::generated::FunctionDef> } }
[INFO] [stdout]           2 │+Function { name: Name(Text("bar")), visibility: RawVisibilityId("pub"), is_extern: false, types: TypeRefMap { type_refs: Arena { len: 4, data: [Path(Path { kind: Plain, segments: [Name(Text("i32"))] }), Path(Path { kind: Plain, segments: [Name(Text("u8"))] }), Path(Path { kind: Plain, segments: [Name(Text("String"))] }), Tuple([])] } }, params: [Idx::<TypeRef>(0), Idx::<TypeRef>(1), Idx::<TypeRef>(2)], ret_type: Idx::<TypeRef>(3), ast_id: FileAstId { raw: Idx::<SyntaxNodePtr>(1), _ty: PhantomData<fn() -> mun_syntax::ast::generated::FunctionDef> } }
[INFO] [stdout]           3 │+Function { name: Name(Text("bar")), visibility: RawVisibilityId("pub(super)"), is_extern: false, types: TypeRefMap { type_refs: Arena { len: 4, data: [Path(Path { kind: Plain, segments: [Name(Text("i32"))] }), Path(Path { kind: Plain, segments: [Name(Text("u8"))] }), Path(Path { kind: Plain, segments: [Name(Text("String"))] }), Tuple([])] } }, params: [Idx::<TypeRef>(0), Idx::<TypeRef>(1), Idx::<TypeRef>(2)], ret_type: Idx::<TypeRef>(3), ast_id: FileAstId { raw: Idx::<SyntaxNodePtr>(2), _ty: PhantomData<fn() -> mun_syntax::ast::generated::FunctionDef> } }
[INFO] [stdout]           4 │+Function { name: Name(Text("baz")), visibility: RawVisibilityId("pub(package)"), is_extern: false, types: TypeRefMap { type_refs: Arena { len: 4, data: [Path(Path { kind: Plain, segments: [Name(Text("i32"))] }), Error, Path(Path { kind: Plain, segments: [Name(Text("String"))] }), Tuple([])] } }, params: [Idx::<TypeRef>(0), Idx::<TypeRef>(1), Idx::<TypeRef>(2)], ret_type: Idx::<TypeRef>(3), ast_id: FileAstId { raw: Idx::<SyntaxNodePtr>(3), _ty: PhantomData<fn() -> mun_syntax::ast::generated::FunctionDef> } }
[INFO] [stdout]           5 │+Function { name: Name(Text("eval")), visibility: RawVisibilityId("pub(self)"), is_extern: true, types: TypeRefMap { type_refs: Arena { len: 2, data: [Path(Path { kind: Plain, segments: [Name(Text("String"))] }), Path(Path { kind: Plain, segments: [Name(Text("bool"))] })] } }, params: [Idx::<TypeRef>(0)], ret_type: Idx::<TypeRef>(1), ast_id: FileAstId { raw: Idx::<SyntaxNodePtr>(4), _ty: PhantomData<fn() -> mun_syntax::ast::generated::FunctionDef> } }
[INFO] [stdout]           6 │+Struct { name: Name(Text("Foo")), visibility: RawVisibilityId("pub(self)"), types: TypeRefMap { type_refs: Arena { len: 3, data: [Path(Path { kind: Plain, segments: [Name(Text("i32"))] }), Path(Path { kind: Plain, segments: [Name(Text("u8"))] }), Path(Path { kind: Plain, segments: [Name(Text("String"))] })] } }, fields: Record(IdRange::<mun_hir::item_tree::Field>(0..3)), ast_id: FileAstId { raw: Idx::<SyntaxNodePtr>(5), _ty: PhantomData<fn() -> mun_syntax::ast::generated::StructDef> }, kind: Record }
[INFO] [stdout]     7     7 │ > Field { name: Name(Text("a")), type_ref: Idx::<TypeRef>(0) }
[INFO] [stdout]     8     8 │ > Field { name: Name(Text("b")), type_ref: Idx::<TypeRef>(1) }
[INFO] [stdout]     9     9 │ > Field { name: Name(Text("c")), type_ref: Idx::<TypeRef>(2) }
[INFO] [stdout]    10       │-Struct { name: Name(Text("Foo2")), visibility: RawVisibilityId("pub(self)"), types: TypeRefMap { type_refs: Arena { len: 3, data: [Path(Path { kind: Plain, segments: [Name(Text("i32"))] }), Error, Path(Path { kind: Plain, segments: [Name(Text("String"))] })] } }, fields: Record(IdRange::<mun_hir::item_tree::Field>(3..6)), ast_id: FileAstId { raw: Idx::<SyntaxNodePtr>(6), _ty: PhantomData }, kind: Record }
[INFO] [stdout]          10 │+Struct { name: Name(Text("Foo2")), visibility: RawVisibilityId("pub(self)"), types: TypeRefMap { type_refs: Arena { len: 3, data: [Path(Path { kind: Plain, segments: [Name(Text("i32"))] }), Error, Path(Path { kind: Plain, segments: [Name(Text("String"))] })] } }, fields: Record(IdRange::<mun_hir::item_tree::Field>(3..6)), ast_id: FileAstId { raw: Idx::<SyntaxNodePtr>(6), _ty: PhantomData<fn() -> mun_syntax::ast::generated::StructDef> }, kind: Record }
[INFO] [stdout]    11    11 │ > Field { name: Name(Text("a")), type_ref: Idx::<TypeRef>(0) }
[INFO] [stdout]    12    12 │ > Field { name: Name(Text("b")), type_ref: Idx::<TypeRef>(1) }
[INFO] [stdout]    13    13 │ > Field { name: Name(Text("c")), type_ref: Idx::<TypeRef>(2) }
[INFO] [stdout]    14       │-Struct { name: Name(Text("Bar")), visibility: RawVisibilityId("pub(self)"), types: TypeRefMap { type_refs: Arena { len: 3, data: [Path(Path { kind: Plain, segments: [Name(Text("i32"))] }), Path(Path { kind: Plain, segments: [Name(Text("u32"))] }), Path(Path { kind: Plain, segments: [Name(Text("String"))] })] } }, fields: Tuple(IdRange::<mun_hir::item_tree::Field>(6..9)), ast_id: FileAstId { raw: Idx::<SyntaxNodePtr>(7), _ty: PhantomData }, kind: Tuple }
[INFO] [stdout]          14 │+Struct { name: Name(Text("Bar")), visibility: RawVisibilityId("pub(self)"), types: TypeRefMap { type_refs: Arena { len: 3, data: [Path(Path { kind: Plain, segments: [Name(Text("i32"))] }), Path(Path { kind: Plain, segments: [Name(Text("u32"))] }), Path(Path { kind: Plain, segments: [Name(Text("String"))] })] } }, fields: Tuple(IdRange::<mun_hir::item_tree::Field>(6..9)), ast_id: FileAstId { raw: Idx::<SyntaxNodePtr>(7), _ty: PhantomData<fn() -> mun_syntax::ast::generated::StructDef> }, kind: Tuple }
[INFO] [stdout]    15    15 │ > Field { name: Name(TupleField(0)), type_ref: Idx::<TypeRef>(0) }
[INFO] [stdout]    16    16 │ > Field { name: Name(TupleField(1)), type_ref: Idx::<TypeRef>(1) }
[INFO] [stdout]    17    17 │ > Field { name: Name(TupleField(2)), type_ref: Idx::<TypeRef>(2) }
[INFO] [stdout]    18       │-Struct { name: Name(Text("Baz")), visibility: RawVisibilityId("pub(self)"), types: TypeRefMap { type_refs: Arena { len: 0, data: [] } }, fields: Unit, ast_id: FileAstId { raw: Idx::<SyntaxNodePtr>(8), _ty: PhantomData }, kind: Unit }
[INFO] [stdout]    19       │-TypeAlias { name: Name(Text("FooBar")), visibility: RawVisibilityId("pub(self)"), types: TypeRefMap { type_refs: Arena { len: 1, data: [Path(Path { kind: Plain, segments: [Name(Text("Foo"))] })] } }, type_ref: Some(Idx::<TypeRef>(0)), ast_id: FileAstId { raw: Idx::<SyntaxNodePtr>(9), _ty: PhantomData } }
[INFO] [stdout]    20       │-TypeAlias { name: Name(Text("FooBar")), visibility: RawVisibilityId("pub(self)"), types: TypeRefMap { type_refs: Arena { len: 1, data: [Path(Path { kind: Package, segments: [Name(Text("Foo"))] })] } }, type_ref: Some(Idx::<TypeRef>(0)), ast_id: FileAstId { raw: Idx::<SyntaxNodePtr>(10), _ty: PhantomData } }
[INFO] [stdout]          18 │+Struct { name: Name(Text("Baz")), visibility: RawVisibilityId("pub(self)"), types: TypeRefMap { type_refs: Arena { len: 0, data: [] } }, fields: Unit, ast_id: FileAstId { raw: Idx::<SyntaxNodePtr>(8), _ty: PhantomData<fn() -> mun_syntax::ast::generated::StructDef> }, kind: Unit }
[INFO] [stdout]          19 │+TypeAlias { name: Name(Text("FooBar")), visibility: RawVisibilityId("pub(self)"), types: TypeRefMap { type_refs: Arena { len: 1, data: [Path(Path { kind: Plain, segments: [Name(Text("Foo"))] })] } }, type_ref: Some(Idx::<TypeRef>(0)), ast_id: FileAstId { raw: Idx::<SyntaxNodePtr>(9), _ty: PhantomData<fn() -> mun_syntax::ast::generated::TypeAliasDef> } }
[INFO] [stdout]          20 │+TypeAlias { name: Name(Text("FooBar")), visibility: RawVisibilityId("pub(self)"), types: TypeRefMap { type_refs: Arena { len: 1, data: [Path(Path { kind: Package, segments: [Name(Text("Foo"))] })] } }, type_ref: Some(Idx::<TypeRef>(0)), ast_id: FileAstId { raw: Idx::<SyntaxNodePtr>(10), _ty: PhantomData<fn() -> mun_syntax::ast::generated::TypeAliasDef> } }
[INFO] [stdout] ────────────┴─────────────────────────────────────────────────────────────
[INFO] [stdout] thread 'item_tree::tests::top_level_items' panicked at 'called `Result::unwrap()` on an `Err` value: Os { code: 30, kind: ReadOnlyFilesystem, message: "Read-only file system" }', src/item_tree/tests.rs:61:5
[INFO] [stdout] stack backtrace:
[INFO] [stdout]    0:     0x563d6455699a - std::backtrace_rs::backtrace::libunwind::trace::ha9053a9a07ca49cb
[INFO] [stdout]                                at /rustc/84c898d65adf2f39a5a98507f1fe0ce10a2b8dbc/library/std/src/../../backtrace/src/backtrace/libunwind.rs:93:5
[INFO] [stdout]    1:     0x563d6455699a - std::backtrace_rs::backtrace::trace_unsynchronized::h9c2852a457ad564e
[INFO] [stdout]                                at /rustc/84c898d65adf2f39a5a98507f1fe0ce10a2b8dbc/library/std/src/../../backtrace/src/backtrace/mod.rs:66:5
[INFO] [stdout]    2:     0x563d6455699a - std::sys_common::backtrace::_print_fmt::h457936fbfaa0070f
[INFO] [stdout]                                at /rustc/84c898d65adf2f39a5a98507f1fe0ce10a2b8dbc/library/std/src/sys_common/backtrace.rs:65:5
[INFO] [stdout]    3:     0x563d6455699a - <std::sys_common::backtrace::_print::DisplayBacktrace as core::fmt::Display>::fmt::h5779d7bf7f70cb0c
[INFO] [stdout]                                at /rustc/84c898d65adf2f39a5a98507f1fe0ce10a2b8dbc/library/std/src/sys_common/backtrace.rs:44:22
[INFO] [stdout]    4:     0x563d6457d3ce - core::fmt::write::h5a4baaff1bcd3eb5
[INFO] [stdout]                                at /rustc/84c898d65adf2f39a5a98507f1fe0ce10a2b8dbc/library/core/src/fmt/mod.rs:1232:17
[INFO] [stdout]    5:     0x563d64553005 - std::io::Write::write_fmt::h478f79c628ef31d1
[INFO] [stdout]                                at /rustc/84c898d65adf2f39a5a98507f1fe0ce10a2b8dbc/library/std/src/io/mod.rs:1684:15
[INFO] [stdout]    6:     0x563d64556765 - std::sys_common::backtrace::_print::h5fcdc36060f177e8
[INFO] [stdout]                                at /rustc/84c898d65adf2f39a5a98507f1fe0ce10a2b8dbc/library/std/src/sys_common/backtrace.rs:47:5
[INFO] [stdout]    7:     0x563d64556765 - std::sys_common::backtrace::print::h54ca9458b876c8bf
[INFO] [stdout]                                at /rustc/84c898d65adf2f39a5a98507f1fe0ce10a2b8dbc/library/std/src/sys_common/backtrace.rs:34:9
[INFO] [stdout]    8:     0x563d6455852f - std::panicking::default_hook::{{closure}}::hbe471161c7664ed6
[INFO] [stdout]                                at /rustc/84c898d65adf2f39a5a98507f1fe0ce10a2b8dbc/library/std/src/panicking.rs:271:22
[INFO] [stdout]    9:     0x563d645581ef - std::panicking::default_hook::ha3500da57aa4ac4f
[INFO] [stdout]                                at /rustc/84c898d65adf2f39a5a98507f1fe0ce10a2b8dbc/library/std/src/panicking.rs:287:9
[INFO] [stdout]   10:     0x563d64460587 - <alloc::boxed::Box<F,A> as core::ops::function::Fn<Args>>::call::hdf1b89dd137ece34
[INFO] [stdout]                                at /rustc/84c898d65adf2f39a5a98507f1fe0ce10a2b8dbc/library/alloc/src/boxed.rs:2001:9
[INFO] [stdout]   11:     0x563d64460587 - test::test_main::{{closure}}::h9081a79f20e75698
[INFO] [stdout]                                at /rustc/84c898d65adf2f39a5a98507f1fe0ce10a2b8dbc/library/test/src/lib.rs:135:21
[INFO] [stdout]   12:     0x563d64558c5d - <alloc::boxed::Box<F,A> as core::ops::function::Fn<Args>>::call::h6507bddc3eebb4a5
[INFO] [stdout]                                at /rustc/84c898d65adf2f39a5a98507f1fe0ce10a2b8dbc/library/alloc/src/boxed.rs:2001:9
[INFO] [stdout]   13:     0x563d64558c5d - std::panicking::rust_panic_with_hook::h50c09d000dc561d2
[INFO] [stdout]                                at /rustc/84c898d65adf2f39a5a98507f1fe0ce10a2b8dbc/library/std/src/panicking.rs:696:13
[INFO] [stdout]   14:     0x563d645589d9 - std::panicking::begin_panic_handler::{{closure}}::h9e2b2176e00e0d9c
[INFO] [stdout]                                at /rustc/84c898d65adf2f39a5a98507f1fe0ce10a2b8dbc/library/std/src/panicking.rs:583:13
[INFO] [stdout]   15:     0x563d64556e06 - std::sys_common::backtrace::__rust_end_short_backtrace::h5739b8e512c09d02
[INFO] [stdout]                                at /rustc/84c898d65adf2f39a5a98507f1fe0ce10a2b8dbc/library/std/src/sys_common/backtrace.rs:150:18
[INFO] [stdout]   16:     0x563d645586e2 - rust_begin_unwind
[INFO] [stdout]                                at /rustc/84c898d65adf2f39a5a98507f1fe0ce10a2b8dbc/library/std/src/panicking.rs:579:5
[INFO] [stdout]   17:     0x563d63fe0d43 - core::panicking::panic_fmt::hf33a1475b4dc5c3e
[INFO] [stdout]                                at /rustc/84c898d65adf2f39a5a98507f1fe0ce10a2b8dbc/library/core/src/panicking.rs:64:14
[INFO] [stdout]   18:     0x563d63fe11f3 - core::result::unwrap_failed::hdff5465d74574b44
[INFO] [stdout]                                at /rustc/84c898d65adf2f39a5a98507f1fe0ce10a2b8dbc/library/core/src/result.rs:1750:5
[INFO] [stdout]   19:     0x563d6409ea4c - core::result::Result<T,E>::unwrap::h0f25d370d911dde2
[INFO] [stdout]                                at /rustc/84c898d65adf2f39a5a98507f1fe0ce10a2b8dbc/library/core/src/result.rs:1090:23
[INFO] [stdout]   20:     0x563d642e530a - mun_hir::item_tree::tests::top_level_items::h435fe18a546a4874
[INFO] [stdout]                                at /opt/rustwide/workdir/src/item_tree/tests.rs:61:5
[INFO] [stdout]   21:     0x563d642e5007 - mun_hir::item_tree::tests::top_level_items::{{closure}}::h9e8cbd46f4b5c99f
[INFO] [stdout]                                at /opt/rustwide/workdir/src/item_tree/tests.rs:60:22
[INFO] [stdout]   22:     0x563d6422c7f5 - core::ops::function::FnOnce::call_once::hb0acac1486237eb3
[INFO] [stdout]                                at /rustc/84c898d65adf2f39a5a98507f1fe0ce10a2b8dbc/library/core/src/ops/function.rs:250:5
[INFO] [stdout]   23:     0x563d6446596f - core::ops::function::FnOnce::call_once::h7d969581be7d0075
[INFO] [stdout]                                at /rustc/84c898d65adf2f39a5a98507f1fe0ce10a2b8dbc/library/core/src/ops/function.rs:250:5
[INFO] [stdout]   24:     0x563d6446596f - test::__rust_begin_short_backtrace::hca25a52684e56655
[INFO] [stdout]                                at /rustc/84c898d65adf2f39a5a98507f1fe0ce10a2b8dbc/library/test/src/lib.rs:656:18
[INFO] [stdout]   25:     0x563d64436f8c - test::run_test::{{closure}}::ha8ac744c4af1a4bb
[INFO] [stdout]                                at /rustc/84c898d65adf2f39a5a98507f1fe0ce10a2b8dbc/library/test/src/lib.rs:647:30
[INFO] [stdout]   26:     0x563d64436f8c - core::ops::function::FnOnce::call_once{{vtable.shim}}::h7b411a9ed45bdecf
[INFO] [stdout]                                at /rustc/84c898d65adf2f39a5a98507f1fe0ce10a2b8dbc/library/core/src/ops/function.rs:250:5
[INFO] [stdout]   27:     0x563d64464936 - <alloc::boxed::Box<F,A> as core::ops::function::FnOnce<Args>>::call_once::hd05328869a8ed200
[INFO] [stdout]                                at /rustc/84c898d65adf2f39a5a98507f1fe0ce10a2b8dbc/library/alloc/src/boxed.rs:1987:9
[INFO] [stdout]   28:     0x563d64464936 - <core::panic::unwind_safe::AssertUnwindSafe<F> as core::ops::function::FnOnce<()>>::call_once::h0c601ce20bd5b2be
[INFO] [stdout]                                at /rustc/84c898d65adf2f39a5a98507f1fe0ce10a2b8dbc/library/core/src/panic/unwind_safe.rs:271:9
[INFO] [stdout]   29:     0x563d64464936 - std::panicking::try::do_call::ha4be5c164fe30854
[INFO] [stdout]                                at /rustc/84c898d65adf2f39a5a98507f1fe0ce10a2b8dbc/library/std/src/panicking.rs:487:40
[INFO] [stdout]   30:     0x563d64464936 - std::panicking::try::h604546f3609af05f
[INFO] [stdout]                                at /rustc/84c898d65adf2f39a5a98507f1fe0ce10a2b8dbc/library/std/src/panicking.rs:451:19
[INFO] [stdout]   31:     0x563d64464936 - std::panic::catch_unwind::h5bfa8afe44c9c2f9
[INFO] [stdout]                                at /rustc/84c898d65adf2f39a5a98507f1fe0ce10a2b8dbc/library/std/src/panic.rs:140:14
[INFO] [stdout]   32:     0x563d64464936 - test::run_test_in_process::hd50dee55dd63e6aa
[INFO] [stdout]                                at /rustc/84c898d65adf2f39a5a98507f1fe0ce10a2b8dbc/library/test/src/lib.rs:679:27
[INFO] [stdout]   33:     0x563d64464936 - test::run_test::run_test_inner::{{closure}}::h4aa0f433aa85cea8
[INFO] [stdout]                                at /rustc/84c898d65adf2f39a5a98507f1fe0ce10a2b8dbc/library/test/src/lib.rs:573:39
[INFO] [stdout]   34:     0x563d64431601 - test::run_test::run_test_inner::{{closure}}::had56431adf24b4d6
[INFO] [stdout]                                at /rustc/84c898d65adf2f39a5a98507f1fe0ce10a2b8dbc/library/test/src/lib.rs:600:37
[INFO] [stdout]   35:     0x563d64431601 - std::sys_common::backtrace::__rust_begin_short_backtrace::ha8d9890e0c73bf13
[INFO] [stdout]                                at /rustc/84c898d65adf2f39a5a98507f1fe0ce10a2b8dbc/library/std/src/sys_common/backtrace.rs:134:18
[INFO] [stdout]   36:     0x563d6443701b - std::thread::Builder::spawn_unchecked_::{{closure}}::{{closure}}::h251832bcb4a95327
[INFO] [stdout]                                at /rustc/84c898d65adf2f39a5a98507f1fe0ce10a2b8dbc/library/std/src/thread/mod.rs:560:17
[INFO] [stdout]   37:     0x563d6443701b - <core::panic::unwind_safe::AssertUnwindSafe<F> as core::ops::function::FnOnce<()>>::call_once::h8fdff598fa414831
[INFO] [stdout]                                at /rustc/84c898d65adf2f39a5a98507f1fe0ce10a2b8dbc/library/core/src/panic/unwind_safe.rs:271:9
[INFO] [stdout]   38:     0x563d6443701b - std::panicking::try::do_call::h455dd2f7764a950f
[INFO] [stdout]                                at /rustc/84c898d65adf2f39a5a98507f1fe0ce10a2b8dbc/library/std/src/panicking.rs:487:40
[INFO] [stdout]   39:     0x563d6443701b - std::panicking::try::had6f23b7b73ae72a
[INFO] [stdout]                                at /rustc/84c898d65adf2f39a5a98507f1fe0ce10a2b8dbc/library/std/src/panicking.rs:451:19
[INFO] [stdout]   40:     0x563d6443701b - std::panic::catch_unwind::ha6a5ca3915b4dad0
[INFO] [stdout]                                at /rustc/84c898d65adf2f39a5a98507f1fe0ce10a2b8dbc/library/std/src/panic.rs:140:14
[INFO] [stdout]   41:     0x563d6443701b - std::thread::Builder::spawn_unchecked_::{{closure}}::h883b72ef75da6231
[INFO] [stdout]                                at /rustc/84c898d65adf2f39a5a98507f1fe0ce10a2b8dbc/library/std/src/thread/mod.rs:559:30
[INFO] [stdout]   42:     0x563d6443701b - core::ops::function::FnOnce::call_once{{vtable.shim}}::hb7dff73dc8bd2ccb
[INFO] [stdout]                                at /rustc/84c898d65adf2f39a5a98507f1fe0ce10a2b8dbc/library/core/src/ops/function.rs:250:5
[INFO] [stdout]   43:     0x563d6455d273 - <alloc::boxed::Box<F,A> as core::ops::function::FnOnce<Args>>::call_once::h39990b24eedef2ab
[INFO] [stdout]                                at /rustc/84c898d65adf2f39a5a98507f1fe0ce10a2b8dbc/library/alloc/src/boxed.rs:1987:9
[INFO] [stdout]   44:     0x563d6455d273 - <alloc::boxed::Box<F,A> as core::ops::function::FnOnce<Args>>::call_once::h01a027258444143b
[INFO] [stdout]                                at /rustc/84c898d65adf2f39a5a98507f1fe0ce10a2b8dbc/library/alloc/src/boxed.rs:1987:9
[INFO] [stdout]   45:     0x563d6455d273 - std::sys::unix::thread::Thread::new::thread_start::ha4f1cdd9c25884ba
[INFO] [stdout]                                at /rustc/84c898d65adf2f39a5a98507f1fe0ce10a2b8dbc/library/std/src/sys/unix/thread.rs:108:17
[INFO] [stdout]   46:     0x7fc6610f6b43 - <unknown>
[INFO] [stdout]   47:     0x7fc661187bb4 - __clone
[INFO] [stdout]   48:                0x0 - <unknown>
[INFO] [stdout] 
[INFO] [stdout] 
[INFO] [stdout] failures:
[INFO] [stdout]     item_tree::tests::top_level_items
[INFO] [stdout] 
[INFO] [stdout] test result: FAILED. 63 passed; 1 failed; 0 ignored; 0 measured; 0 filtered out; finished in 1.21s
[INFO] [stdout] 
[INFO] running `Command { std: "docker" "inspect" "b0ae54eb3a3b91f6c30f46f5f89d4dd179d753b2654335ad6c2ca7680d3967c3", kill_on_drop: false }`
[INFO] running `Command { std: "docker" "rm" "-f" "b0ae54eb3a3b91f6c30f46f5f89d4dd179d753b2654335ad6c2ca7680d3967c3", kill_on_drop: false }`
[INFO] [stdout] b0ae54eb3a3b91f6c30f46f5f89d4dd179d753b2654335ad6c2ca7680d3967c3
