[INFO] fetching crate multipart-rfc7578 0.7.0...
[INFO] testing multipart-rfc7578-0.7.0 against 1.69.0 for beta-1.70-1
[INFO] extracting crate multipart-rfc7578 0.7.0 into /workspace/builds/worker-6-tc1/source
[INFO] validating manifest of crates.io crate multipart-rfc7578 0.7.0 on toolchain 1.69.0
[INFO] running `Command { std: CARGO_HOME="/workspace/cargo-home" RUSTUP_HOME="/workspace/rustup-home" "/workspace/cargo-home/bin/cargo" "+1.69.0" "metadata" "--manifest-path" "Cargo.toml" "--no-deps", kill_on_drop: false }`
[INFO] started tweaking crates.io crate multipart-rfc7578 0.7.0
[INFO] finished tweaking crates.io crate multipart-rfc7578 0.7.0
[INFO] tweaked toml for crates.io crate multipart-rfc7578 0.7.0 written to /workspace/builds/worker-6-tc1/source/Cargo.toml
[INFO] running `Command { std: CARGO_HOME="/workspace/cargo-home" RUSTUP_HOME="/workspace/rustup-home" __CARGO_TEST_CHANNEL_OVERRIDE_DO_NOT_USE_THIS="nightly" "/workspace/cargo-home/bin/cargo" "+1.69.0" "generate-lockfile" "--manifest-path" "Cargo.toml" "-Zno-index-update", kill_on_drop: false }`
[INFO] [stderr]     Blocking waiting for file lock on package cache
[INFO] running `Command { std: CARGO_HOME="/workspace/cargo-home" RUSTUP_HOME="/workspace/rustup-home" "/workspace/cargo-home/bin/cargo" "+1.69.0" "fetch" "--manifest-path" "Cargo.toml", kill_on_drop: false }`
[INFO] [stderr]     Blocking waiting for file lock on package cache
[INFO] [stderr]  Downloading crates ...
[INFO] [stderr]   Downloaded actix-codec v0.1.2
[INFO] [stderr]   Downloaded awc v0.2.8
[INFO] [stderr]   Downloaded actix-server-config v0.1.2
[INFO] [stderr]   Downloaded actix-threadpool v0.1.2
[INFO] [stderr]   Downloaded actix-connect v0.2.5
[INFO] [stderr]   Downloaded actix-rt v0.2.6
[INFO] [stderr]   Downloaded actix-service v0.4.2
[INFO] [stderr]   Downloaded enum-as-inner v0.2.1
[INFO] [stderr]   Downloaded trust-dns-resolver v0.11.1
[INFO] [stderr]   Downloaded ahash v0.2.19
[INFO] [stderr]   Downloaded hashbrown v0.6.3
[INFO] [stderr]   Downloaded actix-http v0.2.11
[INFO] [stderr]   Downloaded actix-utils v0.4.7
[INFO] [stderr]   Downloaded trust-dns-proto v0.7.4
[INFO] running `Command { std: "docker" "create" "-v" "/var/lib/crater-agent-workspace/builds/worker-6-tc1/target:/opt/rustwide/target:rw,Z" "-v" "/var/lib/crater-agent-workspace/builds/worker-6-tc1/source:/opt/rustwide/workdir:ro,Z" "-v" "/var/lib/crater-agent-workspace/cargo-home:/opt/rustwide/cargo-home:ro,Z" "-v" "/var/lib/crater-agent-workspace/rustup-home:/opt/rustwide/rustup-home:ro,Z" "-e" "SOURCE_DIR=/opt/rustwide/workdir" "-e" "CARGO_TARGET_DIR=/opt/rustwide/target" "-e" "CARGO_HOME=/opt/rustwide/cargo-home" "-e" "RUSTUP_HOME=/opt/rustwide/rustup-home" "-w" "/opt/rustwide/workdir" "-m" "1610612736" "--user" "0:0" "--network" "none" "ghcr.io/rust-lang/crates-build-env/linux@sha256:5ff2268d62e97bff2cde7d5815dd6ed5b47097566f13b8d0ca110b04b60e07ed" "/opt/rustwide/cargo-home/bin/cargo" "+1.69.0" "metadata" "--no-deps" "--format-version=1", kill_on_drop: false }`
[INFO] [stdout] dabd218944419d56c3b2c13e14a8556ecea5a79b4017e2a1b2f828f3c4b923a9
[INFO] running `Command { std: "docker" "start" "-a" "dabd218944419d56c3b2c13e14a8556ecea5a79b4017e2a1b2f828f3c4b923a9", kill_on_drop: false }`
[INFO] running `Command { std: "docker" "inspect" "dabd218944419d56c3b2c13e14a8556ecea5a79b4017e2a1b2f828f3c4b923a9", kill_on_drop: false }`
[INFO] running `Command { std: "docker" "rm" "-f" "dabd218944419d56c3b2c13e14a8556ecea5a79b4017e2a1b2f828f3c4b923a9", kill_on_drop: false }`
[INFO] [stdout] dabd218944419d56c3b2c13e14a8556ecea5a79b4017e2a1b2f828f3c4b923a9
[INFO] running `Command { std: "docker" "create" "-v" "/var/lib/crater-agent-workspace/builds/worker-6-tc1/target:/opt/rustwide/target:rw,Z" "-v" "/var/lib/crater-agent-workspace/builds/worker-6-tc1/source:/opt/rustwide/workdir:ro,Z" "-v" "/var/lib/crater-agent-workspace/cargo-home:/opt/rustwide/cargo-home:ro,Z" "-v" "/var/lib/crater-agent-workspace/rustup-home:/opt/rustwide/rustup-home:ro,Z" "-e" "SOURCE_DIR=/opt/rustwide/workdir" "-e" "CARGO_TARGET_DIR=/opt/rustwide/target" "-e" "CARGO_INCREMENTAL=0" "-e" "RUST_BACKTRACE=full" "-e" "RUSTFLAGS=--cap-lints=warn" "-e" "RUSTDOCFLAGS=--cap-lints=warn" "-e" "CARGO_HOME=/opt/rustwide/cargo-home" "-e" "RUSTUP_HOME=/opt/rustwide/rustup-home" "-w" "/opt/rustwide/workdir" "-m" "1610612736" "--user" "0:0" "--network" "none" "ghcr.io/rust-lang/crates-build-env/linux@sha256:5ff2268d62e97bff2cde7d5815dd6ed5b47097566f13b8d0ca110b04b60e07ed" "/opt/rustwide/cargo-home/bin/cargo" "+1.69.0" "build" "--frozen" "--message-format=json", kill_on_drop: false }`
[INFO] [stdout] 2f6dd4db615273c72ab6793d850f1b44a478050914ca478a62a2de8e2f37906e
[INFO] running `Command { std: "docker" "start" "-a" "2f6dd4db615273c72ab6793d850f1b44a478050914ca478a62a2de8e2f37906e", kill_on_drop: false }`
[INFO] [stderr]    Compiling futures v0.1.31
[INFO] [stderr]    Compiling mime v0.3.17
[INFO] [stderr]    Compiling rand_core v0.3.1
[INFO] [stderr]    Compiling iovec v0.1.4
[INFO] [stderr]    Compiling rand v0.5.6
[INFO] [stderr]    Compiling bytes v0.4.12
[INFO] [stderr]    Compiling http v0.1.21
[INFO] [stderr]    Compiling multipart-rfc7578 v0.7.0 (/opt/rustwide/workdir)
[INFO] [stdout] warning: trait objects without an explicit `dyn` are deprecated
[INFO] [stdout]    --> src/part.rs:157:14
[INFO] [stdout]     |
[INFO] [stdout] 157 |     Read(Box<'a + Read + Send>, Option<u64>),
[INFO] [stdout]     |              ^^^^^^^^^^^^^^^^
[INFO] [stdout]     |
[INFO] [stdout]     = warning: this is accepted in the current edition (Rust 2018) but is a hard error in Rust 2021!
[INFO] [stdout]     = note: for more information, see <https://doc.rust-lang.org/nightly/edition-guide/rust-2021/warnings-promoted-to-error.html>
[INFO] [stdout]     = note: `#[warn(bare_trait_objects)]` on by default
[INFO] [stdout] help: use `dyn`
[INFO] [stdout]     |
[INFO] [stdout] 157 |     Read(Box<dyn 'a + Read + Send>, Option<u64>),
[INFO] [stdout]     |              +++
[INFO] [stdout] 
[INFO] [stdout] 
[INFO] [stdout] warning: trait objects without an explicit `dyn` are deprecated
[INFO] [stdout]   --> src/body.rs:26:17
[INFO] [stdout]    |
[INFO] [stdout] 26 |     reader: Box<'a + Read + Send>,
[INFO] [stdout]    |                 ^^^^^^^^^^^^^^^^
[INFO] [stdout]    |
[INFO] [stdout]    = warning: this is accepted in the current edition (Rust 2018) but is a hard error in Rust 2021!
[INFO] [stdout]    = note: for more information, see <https://doc.rust-lang.org/nightly/edition-guide/rust-2021/warnings-promoted-to-error.html>
[INFO] [stdout] help: use `dyn`
[INFO] [stdout]    |
[INFO] [stdout] 26 |     reader: Box<dyn 'a + Read + Send>,
[INFO] [stdout]    |                 +++
[INFO] [stdout] 
[INFO] [stdout] 
[INFO] [stdout] warning: 2 warnings emitted
[INFO] [stdout] 
[INFO] [stdout] 
[INFO] [stderr]     Finished dev [unoptimized + debuginfo] target(s) in 2.59s
[INFO] running `Command { std: "docker" "inspect" "2f6dd4db615273c72ab6793d850f1b44a478050914ca478a62a2de8e2f37906e", kill_on_drop: false }`
[INFO] running `Command { std: "docker" "rm" "-f" "2f6dd4db615273c72ab6793d850f1b44a478050914ca478a62a2de8e2f37906e", kill_on_drop: false }`
[INFO] [stdout] 2f6dd4db615273c72ab6793d850f1b44a478050914ca478a62a2de8e2f37906e
[INFO] running `Command { std: "docker" "create" "-v" "/var/lib/crater-agent-workspace/builds/worker-6-tc1/target:/opt/rustwide/target:rw,Z" "-v" "/var/lib/crater-agent-workspace/builds/worker-6-tc1/source:/opt/rustwide/workdir:ro,Z" "-v" "/var/lib/crater-agent-workspace/cargo-home:/opt/rustwide/cargo-home:ro,Z" "-v" "/var/lib/crater-agent-workspace/rustup-home:/opt/rustwide/rustup-home:ro,Z" "-e" "SOURCE_DIR=/opt/rustwide/workdir" "-e" "CARGO_TARGET_DIR=/opt/rustwide/target" "-e" "CARGO_INCREMENTAL=0" "-e" "RUST_BACKTRACE=full" "-e" "RUSTFLAGS=--cap-lints=warn" "-e" "RUSTDOCFLAGS=--cap-lints=warn" "-e" "CARGO_HOME=/opt/rustwide/cargo-home" "-e" "RUSTUP_HOME=/opt/rustwide/rustup-home" "-w" "/opt/rustwide/workdir" "-m" "1610612736" "--user" "0:0" "--network" "none" "ghcr.io/rust-lang/crates-build-env/linux@sha256:5ff2268d62e97bff2cde7d5815dd6ed5b47097566f13b8d0ca110b04b60e07ed" "/opt/rustwide/cargo-home/bin/cargo" "+1.69.0" "test" "--frozen" "--no-run" "--message-format=json", kill_on_drop: false }`
[INFO] [stdout] 80293718ba8c574dc10a9de3fc0ce9f7c2d9786daad7cfb168c45bd8c04b9b4b
[INFO] running `Command { std: "docker" "start" "-a" "80293718ba8c574dc10a9de3fc0ce9f7c2d9786daad7cfb168c45bd8c04b9b4b", kill_on_drop: false }`
[INFO] [stdout] warning: trait objects without an explicit `dyn` are deprecated
[INFO] [stdout]    --> src/part.rs:157:14
[INFO] [stdout]     |
[INFO] [stdout] 157 |     Read(Box<'a + Read + Send>, Option<u64>),
[INFO] [stdout]     |              ^^^^^^^^^^^^^^^^
[INFO] [stdout]     |
[INFO] [stdout]     = warning: this is accepted in the current edition (Rust 2018) but is a hard error in Rust 2021!
[INFO] [stdout]     = note: for more information, see <https://doc.rust-lang.org/nightly/edition-guide/rust-2021/warnings-promoted-to-error.html>
[INFO] [stdout]     = note: `#[warn(bare_trait_objects)]` on by default
[INFO] [stdout] help: use `dyn`
[INFO] [stdout]     |
[INFO] [stdout] 157 |     Read(Box<dyn 'a + Read + Send>, Option<u64>),
[INFO] [stdout]     |              +++
[INFO] [stdout] 
[INFO] [stdout] 
[INFO] [stdout] warning: trait objects without an explicit `dyn` are deprecated
[INFO] [stdout]   --> src/body.rs:26:17
[INFO] [stdout]    |
[INFO] [stdout] 26 |     reader: Box<'a + Read + Send>,
[INFO] [stdout]    |                 ^^^^^^^^^^^^^^^^
[INFO] [stdout]    |
[INFO] [stdout]    = warning: this is accepted in the current edition (Rust 2018) but is a hard error in Rust 2021!
[INFO] [stdout]    = note: for more information, see <https://doc.rust-lang.org/nightly/edition-guide/rust-2021/warnings-promoted-to-error.html>
[INFO] [stdout] help: use `dyn`
[INFO] [stdout]    |
[INFO] [stdout] 26 |     reader: Box<dyn 'a + Read + Send>,
[INFO] [stdout]    |                 +++
[INFO] [stdout] 
[INFO] [stdout] 
[INFO] [stderr]    Compiling multipart-rfc7578 v0.7.0 (/opt/rustwide/workdir)
[INFO] [stdout] warning: 2 warnings emitted
[INFO] [stdout] 
[INFO] [stdout] 
[INFO] [stdout] warning: trait objects without an explicit `dyn` are deprecated
[INFO] [stdout]    --> src/part.rs:157:14
[INFO] [stdout]     |
[INFO] [stdout] 157 |     Read(Box<'a + Read + Send>, Option<u64>),
[INFO] [stdout]     |              ^^^^^^^^^^^^^^^^
[INFO] [stdout]     |
[INFO] [stdout]     = warning: this is accepted in the current edition (Rust 2018) but is a hard error in Rust 2021!
[INFO] [stdout]     = note: for more information, see <https://doc.rust-lang.org/nightly/edition-guide/rust-2021/warnings-promoted-to-error.html>
[INFO] [stdout]     = note: `#[warn(bare_trait_objects)]` on by default
[INFO] [stdout] help: use `dyn`
[INFO] [stdout]     |
[INFO] [stdout] 157 |     Read(Box<dyn 'a + Read + Send>, Option<u64>),
[INFO] [stdout]     |              +++
[INFO] [stdout] 
[INFO] [stdout] 
[INFO] [stdout] warning: trait objects without an explicit `dyn` are deprecated
[INFO] [stdout]   --> src/body.rs:26:17
[INFO] [stdout]    |
[INFO] [stdout] 26 |     reader: Box<'a + Read + Send>,
[INFO] [stdout]    |                 ^^^^^^^^^^^^^^^^
[INFO] [stdout]    |
[INFO] [stdout]    = warning: this is accepted in the current edition (Rust 2018) but is a hard error in Rust 2021!
[INFO] [stdout]    = note: for more information, see <https://doc.rust-lang.org/nightly/edition-guide/rust-2021/warnings-promoted-to-error.html>
[INFO] [stdout] help: use `dyn`
[INFO] [stdout]    |
[INFO] [stdout] 26 |     reader: Box<dyn 'a + Read + Send>,
[INFO] [stdout]    |                 +++
[INFO] [stdout] 
[INFO] [stdout] 
[INFO] [stdout] warning: 2 warnings emitted
[INFO] [stdout] 
[INFO] [stdout] 
[INFO] [stderr]     Finished test [unoptimized + debuginfo] target(s) in 0.47s
[INFO] running `Command { std: "docker" "inspect" "80293718ba8c574dc10a9de3fc0ce9f7c2d9786daad7cfb168c45bd8c04b9b4b", kill_on_drop: false }`
[INFO] running `Command { std: "docker" "rm" "-f" "80293718ba8c574dc10a9de3fc0ce9f7c2d9786daad7cfb168c45bd8c04b9b4b", kill_on_drop: false }`
[INFO] [stdout] 80293718ba8c574dc10a9de3fc0ce9f7c2d9786daad7cfb168c45bd8c04b9b4b
[INFO] running `Command { std: "docker" "create" "-v" "/var/lib/crater-agent-workspace/builds/worker-6-tc1/target:/opt/rustwide/target:rw,Z" "-v" "/var/lib/crater-agent-workspace/builds/worker-6-tc1/source:/opt/rustwide/workdir:ro,Z" "-v" "/var/lib/crater-agent-workspace/cargo-home:/opt/rustwide/cargo-home:ro,Z" "-v" "/var/lib/crater-agent-workspace/rustup-home:/opt/rustwide/rustup-home:ro,Z" "-e" "SOURCE_DIR=/opt/rustwide/workdir" "-e" "CARGO_TARGET_DIR=/opt/rustwide/target" "-e" "CARGO_INCREMENTAL=0" "-e" "RUST_BACKTRACE=full" "-e" "RUSTFLAGS=--cap-lints=warn" "-e" "RUSTDOCFLAGS=--cap-lints=warn" "-e" "CARGO_HOME=/opt/rustwide/cargo-home" "-e" "RUSTUP_HOME=/opt/rustwide/rustup-home" "-w" "/opt/rustwide/workdir" "-m" "1610612736" "--user" "0:0" "--network" "none" "ghcr.io/rust-lang/crates-build-env/linux@sha256:5ff2268d62e97bff2cde7d5815dd6ed5b47097566f13b8d0ca110b04b60e07ed" "/opt/rustwide/cargo-home/bin/cargo" "+1.69.0" "test" "--frozen", kill_on_drop: false }`
[INFO] [stdout] d6fbebc1a92a5ff4885d49acf5c1eae0611d2e22637607cd27606647a0e48d65
[INFO] running `Command { std: "docker" "start" "-a" "d6fbebc1a92a5ff4885d49acf5c1eae0611d2e22637607cd27606647a0e48d65", kill_on_drop: false }`
[INFO] [stderr] warning: trait objects without an explicit `dyn` are deprecated
[INFO] [stderr]    --> src/part.rs:157:14
[INFO] [stderr]     |
[INFO] [stderr] 157 |     Read(Box<'a + Read + Send>, Option<u64>),
[INFO] [stderr]     |              ^^^^^^^^^^^^^^^^
[INFO] [stderr]     |
[INFO] [stderr]     = warning: this is accepted in the current edition (Rust 2018) but is a hard error in Rust 2021!
[INFO] [stderr]     = note: for more information, see <https://doc.rust-lang.org/nightly/edition-guide/rust-2021/warnings-promoted-to-error.html>
[INFO] [stderr]     = note: `#[warn(bare_trait_objects)]` on by default
[INFO] [stderr] help: use `dyn`
[INFO] [stderr]     |
[INFO] [stderr] 157 |     Read(Box<dyn 'a + Read + Send>, Option<u64>),
[INFO] [stderr]     |              +++
[INFO] [stderr] 
[INFO] [stderr] warning: trait objects without an explicit `dyn` are deprecated
[INFO] [stderr]   --> src/body.rs:26:17
[INFO] [stderr]    |
[INFO] [stderr] 26 |     reader: Box<'a + Read + Send>,
[INFO] [stderr]    |                 ^^^^^^^^^^^^^^^^
[INFO] [stderr]    |
[INFO] [stderr]    = warning: this is accepted in the current edition (Rust 2018) but is a hard error in Rust 2021!
[INFO] [stderr]    = note: for more information, see <https://doc.rust-lang.org/nightly/edition-guide/rust-2021/warnings-promoted-to-error.html>
[INFO] [stderr] help: use `dyn`
[INFO] [stderr]    |
[INFO] [stderr] 26 |     reader: Box<dyn 'a + Read + Send>,
[INFO] [stderr]    |                 +++
[INFO] [stderr] 
[INFO] [stderr] warning: `multipart-rfc7578` (lib) generated 2 warnings (run `cargo fix --lib -p multipart-rfc7578` to apply 2 suggestions)
[INFO] [stderr] warning: `multipart-rfc7578` (lib test) generated 2 warnings (2 duplicates)
[INFO] [stderr]     Finished test [unoptimized + debuginfo] target(s) in 0.05s
[INFO] [stderr]      Running unittests src/lib.rs (/opt/rustwide/target/debug/deps/multipart_rfc7578-773286bd06de7c27)
[INFO] [stdout] 
[INFO] [stdout] running 4 tests
[INFO] [stdout] test form::tests::test_form_reader ... ok
[INFO] [stdout] test part::tests::test_inner_read ... ok
[INFO] [stdout] test form::tests::test_text_form ... ok
[INFO] [stdout] test part::tests::test_inner_text ... ok
[INFO] [stdout] 
[INFO] [stdout] test result: ok. 4 passed; 0 failed; 0 ignored; 0 measured; 0 filtered out; finished in 0.00s
[INFO] [stdout] 
[INFO] [stderr]    Doc-tests multipart-rfc7578
[INFO] [stdout] 
[INFO] [stdout] running 12 tests
[INFO] [stdout] test src/boundary_generator.rs - boundary_generator::BoundaryGenerator (line 22) ... ok
[INFO] [stdout] test src/form.rs - form::Form<'a>::add_reader_file (line 177) ... ok
[INFO] [stdout] test src/form.rs - form::Form<'a>::add_reader_file_with_mime (line 200) ... ok
[INFO] [stdout] test src/form.rs - form::Form<'a>::add_text (line 90) ... ok
[INFO] [stdout] test src/form.rs - form::Form<'a>::add_file_with_mime (line 252) ... ok
[INFO] [stdout] test src/form.rs - form::Form<'a>::add_reader (line 155) ... ok
[INFO] [stdout] test src/form.rs - form::Form<'static>::set_body (line 370) ... FAILED
[INFO] [stdout] test src/form.rs - form::Form<'static>::set_body (line 391) ... FAILED
[INFO] [stdout] test src/form.rs - form::Form<'a>::add_file (line 229) ... ok
[INFO] [stdout] test src/form.rs - form::Form<'a>::add_reader2 (line 116) ... ok
[INFO] [stdout] test src/form.rs - form::Form<'a>::new (line 60) ... ok
[INFO] [stdout] test src/lib.rs - (line 20) ... ok
[INFO] [stdout] 
[INFO] [stdout] failures:
[INFO] [stdout] 
[INFO] [stdout] ---- src/form.rs - form::Form<'static>::set_body (line 370) stdout ----
[INFO] [stdout] error[E0432]: unresolved import `multipart_rfc7578::SetBody`
[INFO] [stdout]  --> src/form.rs:373:31
[INFO] [stdout]   |
[INFO] [stdout] 5 | use multipart_rfc7578::{Form, SetBody};
[INFO] [stdout]   |                               ^^^^^^^ no `SetBody` in the root
[INFO] [stdout] 
[INFO] [stdout] error: aborting due to previous error
[INFO] [stdout] 
[INFO] [stdout] For more information about this error, try `rustc --explain E0432`.
[INFO] [stdout] Couldn't compile the test.
[INFO] [stdout] ---- src/form.rs - form::Form<'static>::set_body (line 391) stdout ----
[INFO] [stdout] error[E0432]: unresolved import `multipart_rfc7578::SetBody`
[INFO] [stdout]  --> src/form.rs:394:31
[INFO] [stdout]   |
[INFO] [stdout] 5 | use multipart_rfc7578::{Form, SetBody};
[INFO] [stdout]   |                               ^^^^^^^ no `SetBody` in the root
[INFO] [stdout] 
[INFO] [stdout] error: aborting due to previous error
[INFO] [stdout] 
[INFO] [stdout] For more information about this error, try `rustc --explain E0432`.
[INFO] [stdout] Couldn't compile the test.
[INFO] [stdout] 
[INFO] [stdout] failures:
[INFO] [stdout]     src/form.rs - form::Form<'static>::set_body (line 370)
[INFO] [stdout]     src/form.rs - form::Form<'static>::set_body (line 391)
[INFO] [stdout] 
[INFO] [stdout] test result: FAILED. 10 passed; 2 failed; 0 ignored; 0 measured; 0 filtered out; finished in 0.83s
[INFO] [stdout] 
[INFO] [stderr] error: doctest failed, to rerun pass `--doc`
[INFO] running `Command { std: "docker" "inspect" "d6fbebc1a92a5ff4885d49acf5c1eae0611d2e22637607cd27606647a0e48d65", kill_on_drop: false }`
[INFO] running `Command { std: "docker" "rm" "-f" "d6fbebc1a92a5ff4885d49acf5c1eae0611d2e22637607cd27606647a0e48d65", kill_on_drop: false }`
[INFO] [stdout] d6fbebc1a92a5ff4885d49acf5c1eae0611d2e22637607cd27606647a0e48d65
