[INFO] fetching crate multi-ownable 0.1.2...
[INFO] testing multi-ownable-0.1.2 against 1.69.0 for beta-1.70-1
[INFO] extracting crate multi-ownable 0.1.2 into /workspace/builds/worker-5-tc1/source
[INFO] validating manifest of crates.io crate multi-ownable 0.1.2 on toolchain 1.69.0
[INFO] running `Command { std: CARGO_HOME="/workspace/cargo-home" RUSTUP_HOME="/workspace/rustup-home" "/workspace/cargo-home/bin/cargo" "+1.69.0" "metadata" "--manifest-path" "Cargo.toml" "--no-deps", kill_on_drop: false }`
[INFO] started tweaking crates.io crate multi-ownable 0.1.2
[INFO] finished tweaking crates.io crate multi-ownable 0.1.2
[INFO] tweaked toml for crates.io crate multi-ownable 0.1.2 written to /workspace/builds/worker-5-tc1/source/Cargo.toml
[INFO] running `Command { std: CARGO_HOME="/workspace/cargo-home" RUSTUP_HOME="/workspace/rustup-home" __CARGO_TEST_CHANNEL_OVERRIDE_DO_NOT_USE_THIS="nightly" "/workspace/cargo-home/bin/cargo" "+1.69.0" "generate-lockfile" "--manifest-path" "Cargo.toml" "-Zno-index-update", kill_on_drop: false }`
[INFO] running `Command { std: CARGO_HOME="/workspace/cargo-home" RUSTUP_HOME="/workspace/rustup-home" "/workspace/cargo-home/bin/cargo" "+1.69.0" "fetch" "--manifest-path" "Cargo.toml", kill_on_drop: false }`
[INFO] [stderr]  Downloading crates ...
[INFO] [stderr]   Downloaded zeropool-bn v0.5.11
[INFO] [stderr]   Downloaded near-vm-errors v0.14.0
[INFO] [stderr]   Downloaded reed-solomon-erasure v4.0.2
[INFO] [stderr]   Downloaded near-account-id v0.14.0
[INFO] [stderr]   Downloaded primitive-types v0.10.1
[INFO] [stderr]   Downloaded near-rpc-error-macro v0.14.0
[INFO] [stderr]   Downloaded c2-chacha v0.3.3
[INFO] [stderr]   Downloaded radium v0.6.2
[INFO] [stderr]   Downloaded near-sys v0.2.0
[INFO] [stderr]   Downloaded impl-codec v0.5.1
[INFO] [stderr]   Downloaded near-rpc-error-core v0.14.0
[INFO] [stderr]   Downloaded parity-scale-codec-derive v2.3.1
[INFO] [stderr]   Downloaded easy-ext v0.2.9
[INFO] [stderr]   Downloaded near-sdk v4.1.1
[INFO] [stderr]   Downloaded near-sdk-macros v4.1.1
[INFO] [stderr]   Downloaded near-abi v0.3.0
[INFO] [stderr]   Downloaded near-crypto v0.14.0
[INFO] [stderr]   Downloaded parity-scale-codec v2.3.1
[INFO] [stderr]   Downloaded near-primitives-core v0.14.0
[INFO] [stderr]   Downloaded near-primitives v0.14.0
[INFO] [stderr]   Downloaded near-vm-logic v0.14.0
[INFO] [stderr]   Downloaded parity-secp256k1 v0.7.0
[INFO] [stderr]   Downloaded bitvec v0.20.4
[INFO] running `Command { std: "docker" "create" "-v" "/var/lib/crater-agent-workspace/builds/worker-5-tc1/target:/opt/rustwide/target:rw,Z" "-v" "/var/lib/crater-agent-workspace/builds/worker-5-tc1/source:/opt/rustwide/workdir:ro,Z" "-v" "/var/lib/crater-agent-workspace/cargo-home:/opt/rustwide/cargo-home:ro,Z" "-v" "/var/lib/crater-agent-workspace/rustup-home:/opt/rustwide/rustup-home:ro,Z" "-e" "SOURCE_DIR=/opt/rustwide/workdir" "-e" "CARGO_TARGET_DIR=/opt/rustwide/target" "-e" "CARGO_HOME=/opt/rustwide/cargo-home" "-e" "RUSTUP_HOME=/opt/rustwide/rustup-home" "-w" "/opt/rustwide/workdir" "-m" "1610612736" "--user" "0:0" "--network" "none" "ghcr.io/rust-lang/crates-build-env/linux@sha256:5ff2268d62e97bff2cde7d5815dd6ed5b47097566f13b8d0ca110b04b60e07ed" "/opt/rustwide/cargo-home/bin/cargo" "+1.69.0" "metadata" "--no-deps" "--format-version=1", kill_on_drop: false }`
[INFO] [stdout] 2b474ce85046a73a91efe56018ff0e4dc7a9bba005758d33fdb20897524344d1
[INFO] running `Command { std: "docker" "start" "-a" "2b474ce85046a73a91efe56018ff0e4dc7a9bba005758d33fdb20897524344d1", kill_on_drop: false }`
[INFO] running `Command { std: "docker" "inspect" "2b474ce85046a73a91efe56018ff0e4dc7a9bba005758d33fdb20897524344d1", kill_on_drop: false }`
[INFO] running `Command { std: "docker" "rm" "-f" "2b474ce85046a73a91efe56018ff0e4dc7a9bba005758d33fdb20897524344d1", kill_on_drop: false }`
[INFO] [stdout] 2b474ce85046a73a91efe56018ff0e4dc7a9bba005758d33fdb20897524344d1
[INFO] running `Command { std: "docker" "create" "-v" "/var/lib/crater-agent-workspace/builds/worker-5-tc1/target:/opt/rustwide/target:rw,Z" "-v" "/var/lib/crater-agent-workspace/builds/worker-5-tc1/source:/opt/rustwide/workdir:ro,Z" "-v" "/var/lib/crater-agent-workspace/cargo-home:/opt/rustwide/cargo-home:ro,Z" "-v" "/var/lib/crater-agent-workspace/rustup-home:/opt/rustwide/rustup-home:ro,Z" "-e" "SOURCE_DIR=/opt/rustwide/workdir" "-e" "CARGO_TARGET_DIR=/opt/rustwide/target" "-e" "CARGO_INCREMENTAL=0" "-e" "RUST_BACKTRACE=full" "-e" "RUSTFLAGS=--cap-lints=warn" "-e" "RUSTDOCFLAGS=--cap-lints=warn" "-e" "CARGO_HOME=/opt/rustwide/cargo-home" "-e" "RUSTUP_HOME=/opt/rustwide/rustup-home" "-w" "/opt/rustwide/workdir" "-m" "1610612736" "--user" "0:0" "--network" "none" "ghcr.io/rust-lang/crates-build-env/linux@sha256:5ff2268d62e97bff2cde7d5815dd6ed5b47097566f13b8d0ca110b04b60e07ed" "/opt/rustwide/cargo-home/bin/cargo" "+1.69.0" "build" "--frozen" "--message-format=json", kill_on_drop: false }`
[INFO] [stdout] a915dee9ab4f48adbe02a1532195166a3f3d130c46cb8cc5b8f563bda7b3e688
[INFO] running `Command { std: "docker" "start" "-a" "a915dee9ab4f48adbe02a1532195166a3f3d130c46cb8cc5b8f563bda7b3e688", kill_on_drop: false }`
[INFO] [stderr]    Compiling syn v1.0.109
[INFO] [stderr]    Compiling serde v1.0.160
[INFO] [stderr]    Compiling getrandom v0.1.16
[INFO] [stderr]    Compiling num-traits v0.2.15
[INFO] [stderr]    Compiling byteorder v1.4.3
[INFO] [stderr]    Compiling toml_datetime v0.6.1
[INFO] [stderr]    Compiling radium v0.6.2
[INFO] [stderr]    Compiling indexmap v1.9.3
[INFO] [stderr]    Compiling winnow v0.4.4
[INFO] [stderr]    Compiling num-integer v0.1.45
[INFO] [stderr]    Compiling syn v2.0.15
[INFO] [stderr]    Compiling crunchy v0.2.2
[INFO] [stderr]    Compiling cfg-if v0.1.10
[INFO] [stderr]    Compiling ahash v0.7.6
[INFO] [stderr]    Compiling digest v0.9.0
[INFO] [stderr]    Compiling wyz v0.2.0
[INFO] [stderr]    Compiling rustversion v1.0.12
[INFO] [stderr]    Compiling hashbrown v0.11.2
[INFO] [stderr]    Compiling serde_json v1.0.96
[INFO] [stderr]    Compiling tap v1.0.1
[INFO] [stderr]    Compiling subtle v2.5.0
[INFO] [stderr]    Compiling funty v1.1.0
[INFO] [stderr]    Compiling digest v0.10.6
[INFO] [stderr]    Compiling rand v0.8.5
[INFO] [stderr]    Compiling num-bigint v0.3.3
[INFO] [stderr]    Compiling arrayvec v0.7.2
[INFO] [stderr]    Compiling byte-slice-cast v1.2.2
[INFO] [stderr]    Compiling rand_core v0.5.1
[INFO] [stderr]    Compiling rustc-hex v2.1.0
[INFO] [stderr]    Compiling parity-secp256k1 v0.7.0
[INFO] [stderr]    Compiling num-rational v0.3.2
[INFO] [stderr]    Compiling hex v0.4.3
[INFO] [stderr]    Compiling signature v1.6.4
[INFO] [stderr]    Compiling convert_case v0.4.0
[INFO] [stderr]    Compiling rand_chacha v0.2.2
[INFO] [stderr]    Compiling sha2 v0.9.9
[INFO] [stderr]    Compiling ed25519 v1.5.3
[INFO] [stderr]    Compiling crypto-mac v0.8.0
[INFO] [stderr]    Compiling bitvec v0.20.4
[INFO] [stderr]    Compiling uint v0.9.5
[INFO] [stderr]    Compiling rand v0.7.3
[INFO] [stderr]    Compiling cipher v0.2.5
[INFO] [stderr]    Compiling fixed-hash v0.7.0
[INFO] [stderr]    Compiling arrayvec v0.5.2
[INFO] [stderr]    Compiling reed-solomon-erasure v4.0.2
[INFO] [stderr]    Compiling bs58 v0.4.0
[INFO] [stderr]    Compiling c2-chacha v0.3.3
[INFO] [stderr]    Compiling blake2 v0.9.2
[INFO] [stderr]    Compiling sha2 v0.10.6
[INFO] [stderr]    Compiling time v0.1.45
[INFO] [stderr]    Compiling arrayref v0.3.7
[INFO] [stderr]    Compiling schemars v0.8.12
[INFO] [stderr]    Compiling semver v1.0.17
[INFO] [stderr]    Compiling base64 v0.11.0
[INFO] [stderr]    Compiling iana-time-zone v0.1.56
[INFO] [stderr]    Compiling spin v0.5.2
[INFO] [stderr]    Compiling toml_edit v0.19.8
[INFO] [stderr]    Compiling lazy_static v1.4.0
[INFO] [stderr]    Compiling bytesize v1.2.0
[INFO] [stderr]    Compiling easy-ext v0.2.9
[INFO] [stderr]    Compiling dyn-clone v1.0.11
[INFO] [stderr]    Compiling keccak v0.1.3
[INFO] [stderr]    Compiling wee_alloc v0.4.5
[INFO] [stderr]    Compiling ripemd v0.1.3
[INFO] [stderr]    Compiling memory_units v0.4.0
[INFO] [stderr]    Compiling Inflector v0.11.4
[INFO] [stderr]    Compiling base64 v0.13.1
[INFO] [stderr]    Compiling sha3 v0.10.7
[INFO] [stderr]    Compiling near-sys v0.2.0
[INFO] [stderr]    Compiling proc-macro-crate v1.3.1
[INFO] [stderr]    Compiling serde_derive v1.0.160
[INFO] [stderr]    Compiling zeroize_derive v1.4.2
[INFO] [stderr]    Compiling thiserror-impl v1.0.40
[INFO] [stderr]    Compiling borsh-derive-internal v0.9.3
[INFO] [stderr]    Compiling borsh-schema-derive-internal v0.9.3
[INFO] [stderr]    Compiling serde_derive_internals v0.26.0
[INFO] [stderr]    Compiling zeroize v1.3.0
[INFO] [stderr]    Compiling parity-scale-codec-derive v2.3.1
[INFO] [stderr]    Compiling impl-trait-for-tuples v0.2.2
[INFO] [stderr]    Compiling derive_more v0.99.17
[INFO] [stderr]    Compiling strum_macros v0.24.3
[INFO] [stderr]    Compiling smart-default v0.6.0
[INFO] [stderr]    Compiling schemars_derive v0.8.12
[INFO] [stderr]    Compiling near-sdk-macros v4.1.1
[INFO] [stderr]    Compiling curve25519-dalek v3.2.1
[INFO] [stderr]    Compiling thiserror v1.0.40
[INFO] [stderr]    Compiling strum v0.24.1
[INFO] [stderr]    Compiling parity-scale-codec v2.3.1
[INFO] [stderr]    Compiling ed25519-dalek v1.0.1
[INFO] [stderr]    Compiling chrono v0.4.24
[INFO] [stderr]    Compiling toml v0.5.11
[INFO] [stderr]    Compiling near-rpc-error-core v0.14.0
[INFO] [stderr]    Compiling near-rpc-error-macro v0.14.0
[INFO] [stderr]    Compiling impl-codec v0.5.1
[INFO] [stderr]    Compiling primitive-types v0.10.1
[INFO] [stderr]    Compiling proc-macro-crate v0.1.5
[INFO] [stderr]    Compiling borsh-derive v0.9.3
[INFO] [stderr]    Compiling borsh v0.9.3
[INFO] [stderr]    Compiling near-account-id v0.14.0
[INFO] [stderr]    Compiling zeropool-bn v0.5.11
[INFO] [stderr]    Compiling near-abi v0.3.0
[INFO] [stderr]    Compiling near-vm-errors v0.14.0
[INFO] [stderr]    Compiling near-crypto v0.14.0
[INFO] [stderr]    Compiling near-primitives-core v0.14.0
[INFO] [stderr]    Compiling near-primitives v0.14.0
[INFO] [stderr]    Compiling near-vm-logic v0.14.0
[INFO] [stderr]    Compiling near-sdk v4.1.1
[INFO] [stderr]    Compiling multi-ownable v0.1.2 (/opt/rustwide/workdir)
[INFO] [stderr]     Finished dev [unoptimized + debuginfo] target(s) in 33.09s
[INFO] running `Command { std: "docker" "inspect" "a915dee9ab4f48adbe02a1532195166a3f3d130c46cb8cc5b8f563bda7b3e688", kill_on_drop: false }`
[INFO] running `Command { std: "docker" "rm" "-f" "a915dee9ab4f48adbe02a1532195166a3f3d130c46cb8cc5b8f563bda7b3e688", kill_on_drop: false }`
[INFO] [stdout] a915dee9ab4f48adbe02a1532195166a3f3d130c46cb8cc5b8f563bda7b3e688
[INFO] running `Command { std: "docker" "create" "-v" "/var/lib/crater-agent-workspace/builds/worker-5-tc1/target:/opt/rustwide/target:rw,Z" "-v" "/var/lib/crater-agent-workspace/builds/worker-5-tc1/source:/opt/rustwide/workdir:ro,Z" "-v" "/var/lib/crater-agent-workspace/cargo-home:/opt/rustwide/cargo-home:ro,Z" "-v" "/var/lib/crater-agent-workspace/rustup-home:/opt/rustwide/rustup-home:ro,Z" "-e" "SOURCE_DIR=/opt/rustwide/workdir" "-e" "CARGO_TARGET_DIR=/opt/rustwide/target" "-e" "CARGO_INCREMENTAL=0" "-e" "RUST_BACKTRACE=full" "-e" "RUSTFLAGS=--cap-lints=warn" "-e" "RUSTDOCFLAGS=--cap-lints=warn" "-e" "CARGO_HOME=/opt/rustwide/cargo-home" "-e" "RUSTUP_HOME=/opt/rustwide/rustup-home" "-w" "/opt/rustwide/workdir" "-m" "1610612736" "--user" "0:0" "--network" "none" "ghcr.io/rust-lang/crates-build-env/linux@sha256:5ff2268d62e97bff2cde7d5815dd6ed5b47097566f13b8d0ca110b04b60e07ed" "/opt/rustwide/cargo-home/bin/cargo" "+1.69.0" "test" "--frozen" "--no-run" "--message-format=json", kill_on_drop: false }`
[INFO] [stdout] bd7195f3147549f072bdce68f228ef2b66a9d4dc72537666c10c2f550db93c60
[INFO] running `Command { std: "docker" "start" "-a" "bd7195f3147549f072bdce68f228ef2b66a9d4dc72537666c10c2f550db93c60", kill_on_drop: false }`
[INFO] [stderr]    Compiling multi-ownable v0.1.2 (/opt/rustwide/workdir)
[INFO] [stderr]     Finished test [unoptimized + debuginfo] target(s) in 1.31s
[INFO] running `Command { std: "docker" "inspect" "bd7195f3147549f072bdce68f228ef2b66a9d4dc72537666c10c2f550db93c60", kill_on_drop: false }`
[INFO] running `Command { std: "docker" "rm" "-f" "bd7195f3147549f072bdce68f228ef2b66a9d4dc72537666c10c2f550db93c60", kill_on_drop: false }`
[INFO] [stdout] bd7195f3147549f072bdce68f228ef2b66a9d4dc72537666c10c2f550db93c60
[INFO] running `Command { std: "docker" "create" "-v" "/var/lib/crater-agent-workspace/builds/worker-5-tc1/target:/opt/rustwide/target:rw,Z" "-v" "/var/lib/crater-agent-workspace/builds/worker-5-tc1/source:/opt/rustwide/workdir:ro,Z" "-v" "/var/lib/crater-agent-workspace/cargo-home:/opt/rustwide/cargo-home:ro,Z" "-v" "/var/lib/crater-agent-workspace/rustup-home:/opt/rustwide/rustup-home:ro,Z" "-e" "SOURCE_DIR=/opt/rustwide/workdir" "-e" "CARGO_TARGET_DIR=/opt/rustwide/target" "-e" "CARGO_INCREMENTAL=0" "-e" "RUST_BACKTRACE=full" "-e" "RUSTFLAGS=--cap-lints=warn" "-e" "RUSTDOCFLAGS=--cap-lints=warn" "-e" "CARGO_HOME=/opt/rustwide/cargo-home" "-e" "RUSTUP_HOME=/opt/rustwide/rustup-home" "-w" "/opt/rustwide/workdir" "-m" "1610612736" "--user" "0:0" "--network" "none" "ghcr.io/rust-lang/crates-build-env/linux@sha256:5ff2268d62e97bff2cde7d5815dd6ed5b47097566f13b8d0ca110b04b60e07ed" "/opt/rustwide/cargo-home/bin/cargo" "+1.69.0" "test" "--frozen", kill_on_drop: false }`
[INFO] [stdout] fbafcc50aa39aed9617c0c2e10e70eaed3d2529d3af54d84ff0b2c86d49014ea
[INFO] running `Command { std: "docker" "start" "-a" "fbafcc50aa39aed9617c0c2e10e70eaed3d2529d3af54d84ff0b2c86d49014ea", kill_on_drop: false }`
[INFO] [stderr]     Finished test [unoptimized + debuginfo] target(s) in 0.09s
[INFO] [stderr]      Running unittests src/lib.rs (/opt/rustwide/target/debug/deps/multi_ownable-20f8d50f84894182)
[INFO] [stdout] 
[INFO] [stdout] running 0 tests
[INFO] [stdout] 
[INFO] [stdout] test result: ok. 0 passed; 0 failed; 0 ignored; 0 measured; 0 filtered out; finished in 0.00s
[INFO] [stdout] 
[INFO] [stderr]    Doc-tests multi-ownable
[INFO] [stdout] 
[INFO] [stdout] running 2 tests
[INFO] [stdout] test src/lib.rs - (line 14) ... FAILED
[INFO] [stdout] test src/lib.rs - (line 25) ... FAILED
[INFO] [stdout] 
[INFO] [stdout] failures:
[INFO] [stdout] 
[INFO] [stdout] ---- src/lib.rs - (line 14) stdout ----
[INFO] [stdout] error[E0433]: failed to resolve: could not find `impl_multi_ownable` in the crate root
[INFO] [stdout]  --> src/lib.rs:20:8
[INFO] [stdout]   |
[INFO] [stdout] 9 | crate::impl_multi_ownable!(Contract, multi_ownable, MultiOwnableCall, on_call);
[INFO] [stdout]   |        ^^^^^^^^^^^^^^^^^^ could not find `impl_multi_ownable` in the crate root
[INFO] [stdout] 
[INFO] [stdout] error: aborting due to previous error
[INFO] [stdout] 
[INFO] [stdout] For more information about this error, try `rustc --explain E0433`.
[INFO] [stdout] Couldn't compile the test.
[INFO] [stdout] ---- src/lib.rs - (line 25) stdout ----
[INFO] [stdout] error[E0433]: failed to resolve: could not find `impl_multi_ownable` in the crate root
[INFO] [stdout]   --> src/lib.rs:100:8
[INFO] [stdout]    |
[INFO] [stdout] 78 | crate::impl_multi_ownable!(Contract, multi_ownable, MultiOwnableCall, on_call);
[INFO] [stdout]    |        ^^^^^^^^^^^^^^^^^^ could not find `impl_multi_ownable` in the crate root
[INFO] [stdout] 
[INFO] [stdout] error: cannot find derive macro `Serialize` in this scope
[INFO] [stdout]   --> src/lib.rs:83:10
[INFO] [stdout]    |
[INFO] [stdout] 61 | #[derive(Serialize, Deserialize, Clone)]
[INFO] [stdout]    |          ^^^^^^^^^
[INFO] [stdout] 
[INFO] [stdout] error: cannot find derive macro `Deserialize` in this scope
[INFO] [stdout]   --> src/lib.rs:83:21
[INFO] [stdout]    |
[INFO] [stdout] 61 | #[derive(Serialize, Deserialize, Clone)]
[INFO] [stdout]    |                     ^^^^^^^^^^^
[INFO] [stdout] 
[INFO] [stdout] error: cannot find attribute `serde` in this scope
[INFO] [stdout]   --> src/lib.rs:84:3
[INFO] [stdout]    |
[INFO] [stdout] 62 | #[serde(crate = "near_sdk::serde")]
[INFO] [stdout]    |   ^^^^^
[INFO] [stdout] 
[INFO] [stdout] error: cannot find derive macro `Serialize` in this scope
[INFO] [stdout]   --> src/lib.rs:91:44
[INFO] [stdout]    |
[INFO] [stdout] 69 | #[derive(BorshDeserialize, BorshSerialize, Serialize, Deserialize, Clone)]
[INFO] [stdout]    |                                            ^^^^^^^^^
[INFO] [stdout] 
[INFO] [stdout] error: cannot find derive macro `Deserialize` in this scope
[INFO] [stdout]   --> src/lib.rs:91:55
[INFO] [stdout]    |
[INFO] [stdout] 69 | #[derive(BorshDeserialize, BorshSerialize, Serialize, Deserialize, Clone)]
[INFO] [stdout]    |                                                       ^^^^^^^^^^^
[INFO] [stdout] 
[INFO] [stdout] error: cannot find attribute `serde` in this scope
[INFO] [stdout]   --> src/lib.rs:92:3
[INFO] [stdout]    |
[INFO] [stdout] 70 | #[serde(crate = "near_sdk::serde")]
[INFO] [stdout]    |   ^^^^^
[INFO] [stdout] 
[INFO] [stdout] error: cannot find attribute `serde` in this scope
[INFO] [stdout]   --> src/lib.rs:94:5
[INFO] [stdout]    |
[INFO] [stdout] 72 |   #[serde(rename = "update_number", alias = "update_number")]
[INFO] [stdout]    |     ^^^^^
[INFO] [stdout] 
[INFO] [stdout] error: cannot find attribute `serde` in this scope
[INFO] [stdout]   --> src/lib.rs:96:5
[INFO] [stdout]    |
[INFO] [stdout] 74 |   #[serde(rename = "do_something_else", alias = "do_something_else")]
[INFO] [stdout]    |     ^^^^^
[INFO] [stdout] 
[INFO] [stdout] error[E0599]: no method named `init_multi_ownable` found for struct `Contract` in the current scope
[INFO] [stdout]   --> src/lib.rs:52:10
[INFO] [stdout]    |
[INFO] [stdout] 11 | pub struct Contract {
[INFO] [stdout]    | ------------------- method `init_multi_ownable` not found for this struct
[INFO] [stdout] ...
[INFO] [stdout] 30 |     this.init_multi_ownable(vec![owner_id.clone()], 1);
[INFO] [stdout]    |          ^^^^^^^^^^^^^^^^^^ method not found in `Contract`
[INFO] [stdout] 
[INFO] [stdout] error[E0277]: the trait bound `UpdateNumberArgs: Deserialize<'_>` is not satisfied
[INFO] [stdout]     --> src/lib.rs:72:7
[INFO] [stdout]      |
[INFO] [stdout] 50   |       near_sdk::serde_json::from_str(&args).expect("Invalid SetRewardRateArgs");
[INFO] [stdout]      |       ^^^^^^^^^^^^^^^^^^^^^^^^^^^^^^ the trait `Deserialize<'_>` is not implemented for `UpdateNumberArgs`
[INFO] [stdout]      |
[INFO] [stdout]      = help: the following other types implement trait `Deserialize<'de>`:
[INFO] [stdout]                &'a Path
[INFO] [stdout]                &'a [u8]
[INFO] [stdout]                &'a str
[INFO] [stdout]                ()
[INFO] [stdout]                (T0, T1)
[INFO] [stdout]                (T0, T1, T2)
[INFO] [stdout]                (T0, T1, T2, T3)
[INFO] [stdout]                (T0, T1, T2, T3, T4)
[INFO] [stdout]              and 339 others
[INFO] [stdout] note: required by a bound in `near_sdk::serde_json::from_str`
[INFO] [stdout]     --> /opt/rustwide/cargo-home/registry/src/github.com-1ecc6299db9ec823/serde_json-1.0.96/src/de.rs:2603:8
[INFO] [stdout]      |
[INFO] [stdout] 2603 |     T: de::Deserialize<'a>,
[INFO] [stdout]      |        ^^^^^^^^^^^^^^^^^^^ required by this bound in `from_str`
[INFO] [stdout] 
[INFO] [stdout] error: aborting due to 11 previous errors
[INFO] [stdout] 
[INFO] [stdout] Some errors have detailed explanations: E0277, E0433, E0599.
[INFO] [stdout] For more information about an error, try `rustc --explain E0277`.
[INFO] [stdout] Couldn't compile the test.
[INFO] [stdout] 
[INFO] [stdout] failures:
[INFO] [stdout]     src/lib.rs - (line 14)
[INFO] [stdout]     src/lib.rs - (line 25)
[INFO] [stdout] 
[INFO] [stdout] test result: FAILED. 0 passed; 2 failed; 0 ignored; 0 measured; 0 filtered out; finished in 0.13s
[INFO] [stdout] 
[INFO] [stderr] error: doctest failed, to rerun pass `--doc`
[INFO] running `Command { std: "docker" "inspect" "fbafcc50aa39aed9617c0c2e10e70eaed3d2529d3af54d84ff0b2c86d49014ea", kill_on_drop: false }`
[INFO] running `Command { std: "docker" "rm" "-f" "fbafcc50aa39aed9617c0c2e10e70eaed3d2529d3af54d84ff0b2c86d49014ea", kill_on_drop: false }`
[INFO] [stdout] fbafcc50aa39aed9617c0c2e10e70eaed3d2529d3af54d84ff0b2c86d49014ea
