[INFO] fetching crate mrsbfh 0.4.1...
[INFO] testing mrsbfh-0.4.1 against 1.69.0 for beta-1.70-1
[INFO] extracting crate mrsbfh 0.4.1 into /workspace/builds/worker-5-tc1/source
[INFO] validating manifest of crates.io crate mrsbfh 0.4.1 on toolchain 1.69.0
[INFO] running `Command { std: CARGO_HOME="/workspace/cargo-home" RUSTUP_HOME="/workspace/rustup-home" "/workspace/cargo-home/bin/cargo" "+1.69.0" "metadata" "--manifest-path" "Cargo.toml" "--no-deps", kill_on_drop: false }`
[INFO] started tweaking crates.io crate mrsbfh 0.4.1
[INFO] finished tweaking crates.io crate mrsbfh 0.4.1
[INFO] tweaked toml for crates.io crate mrsbfh 0.4.1 written to /workspace/builds/worker-5-tc1/source/Cargo.toml
[INFO] running `Command { std: CARGO_HOME="/workspace/cargo-home" RUSTUP_HOME="/workspace/rustup-home" __CARGO_TEST_CHANNEL_OVERRIDE_DO_NOT_USE_THIS="nightly" "/workspace/cargo-home/bin/cargo" "+1.69.0" "generate-lockfile" "--manifest-path" "Cargo.toml" "-Zno-index-update", kill_on_drop: false }`
[INFO] running `Command { std: CARGO_HOME="/workspace/cargo-home" RUSTUP_HOME="/workspace/rustup-home" "/workspace/cargo-home/bin/cargo" "+1.69.0" "fetch" "--manifest-path" "Cargo.toml", kill_on_drop: false }`
[INFO] [stderr]  Downloading crates ...
[INFO] [stderr]   Downloaded wildmatch v2.1.1
[INFO] [stderr]   Downloaded assign v1.1.1
[INFO] [stderr]   Downloaded futures-locks v0.6.0
[INFO] [stderr]   Downloaded ruma-federation-api v0.3.1
[INFO] [stderr]   Downloaded lru v0.6.6
[INFO] [stderr]   Downloaded backoff v0.3.0
[INFO] [stderr]   Downloaded ruma-events-macros v0.24.6
[INFO] [stderr]   Downloaded ruma v0.4.0
[INFO] [stderr]   Downloaded ruma-api v0.18.5
[INFO] [stderr]   Downloaded matrix-sdk-common v0.4.1
[INFO] [stderr]   Downloaded js_int v0.2.2
[INFO] [stderr]   Downloaded ruma-serde v0.5.0
[INFO] [stderr]   Downloaded matrix-sdk v0.4.1
[INFO] [stderr]   Downloaded matrix-sdk-base v0.4.1
[INFO] [stderr]   Downloaded ruma-identifiers v0.20.0
[INFO] [stderr]   Downloaded ruma-common v0.6.0
[INFO] [stderr]   Downloaded ruma-events v0.24.6
[INFO] [stderr]   Downloaded ruma-client-api v0.12.3
[INFO] [stderr]   Downloaded ruma-api-macros v0.18.5
[INFO] [stderr]   Downloaded ruma-signatures v0.9.0
[INFO] [stderr]   Downloaded ruma-identifiers-macros v0.20.0
[INFO] [stderr]   Downloaded ruma-identifiers-validation v0.5.0
[INFO] [stderr]   Downloaded ruma-state-res v0.4.1
[INFO] [stderr]   Downloaded ruma-serde-macros v0.5.0
[INFO] [stderr]   Downloaded mrsbfh-macros v0.4.1
[INFO] running `Command { std: "docker" "create" "-v" "/var/lib/crater-agent-workspace/builds/worker-5-tc1/target:/opt/rustwide/target:rw,Z" "-v" "/var/lib/crater-agent-workspace/builds/worker-5-tc1/source:/opt/rustwide/workdir:ro,Z" "-v" "/var/lib/crater-agent-workspace/cargo-home:/opt/rustwide/cargo-home:ro,Z" "-v" "/var/lib/crater-agent-workspace/rustup-home:/opt/rustwide/rustup-home:ro,Z" "-e" "SOURCE_DIR=/opt/rustwide/workdir" "-e" "CARGO_TARGET_DIR=/opt/rustwide/target" "-e" "CARGO_HOME=/opt/rustwide/cargo-home" "-e" "RUSTUP_HOME=/opt/rustwide/rustup-home" "-w" "/opt/rustwide/workdir" "-m" "1610612736" "--user" "0:0" "--network" "none" "ghcr.io/rust-lang/crates-build-env/linux@sha256:5ff2268d62e97bff2cde7d5815dd6ed5b47097566f13b8d0ca110b04b60e07ed" "/opt/rustwide/cargo-home/bin/cargo" "+1.69.0" "metadata" "--no-deps" "--format-version=1", kill_on_drop: false }`
[INFO] [stdout] 6b90d66278ae80a426cea5ce1fcc90ed13c4890ae14eda5f39beffb414f608c0
[INFO] running `Command { std: "docker" "start" "-a" "6b90d66278ae80a426cea5ce1fcc90ed13c4890ae14eda5f39beffb414f608c0", kill_on_drop: false }`
[INFO] running `Command { std: "docker" "inspect" "6b90d66278ae80a426cea5ce1fcc90ed13c4890ae14eda5f39beffb414f608c0", kill_on_drop: false }`
[INFO] running `Command { std: "docker" "rm" "-f" "6b90d66278ae80a426cea5ce1fcc90ed13c4890ae14eda5f39beffb414f608c0", kill_on_drop: false }`
[INFO] [stdout] 6b90d66278ae80a426cea5ce1fcc90ed13c4890ae14eda5f39beffb414f608c0
[INFO] running `Command { std: "docker" "create" "-v" "/var/lib/crater-agent-workspace/builds/worker-5-tc1/target:/opt/rustwide/target:rw,Z" "-v" "/var/lib/crater-agent-workspace/builds/worker-5-tc1/source:/opt/rustwide/workdir:ro,Z" "-v" "/var/lib/crater-agent-workspace/cargo-home:/opt/rustwide/cargo-home:ro,Z" "-v" "/var/lib/crater-agent-workspace/rustup-home:/opt/rustwide/rustup-home:ro,Z" "-e" "SOURCE_DIR=/opt/rustwide/workdir" "-e" "CARGO_TARGET_DIR=/opt/rustwide/target" "-e" "CARGO_INCREMENTAL=0" "-e" "RUST_BACKTRACE=full" "-e" "RUSTFLAGS=--cap-lints=warn" "-e" "RUSTDOCFLAGS=--cap-lints=warn" "-e" "CARGO_HOME=/opt/rustwide/cargo-home" "-e" "RUSTUP_HOME=/opt/rustwide/rustup-home" "-w" "/opt/rustwide/workdir" "-m" "1610612736" "--user" "0:0" "--network" "none" "ghcr.io/rust-lang/crates-build-env/linux@sha256:5ff2268d62e97bff2cde7d5815dd6ed5b47097566f13b8d0ca110b04b60e07ed" "/opt/rustwide/cargo-home/bin/cargo" "+1.69.0" "build" "--frozen" "--message-format=json", kill_on_drop: false }`
[INFO] [stdout] 34ce66b5271151acbb43fcaf19c0206e215bc44e2e86226fe5b088aa060b98c9
[INFO] running `Command { std: "docker" "start" "-a" "34ce66b5271151acbb43fcaf19c0206e215bc44e2e86226fe5b088aa060b98c9", kill_on_drop: false }`
[INFO] [stderr]    Compiling once_cell v1.17.1
[INFO] [stderr]    Compiling serde v1.0.160
[INFO] [stderr]    Compiling pin-project-lite v0.2.9
[INFO] [stderr]    Compiling syn v1.0.109
[INFO] [stderr]    Compiling bytes v1.4.0
[INFO] [stderr]    Compiling winnow v0.4.4
[INFO] [stderr]    Compiling toml_datetime v0.6.1
[INFO] [stderr]    Compiling percent-encoding v2.2.0
[INFO] [stderr]    Compiling indexmap v1.9.3
[INFO] [stderr]    Compiling log v0.4.17
[INFO] [stderr]    Compiling serde_json v1.0.96
[INFO] [stderr]    Compiling paste v1.0.12
[INFO] [stderr]    Compiling memchr v2.5.0
[INFO] [stderr]    Compiling syn v2.0.15
[INFO] [stderr]    Compiling futures-core v0.3.28
[INFO] [stderr]    Compiling typenum v1.16.0
[INFO] [stderr]    Compiling tracing-core v0.1.30
[INFO] [stderr]    Compiling form_urlencoded v1.1.0
[INFO] [stderr]    Compiling ruma-identifiers-validation v0.5.0
[INFO] [stderr]    Compiling num_cpus v1.15.0
[INFO] [stderr]    Compiling http v0.2.9
[INFO] [stderr]    Compiling tokio v1.28.0
[INFO] [stderr]    Compiling generic-array v0.14.7
[INFO] [stderr]    Compiling thiserror v1.0.40
[INFO] [stderr]    Compiling getrandom v0.1.16
[INFO] [stderr]    Compiling mio v0.8.6
[INFO] [stderr]    Compiling getrandom v0.2.9
[INFO] [stderr]    Compiling socket2 v0.4.9
[INFO] [stderr]    Compiling futures-task v0.3.28
[INFO] [stderr]    Compiling futures-channel v0.3.28
[INFO] [stderr]    Compiling futures-sink v0.3.28
[INFO] [stderr]    Compiling ppv-lite86 v0.2.17
[INFO] [stderr]    Compiling openssl-sys v0.9.87
[INFO] [stderr]    Compiling futures-util v0.3.28
[INFO] [stderr]    Compiling futures-io v0.3.28
[INFO] [stderr]    Compiling pin-utils v0.1.0
[INFO] [stderr]    Compiling wildmatch v2.1.1
[INFO] [stderr]    Compiling rand_core v0.5.1
[INFO] [stderr]    Compiling indoc v1.0.9
[INFO] [stderr]    Compiling const-oid v0.6.2
[INFO] [stderr]    Compiling cpufeatures v0.2.7
[INFO] [stderr]    Compiling subtle v2.5.0
[INFO] [stderr]    Compiling signature v1.6.4
[INFO] [stderr]    Compiling foreign-types-shared v0.1.1
[INFO] [stderr]    Compiling rand_chacha v0.2.2
[INFO] [stderr]    Compiling opaque-debug v0.3.0
[INFO] [stderr]    Compiling byteorder v1.4.3
[INFO] [stderr]    Compiling openssl v0.10.52
[INFO] [stderr]    Compiling ed25519 v1.5.3
[INFO] [stderr]    Compiling foreign-types v0.3.2
[INFO] [stderr]    Compiling ahash v0.7.6
[INFO] [stderr]    Compiling der v0.4.5
[INFO] [stderr]    Compiling either v1.8.1
[INFO] [stderr]    Compiling native-tls v0.2.11
[INFO] [stderr]    Compiling httparse v1.8.0
[INFO] [stderr]    Compiling rand v0.7.3
[INFO] [stderr]    Compiling toml_edit v0.19.8
[INFO] [stderr]    Compiling digest v0.9.0
[INFO] [stderr]    Compiling block-buffer v0.9.0
[INFO] [stderr]    Compiling itertools v0.10.5
[INFO] [stderr]    Compiling async-trait v0.1.68
[INFO] [stderr]    Compiling try-lock v0.2.4
[INFO] [stderr]    Compiling maplit v1.0.2
[INFO] [stderr]    Compiling sha2 v0.9.9
[INFO] [stderr]    Compiling base64 v0.13.1
[INFO] [stderr]    Compiling assign v1.1.1
[INFO] [stderr]    Compiling want v0.3.0
[INFO] [stderr]    Compiling http-body v0.4.5
[INFO] [stderr]    Compiling rand_core v0.6.4
[INFO] [stderr]    Compiling instant v0.1.12
[INFO] [stderr]    Compiling spki v0.4.1
[INFO] [stderr]    Compiling httpdate v1.0.2
[INFO] [stderr]    Compiling tower-service v0.3.2
[INFO] [stderr]    Compiling idna v0.3.0
[INFO] [stderr]    Compiling rand_chacha v0.3.1
[INFO] [stderr]    Compiling hashbrown v0.11.2
[INFO] [stderr]    Compiling unicase v2.6.0
[INFO] [stderr]    Compiling dashmap v4.0.2
[INFO] [stderr]    Compiling encoding_rs v0.8.32
[INFO] [stderr]    Compiling base64 v0.21.0
[INFO] [stderr]    Compiling rand v0.8.5
[INFO] [stderr]    Compiling mime v0.3.17
[INFO] [stderr]    Compiling pulldown-cmark v0.9.2
[INFO] [stderr]    Compiling getopts v0.2.21
[INFO] [stderr]    Compiling lru v0.6.6
[INFO] [stderr]    Compiling url v2.3.1
[INFO] [stderr]    Compiling aho-corasick v1.0.1
[INFO] [stderr]    Compiling regex-syntax v0.7.1
[INFO] [stderr]    Compiling futures-timer v3.0.2
[INFO] [stderr]    Compiling convert_case v0.5.0
[INFO] [stderr]    Compiling event-listener v2.5.3
[INFO] [stderr]    Compiling proc-macro-crate v1.3.1
[INFO] [stderr]    Compiling serde_derive v1.0.160
[INFO] [stderr]    Compiling tracing-attributes v0.1.24
[INFO] [stderr]    Compiling tokio-macros v2.1.0
[INFO] [stderr]    Compiling thiserror-impl v1.0.40
[INFO] [stderr]    Compiling zeroize_derive v1.4.2
[INFO] [stderr]    Compiling futures-macro v0.3.28
[INFO] [stderr]    Compiling openssl-macros v0.1.1
[INFO] [stderr]    Compiling regex v1.8.1
[INFO] [stderr]    Compiling zeroize v1.3.0
[INFO] [stderr]    Compiling ruma-serde-macros v0.5.0
[INFO] [stderr]    Compiling ruma-identifiers-macros v0.20.0
[INFO] [stderr]    Compiling ruma-events-macros v0.24.6
[INFO] [stderr]    Compiling ruma-api-macros v0.18.5
[INFO] [stderr]    Compiling pin-project-internal v1.0.12
[INFO] [stderr]    Compiling curve25519-dalek v3.2.1
[INFO] [stderr]    Compiling pkcs8 v0.7.6
[INFO] [stderr]    Compiling mrsbfh-macros v0.4.1
[INFO] [stderr]    Compiling tracing v0.1.37
[INFO] [stderr]    Compiling pin-project v1.0.12
[INFO] [stderr]    Compiling tracing-futures v0.2.5
[INFO] [stderr]    Compiling futures-executor v0.3.28
[INFO] [stderr]    Compiling futures v0.3.28
[INFO] [stderr]    Compiling tokio-util v0.7.8
[INFO] [stderr]    Compiling tokio-native-tls v0.3.1
[INFO] [stderr]    Compiling backoff v0.3.0
[INFO] [stderr]    Compiling js_int v0.2.2
[INFO] [stderr]    Compiling ed25519-dalek v1.0.1
[INFO] [stderr]    Compiling uuid v0.8.2
[INFO] [stderr]    Compiling serde_urlencoded v0.7.1
[INFO] [stderr]    Compiling h2 v0.3.18
[INFO] [stderr]    Compiling serde_yaml v0.8.26
[INFO] [stderr]    Compiling ruma-serde v0.5.0
[INFO] [stderr]    Compiling ruma-identifiers v0.20.0
[INFO] [stderr]    Compiling ruma-common v0.6.0
[INFO] [stderr]    Compiling ruma-api v0.18.5
[INFO] [stderr]    Compiling ruma-signatures v0.9.0
[INFO] [stderr]    Compiling ruma-events v0.24.6
[INFO] [stderr]    Compiling hyper v0.14.26
[INFO] [stderr]    Compiling hyper-tls v0.5.0
[INFO] [stderr]    Compiling reqwest v0.11.17
[INFO] [stderr]    Compiling ruma-client-api v0.12.3
[INFO] [stderr]    Compiling ruma-state-res v0.4.1
[INFO] [stderr]    Compiling ruma-federation-api v0.3.1
[INFO] [stderr]    Compiling ruma v0.4.0
[INFO] [stderr]    Compiling matrix-sdk-common v0.4.1
[INFO] [stderr]    Compiling matrix-sdk-base v0.4.1
[INFO] [stderr]    Compiling matrix-sdk v0.4.1
[INFO] [stderr]    Compiling mrsbfh v0.4.1 (/opt/rustwide/workdir)
[INFO] [stderr]     Finished dev [unoptimized + debuginfo] target(s) in 35.04s
[INFO] running `Command { std: "docker" "inspect" "34ce66b5271151acbb43fcaf19c0206e215bc44e2e86226fe5b088aa060b98c9", kill_on_drop: false }`
[INFO] running `Command { std: "docker" "rm" "-f" "34ce66b5271151acbb43fcaf19c0206e215bc44e2e86226fe5b088aa060b98c9", kill_on_drop: false }`
[INFO] [stdout] 34ce66b5271151acbb43fcaf19c0206e215bc44e2e86226fe5b088aa060b98c9
[INFO] running `Command { std: "docker" "create" "-v" "/var/lib/crater-agent-workspace/builds/worker-5-tc1/target:/opt/rustwide/target:rw,Z" "-v" "/var/lib/crater-agent-workspace/builds/worker-5-tc1/source:/opt/rustwide/workdir:ro,Z" "-v" "/var/lib/crater-agent-workspace/cargo-home:/opt/rustwide/cargo-home:ro,Z" "-v" "/var/lib/crater-agent-workspace/rustup-home:/opt/rustwide/rustup-home:ro,Z" "-e" "SOURCE_DIR=/opt/rustwide/workdir" "-e" "CARGO_TARGET_DIR=/opt/rustwide/target" "-e" "CARGO_INCREMENTAL=0" "-e" "RUST_BACKTRACE=full" "-e" "RUSTFLAGS=--cap-lints=warn" "-e" "RUSTDOCFLAGS=--cap-lints=warn" "-e" "CARGO_HOME=/opt/rustwide/cargo-home" "-e" "RUSTUP_HOME=/opt/rustwide/rustup-home" "-w" "/opt/rustwide/workdir" "-m" "1610612736" "--user" "0:0" "--network" "none" "ghcr.io/rust-lang/crates-build-env/linux@sha256:5ff2268d62e97bff2cde7d5815dd6ed5b47097566f13b8d0ca110b04b60e07ed" "/opt/rustwide/cargo-home/bin/cargo" "+1.69.0" "test" "--frozen" "--no-run" "--message-format=json", kill_on_drop: false }`
[INFO] [stdout] 5e426afc42f4b361c480192524c755213795fcdb06819fa4186a5b91a26b79be
[INFO] running `Command { std: "docker" "start" "-a" "5e426afc42f4b361c480192524c755213795fcdb06819fa4186a5b91a26b79be", kill_on_drop: false }`
[INFO] [stderr]    Compiling mrsbfh v0.4.1 (/opt/rustwide/workdir)
[INFO] [stderr]     Finished test [unoptimized + debuginfo] target(s) in 1.08s
[INFO] running `Command { std: "docker" "inspect" "5e426afc42f4b361c480192524c755213795fcdb06819fa4186a5b91a26b79be", kill_on_drop: false }`
[INFO] running `Command { std: "docker" "rm" "-f" "5e426afc42f4b361c480192524c755213795fcdb06819fa4186a5b91a26b79be", kill_on_drop: false }`
[INFO] [stdout] 5e426afc42f4b361c480192524c755213795fcdb06819fa4186a5b91a26b79be
[INFO] running `Command { std: "docker" "create" "-v" "/var/lib/crater-agent-workspace/builds/worker-5-tc1/target:/opt/rustwide/target:rw,Z" "-v" "/var/lib/crater-agent-workspace/builds/worker-5-tc1/source:/opt/rustwide/workdir:ro,Z" "-v" "/var/lib/crater-agent-workspace/cargo-home:/opt/rustwide/cargo-home:ro,Z" "-v" "/var/lib/crater-agent-workspace/rustup-home:/opt/rustwide/rustup-home:ro,Z" "-e" "SOURCE_DIR=/opt/rustwide/workdir" "-e" "CARGO_TARGET_DIR=/opt/rustwide/target" "-e" "CARGO_INCREMENTAL=0" "-e" "RUST_BACKTRACE=full" "-e" "RUSTFLAGS=--cap-lints=warn" "-e" "RUSTDOCFLAGS=--cap-lints=warn" "-e" "CARGO_HOME=/opt/rustwide/cargo-home" "-e" "RUSTUP_HOME=/opt/rustwide/rustup-home" "-w" "/opt/rustwide/workdir" "-m" "1610612736" "--user" "0:0" "--network" "none" "ghcr.io/rust-lang/crates-build-env/linux@sha256:5ff2268d62e97bff2cde7d5815dd6ed5b47097566f13b8d0ca110b04b60e07ed" "/opt/rustwide/cargo-home/bin/cargo" "+1.69.0" "test" "--frozen", kill_on_drop: false }`
[INFO] [stdout] 64fdc2502dd4eafd2f1fb3cf931e5756f5521dff77dc3b6005798222e418df52
[INFO] running `Command { std: "docker" "start" "-a" "64fdc2502dd4eafd2f1fb3cf931e5756f5521dff77dc3b6005798222e418df52", kill_on_drop: false }`
[INFO] [stderr]     Finished test [unoptimized + debuginfo] target(s) in 0.12s
[INFO] [stderr]      Running unittests src/lib.rs (/opt/rustwide/target/debug/deps/mrsbfh-c8a08a8667b8ce8f)
[INFO] [stdout] 
[INFO] [stdout] running 0 tests
[INFO] [stdout] 
[INFO] [stdout] test result: ok. 0 passed; 0 failed; 0 ignored; 0 measured; 0 filtered out; finished in 0.00s
[INFO] [stdout] 
[INFO] [stderr]    Doc-tests mrsbfh
[INFO] [stdout] 
[INFO] [stdout] running 7 tests
[INFO] [stdout] test src/sync.rs - sync::autojoin (line 13) - compile fail ... ok
[INFO] [stdout] test src/commands.rs - commands (line 19) - compile fail ... ok
[INFO] [stdout] test src/commands.rs - commands (line 118) ... FAILED
[INFO] [stdout] test src/utils.rs - utils (line 7) - compile fail ... ok
[INFO] [stdout] test src/commands.rs - commands (line 59) - compile fail ... ok
[INFO] [stdout] test src/commands.rs - commands (line 91) - compile fail ... ok
[INFO] [stdout] test src/config.rs - config (line 18) - compile fail ... ok
[INFO] [stdout] 
[INFO] [stdout] failures:
[INFO] [stdout] 
[INFO] [stdout] ---- src/commands.rs - commands (line 118) stdout ----
[INFO] [stdout] error[E0425]: cannot find value `client` in this scope
[INFO] [stdout]  --> src/commands.rs:119:1
[INFO] [stdout]   |
[INFO] [stdout] 3 | client
[INFO] [stdout]   | ^^^^^^ not found in this scope
[INFO] [stdout] 
[INFO] [stdout] error[E0425]: cannot find value `config` in this scope
[INFO] [stdout]  --> src/commands.rs:121:49
[INFO] [stdout]   |
[INFO] [stdout] 5 |         sync::on_room_message(ev, room, client, config.clone())
[INFO] [stdout]   |                                                 ^^^^^^ not found in this scope
[INFO] [stdout] 
[INFO] [stdout] error[E0728]: `await` is only allowed inside `async` functions and blocks
[INFO] [stdout]  --> src/commands.rs:123:5
[INFO] [stdout]   |
[INFO] [stdout] 2 | fn main() { #[allow(non_snake_case)] fn _doctest_main_src_commands_rs_118_0() {
[INFO] [stdout]   |                                         ----------------------------------- this is not `async`
[INFO] [stdout] ...
[INFO] [stdout] 7 |     .await;
[INFO] [stdout]   |     ^^^^^^ only allowed inside `async` functions and blocks
[INFO] [stdout] 
[INFO] [stdout] error[E0433]: failed to resolve: use of undeclared crate or module `sync`
[INFO] [stdout]  --> src/commands.rs:121:9
[INFO] [stdout]   |
[INFO] [stdout] 5 |         sync::on_room_message(ev, room, client, config.clone())
[INFO] [stdout]   |         ^^^^
[INFO] [stdout]   |         |
[INFO] [stdout]   |         use of undeclared crate or module `sync`
[INFO] [stdout]   |         help: a trait with a similar name exists (notice the capitalization): `Sync`
[INFO] [stdout] 
[INFO] [stdout] error: aborting due to 4 previous errors
[INFO] [stdout] 
[INFO] [stdout] Some errors have detailed explanations: E0425, E0433, E0728.
[INFO] [stdout] For more information about an error, try `rustc --explain E0425`.
[INFO] [stdout] Couldn't compile the test.
[INFO] [stdout] 
[INFO] [stdout] failures:
[INFO] [stdout]     src/commands.rs - commands (line 118)
[INFO] [stdout] 
[INFO] [stdout] test result: FAILED. 6 passed; 1 failed; 0 ignored; 0 measured; 0 filtered out; finished in 0.14s
[INFO] [stdout] 
[INFO] [stderr] error: doctest failed, to rerun pass `--doc`
[INFO] running `Command { std: "docker" "inspect" "64fdc2502dd4eafd2f1fb3cf931e5756f5521dff77dc3b6005798222e418df52", kill_on_drop: false }`
[INFO] running `Command { std: "docker" "rm" "-f" "64fdc2502dd4eafd2f1fb3cf931e5756f5521dff77dc3b6005798222e418df52", kill_on_drop: false }`
[INFO] [stdout] 64fdc2502dd4eafd2f1fb3cf931e5756f5521dff77dc3b6005798222e418df52
