[INFO] fetching crate mpl-nft-packs 0.1.0...
[INFO] testing mpl-nft-packs-0.1.0 against 1.69.0 for beta-1.70-1
[INFO] extracting crate mpl-nft-packs 0.1.0 into /workspace/builds/worker-5-tc1/source
[INFO] validating manifest of crates.io crate mpl-nft-packs 0.1.0 on toolchain 1.69.0
[INFO] running `Command { std: CARGO_HOME="/workspace/cargo-home" RUSTUP_HOME="/workspace/rustup-home" "/workspace/cargo-home/bin/cargo" "+1.69.0" "metadata" "--manifest-path" "Cargo.toml" "--no-deps", kill_on_drop: false }`
[INFO] started tweaking crates.io crate mpl-nft-packs 0.1.0
[INFO] finished tweaking crates.io crate mpl-nft-packs 0.1.0
[INFO] tweaked toml for crates.io crate mpl-nft-packs 0.1.0 written to /workspace/builds/worker-5-tc1/source/Cargo.toml
[INFO] running `Command { std: CARGO_HOME="/workspace/cargo-home" RUSTUP_HOME="/workspace/rustup-home" __CARGO_TEST_CHANNEL_OVERRIDE_DO_NOT_USE_THIS="nightly" "/workspace/cargo-home/bin/cargo" "+1.69.0" "generate-lockfile" "--manifest-path" "Cargo.toml" "-Zno-index-update", kill_on_drop: false }`
[INFO] [stderr]     Blocking waiting for file lock on package cache
[INFO] running `Command { std: CARGO_HOME="/workspace/cargo-home" RUSTUP_HOME="/workspace/rustup-home" "/workspace/cargo-home/bin/cargo" "+1.69.0" "fetch" "--manifest-path" "Cargo.toml", kill_on_drop: false }`
[INFO] [stderr]     Blocking waiting for file lock on package cache
[INFO] [stderr]     Blocking waiting for file lock on package cache
[INFO] [stderr]  Downloading crates ...
[INFO] [stderr]   Downloaded solana_rbpf v0.2.24
[INFO] [stderr]   Downloaded tracing-opentelemetry v0.15.0
[INFO] [stderr]   Downloaded opentelemetry v0.16.0
[INFO] [stderr]   Downloaded spl-associated-token-account v1.0.3
[INFO] [stderr]   Downloaded borsh-derive-internal v0.8.2
[INFO] [stderr]   Downloaded solana-sdk v1.9.29
[INFO] [stderr]   Downloaded solana-vote-program v1.9.29
[INFO] [stderr]   Downloaded solana-program-runtime v1.9.29
[INFO] [stderr]   Downloaded solana-runtime v1.9.29
[INFO] [stderr]   Downloaded solana-config-program v1.9.29
[INFO] [stderr]   Downloaded mpl-token-vault v0.1.1
[INFO] [stderr]   Downloaded solana-banks-client v1.9.29
[INFO] [stderr]   Downloaded zstd-safe v4.1.3+zstd.1.5.1
[INFO] [stderr]   Downloaded solana-compute-budget-program v1.9.29
[INFO] [stderr]   Downloaded zstd-sys v1.6.2+zstd.1.5.1
[INFO] [stderr]   Downloaded zstd v0.9.2+zstd.1.5.1
[INFO] [stderr]   Downloaded solana-banks-interface v1.9.29
[INFO] [stderr]   Downloaded tarpc v0.27.2
[INFO] [stderr]   Downloaded mpl-auction v0.0.2
[INFO] [stderr]   Downloaded solana-banks-server v1.9.29
[INFO] [stderr]   Downloaded solana-bpf-loader-program v1.9.29
[INFO] [stderr]   Downloaded ouroboros_macro v0.13.0
[INFO] [stderr]   Downloaded ouroboros v0.13.0
[INFO] [stderr]   Downloaded solana-address-lookup-table-program v1.9.29
[INFO] [stderr]   Downloaded solana-bloom v1.9.29
[INFO] [stderr]   Downloaded solana-bucket-map v1.9.29
[INFO] [stderr]   Downloaded solana-rayon-threadlimit v1.9.29
[INFO] [stderr]   Downloaded solana-stake-program v1.9.29
[INFO] [stderr]   Downloaded solana-measure v1.9.29
[INFO] [stderr]   Downloaded solana-metrics v1.9.29
[INFO] [stderr]   Downloaded borsh-derive v0.7.2
[INFO] [stderr]   Downloaded borsh-derive-internal v0.7.2
[INFO] [stderr]   Downloaded solana-program-test v1.9.29
[INFO] [stderr]   Downloaded borsh-schema-derive-internal v0.7.2
[INFO] [stderr]   Downloaded borsh v0.7.2
[INFO] [stderr]   Downloaded borsh-schema-derive-internal v0.8.2
[INFO] [stderr]   Downloaded borsh-derive v0.8.2
[INFO] [stderr]   Downloaded spl-token v3.2.0
[INFO] [stderr]   Downloaded mpl-token-metadata v1.2.10
[INFO] [stderr]   Downloaded solana-send-transaction-service v1.9.29
[INFO] [stderr]   Downloaded spl-math v0.1.0
[INFO] [stderr]   Downloaded mpl-metaplex v0.0.3
[INFO] running `Command { std: "docker" "create" "-v" "/var/lib/crater-agent-workspace/builds/worker-5-tc1/target:/opt/rustwide/target:rw,Z" "-v" "/var/lib/crater-agent-workspace/builds/worker-5-tc1/source:/opt/rustwide/workdir:ro,Z" "-v" "/var/lib/crater-agent-workspace/cargo-home:/opt/rustwide/cargo-home:ro,Z" "-v" "/var/lib/crater-agent-workspace/rustup-home:/opt/rustwide/rustup-home:ro,Z" "-e" "SOURCE_DIR=/opt/rustwide/workdir" "-e" "CARGO_TARGET_DIR=/opt/rustwide/target" "-e" "CARGO_HOME=/opt/rustwide/cargo-home" "-e" "RUSTUP_HOME=/opt/rustwide/rustup-home" "-w" "/opt/rustwide/workdir" "-m" "1610612736" "--user" "0:0" "--network" "none" "ghcr.io/rust-lang/crates-build-env/linux@sha256:5ff2268d62e97bff2cde7d5815dd6ed5b47097566f13b8d0ca110b04b60e07ed" "/opt/rustwide/cargo-home/bin/cargo" "+1.69.0" "metadata" "--no-deps" "--format-version=1", kill_on_drop: false }`
[INFO] [stdout] 7a7f920d94e6407fd7c4c7e3c1f85094beafa547cad74c0c5533e03e2a718b6f
[INFO] running `Command { std: "docker" "start" "-a" "7a7f920d94e6407fd7c4c7e3c1f85094beafa547cad74c0c5533e03e2a718b6f", kill_on_drop: false }`
[INFO] running `Command { std: "docker" "inspect" "7a7f920d94e6407fd7c4c7e3c1f85094beafa547cad74c0c5533e03e2a718b6f", kill_on_drop: false }`
[INFO] running `Command { std: "docker" "rm" "-f" "7a7f920d94e6407fd7c4c7e3c1f85094beafa547cad74c0c5533e03e2a718b6f", kill_on_drop: false }`
[INFO] [stdout] 7a7f920d94e6407fd7c4c7e3c1f85094beafa547cad74c0c5533e03e2a718b6f
[INFO] running `Command { std: "docker" "create" "-v" "/var/lib/crater-agent-workspace/builds/worker-5-tc1/target:/opt/rustwide/target:rw,Z" "-v" "/var/lib/crater-agent-workspace/builds/worker-5-tc1/source:/opt/rustwide/workdir:ro,Z" "-v" "/var/lib/crater-agent-workspace/cargo-home:/opt/rustwide/cargo-home:ro,Z" "-v" "/var/lib/crater-agent-workspace/rustup-home:/opt/rustwide/rustup-home:ro,Z" "-e" "SOURCE_DIR=/opt/rustwide/workdir" "-e" "CARGO_TARGET_DIR=/opt/rustwide/target" "-e" "CARGO_INCREMENTAL=0" "-e" "RUST_BACKTRACE=full" "-e" "RUSTFLAGS=--cap-lints=warn" "-e" "RUSTDOCFLAGS=--cap-lints=warn" "-e" "CARGO_HOME=/opt/rustwide/cargo-home" "-e" "RUSTUP_HOME=/opt/rustwide/rustup-home" "-w" "/opt/rustwide/workdir" "-m" "1610612736" "--user" "0:0" "--network" "none" "ghcr.io/rust-lang/crates-build-env/linux@sha256:5ff2268d62e97bff2cde7d5815dd6ed5b47097566f13b8d0ca110b04b60e07ed" "/opt/rustwide/cargo-home/bin/cargo" "+1.69.0" "build" "--frozen" "--message-format=json", kill_on_drop: false }`
[INFO] [stdout] 5d4743bdc289f56707dd366ec257eb3bb5057b4dd7908ba854510b9aeb9eef3f
[INFO] running `Command { std: "docker" "start" "-a" "5d4743bdc289f56707dd366ec257eb3bb5057b4dd7908ba854510b9aeb9eef3f", kill_on_drop: false }`
[INFO] [stderr]    Compiling crunchy v0.2.2
[INFO] [stderr]    Compiling syn v1.0.109
[INFO] [stderr]    Compiling serde_derive v1.0.160
[INFO] [stderr]    Compiling byteorder v1.4.3
[INFO] [stderr]    Compiling bytemuck_derive v1.4.1
[INFO] [stderr]    Compiling rustc-hex v2.1.0
[INFO] [stderr]    Compiling libsecp256k1-core v0.2.2
[INFO] [stderr]    Compiling uint v0.8.5
[INFO] [stderr]    Compiling libsecp256k1-gen-genmult v0.2.1
[INFO] [stderr]    Compiling libsecp256k1-gen-ecmult v0.2.1
[INFO] [stderr]    Compiling bytemuck v1.13.1
[INFO] [stderr]    Compiling libsecp256k1 v0.6.0
[INFO] [stderr]    Compiling serde v1.0.160
[INFO] [stderr]    Compiling wasm-bindgen-backend v0.2.84
[INFO] [stderr]    Compiling borsh-derive-internal v0.9.3
[INFO] [stderr]    Compiling borsh-schema-derive-internal v0.9.3
[INFO] [stderr]    Compiling borsh-schema-derive-internal v0.7.2
[INFO] [stderr]    Compiling borsh-derive-internal v0.7.2
[INFO] [stderr]    Compiling borsh-derive-internal v0.8.2
[INFO] [stderr]    Compiling borsh-schema-derive-internal v0.8.2
[INFO] [stderr]    Compiling solana-frozen-abi-macro v1.9.29
[INFO] [stderr]    Compiling num-derive v0.3.3
[INFO] [stderr]    Compiling solana-sdk-macro v1.9.29
[INFO] [stderr]    Compiling num_enum_derive v0.5.11
[INFO] [stderr]    Compiling borsh-derive v0.7.2
[INFO] [stderr]    Compiling wasm-bindgen-macro-support v0.2.84
[INFO] [stderr]    Compiling borsh v0.7.2
[INFO] [stderr]    Compiling wasm-bindgen-macro v0.2.84
[INFO] [stderr]    Compiling num_enum v0.5.11
[INFO] [stderr]    Compiling generic-array v0.14.7
[INFO] [stderr]    Compiling toml v0.5.11
[INFO] [stderr]    Compiling bv v0.11.1
[INFO] [stderr]    Compiling bincode v1.3.3
[INFO] [stderr]    Compiling serde_bytes v0.11.9
[INFO] [stderr]    Compiling shank_macro_impl v0.0.12
[INFO] [stderr]    Compiling wasm-bindgen v0.2.84
[INFO] [stderr]    Compiling digest v0.9.0
[INFO] [stderr]    Compiling block-buffer v0.9.0
[INFO] [stderr]    Compiling crypto-mac v0.8.0
[INFO] [stderr]    Compiling block-buffer v0.10.4
[INFO] [stderr]    Compiling crypto-common v0.1.6
[INFO] [stderr]    Compiling shank_render v0.0.1
[INFO] [stderr]    Compiling sha2 v0.9.9
[INFO] [stderr]    Compiling hmac v0.8.1
[INFO] [stderr]    Compiling digest v0.10.6
[INFO] [stderr]    Compiling sha3 v0.9.1
[INFO] [stderr]    Compiling curve25519-dalek v3.2.1
[INFO] [stderr]    Compiling hmac-drbg v0.3.0
[INFO] [stderr]    Compiling proc-macro-crate v0.1.5
[INFO] [stderr]    Compiling shank_macro v0.0.12
[INFO] [stderr]    Compiling blake3 v1.3.3
[INFO] [stderr]    Compiling solana-frozen-abi v1.9.29
[INFO] [stderr]    Compiling borsh-derive v0.9.3
[INFO] [stderr]    Compiling borsh-derive v0.8.2
[INFO] [stderr]    Compiling shank v0.0.12
[INFO] [stderr]    Compiling borsh v0.9.3
[INFO] [stderr]    Compiling solana-program v1.9.29
[INFO] [stderr]    Compiling spl-token v3.2.0
[INFO] [stderr]    Compiling spl-math v0.1.0
[INFO] [stderr]    Compiling mpl-token-vault v0.1.1
[INFO] [stderr]    Compiling spl-associated-token-account v1.0.3
[INFO] [stderr]    Compiling mpl-auction v0.0.2
[INFO] [stderr]    Compiling mpl-token-metadata v1.2.10
[INFO] [stderr]    Compiling mpl-metaplex v0.0.3
[INFO] [stderr]    Compiling mpl-nft-packs v0.1.0 (/opt/rustwide/workdir)
[INFO] [stderr]     Finished dev [unoptimized + debuginfo] target(s) in 32.78s
[INFO] running `Command { std: "docker" "inspect" "5d4743bdc289f56707dd366ec257eb3bb5057b4dd7908ba854510b9aeb9eef3f", kill_on_drop: false }`
[INFO] running `Command { std: "docker" "rm" "-f" "5d4743bdc289f56707dd366ec257eb3bb5057b4dd7908ba854510b9aeb9eef3f", kill_on_drop: false }`
[INFO] [stdout] 5d4743bdc289f56707dd366ec257eb3bb5057b4dd7908ba854510b9aeb9eef3f
[INFO] running `Command { std: "docker" "create" "-v" "/var/lib/crater-agent-workspace/builds/worker-5-tc1/target:/opt/rustwide/target:rw,Z" "-v" "/var/lib/crater-agent-workspace/builds/worker-5-tc1/source:/opt/rustwide/workdir:ro,Z" "-v" "/var/lib/crater-agent-workspace/cargo-home:/opt/rustwide/cargo-home:ro,Z" "-v" "/var/lib/crater-agent-workspace/rustup-home:/opt/rustwide/rustup-home:ro,Z" "-e" "SOURCE_DIR=/opt/rustwide/workdir" "-e" "CARGO_TARGET_DIR=/opt/rustwide/target" "-e" "CARGO_INCREMENTAL=0" "-e" "RUST_BACKTRACE=full" "-e" "RUSTFLAGS=--cap-lints=warn" "-e" "RUSTDOCFLAGS=--cap-lints=warn" "-e" "CARGO_HOME=/opt/rustwide/cargo-home" "-e" "RUSTUP_HOME=/opt/rustwide/rustup-home" "-w" "/opt/rustwide/workdir" "-m" "1610612736" "--user" "0:0" "--network" "none" "ghcr.io/rust-lang/crates-build-env/linux@sha256:5ff2268d62e97bff2cde7d5815dd6ed5b47097566f13b8d0ca110b04b60e07ed" "/opt/rustwide/cargo-home/bin/cargo" "+1.69.0" "test" "--frozen" "--no-run" "--message-format=json", kill_on_drop: false }`
[INFO] [stdout] e78fb749efb51432880f8c06c6fe528255eee20bb7f4c6fadc9c91b92bf9e9d4
[INFO] running `Command { std: "docker" "start" "-a" "e78fb749efb51432880f8c06c6fe528255eee20bb7f4c6fadc9c91b92bf9e9d4", kill_on_drop: false }`
[INFO] [stderr]    Compiling memchr v2.5.0
[INFO] [stderr]    Compiling serde v1.0.160
[INFO] [stderr]    Compiling syn v2.0.15
[INFO] [stderr]    Compiling jobserver v0.1.26
[INFO] [stderr]    Compiling getrandom v0.1.16
[INFO] [stderr]    Compiling ahash v0.7.6
[INFO] [stderr]    Compiling solana-frozen-abi-macro v1.9.29
[INFO] [stderr]    Compiling base64 v0.12.3
[INFO] [stderr]    Compiling solana-sdk-macro v1.9.29
[INFO] [stderr]    Compiling futures-core v0.3.28
[INFO] [stderr]    Compiling indexmap v1.9.3
[INFO] [stderr]    Compiling futures-sink v0.3.28
[INFO] [stderr]    Compiling parking_lot_core v0.8.6
[INFO] [stderr]    Compiling bytes v1.4.0
[INFO] [stderr]    Compiling synstructure v0.12.6
[INFO] [stderr]    Compiling futures-channel v0.3.28
[INFO] [stderr]    Compiling tokio v1.14.1
[INFO] [stderr]    Compiling signature v1.6.4
[INFO] [stderr]    Compiling cc v1.0.79
[INFO] [stderr]    Compiling rand_core v0.5.1
[INFO] [stderr]    Compiling hashbrown v0.11.2
[INFO] [stderr]    Compiling futures-util v0.3.28
[INFO] [stderr]    Compiling ed25519 v1.5.3
[INFO] [stderr]    Compiling num-integer v0.1.45
[INFO] [stderr]    Compiling rand_pcg v0.2.1
[INFO] [stderr]    Compiling rand_chacha v0.2.2
[INFO] [stderr]    Compiling parking_lot v0.11.2
[INFO] [stderr]    Compiling tokio-macros v1.8.2
[INFO] [stderr]    Compiling aho-corasick v1.0.1
[INFO] [stderr]    Compiling object v0.30.3
[INFO] [stderr]    Compiling mio v0.7.14
[INFO] [stderr]    Compiling signal-hook-registry v1.4.1
[INFO] [stderr]    Compiling futures-io v0.3.28
[INFO] [stderr]    Compiling solana-sdk v1.9.29
[INFO] [stderr]    Compiling rand v0.7.3
[INFO] [stderr]    Compiling failure_derive v0.1.8
[INFO] [stderr]    Compiling tracing-core v0.1.30
[INFO] [stderr]    Compiling qstring v0.7.2
[INFO] [stderr]    Compiling uriparse v0.6.4
[INFO] [stderr]    Compiling assert_matches v1.5.0
[INFO] [stderr]    Compiling spin v0.5.2
[INFO] [stderr]    Compiling untrusted v0.7.1
[INFO] [stderr]    Compiling http v0.2.9
[INFO] [stderr]    Compiling rustls v0.20.8
[INFO] [stderr]    Compiling solana-program-runtime v1.9.29
[INFO] [stderr]    Compiling want v0.3.0
[INFO] [stderr]    Compiling num-traits v0.2.15
[INFO] [stderr]    Compiling socket2 v0.4.9
[INFO] [stderr]    Compiling libloading v0.7.4
[INFO] [stderr]    Compiling blake3 v1.3.3
[INFO] [stderr]    Compiling backtrace v0.3.67
[INFO] [stderr]    Compiling regex v1.8.1
[INFO] [stderr]    Compiling ring v0.16.20
[INFO] [stderr]    Compiling httpdate v1.0.2
[INFO] [stderr]    Compiling tower-service v0.3.2
[INFO] [stderr]    Compiling http-body v0.4.5
[INFO] [stderr]    Compiling toml_edit v0.19.8
[INFO] [stderr]    Compiling base64 v0.21.0
[INFO] [stderr]    Compiling num-bigint v0.4.3
[INFO] [stderr]    Compiling zstd-sys v1.6.2+zstd.1.5.1
[INFO] [stderr]    Compiling pin-project-internal v1.0.12
[INFO] [stderr]    Compiling ipnet v2.7.2
[INFO] [stderr]    Compiling rustls-pemfile v1.0.2
[INFO] [stderr]    Compiling io-lifetimes v1.0.10
[INFO] [stderr]    Compiling async-trait v0.1.68
[INFO] [stderr]    Compiling rand_chacha v0.3.1
[INFO] [stderr]    Compiling env_logger v0.9.3
[INFO] [stderr]    Compiling gethostname v0.2.3
[INFO] [stderr]    Compiling rustix v0.37.18
[INFO] [stderr]    Compiling solana-logger v1.9.29
[INFO] [stderr]    Compiling bzip2-sys v0.1.11+1.0.8
[INFO] [stderr]    Compiling rand v0.8.5
[INFO] [stderr]    Compiling rayon v1.7.0
[INFO] [stderr]    Compiling proc-macro-crate v1.3.1
[INFO] [stderr]    Compiling solana-vote-program v1.9.29
[INFO] [stderr]    Compiling sharded-slab v0.1.4
[INFO] [stderr]    Compiling thread_local v1.1.7
[INFO] [stderr]    Compiling linux-raw-sys v0.3.6
[INFO] [stderr]    Compiling zstd-safe v4.1.3+zstd.1.5.1
[INFO] [stderr]    Compiling proc-macro-error v1.0.4
[INFO] [stderr]    Compiling pin-project v1.0.12
[INFO] [stderr]    Compiling solana-address-lookup-table-program v1.9.29
[INFO] [stderr]    Compiling solana-bloom v1.9.29
[INFO] [stderr]    Compiling solana-stake-program v1.9.29
[INFO] [stderr]    Compiling tracing-subscriber v0.2.25
[INFO] [stderr]    Compiling failure v0.1.8
[INFO] [stderr]    Compiling fastrand v1.9.0
[INFO] [stderr]    Compiling Inflector v0.11.4
[INFO] [stderr]    Compiling derivation-path v0.1.3
[INFO] [stderr]    Compiling tarpc-plugins v0.12.0
[INFO] [stderr]    Compiling scroll_derive v0.10.5
[INFO] [stderr]    Compiling ouroboros_macro v0.13.0
[INFO] [stderr]    Compiling solana-runtime v1.9.29
[INFO] [stderr]    Compiling xattr v0.2.3
[INFO] [stderr]    Compiling filetime v0.2.21
[INFO] [stderr]    Compiling aliasable v0.1.3
[INFO] [stderr]    Compiling num_enum_derive v0.5.11
[INFO] [stderr]    Compiling stable_deref_trait v1.2.0
[INFO] [stderr]    Compiling enum-ordinalize v3.1.12
[INFO] [stderr]    Compiling fs_extra v1.3.0
[INFO] [stderr]    Compiling void v1.0.2
[INFO] [stderr]    Compiling tar v0.4.38
[INFO] [stderr]    Compiling dashmap v4.0.2
[INFO] [stderr]    Compiling unreachable v1.0.0
[INFO] [stderr]    Compiling flate2 v1.0.26
[INFO] [stderr]    Compiling dir-diff v0.3.2
[INFO] [stderr]    Compiling webpki v0.22.0
[INFO] [stderr]    Compiling sct v0.7.0
[INFO] [stderr]    Compiling solana-rayon-threadlimit v1.9.29
[INFO] [stderr]    Compiling borsh-schema-derive-internal v0.7.2
[INFO] [stderr]    Compiling educe v0.4.22
[INFO] [stderr]    Compiling borsh-derive-internal v0.7.2
[INFO] [stderr]    Compiling webpki-roots v0.22.6
[INFO] [stderr]    Compiling scroll v0.10.2
[INFO] [stderr]    Compiling index_list v0.2.7
[INFO] [stderr]    Compiling plain v0.2.3
[INFO] [stderr]    Compiling tokio-util v0.6.10
[INFO] [stderr]    Compiling symlink v0.1.0
[INFO] [stderr]    Compiling ascii v0.9.3
[INFO] [stderr]    Compiling borsh-schema-derive-internal v0.8.2
[INFO] [stderr]    Compiling borsh-derive-internal v0.8.2
[INFO] [stderr]    Compiling borsh-derive v0.7.2
[INFO] [stderr]    Compiling hash32 v0.1.1
[INFO] [stderr]    Compiling serde_derive v1.0.160
[INFO] [stderr]    Compiling thiserror-impl v1.0.40
[INFO] [stderr]    Compiling zeroize_derive v1.4.2
[INFO] [stderr]    Compiling bytemuck_derive v1.4.1
[INFO] [stderr]    Compiling futures-macro v0.3.28
[INFO] [stderr]    Compiling tracing-attributes v0.1.24
[INFO] [stderr]    Compiling num_enum v0.5.11
[INFO] [stderr]    Compiling tempfile v3.5.0
[INFO] [stderr]    Compiling ouroboros v0.13.0
[INFO] [stderr]    Compiling combine v3.8.1
[INFO] [stderr]    Compiling goblin v0.4.3
[INFO] [stderr]    Compiling uint v0.8.5
[INFO] [stderr]    Compiling borsh v0.7.2
[INFO] [stderr]    Compiling tokio-stream v0.1.12
[INFO] [stderr]    Compiling zeroize v1.3.0
[INFO] [stderr]    Compiling bytemuck v1.13.1
[INFO] [stderr]    Compiling tokio-rustls v0.23.4
[INFO] [stderr]    Compiling thiserror v1.0.40
[INFO] [stderr]    Compiling tracing v0.1.37
[INFO] [stderr]    Compiling bzip2 v0.4.4
[INFO] [stderr]    Compiling tokio-util v0.7.2
[INFO] [stderr]    Compiling h2 v0.3.18
[INFO] [stderr]    Compiling futures-executor v0.3.28
[INFO] [stderr]    Compiling futures v0.3.28
[INFO] [stderr]    Compiling opentelemetry v0.16.0
[INFO] [stderr]    Compiling solana_rbpf v0.2.24
[INFO] [stderr]    Compiling tracing-opentelemetry v0.15.0
[INFO] [stderr]    Compiling toml v0.5.11
[INFO] [stderr]    Compiling shank_macro_impl v0.0.12
[INFO] [stderr]    Compiling generic-array v0.14.7
[INFO] [stderr]    Compiling bincode v1.3.3
[INFO] [stderr]    Compiling bv v0.11.1
[INFO] [stderr]    Compiling serde_bytes v0.11.9
[INFO] [stderr]    Compiling serde_json v1.0.96
[INFO] [stderr]    Compiling chrono v0.4.24
[INFO] [stderr]    Compiling serde_urlencoded v0.7.1
[INFO] [stderr]    Compiling shank_render v0.0.1
[INFO] [stderr]    Compiling digest v0.9.0
[INFO] [stderr]    Compiling block-buffer v0.9.0
[INFO] [stderr]    Compiling proc-macro-crate v0.1.5
[INFO] [stderr]    Compiling crypto-mac v0.8.0
[INFO] [stderr]    Compiling block-buffer v0.10.4
[INFO] [stderr]    Compiling crypto-common v0.1.6
[INFO] [stderr]    Compiling curve25519-dalek v3.2.1
[INFO] [stderr]    Compiling sha2 v0.9.9
[INFO] [stderr]    Compiling libsecp256k1-core v0.2.2
[INFO] [stderr]    Compiling hmac v0.8.1
[INFO] [stderr]    Compiling sha3 v0.9.1
[INFO] [stderr]    Compiling crypto-mac v0.11.1
[INFO] [stderr]    Compiling digest v0.10.6
[INFO] [stderr]    Compiling crypto-mac v0.9.1
[INFO] [stderr]    Compiling hmac-drbg v0.3.0
[INFO] [stderr]    Compiling pbkdf2 v0.9.0
[INFO] [stderr]    Compiling hmac v0.11.0
[INFO] [stderr]    Compiling hmac v0.9.0
[INFO] [stderr]    Compiling tokio-serde v0.8.0
[INFO] [stderr]    Compiling shank_macro v0.0.12
[INFO] [stderr]    Compiling solana-frozen-abi v1.9.29
[INFO] [stderr]    Compiling tarpc v0.27.2
[INFO] [stderr]    Compiling chrono-humanize v0.2.2
[INFO] [stderr]    Compiling borsh-derive v0.9.3
[INFO] [stderr]    Compiling borsh-derive v0.8.2
[INFO] [stderr]    Compiling ed25519-dalek v1.0.1
[INFO] [stderr]    Compiling libsecp256k1 v0.6.0
[INFO] [stderr]    Compiling ed25519-dalek-bip32 v0.1.1
[INFO] [stderr]    Compiling hyper v0.14.26
[INFO] [stderr]    Compiling shank v0.0.12
[INFO] [stderr]    Compiling borsh v0.9.3
[INFO] [stderr]    Compiling hyper-rustls v0.23.2
[INFO] [stderr]    Compiling reqwest v0.11.17
[INFO] [stderr]    Compiling solana-program v1.9.29
[INFO] [stderr]    Compiling zstd v0.9.2+zstd.1.5.1
[INFO] [stderr]    Compiling spl-token v3.2.0
[INFO] [stderr]    Compiling spl-math v0.1.0
[INFO] [stderr]    Compiling spl-associated-token-account v1.0.3
[INFO] [stderr]    Compiling mpl-token-vault v0.1.1
[INFO] [stderr]    Compiling mpl-auction v0.0.2
[INFO] [stderr]    Compiling mpl-token-metadata v1.2.10
[INFO] [stderr]    Compiling mpl-metaplex v0.0.3
[INFO] [stderr]    Compiling solana-measure v1.9.29
[INFO] [stderr]    Compiling solana-metrics v1.9.29
[INFO] [stderr]    Compiling solana-banks-interface v1.9.29
[INFO] [stderr]    Compiling solana-bucket-map v1.9.29
[INFO] [stderr]    Compiling solana-banks-client v1.9.29
[INFO] [stderr]    Compiling solana-config-program v1.9.29
[INFO] [stderr]    Compiling solana-compute-budget-program v1.9.29
[INFO] [stderr]    Compiling solana-bpf-loader-program v1.9.29
[INFO] [stderr]    Compiling mpl-nft-packs v0.1.0 (/opt/rustwide/workdir)
[INFO] [stderr]    Compiling solana-send-transaction-service v1.9.29
[INFO] [stderr]    Compiling solana-banks-server v1.9.29
[INFO] [stderr]    Compiling solana-program-test v1.9.29
[INFO] [stderr] error: could not compile `mpl-nft-packs`
[INFO] [stderr] 
[INFO] [stderr] Caused by:
[INFO] [stderr]   process didn't exit successfully: `rustc --crate-name clean_up --edition=2021 tests/clean_up.rs --error-format=json --json=diagnostic-rendered-ansi,artifacts,future-incompat --emit=dep-info,link -C embed-bitcode=no -C debuginfo=2 --test -C metadata=906761373999f48a -C extra-filename=-906761373999f48a --out-dir /opt/rustwide/target/debug/deps -L dependency=/opt/rustwide/target/debug/deps --extern arrayref=/opt/rustwide/target/debug/deps/libarrayref-f94ceed2723be8cd.rlib --extern borsh=/opt/rustwide/target/debug/deps/libborsh-ccce2e1a84529d73.rlib --extern mpl_metaplex=/opt/rustwide/target/debug/deps/libmpl_metaplex-6cd75a59c227b8cb.rlib --extern mpl_nft_packs=/opt/rustwide/target/debug/deps/libmpl_nft_packs.rlib --extern mpl_token_metadata=/opt/rustwide/target/debug/deps/libmpl_token_metadata-ca3f973ab33a1907.rlib --extern mpl_token_vault=/opt/rustwide/target/debug/deps/libmpl_token_vault-baf51c4966458c93.rlib --extern num_derive=/opt/rustwide/target/debug/deps/libnum_derive-dee9a9950475b5ec.so --extern num_traits=/opt/rustwide/target/debug/deps/libnum_traits-3b93294800e9dc5d.rlib --extern num_enum=/opt/rustwide/target/debug/deps/libnum_enum-ea1c568cbbdfd404.rlib --extern rand=/opt/rustwide/target/debug/deps/librand-027ebd8cd3eea29e.rlib --extern shank=/opt/rustwide/target/debug/deps/libshank-1acdfea3596615b1.rlib --extern solana_program=/opt/rustwide/target/debug/deps/libsolana_program-4bbbc1ca9f1e8e69.rlib --extern solana_program_test=/opt/rustwide/target/debug/deps/libsolana_program_test-c6e46ba89b5fda1e.rlib --extern solana_sdk=/opt/rustwide/target/debug/deps/libsolana_sdk-c6881901b289b781.rlib --extern spl_math=/opt/rustwide/target/debug/deps/libspl_math-c10eb790c681fa17.rlib --extern spl_token=/opt/rustwide/target/debug/deps/libspl_token-316c1489dee504ec.rlib --extern thiserror=/opt/rustwide/target/debug/deps/libthiserror-45da240c9c9265d7.rlib --cap-lints=warn -L native=/opt/rustwide/target/debug/build/blake3-7cfc7b8a80d6fba1/out -L native=/opt/rustwide/target/debug/build/blake3-7cfc7b8a80d6fba1/out -L native=/opt/rustwide/target/debug/build/bzip2-sys-1937587fa3fd0e33/out/lib -L native=/opt/rustwide/target/debug/build/ring-6daaec092e644472/out -L native=/opt/rustwide/target/debug/build/zstd-sys-f20ebe059a2d78c2/out` (signal: 9, SIGKILL: kill)
[INFO] [stderr] warning: build failed, waiting for other jobs to finish...
[INFO] [stderr] error: could not compile `mpl-nft-packs`
[INFO] [stderr] 
[INFO] [stderr] Caused by:
[INFO] [stderr]   process didn't exit successfully: `rustc --crate-name claim_card --edition=2021 tests/claim_card.rs --error-format=json --json=diagnostic-rendered-ansi,artifacts,future-incompat --emit=dep-info,link -C embed-bitcode=no -C debuginfo=2 --test -C metadata=9895b55e2c6860b1 -C extra-filename=-9895b55e2c6860b1 --out-dir /opt/rustwide/target/debug/deps -L dependency=/opt/rustwide/target/debug/deps --extern arrayref=/opt/rustwide/target/debug/deps/libarrayref-f94ceed2723be8cd.rlib --extern borsh=/opt/rustwide/target/debug/deps/libborsh-ccce2e1a84529d73.rlib --extern mpl_metaplex=/opt/rustwide/target/debug/deps/libmpl_metaplex-6cd75a59c227b8cb.rlib --extern mpl_nft_packs=/opt/rustwide/target/debug/deps/libmpl_nft_packs.rlib --extern mpl_token_metadata=/opt/rustwide/target/debug/deps/libmpl_token_metadata-ca3f973ab33a1907.rlib --extern mpl_token_vault=/opt/rustwide/target/debug/deps/libmpl_token_vault-baf51c4966458c93.rlib --extern num_derive=/opt/rustwide/target/debug/deps/libnum_derive-dee9a9950475b5ec.so --extern num_traits=/opt/rustwide/target/debug/deps/libnum_traits-3b93294800e9dc5d.rlib --extern num_enum=/opt/rustwide/target/debug/deps/libnum_enum-ea1c568cbbdfd404.rlib --extern rand=/opt/rustwide/target/debug/deps/librand-027ebd8cd3eea29e.rlib --extern shank=/opt/rustwide/target/debug/deps/libshank-1acdfea3596615b1.rlib --extern solana_program=/opt/rustwide/target/debug/deps/libsolana_program-4bbbc1ca9f1e8e69.rlib --extern solana_program_test=/opt/rustwide/target/debug/deps/libsolana_program_test-c6e46ba89b5fda1e.rlib --extern solana_sdk=/opt/rustwide/target/debug/deps/libsolana_sdk-c6881901b289b781.rlib --extern spl_math=/opt/rustwide/target/debug/deps/libspl_math-c10eb790c681fa17.rlib --extern spl_token=/opt/rustwide/target/debug/deps/libspl_token-316c1489dee504ec.rlib --extern thiserror=/opt/rustwide/target/debug/deps/libthiserror-45da240c9c9265d7.rlib --cap-lints=warn -L native=/opt/rustwide/target/debug/build/blake3-7cfc7b8a80d6fba1/out -L native=/opt/rustwide/target/debug/build/blake3-7cfc7b8a80d6fba1/out -L native=/opt/rustwide/target/debug/build/bzip2-sys-1937587fa3fd0e33/out/lib -L native=/opt/rustwide/target/debug/build/ring-6daaec092e644472/out -L native=/opt/rustwide/target/debug/build/zstd-sys-f20ebe059a2d78c2/out` (signal: 9, SIGKILL: kill)
[INFO] [stderr] error: could not compile `mpl-nft-packs`
[INFO] [stderr] 
[INFO] [stderr] Caused by:
[INFO] [stderr]   process didn't exit successfully: `rustc --crate-name request_card_to_redeem --edition=2021 tests/request_card_to_redeem.rs --error-format=json --json=diagnostic-rendered-ansi,artifacts,future-incompat --emit=dep-info,link -C embed-bitcode=no -C debuginfo=2 --test -C metadata=a7fc447cb3df8304 -C extra-filename=-a7fc447cb3df8304 --out-dir /opt/rustwide/target/debug/deps -L dependency=/opt/rustwide/target/debug/deps --extern arrayref=/opt/rustwide/target/debug/deps/libarrayref-f94ceed2723be8cd.rlib --extern borsh=/opt/rustwide/target/debug/deps/libborsh-ccce2e1a84529d73.rlib --extern mpl_metaplex=/opt/rustwide/target/debug/deps/libmpl_metaplex-6cd75a59c227b8cb.rlib --extern mpl_nft_packs=/opt/rustwide/target/debug/deps/libmpl_nft_packs.rlib --extern mpl_token_metadata=/opt/rustwide/target/debug/deps/libmpl_token_metadata-ca3f973ab33a1907.rlib --extern mpl_token_vault=/opt/rustwide/target/debug/deps/libmpl_token_vault-baf51c4966458c93.rlib --extern num_derive=/opt/rustwide/target/debug/deps/libnum_derive-dee9a9950475b5ec.so --extern num_traits=/opt/rustwide/target/debug/deps/libnum_traits-3b93294800e9dc5d.rlib --extern num_enum=/opt/rustwide/target/debug/deps/libnum_enum-ea1c568cbbdfd404.rlib --extern rand=/opt/rustwide/target/debug/deps/librand-027ebd8cd3eea29e.rlib --extern shank=/opt/rustwide/target/debug/deps/libshank-1acdfea3596615b1.rlib --extern solana_program=/opt/rustwide/target/debug/deps/libsolana_program-4bbbc1ca9f1e8e69.rlib --extern solana_program_test=/opt/rustwide/target/debug/deps/libsolana_program_test-c6e46ba89b5fda1e.rlib --extern solana_sdk=/opt/rustwide/target/debug/deps/libsolana_sdk-c6881901b289b781.rlib --extern spl_math=/opt/rustwide/target/debug/deps/libspl_math-c10eb790c681fa17.rlib --extern spl_token=/opt/rustwide/target/debug/deps/libspl_token-316c1489dee504ec.rlib --extern thiserror=/opt/rustwide/target/debug/deps/libthiserror-45da240c9c9265d7.rlib --cap-lints=warn -L native=/opt/rustwide/target/debug/build/blake3-7cfc7b8a80d6fba1/out -L native=/opt/rustwide/target/debug/build/blake3-7cfc7b8a80d6fba1/out -L native=/opt/rustwide/target/debug/build/bzip2-sys-1937587fa3fd0e33/out/lib -L native=/opt/rustwide/target/debug/build/ring-6daaec092e644472/out -L native=/opt/rustwide/target/debug/build/zstd-sys-f20ebe059a2d78c2/out` (signal: 9, SIGKILL: kill)
[INFO] [stderr] error: could not compile `mpl-nft-packs`
[INFO] [stderr] 
[INFO] [stderr] Caused by:
[INFO] [stderr]   process didn't exit successfully: `rustc --crate-name delete_pack_voucher --edition=2021 tests/delete_pack_voucher.rs --error-format=json --json=diagnostic-rendered-ansi,artifacts,future-incompat --emit=dep-info,link -C embed-bitcode=no -C debuginfo=2 --test -C metadata=b2d95411dbf9f72e -C extra-filename=-b2d95411dbf9f72e --out-dir /opt/rustwide/target/debug/deps -L dependency=/opt/rustwide/target/debug/deps --extern arrayref=/opt/rustwide/target/debug/deps/libarrayref-f94ceed2723be8cd.rlib --extern borsh=/opt/rustwide/target/debug/deps/libborsh-ccce2e1a84529d73.rlib --extern mpl_metaplex=/opt/rustwide/target/debug/deps/libmpl_metaplex-6cd75a59c227b8cb.rlib --extern mpl_nft_packs=/opt/rustwide/target/debug/deps/libmpl_nft_packs.rlib --extern mpl_token_metadata=/opt/rustwide/target/debug/deps/libmpl_token_metadata-ca3f973ab33a1907.rlib --extern mpl_token_vault=/opt/rustwide/target/debug/deps/libmpl_token_vault-baf51c4966458c93.rlib --extern num_derive=/opt/rustwide/target/debug/deps/libnum_derive-dee9a9950475b5ec.so --extern num_traits=/opt/rustwide/target/debug/deps/libnum_traits-3b93294800e9dc5d.rlib --extern num_enum=/opt/rustwide/target/debug/deps/libnum_enum-ea1c568cbbdfd404.rlib --extern rand=/opt/rustwide/target/debug/deps/librand-027ebd8cd3eea29e.rlib --extern shank=/opt/rustwide/target/debug/deps/libshank-1acdfea3596615b1.rlib --extern solana_program=/opt/rustwide/target/debug/deps/libsolana_program-4bbbc1ca9f1e8e69.rlib --extern solana_program_test=/opt/rustwide/target/debug/deps/libsolana_program_test-c6e46ba89b5fda1e.rlib --extern solana_sdk=/opt/rustwide/target/debug/deps/libsolana_sdk-c6881901b289b781.rlib --extern spl_math=/opt/rustwide/target/debug/deps/libspl_math-c10eb790c681fa17.rlib --extern spl_token=/opt/rustwide/target/debug/deps/libspl_token-316c1489dee504ec.rlib --extern thiserror=/opt/rustwide/target/debug/deps/libthiserror-45da240c9c9265d7.rlib --cap-lints=warn -L native=/opt/rustwide/target/debug/build/blake3-7cfc7b8a80d6fba1/out -L native=/opt/rustwide/target/debug/build/blake3-7cfc7b8a80d6fba1/out -L native=/opt/rustwide/target/debug/build/bzip2-sys-1937587fa3fd0e33/out/lib -L native=/opt/rustwide/target/debug/build/ring-6daaec092e644472/out -L native=/opt/rustwide/target/debug/build/zstd-sys-f20ebe059a2d78c2/out` (signal: 9, SIGKILL: kill)
[INFO] [stderr] error: could not compile `mpl-nft-packs`
[INFO] [stderr] 
[INFO] [stderr] Caused by:
[INFO] [stderr]   process didn't exit successfully: `rustc --crate-name transfer_pack_authority --edition=2021 tests/transfer_pack_authority.rs --error-format=json --json=diagnostic-rendered-ansi,artifacts,future-incompat --emit=dep-info,link -C embed-bitcode=no -C debuginfo=2 --test -C metadata=99c2c6919b7dbe0c -C extra-filename=-99c2c6919b7dbe0c --out-dir /opt/rustwide/target/debug/deps -L dependency=/opt/rustwide/target/debug/deps --extern arrayref=/opt/rustwide/target/debug/deps/libarrayref-f94ceed2723be8cd.rlib --extern borsh=/opt/rustwide/target/debug/deps/libborsh-ccce2e1a84529d73.rlib --extern mpl_metaplex=/opt/rustwide/target/debug/deps/libmpl_metaplex-6cd75a59c227b8cb.rlib --extern mpl_nft_packs=/opt/rustwide/target/debug/deps/libmpl_nft_packs.rlib --extern mpl_token_metadata=/opt/rustwide/target/debug/deps/libmpl_token_metadata-ca3f973ab33a1907.rlib --extern mpl_token_vault=/opt/rustwide/target/debug/deps/libmpl_token_vault-baf51c4966458c93.rlib --extern num_derive=/opt/rustwide/target/debug/deps/libnum_derive-dee9a9950475b5ec.so --extern num_traits=/opt/rustwide/target/debug/deps/libnum_traits-3b93294800e9dc5d.rlib --extern num_enum=/opt/rustwide/target/debug/deps/libnum_enum-ea1c568cbbdfd404.rlib --extern rand=/opt/rustwide/target/debug/deps/librand-027ebd8cd3eea29e.rlib --extern shank=/opt/rustwide/target/debug/deps/libshank-1acdfea3596615b1.rlib --extern solana_program=/opt/rustwide/target/debug/deps/libsolana_program-4bbbc1ca9f1e8e69.rlib --extern solana_program_test=/opt/rustwide/target/debug/deps/libsolana_program_test-c6e46ba89b5fda1e.rlib --extern solana_sdk=/opt/rustwide/target/debug/deps/libsolana_sdk-c6881901b289b781.rlib --extern spl_math=/opt/rustwide/target/debug/deps/libspl_math-c10eb790c681fa17.rlib --extern spl_token=/opt/rustwide/target/debug/deps/libspl_token-316c1489dee504ec.rlib --extern thiserror=/opt/rustwide/target/debug/deps/libthiserror-45da240c9c9265d7.rlib --cap-lints=warn -L native=/opt/rustwide/target/debug/build/blake3-7cfc7b8a80d6fba1/out -L native=/opt/rustwide/target/debug/build/blake3-7cfc7b8a80d6fba1/out -L native=/opt/rustwide/target/debug/build/bzip2-sys-1937587fa3fd0e33/out/lib -L native=/opt/rustwide/target/debug/build/ring-6daaec092e644472/out -L native=/opt/rustwide/target/debug/build/zstd-sys-f20ebe059a2d78c2/out` (signal: 9, SIGKILL: kill)
[INFO] [stderr] error: could not compile `mpl-nft-packs`
[INFO] [stderr] 
[INFO] [stderr] Caused by:
[INFO] [stderr]   process didn't exit successfully: `rustc --crate-name add_card_to_pack --edition=2021 tests/add_card_to_pack.rs --error-format=json --json=diagnostic-rendered-ansi,artifacts,future-incompat --emit=dep-info,link -C embed-bitcode=no -C debuginfo=2 --test -C metadata=2c14775c3f3da5a5 -C extra-filename=-2c14775c3f3da5a5 --out-dir /opt/rustwide/target/debug/deps -L dependency=/opt/rustwide/target/debug/deps --extern arrayref=/opt/rustwide/target/debug/deps/libarrayref-f94ceed2723be8cd.rlib --extern borsh=/opt/rustwide/target/debug/deps/libborsh-ccce2e1a84529d73.rlib --extern mpl_metaplex=/opt/rustwide/target/debug/deps/libmpl_metaplex-6cd75a59c227b8cb.rlib --extern mpl_nft_packs=/opt/rustwide/target/debug/deps/libmpl_nft_packs.rlib --extern mpl_token_metadata=/opt/rustwide/target/debug/deps/libmpl_token_metadata-ca3f973ab33a1907.rlib --extern mpl_token_vault=/opt/rustwide/target/debug/deps/libmpl_token_vault-baf51c4966458c93.rlib --extern num_derive=/opt/rustwide/target/debug/deps/libnum_derive-dee9a9950475b5ec.so --extern num_traits=/opt/rustwide/target/debug/deps/libnum_traits-3b93294800e9dc5d.rlib --extern num_enum=/opt/rustwide/target/debug/deps/libnum_enum-ea1c568cbbdfd404.rlib --extern rand=/opt/rustwide/target/debug/deps/librand-027ebd8cd3eea29e.rlib --extern shank=/opt/rustwide/target/debug/deps/libshank-1acdfea3596615b1.rlib --extern solana_program=/opt/rustwide/target/debug/deps/libsolana_program-4bbbc1ca9f1e8e69.rlib --extern solana_program_test=/opt/rustwide/target/debug/deps/libsolana_program_test-c6e46ba89b5fda1e.rlib --extern solana_sdk=/opt/rustwide/target/debug/deps/libsolana_sdk-c6881901b289b781.rlib --extern spl_math=/opt/rustwide/target/debug/deps/libspl_math-c10eb790c681fa17.rlib --extern spl_token=/opt/rustwide/target/debug/deps/libspl_token-316c1489dee504ec.rlib --extern thiserror=/opt/rustwide/target/debug/deps/libthiserror-45da240c9c9265d7.rlib --cap-lints=warn -L native=/opt/rustwide/target/debug/build/blake3-7cfc7b8a80d6fba1/out -L native=/opt/rustwide/target/debug/build/blake3-7cfc7b8a80d6fba1/out -L native=/opt/rustwide/target/debug/build/bzip2-sys-1937587fa3fd0e33/out/lib -L native=/opt/rustwide/target/debug/build/ring-6daaec092e644472/out -L native=/opt/rustwide/target/debug/build/zstd-sys-f20ebe059a2d78c2/out` (signal: 9, SIGKILL: kill)
[INFO] [stderr] error: could not compile `mpl-nft-packs`
[INFO] [stderr] 
[INFO] [stderr] Caused by:
[INFO] [stderr]   process didn't exit successfully: `rustc --crate-name deactivate --edition=2021 tests/deactivate.rs --error-format=json --json=diagnostic-rendered-ansi,artifacts,future-incompat --emit=dep-info,link -C embed-bitcode=no -C debuginfo=2 --test -C metadata=f702f38c1da37bc8 -C extra-filename=-f702f38c1da37bc8 --out-dir /opt/rustwide/target/debug/deps -L dependency=/opt/rustwide/target/debug/deps --extern arrayref=/opt/rustwide/target/debug/deps/libarrayref-f94ceed2723be8cd.rlib --extern borsh=/opt/rustwide/target/debug/deps/libborsh-ccce2e1a84529d73.rlib --extern mpl_metaplex=/opt/rustwide/target/debug/deps/libmpl_metaplex-6cd75a59c227b8cb.rlib --extern mpl_nft_packs=/opt/rustwide/target/debug/deps/libmpl_nft_packs.rlib --extern mpl_token_metadata=/opt/rustwide/target/debug/deps/libmpl_token_metadata-ca3f973ab33a1907.rlib --extern mpl_token_vault=/opt/rustwide/target/debug/deps/libmpl_token_vault-baf51c4966458c93.rlib --extern num_derive=/opt/rustwide/target/debug/deps/libnum_derive-dee9a9950475b5ec.so --extern num_traits=/opt/rustwide/target/debug/deps/libnum_traits-3b93294800e9dc5d.rlib --extern num_enum=/opt/rustwide/target/debug/deps/libnum_enum-ea1c568cbbdfd404.rlib --extern rand=/opt/rustwide/target/debug/deps/librand-027ebd8cd3eea29e.rlib --extern shank=/opt/rustwide/target/debug/deps/libshank-1acdfea3596615b1.rlib --extern solana_program=/opt/rustwide/target/debug/deps/libsolana_program-4bbbc1ca9f1e8e69.rlib --extern solana_program_test=/opt/rustwide/target/debug/deps/libsolana_program_test-c6e46ba89b5fda1e.rlib --extern solana_sdk=/opt/rustwide/target/debug/deps/libsolana_sdk-c6881901b289b781.rlib --extern spl_math=/opt/rustwide/target/debug/deps/libspl_math-c10eb790c681fa17.rlib --extern spl_token=/opt/rustwide/target/debug/deps/libspl_token-316c1489dee504ec.rlib --extern thiserror=/opt/rustwide/target/debug/deps/libthiserror-45da240c9c9265d7.rlib --cap-lints=warn -L native=/opt/rustwide/target/debug/build/blake3-7cfc7b8a80d6fba1/out -L native=/opt/rustwide/target/debug/build/blake3-7cfc7b8a80d6fba1/out -L native=/opt/rustwide/target/debug/build/bzip2-sys-1937587fa3fd0e33/out/lib -L native=/opt/rustwide/target/debug/build/ring-6daaec092e644472/out -L native=/opt/rustwide/target/debug/build/zstd-sys-f20ebe059a2d78c2/out` (signal: 9, SIGKILL: kill)
[INFO] [stderr] error: could not compile `mpl-nft-packs`
[INFO] [stderr] 
[INFO] [stderr] Caused by:
[INFO] [stderr]   process didn't exit successfully: `rustc --crate-name activate --edition=2021 tests/activate.rs --error-format=json --json=diagnostic-rendered-ansi,artifacts,future-incompat --emit=dep-info,link -C embed-bitcode=no -C debuginfo=2 --test -C metadata=7ff701db71150081 -C extra-filename=-7ff701db71150081 --out-dir /opt/rustwide/target/debug/deps -L dependency=/opt/rustwide/target/debug/deps --extern arrayref=/opt/rustwide/target/debug/deps/libarrayref-f94ceed2723be8cd.rlib --extern borsh=/opt/rustwide/target/debug/deps/libborsh-ccce2e1a84529d73.rlib --extern mpl_metaplex=/opt/rustwide/target/debug/deps/libmpl_metaplex-6cd75a59c227b8cb.rlib --extern mpl_nft_packs=/opt/rustwide/target/debug/deps/libmpl_nft_packs.rlib --extern mpl_token_metadata=/opt/rustwide/target/debug/deps/libmpl_token_metadata-ca3f973ab33a1907.rlib --extern mpl_token_vault=/opt/rustwide/target/debug/deps/libmpl_token_vault-baf51c4966458c93.rlib --extern num_derive=/opt/rustwide/target/debug/deps/libnum_derive-dee9a9950475b5ec.so --extern num_traits=/opt/rustwide/target/debug/deps/libnum_traits-3b93294800e9dc5d.rlib --extern num_enum=/opt/rustwide/target/debug/deps/libnum_enum-ea1c568cbbdfd404.rlib --extern rand=/opt/rustwide/target/debug/deps/librand-027ebd8cd3eea29e.rlib --extern shank=/opt/rustwide/target/debug/deps/libshank-1acdfea3596615b1.rlib --extern solana_program=/opt/rustwide/target/debug/deps/libsolana_program-4bbbc1ca9f1e8e69.rlib --extern solana_program_test=/opt/rustwide/target/debug/deps/libsolana_program_test-c6e46ba89b5fda1e.rlib --extern solana_sdk=/opt/rustwide/target/debug/deps/libsolana_sdk-c6881901b289b781.rlib --extern spl_math=/opt/rustwide/target/debug/deps/libspl_math-c10eb790c681fa17.rlib --extern spl_token=/opt/rustwide/target/debug/deps/libspl_token-316c1489dee504ec.rlib --extern thiserror=/opt/rustwide/target/debug/deps/libthiserror-45da240c9c9265d7.rlib --cap-lints=warn -L native=/opt/rustwide/target/debug/build/blake3-7cfc7b8a80d6fba1/out -L native=/opt/rustwide/target/debug/build/blake3-7cfc7b8a80d6fba1/out -L native=/opt/rustwide/target/debug/build/bzip2-sys-1937587fa3fd0e33/out/lib -L native=/opt/rustwide/target/debug/build/ring-6daaec092e644472/out -L native=/opt/rustwide/target/debug/build/zstd-sys-f20ebe059a2d78c2/out` (signal: 9, SIGKILL: kill)
[INFO] [stderr] error: could not compile `mpl-nft-packs`
[INFO] [stderr] 
[INFO] [stderr] Caused by:
[INFO] [stderr]   process didn't exit successfully: `rustc --crate-name edit_pack --edition=2021 tests/edit_pack.rs --error-format=json --json=diagnostic-rendered-ansi,artifacts,future-incompat --emit=dep-info,link -C embed-bitcode=no -C debuginfo=2 --test -C metadata=2fb88ded06f9bf17 -C extra-filename=-2fb88ded06f9bf17 --out-dir /opt/rustwide/target/debug/deps -L dependency=/opt/rustwide/target/debug/deps --extern arrayref=/opt/rustwide/target/debug/deps/libarrayref-f94ceed2723be8cd.rlib --extern borsh=/opt/rustwide/target/debug/deps/libborsh-ccce2e1a84529d73.rlib --extern mpl_metaplex=/opt/rustwide/target/debug/deps/libmpl_metaplex-6cd75a59c227b8cb.rlib --extern mpl_nft_packs=/opt/rustwide/target/debug/deps/libmpl_nft_packs.rlib --extern mpl_token_metadata=/opt/rustwide/target/debug/deps/libmpl_token_metadata-ca3f973ab33a1907.rlib --extern mpl_token_vault=/opt/rustwide/target/debug/deps/libmpl_token_vault-baf51c4966458c93.rlib --extern num_derive=/opt/rustwide/target/debug/deps/libnum_derive-dee9a9950475b5ec.so --extern num_traits=/opt/rustwide/target/debug/deps/libnum_traits-3b93294800e9dc5d.rlib --extern num_enum=/opt/rustwide/target/debug/deps/libnum_enum-ea1c568cbbdfd404.rlib --extern rand=/opt/rustwide/target/debug/deps/librand-027ebd8cd3eea29e.rlib --extern shank=/opt/rustwide/target/debug/deps/libshank-1acdfea3596615b1.rlib --extern solana_program=/opt/rustwide/target/debug/deps/libsolana_program-4bbbc1ca9f1e8e69.rlib --extern solana_program_test=/opt/rustwide/target/debug/deps/libsolana_program_test-c6e46ba89b5fda1e.rlib --extern solana_sdk=/opt/rustwide/target/debug/deps/libsolana_sdk-c6881901b289b781.rlib --extern spl_math=/opt/rustwide/target/debug/deps/libspl_math-c10eb790c681fa17.rlib --extern spl_token=/opt/rustwide/target/debug/deps/libspl_token-316c1489dee504ec.rlib --extern thiserror=/opt/rustwide/target/debug/deps/libthiserror-45da240c9c9265d7.rlib --cap-lints=warn -L native=/opt/rustwide/target/debug/build/blake3-7cfc7b8a80d6fba1/out -L native=/opt/rustwide/target/debug/build/blake3-7cfc7b8a80d6fba1/out -L native=/opt/rustwide/target/debug/build/bzip2-sys-1937587fa3fd0e33/out/lib -L native=/opt/rustwide/target/debug/build/ring-6daaec092e644472/out -L native=/opt/rustwide/target/debug/build/zstd-sys-f20ebe059a2d78c2/out` (signal: 9, SIGKILL: kill)
[INFO] [stderr] error: could not compile `mpl-nft-packs`
[INFO] [stderr] 
[INFO] [stderr] Caused by:
[INFO] [stderr]   process didn't exit successfully: `rustc --crate-name add_voucher_to_pack --edition=2021 tests/add_voucher_to_pack.rs --error-format=json --json=diagnostic-rendered-ansi,artifacts,future-incompat --emit=dep-info,link -C embed-bitcode=no -C debuginfo=2 --test -C metadata=c529258ef435cead -C extra-filename=-c529258ef435cead --out-dir /opt/rustwide/target/debug/deps -L dependency=/opt/rustwide/target/debug/deps --extern arrayref=/opt/rustwide/target/debug/deps/libarrayref-f94ceed2723be8cd.rlib --extern borsh=/opt/rustwide/target/debug/deps/libborsh-ccce2e1a84529d73.rlib --extern mpl_metaplex=/opt/rustwide/target/debug/deps/libmpl_metaplex-6cd75a59c227b8cb.rlib --extern mpl_nft_packs=/opt/rustwide/target/debug/deps/libmpl_nft_packs.rlib --extern mpl_token_metadata=/opt/rustwide/target/debug/deps/libmpl_token_metadata-ca3f973ab33a1907.rlib --extern mpl_token_vault=/opt/rustwide/target/debug/deps/libmpl_token_vault-baf51c4966458c93.rlib --extern num_derive=/opt/rustwide/target/debug/deps/libnum_derive-dee9a9950475b5ec.so --extern num_traits=/opt/rustwide/target/debug/deps/libnum_traits-3b93294800e9dc5d.rlib --extern num_enum=/opt/rustwide/target/debug/deps/libnum_enum-ea1c568cbbdfd404.rlib --extern rand=/opt/rustwide/target/debug/deps/librand-027ebd8cd3eea29e.rlib --extern shank=/opt/rustwide/target/debug/deps/libshank-1acdfea3596615b1.rlib --extern solana_program=/opt/rustwide/target/debug/deps/libsolana_program-4bbbc1ca9f1e8e69.rlib --extern solana_program_test=/opt/rustwide/target/debug/deps/libsolana_program_test-c6e46ba89b5fda1e.rlib --extern solana_sdk=/opt/rustwide/target/debug/deps/libsolana_sdk-c6881901b289b781.rlib --extern spl_math=/opt/rustwide/target/debug/deps/libspl_math-c10eb790c681fa17.rlib --extern spl_token=/opt/rustwide/target/debug/deps/libspl_token-316c1489dee504ec.rlib --extern thiserror=/opt/rustwide/target/debug/deps/libthiserror-45da240c9c9265d7.rlib --cap-lints=warn -L native=/opt/rustwide/target/debug/build/blake3-7cfc7b8a80d6fba1/out -L native=/opt/rustwide/target/debug/build/blake3-7cfc7b8a80d6fba1/out -L native=/opt/rustwide/target/debug/build/bzip2-sys-1937587fa3fd0e33/out/lib -L native=/opt/rustwide/target/debug/build/ring-6daaec092e644472/out -L native=/opt/rustwide/target/debug/build/zstd-sys-f20ebe059a2d78c2/out` (signal: 9, SIGKILL: kill)
[INFO] [stdout] error: linking with `cc` failed: exit status: 1
[INFO] [stdout]   |
[INFO] [stdout]   = note: LC_ALL="C" PATH="/opt/rustwide/rustup-home/toolchains/1.69.0-x86_64-unknown-linux-gnu/lib/rustlib/x86_64-unknown-linux-gnu/bin:/opt/rustwide/cargo-home/bin:/usr/local/sbin:/usr/local/bin:/usr/sbin:/usr/bin:/sbin:/bin" VSLANG="1033" "cc" "-m64" "/tmp/rustc6hpPWq/symbols.o" "/opt/rustwide/target/debug/deps/init_pack_set-0c883bcf31d2e0c8.init_pack_set.2a43ff02-cgu.0.rcgu.o" "/opt/rustwide/target/debug/deps/init_pack_set-0c883bcf31d2e0c8.init_pack_set.2a43ff02-cgu.1.rcgu.o" "/opt/rustwide/target/debug/deps/init_pack_set-0c883bcf31d2e0c8.init_pack_set.2a43ff02-cgu.10.rcgu.o" "/opt/rustwide/target/debug/deps/init_pack_set-0c883bcf31d2e0c8.init_pack_set.2a43ff02-cgu.11.rcgu.o" "/opt/rustwide/target/debug/deps/init_pack_set-0c883bcf31d2e0c8.init_pack_set.2a43ff02-cgu.12.rcgu.o" "/opt/rustwide/target/debug/deps/init_pack_set-0c883bcf31d2e0c8.init_pack_set.2a43ff02-cgu.13.rcgu.o" "/opt/rustwide/target/debug/deps/init_pack_set-0c883bcf31d2e0c8.init_pack_set.2a43ff02-cgu.14.rcgu.o" "/opt/rustwide/target/debug/deps/init_pack_set-0c883bcf31d2e0c8.init_pack_set.2a43ff02-cgu.15.rcgu.o" "/opt/rustwide/target/debug/deps/init_pack_set-0c883bcf31d2e0c8.init_pack_set.2a43ff02-cgu.2.rcgu.o" "/opt/rustwide/target/debug/deps/init_pack_set-0c883bcf31d2e0c8.init_pack_set.2a43ff02-cgu.3.rcgu.o" "/opt/rustwide/target/debug/deps/init_pack_set-0c883bcf31d2e0c8.init_pack_set.2a43ff02-cgu.4.rcgu.o" "/opt/rustwide/target/debug/deps/init_pack_set-0c883bcf31d2e0c8.init_pack_set.2a43ff02-cgu.5.rcgu.o" "/opt/rustwide/target/debug/deps/init_pack_set-0c883bcf31d2e0c8.init_pack_set.2a43ff02-cgu.6.rcgu.o" "/opt/rustwide/target/debug/deps/init_pack_set-0c883bcf31d2e0c8.init_pack_set.2a43ff02-cgu.7.rcgu.o" "/opt/rustwide/target/debug/deps/init_pack_set-0c883bcf31d2e0c8.init_pack_set.2a43ff02-cgu.8.rcgu.o" "/opt/rustwide/target/debug/deps/init_pack_set-0c883bcf31d2e0c8.init_pack_set.2a43ff02-cgu.9.rcgu.o" "/opt/rustwide/target/debug/deps/init_pack_set-0c883bcf31d2e0c8.8shwrz0jsuhm015.rcgu.o" "-Wl,--as-needed" "-L" "/opt/rustwide/target/debug/deps" "-L" "/opt/rustwide/target/debug/build/blake3-7cfc7b8a80d6fba1/out" "-L" "/opt/rustwide/target/debug/build/blake3-7cfc7b8a80d6fba1/out" "-L" "/opt/rustwide/target/debug/build/bzip2-sys-1937587fa3fd0e33/out/lib" "-L" "/opt/rustwide/target/debug/build/ring-6daaec092e644472/out" "-L" "/opt/rustwide/target/debug/build/zstd-sys-f20ebe059a2d78c2/out" "-L" "/opt/rustwide/rustup-home/toolchains/1.69.0-x86_64-unknown-linux-gnu/lib/rustlib/x86_64-unknown-linux-gnu/lib" "-Wl,-Bstatic" "/opt/rustwide/rustup-home/toolchains/1.69.0-x86_64-unknown-linux-gnu/lib/rustlib/x86_64-unknown-linux-gnu/lib/libtest-7791a6353d4a7929.rlib" "/opt/rustwide/rustup-home/toolchains/1.69.0-x86_64-unknown-linux-gnu/lib/rustlib/x86_64-unknown-linux-gnu/lib/libgetopts-7b17724e9ce90a72.rlib" "/opt/rustwide/rustup-home/toolchains/1.69.0-x86_64-unknown-linux-gnu/lib/rustlib/x86_64-unknown-linux-gnu/lib/libunicode_width-596f8ce9d30a755e.rlib" "/opt/rustwide/rustup-home/toolchains/1.69.0-x86_64-unknown-linux-gnu/lib/rustlib/x86_64-unknown-linux-gnu/lib/librustc_std_workspace_std-da04f86254de594f.rlib" "/opt/rustwide/target/debug/deps/libmpl_nft_packs.rlib" "/opt/rustwide/target/debug/deps/libmpl_metaplex-6cd75a59c227b8cb.rlib" "/opt/rustwide/target/debug/deps/libmpl_auction-cc98a458e2c37a80.rlib" "/opt/rustwide/target/debug/deps/libsolana_program_test-c6e46ba89b5fda1e.rlib" "/opt/rustwide/target/debug/deps/libsolana_logger-845240696ca76a27.rlib" "/opt/rustwide/target/debug/deps/libenv_logger-ec77e561aa234382.rlib" "/opt/rustwide/target/debug/deps/libatty-548e022557250059.rlib" "/opt/rustwide/target/debug/deps/libtermcolor-b72ffe4cbd1728e7.rlib" "/opt/rustwide/target/debug/deps/libsolana_banks_server-9ad5f32580b05752.rlib" "/opt/rustwide/target/debug/deps/libtokio_stream-4ad715505b95c27e.rlib" "/opt/rustwide/target/debug/deps/libsolana_send_transaction_service-23a12a4c5695e4c7.rlib" "/opt/rustwide/target/debug/deps/libsolana_runtime-53279da16e3f0767.rlib" "/opt/rustwide/target/debug/deps/libdir_diff-e97329a0a0a24ed1.rlib" "/opt/rustwide/target/debug/deps/libwalkdir-f48fd0e5425183a1.rlib" "/opt/rustwide/target/debug/deps/libsame_file-fab28c3c81b2d2fa.rlib" "/opt/rustwide/target/debug/deps/libzstd-f757e8d55f12faff.rlib" "/opt/rustwide/target/debug/deps/libzstd_safe-8599be9160c1207d.rlib" "/opt/rustwide/target/debug/deps/libzstd_sys-b0439dece457dfa4.rlib" "/opt/rustwide/target/debug/deps/libsymlink-be1001e747e6b199.rlib" "/opt/rustwide/target/debug/deps/libsolana_compute_budget_program-0040e7d46306bdee.rlib" "/opt/rustwide/target/debug/deps/libregex-29a80ea3523697de.rlib" "/opt/rustwide/target/debug/deps/libaho_corasick-4a4928e0522c8a74.rlib" "/opt/rustwide/target/debug/deps/libregex_syntax-6ee924d67e38f866.rlib" "/opt/rustwide/target/debug/deps/libflate2-c7a608a0d7e7a072.rlib" "/opt/rustwide/target/debug/deps/libminiz_oxide-ee4a4762805ca1dc.rlib" "/opt/rustwide/target/debug/deps/libcrc32fast-104e9b895f0c2d44.rlib" "/opt/rustwide/target/debug/deps/libindex_list-cfbd029a847a93e2.rlib" "/opt/rustwide/target/debug/deps/libtar-9965372b1e4d6625.rlib" "/opt/rustwide/target/debug/deps/libxattr-0505aab22c431236.rlib" "/opt/rustwide/target/debug/deps/libfiletime-0a884fb22bcb00d8.rlib" "/opt/rustwide/target/debug/deps/libbzip2-135e3f83fd8d1875.rlib" "/opt/rustwide/target/debug/deps/libbzip2_sys-69d7e2d0c3e4cdd2.rlib" "/opt/rustwide/target/debug/deps/libsolana_bucket_map-6f3c94da83327222.rlib" "/opt/rustwide/target/debug/deps/libsolana_stake_program-add3e289262570a8.rlib" "/opt/rustwide/target/debug/deps/libsolana_config_program-f0c037d9d18aa520.rlib" "/opt/rustwide/target/debug/deps/libouroboros-d05379a8d6e7af64.rlib" "/opt/rustwide/target/debug/deps/libaliasable-3b36dcc4bf5e9a1e.rlib" "/opt/rustwide/target/debug/deps/libtempfile-aae6854e04c6e2dc.rlib" "/opt/rustwide/target/debug/deps/libfastrand-36b5f93a51c81f9b.rlib" "/opt/rustwide/target/debug/deps/librustix-a7b2b8ec2ac67b7d.rlib" "/opt/rustwide/target/debug/deps/libio_lifetimes-b81c2f4baa56ead1.rlib" "/opt/rustwide/target/debug/deps/liblinux_raw_sys-8cc4f4b00c14099c.rlib" "/opt/rustwide/target/debug/deps/libsolana_vote_program-f18a02a87699e745.rlib" "/opt/rustwide/target/debug/deps/libsolana_rayon_threadlimit-895a6fcaf4532c81.rlib" "/opt/rustwide/target/debug/deps/libsolana_address_lookup_table_program-91127af4cbd66341.rlib" "/opt/rustwide/target/debug/deps/libdashmap-959cff3b065fc400.rlib" "/opt/rustwide/target/debug/deps/librayon-3a31f068013d6e59.rlib" "/opt/rustwide/target/debug/deps/librayon_core-810548a7643b9071.rlib" "/opt/rustwide/target/debug/deps/libcrossbeam_deque-c88c73a8dbd1207f.rlib" "/opt/rustwide/target/debug/deps/libcrossbeam_epoch-ce14d878c6b46754.rlib" "/opt/rustwide/target/debug/deps/libmemoffset-cc94e166f136fd4e.rlib" "/opt/rustwide/target/debug/deps/libsolana_banks_client-4c61d306b1ec5851.rlib" "/opt/rustwide/target/debug/deps/libsolana_banks_interface-a72add976ed28ea9.rlib" "/opt/rustwide/target/debug/deps/libtarpc-79def754f3ccbf0a.rlib" "/opt/rustwide/target/debug/deps/libhumantime-cdc03476f0a21f32.rlib" "/opt/rustwide/target/debug/deps/libanyhow-2a8b4879abb5c883.rlib" "/opt/rustwide/target/debug/deps/libstatic_assertions-9a9c2cb46fa7a0a6.rlib" "/opt/rustwide/target/debug/deps/libtracing_opentelemetry-acb26e6e739e8645.rlib" "/opt/rustwide/target/debug/deps/libtracing_subscriber-9759920392381b07.rlib" "/opt/rustwide/target/debug/deps/libthread_local-541e5963f9bf00ff.rlib" "/opt/rustwide/target/debug/deps/libsharded_slab-24ee8a9fa7a57bac.rlib" "/opt/rustwide/target/debug/deps/libopentelemetry-110e35efffb5fa20.rlib" "/opt/rustwide/target/debug/deps/libcrossbeam_channel-c7cc992b117444ea.rlib" "/opt/rustwide/target/debug/deps/libcrossbeam_utils-3546b3b1c787b86b.rlib" "/opt/rustwide/target/debug/deps/librand-027ebd8cd3eea29e.rlib" "/opt/rustwide/target/debug/deps/librand_chacha-02db262bfffa7904.rlib" "/opt/rustwide/target/debug/deps/librand_core-ebc2a136de28cec1.rlib" "/opt/rustwide/target/debug/deps/libgetrandom-ea50d3a3c1361eef.rlib" "/opt/rustwide/target/debug/deps/libtokio_util-07b1555c097fed9d.rlib" "/opt/rustwide/target/debug/deps/libfutures-a596ea576e27c8ec.rlib" "/opt/rustwide/target/debug/deps/libfutures_executor-3df3c58fbeefd9f8.rlib" "/opt/rustwide/target/debug/deps/libtokio_serde-ac0246522929f92e.rlib" "/opt/rustwide/target/debug/deps/libpin_project-febd175ee98542d2.rlib" "/opt/rustwide/target/debug/deps/libchrono_humanize-26bfdcd6986614fa.rlib" "/opt/rustwide/target/debug/deps/libsolana_bpf_loader_program-f06ccca20b5a5128.rlib" "/opt/rustwide/target/debug/deps/libsolana_program_runtime-84b5ba7823a17d0b.rlib" "/opt/rustwide/target/debug/deps/liblibloading-13da5fc3cd712ff9.rlib" "/opt/rustwide/target/debug/deps/libsolana_measure-f27bbd5484fa64a2.rlib" "/opt/rustwide/target/debug/deps/libsolana_rbpf-4e91378351f25256.rlib" "/opt/rustwide/target/debug/deps/libgoblin-e6b145bf9ef881ab.rlib" "/opt/rustwide/target/debug/deps/libplain-3a5a6ed601a2c81a.rlib" "/opt/rustwide/target/debug/deps/libscroll-5e9bccdf0324d1c1.rlib" "/opt/rustwide/target/debug/deps/libhash32-0efe14c876703237.rlib" "/opt/rustwide/target/debug/deps/libcombine-6be7b92aca6cb974.rlib" "/opt/rustwide/target/debug/deps/libascii-7558f220cd647c4d.rlib" "/opt/rustwide/target/debug/deps/libunreachable-fd75c5c71d978a8e.rlib" "/opt/rustwide/target/debug/deps/libvoid-0d39243f9215f71c.rlib" "/opt/rustwide/target/debug/deps/libsolana_metrics-19eefccc85a0dcd2.rlib" "/opt/rustwide/target/debug/deps/libreqwest-842283154065a27b.rlib" "/opt/rustwide/target/debug/deps/librustls_pemfile-b8d8488d078135e6.rlib" "/opt/rustwide/target/debug/deps/libhyper_rustls-5ffa8c31f3c0898f.rlib" "/opt/rustwide/target/debug/deps/libwebpki_roots-925b43b98738999b.rlib" "/opt/rustwide/target/debug/deps/libbase64-8062ff4772a66de9.rlib" "/opt/rustwide/target/debug/deps/libipnet-c7c4785b48ce73f5.rlib" "/opt/rustwide/target/debug/deps/libtokio_rustls-ddaae62dde6cbb38.rlib" "/opt/rustwide/target/debug/deps/libserde_urlencoded-3c9d2a4c5bbd8f72.rlib" "/opt/rustwide/target/debug/deps/libmime-a79fe19129dcd0fb.rlib" "/opt/rustwide/target/debug/deps/libencoding_rs-73122f64baa7d749.rlib" "/opt/rustwide/target/debug/deps/librustls-f8de7fbf10257db8.rlib" "/opt/rustwide/target/debug/deps/libsct-b9ab05749cd41cb1.rlib" "/opt/rustwide/target/debug/deps/libwebpki-3c8ba8a5000f1bd2.rlib" "/opt/rustwide/target/debug/deps/libring-b8fafec2a33f5077.rlib" "/opt/rustwide/target/debug/deps/libspin-ba7f384cfb4b159f.rlib" "/opt/rustwide/target/debug/deps/libuntrusted-ec41ab00ed225515.rlib" "/opt/rustwide/target/debug/deps/libhyper-2817f74371872a25.rlib" "/opt/rustwide/target/debug/deps/libwant-c819868714771aeb.rlib" "/opt/rustwide/target/debug/deps/libtry_lock-ec51eacf97b087e9.rlib" "/opt/rustwide/target/debug/deps/libsocket2-8061dac41e4cc57a.rlib" "/opt/rustwide/target/debug/deps/libhttparse-30fefae29fd53c2e.rlib" "/opt/rustwide/target/debug/deps/libh2-89012bdb3df64120.rlib" "/opt/rustwide/target/debug/deps/libindexmap-4a7e2da62b4b6cd1.rlib" "/opt/rustwide/target/debug/deps/libhashbrown-f669da50cece7aa5.rlib" "/opt/rustwide/target/debug/deps/libtokio_util-a612c4e424195a36.rlib" "/opt/rustwide/target/debug/deps/libtower_service-a82a463fea06a00e.rlib" "/opt/rustwide/target/debug/deps/libtracing-b53a0f3b3e0b03c5.rlib" "/opt/rustwide/target/debug/deps/libtracing_core-0513f18324fc8959.rlib" "/opt/rustwide/target/debug/deps/libtokio-0acd06b9556f723a.rlib" "/opt/rustwide/target/debug/deps/libsignal_hook_registry-478a5747abd0441c.rlib" "/opt/rustwide/target/debug/deps/libnum_cpus-99eb5bb783d8d3db.rlib" "/opt/rustwide/target/debug/deps/libonce_cell-7d2ec3fb6b6c5a4d.rlib" "/opt/rustwide/target/debug/deps/libmio-b0a87029e4db1c23.rlib" "/opt/rustwide/target/debug/deps/libparking_lot-d1eea64f384462f4.rlib" "/opt/rustwide/target/debug/deps/libparking_lot_core-90123453098dda0a.rlib" "/opt/rustwide/target/debug/deps/libsmallvec-22f2447eab0ca59b.rlib" "/opt/rustwide/target/debug/deps/liblock_api-68f9f4627da435ce.rlib" "/opt/rustwide/target/debug/deps/libscopeguard-f471875f675163b5.rlib" "/opt/rustwide/target/debug/deps/libinstant-1bfa666718b38be4.rlib" "/opt/rustwide/target/debug/deps/libhttp_body-1af96f59fded0cc1.rlib" "/opt/rustwide/target/debug/deps/libfutures_util-75a1accf277982e5.rlib" "/opt/rustwide/target/debug/deps/libfutures_io-4614e9b19a26d89f.rlib" "/opt/rustwide/target/debug/deps/libslab-8bb798f134a0a9e7.rlib" "/opt/rustwide/target/debug/deps/libfutures_channel-6efe3e36c9bebe99.rlib" "/opt/rustwide/target/debug/deps/libpin_project_lite-e66e1bab7310d569.rlib" "/opt/rustwide/target/debug/deps/libfutures_sink-0848eae0e91803d6.rlib" "/opt/rustwide/target/debug/deps/libfutures_task-b59556b3c537ad98.rlib" "/opt/rustwide/target/debug/deps/libpin_utils-0d8eaf4ac0fcb221.rlib" "/opt/rustwide/target/debug/deps/libfutures_core-6002dc2ff0ad2c7a.rlib" "/opt/rustwide/target/debug/deps/liburl-25a81f6654f7c1c7.rlib" "/opt/rustwide/target/debug/deps/libidna-b865ee86652f4dd4.rlib" "/opt/rustwide/target/debug/deps/libunicode_normalization-65834209e2c3efa0.rlib" "/opt/rustwide/target/debug/deps/libtinyvec-4aa74f8a972e3d9d.rlib" "/opt/rustwide/target/debug/deps/libtinyvec_macros-8eb663675e81bb18.rlib" "/opt/rustwide/target/debug/deps/libunicode_bidi-df88d89b87cd1c3f.rlib" "/opt/rustwide/target/debug/deps/libform_urlencoded-4406ed733a551179.rlib" "/opt/rustwide/target/debug/deps/libhttp-1912e0b438bd2fae.rlib" "/opt/rustwide/target/debug/deps/libbytes-e760d6ac9a2f6963.rlib" "/opt/rustwide/target/debug/deps/libgethostname-45dae56d7cbfc3cb.rlib" "/opt/rustwide/target/debug/deps/libsolana_sdk-c6881901b289b781.rlib" "/opt/rustwide/target/debug/deps/libpbkdf2-d42c62eb5554318c.rlib" "/opt/rustwide/target/debug/deps/libserde_json-fd7582965d8df926.rlib" "/opt/rustwide/target/debug/deps/libryu-87a43729435ac998.rlib" "/opt/rustwide/target/debug/deps/libitoa-12e0c769e046c1b6.rlib" "/opt/rustwide/target/debug/deps/libqstring-7399ac8739d20853.rlib" "/opt/rustwide/target/debug/deps/libpercent_encoding-5b4f3c280783d946.rlib" "/opt/rustwide/target/debug/deps/libhmac-e28f37b03ff7093f.rlib" "/opt/rustwide/target/debug/deps/libcrypto_mac-48bc196fcfc51bdd.rlib" "/opt/rustwide/target/debug/deps/libed25519_dalek_bip32-2c783769f3764cec.rlib" "/opt/rustwide/target/debug/deps/libhmac-f0758add29eeba2c.rlib" "/opt/rustwide/target/debug/deps/libcrypto_mac-83e4d5504cb9d15e.rlib" "/opt/rustwide/target/debug/deps/libmemmap2-76dbc97e77cc2a60.rlib" "/opt/rustwide/target/debug/deps/libchrono-763d3ca01fb9b096.rlib" "/opt/rustwide/target/debug/deps/libiana_time_zone-bf2c4c30343f4ef7.rlib" "/opt/rustwide/target/debug/deps/libnum_integer-28e3d548d8250432.rlib" "/opt/rustwide/target/debug/deps/libtime-b9269e77d7e6666f.rlib" "/opt/rustwide/target/debug/deps/libed25519_dalek-8a35442199c54fea.rlib" "/opt/rustwide/target/debug/deps/libed25519-f3f7c8e116b332bd.rlib" "/opt/rustwide/target/debug/deps/libsignature-17d59ebc5e76f7ba.rlib" "/opt/rustwide/target/debug/deps/liburiparse-f68bec4413d21e96.rlib" "/opt/rustwide/target/debug/deps/libfnv-41a559218f992797.rlib" "/opt/rustwide/target/debug/deps/libderivation_path-68c1c581757ad18a.rlib" "/opt/rustwide/target/debug/deps/libfailure-b68257edc19570c8.rlib" "/opt/rustwide/target/debug/deps/libbacktrace-1f802f9c75daf5ff.rlib" "/opt/rustwide/target/debug/deps/libminiz_oxide-e57d79458c1d1dc6.rlib" "/opt/rustwide/target/debug/deps/libadler-478247d24f5486f3.rlib" "/opt/rustwide/target/debug/deps/libobject-60d03a19fcec6e88.rlib" "/opt/rustwide/target/debug/deps/libmemchr-399e4d4e829e4e4b.rlib" "/opt/rustwide/target/debug/deps/libaddr2line-b1bf6599b5592b4e.rlib" "/opt/rustwide/target/debug/deps/libgimli-05ab19e0b18c0f47.rlib" "/opt/rustwide/target/debug/deps/librustc_demangle-b9a7c4eabd61023e.rlib" "/opt/rustwide/target/debug/deps/libmpl_token_metadata-ca3f973ab33a1907.rlib" "/opt/rustwide/target/debug/deps/libspl_associated_token_account-930516feb1e9d874.rlib" "/opt/rustwide/target/debug/deps/libmpl_token_vault-baf51c4966458c93.rlib" "/opt/rustwide/target/debug/deps/libspl_token-316c1489dee504ec.rlib" "/opt/rustwide/target/debug/deps/libnum_enum-ea1c568cbbdfd404.rlib" "/opt/rustwide/target/debug/deps/libshank-1acdfea3596615b1.rlib" "/opt/rustwide/target/debug/deps/libsolana_program-4bbbc1ca9f1e8e69.rlib" "/opt/rustwide/target/debug/deps/liblibsecp256k1-b31511e7a14c2001.rlib" "/opt/rustwide/target/debug/deps/libbase64-758319727d7651ce.rlib" "/opt/rustwide/target/debug/deps/libhmac_drbg-a769b08769f66ddd.rlib" "/opt/rustwide/target/debug/deps/libhmac-1230a6e7ee6312e8.rlib" "/opt/rustwide/target/debug/deps/libcrypto_mac-2d748476a0870e5b.rlib" "/opt/rustwide/target/debug/deps/liblibsecp256k1_core-7abdacfeade12731.rlib" "/opt/rustwide/target/debug/deps/libcrunchy-f1c1fb46948390f3.rlib" "/opt/rustwide/target/debug/deps/librand-e7aedfd21d601098.rlib" "/opt/rustwide/target/debug/deps/librand_pcg-8c98fd2bf269356f.rlib" "/opt/rustwide/target/debug/deps/librand_chacha-bb507aaab39fd4f4.rlib" "/opt/rustwide/target/debug/deps/libppv_lite86-c3ad053967cc551c.rlib" "/opt/rustwide/target/debug/deps/libcurve25519_dalek-1fa690426eec1535.rlib" "/opt/rustwide/target/debug/deps/libzeroize-9ead41b9a1f05609.rlib" "/opt/rustwide/target/debug/deps/librand_core-9dae42a47d36ee1c.rlib" "/opt/rustwide/target/debug/deps/libgetrandom-4a53f218d7fe0143.rlib" "/opt/rustwide/target/debug/deps/liblibc-1c44c26a4c16f4d2.rlib" "/opt/rustwide/target/debug/deps/libbyteorder-f6bc7e7614c9a628.rlib" "/opt/rustwide/target/debug/deps/libbase64-58bd2041a3052460.rlib" "/opt/rustwide/target/debug/deps/libserde_bytes-c5f543858d403e48.rlib" "/opt/rustwide/target/debug/deps/libbs58-87068924f57c323a.rlib" "/opt/rustwide/target/debug/deps/libwasm_bindgen-b3f59eeaae44d607.rlib" "/opt/rustwide/target/debug/deps/libbitflags-82cc2d155c6eb112.rlib" "/opt/rustwide/target/debug/deps/libbv-082f595fc4de7f06.rlib" "/opt/rustwide/target/debug/deps/libbytemuck-c788bcc6651905a8.rlib" "/opt/rustwide/target/debug/deps/libitertools-ea912201e9c13d48.rlib" "/opt/rustwide/target/debug/deps/libeither-cac85af8160ee6c4.rlib" "/opt/rustwide/target/debug/deps/libblake3-6af9b76924f0d25b.rlib" "/opt/rustwide/target/debug/deps/libconstant_time_eq-ce65d812283498fe.rlib" "/opt/rustwide/target/debug/deps/libarrayvec-eaab725bd11a1a74.rlib" "/opt/rustwide/target/debug/deps/libdigest-edf4c809f36b9378.rlib" "/opt/rustwide/target/debug/deps/libsubtle-ae2c2164c6e4cd38.rlib" "/opt/rustwide/target/debug/deps/libblock_buffer-b2e2a59214b7552e.rlib" "/opt/rustwide/target/debug/deps/libcrypto_common-f84316a068255c3b.rlib" "/opt/rustwide/target/debug/deps/libarrayref-f94ceed2723be8cd.rlib" "/opt/rustwide/target/debug/deps/liblazy_static-a15e1ed0a3c31761.rlib" "/opt/rustwide/target/debug/deps/libsha3-5ac99ca99760bf18.rlib" "/opt/rustwide/target/debug/deps/libkeccak-1afd4d313c5b4b06.rlib" "/opt/rustwide/target/debug/deps/libsha2-cdfad86dc25151c8.rlib" "/opt/rustwide/target/debug/deps/libcpufeatures-e143b41ca3b14af5.rlib" "/opt/rustwide/target/debug/deps/libopaque_debug-502d41d476583e16.rlib" "/opt/rustwide/target/debug/deps/libdigest-82fe8ca033b22512.rlib" "/opt/rustwide/target/debug/deps/libblock_buffer-0ae3069282d20f8d.rlib" "/opt/rustwide/target/debug/deps/libblock_padding-4e7fecc44dbeff7c.rlib" "/opt/rustwide/target/debug/deps/libgeneric_array-6e456293bec2bf08.rlib" "/opt/rustwide/target/debug/deps/libtypenum-d40a559dcc4c7492.rlib" "/opt/rustwide/target/debug/deps/liblog-e4acea3c8ca43b70.rlib" "/opt/rustwide/target/debug/deps/libcfg_if-e5e118dd7d121aaa.rlib" "/opt/rustwide/target/debug/deps/libnum_traits-3b93294800e9dc5d.rlib" "/opt/rustwide/target/debug/deps/libbincode-a39a4553a4fe9a19.rlib" "/opt/rustwide/target/debug/deps/libserde-eab56612c7c0346c.rlib" "/opt/rustwide/target/debug/deps/libthiserror-45da240c9c9265d7.rlib" "/opt/rustwide/target/debug/deps/libborsh-ccce2e1a84529d73.rlib" "/opt/rustwide/rustup-home/toolchains/1.69.0-x86_64-unknown-linux-gnu/lib/rustlib/x86_64-unknown-linux-gnu/lib/libstd-89bc084783fdc439.rlib" "/opt/rustwide/rustup-home/toolchains/1.69.0-x86_64-unknown-linux-gnu/lib/rustlib/x86_64-unknown-linux-gnu/lib/libpanic_unwind-8bee4b287d4367c1.rlib" "/opt/rustwide/rustup-home/toolchains/1.69.0-x86_64-unknown-linux-gnu/lib/rustlib/x86_64-unknown-linux-gnu/lib/libobject-d61707aed80694c0.rlib" "/opt/rustwide/rustup-home/toolchains/1.69.0-x86_64-unknown-linux-gnu/lib/rustlib/x86_64-unknown-linux-gnu/lib/libmemchr-d85366256f22345b.rlib" "/opt/rustwide/rustup-home/toolchains/1.69.0-x86_64-unknown-linux-gnu/lib/rustlib/x86_64-unknown-linux-gnu/lib/libaddr2line-96069b86b8a8cae9.rlib" "/opt/rustwide/rustup-home/toolchains/1.69.0-x86_64-unknown-linux-gnu/lib/rustlib/x86_64-unknown-linux-gnu/lib/libgimli-d19d53abf68dfa6c.rlib" "/opt/rustwide/rustup-home/toolchains/1.69.0-x86_64-unknown-linux-gnu/lib/rustlib/x86_64-unknown-linux-gnu/lib/librustc_demangle-787cbccd19d64ac6.rlib" "/opt/rustwide/rustup-home/toolchains/1.69.0-x86_64-unknown-linux-gnu/lib/rustlib/x86_64-unknown-linux-gnu/lib/libstd_detect-b3837a36b830e0d0.rlib" "/opt/rustwide/rustup-home/toolchains/1.69.0-x86_64-unknown-linux-gnu/lib/rustlib/x86_64-unknown-linux-gnu/lib/libhashbrown-e3deb0e7e3f04966.rlib" "/opt/rustwide/rustup-home/toolchains/1.69.0-x86_64-unknown-linux-gnu/lib/rustlib/x86_64-unknown-linux-gnu/lib/libminiz_oxide-dabbb79c9815def4.rlib" "/opt/rustwide/rustup-home/toolchains/1.69.0-x86_64-unknown-linux-gnu/lib/rustlib/x86_64-unknown-linux-gnu/lib/libadler-305b01f34c9409f2.rlib" "/opt/rustwide/rustup-home/toolchains/1.69.0-x86_64-unknown-linux-gnu/lib/rustlib/x86_64-unknown-linux-gnu/lib/librustc_std_workspace_alloc-f833521df6074e73.rlib" "/opt/rustwide/rustup-home/toolchains/1.69.0-x86_64-unknown-linux-gnu/lib/rustlib/x86_64-unknown-linux-gnu/lib/libunwind-9ac333113350d171.rlib" "/opt/rustwide/rustup-home/toolchains/1.69.0-x86_64-unknown-linux-gnu/lib/rustlib/x86_64-unknown-linux-gnu/lib/libcfg_if-1c126114322d0eee.rlib" "/opt/rustwide/rustup-home/toolchains/1.69.0-x86_64-unknown-linux-gnu/lib/rustlib/x86_64-unknown-linux-gnu/lib/liblibc-bad9164fdeeecf92.rlib" "/opt/rustwide/rustup-home/toolchains/1.69.0-x86_64-unknown-linux-gnu/lib/rustlib/x86_64-unknown-linux-gnu/lib/liballoc-f9374b1e480fa681.rlib" "/opt/rustwide/rustup-home/toolchains/1.69.0-x86_64-unknown-linux-gnu/lib/rustlib/x86_64-unknown-linux-gnu/lib/librustc_std_workspace_core-207f06e41d9603af.rlib" "/opt/rustwide/rustup-home/toolchains/1.69.0-x86_64-unknown-linux-gnu/lib/rustlib/x86_64-unknown-linux-gnu/lib/libcore-7e2768e66e984e85.rlib" "/opt/rustwide/rustup-home/toolchains/1.69.0-x86_64-unknown-linux-gnu/lib/rustlib/x86_64-unknown-linux-gnu/lib/libcompiler_builtins-957b4aff41f8cd46.rlib" "-Wl,-Bdynamic" "-ldl" "-lgcc_s" "-lutil" "-lrt" "-lpthread" "-lm" "-ldl" "-lc" "-Wl,--eh-frame-hdr" "-Wl,-z,noexecstack" "-L" "/opt/rustwide/rustup-home/toolchains/1.69.0-x86_64-unknown-linux-gnu/lib/rustlib/x86_64-unknown-linux-gnu/lib" "-o" "/opt/rustwide/target/debug/deps/init_pack_set-0c883bcf31d2e0c8" "-Wl,--gc-sections" "-pie" "-Wl,-z,relro,-z,now" "-nodefaultlibs"
[INFO] [stdout]   = note: collect2: fatal error: ld terminated with signal 9 [Killed]
[INFO] [stdout]           compilation terminated.
[INFO] [stdout]           
[INFO] [stdout] 
[INFO] [stdout] 
[INFO] [stdout] error: aborting due to previous error
[INFO] [stdout] 
[INFO] [stdout] 
[INFO] [stderr] error: could not compile `mpl-nft-packs` due to 2 previous errors
[INFO] [stdout] error: linking with `cc` failed: exit status: 1
[INFO] [stdout]   |
[INFO] [stdout]   = note: LC_ALL="C" PATH="/opt/rustwide/rustup-home/toolchains/1.69.0-x86_64-unknown-linux-gnu/lib/rustlib/x86_64-unknown-linux-gnu/bin:/opt/rustwide/cargo-home/bin:/usr/local/sbin:/usr/local/bin:/usr/sbin:/usr/bin:/sbin:/bin" VSLANG="1033" "cc" "-m64" "/tmp/rustcRFv3LG/symbols.o" "/opt/rustwide/target/debug/deps/delete_pack_card-6cdb5efd13925210.delete_pack_card.f84d1266-cgu.0.rcgu.o" "/opt/rustwide/target/debug/deps/delete_pack_card-6cdb5efd13925210.delete_pack_card.f84d1266-cgu.1.rcgu.o" "/opt/rustwide/target/debug/deps/delete_pack_card-6cdb5efd13925210.delete_pack_card.f84d1266-cgu.10.rcgu.o" "/opt/rustwide/target/debug/deps/delete_pack_card-6cdb5efd13925210.delete_pack_card.f84d1266-cgu.11.rcgu.o" "/opt/rustwide/target/debug/deps/delete_pack_card-6cdb5efd13925210.delete_pack_card.f84d1266-cgu.12.rcgu.o" "/opt/rustwide/target/debug/deps/delete_pack_card-6cdb5efd13925210.delete_pack_card.f84d1266-cgu.13.rcgu.o" "/opt/rustwide/target/debug/deps/delete_pack_card-6cdb5efd13925210.delete_pack_card.f84d1266-cgu.14.rcgu.o" "/opt/rustwide/target/debug/deps/delete_pack_card-6cdb5efd13925210.delete_pack_card.f84d1266-cgu.15.rcgu.o" "/opt/rustwide/target/debug/deps/delete_pack_card-6cdb5efd13925210.delete_pack_card.f84d1266-cgu.2.rcgu.o" "/opt/rustwide/target/debug/deps/delete_pack_card-6cdb5efd13925210.delete_pack_card.f84d1266-cgu.3.rcgu.o" "/opt/rustwide/target/debug/deps/delete_pack_card-6cdb5efd13925210.delete_pack_card.f84d1266-cgu.4.rcgu.o" "/opt/rustwide/target/debug/deps/delete_pack_card-6cdb5efd13925210.delete_pack_card.f84d1266-cgu.5.rcgu.o" "/opt/rustwide/target/debug/deps/delete_pack_card-6cdb5efd13925210.delete_pack_card.f84d1266-cgu.6.rcgu.o" "/opt/rustwide/target/debug/deps/delete_pack_card-6cdb5efd13925210.delete_pack_card.f84d1266-cgu.7.rcgu.o" "/opt/rustwide/target/debug/deps/delete_pack_card-6cdb5efd13925210.delete_pack_card.f84d1266-cgu.8.rcgu.o" "/opt/rustwide/target/debug/deps/delete_pack_card-6cdb5efd13925210.delete_pack_card.f84d1266-cgu.9.rcgu.o" "/opt/rustwide/target/debug/deps/delete_pack_card-6cdb5efd13925210.30be53s2qlgh1j9c.rcgu.o" "-Wl,--as-needed" "-L" "/opt/rustwide/target/debug/deps" "-L" "/opt/rustwide/target/debug/build/blake3-7cfc7b8a80d6fba1/out" "-L" "/opt/rustwide/target/debug/build/blake3-7cfc7b8a80d6fba1/out" "-L" "/opt/rustwide/target/debug/build/bzip2-sys-1937587fa3fd0e33/out/lib" "-L" "/opt/rustwide/target/debug/build/ring-6daaec092e644472/out" "-L" "/opt/rustwide/target/debug/build/zstd-sys-f20ebe059a2d78c2/out" "-L" "/opt/rustwide/rustup-home/toolchains/1.69.0-x86_64-unknown-linux-gnu/lib/rustlib/x86_64-unknown-linux-gnu/lib" "-Wl,-Bstatic" "/opt/rustwide/rustup-home/toolchains/1.69.0-x86_64-unknown-linux-gnu/lib/rustlib/x86_64-unknown-linux-gnu/lib/libtest-7791a6353d4a7929.rlib" "/opt/rustwide/rustup-home/toolchains/1.69.0-x86_64-unknown-linux-gnu/lib/rustlib/x86_64-unknown-linux-gnu/lib/libgetopts-7b17724e9ce90a72.rlib" "/opt/rustwide/rustup-home/toolchains/1.69.0-x86_64-unknown-linux-gnu/lib/rustlib/x86_64-unknown-linux-gnu/lib/libunicode_width-596f8ce9d30a755e.rlib" "/opt/rustwide/rustup-home/toolchains/1.69.0-x86_64-unknown-linux-gnu/lib/rustlib/x86_64-unknown-linux-gnu/lib/librustc_std_workspace_std-da04f86254de594f.rlib" "/opt/rustwide/target/debug/deps/libmpl_nft_packs.rlib" "/opt/rustwide/target/debug/deps/libmpl_metaplex-6cd75a59c227b8cb.rlib" "/opt/rustwide/target/debug/deps/libmpl_auction-cc98a458e2c37a80.rlib" "/opt/rustwide/target/debug/deps/libsolana_program_test-c6e46ba89b5fda1e.rlib" "/opt/rustwide/target/debug/deps/libsolana_logger-845240696ca76a27.rlib" "/opt/rustwide/target/debug/deps/libenv_logger-ec77e561aa234382.rlib" "/opt/rustwide/target/debug/deps/libatty-548e022557250059.rlib" "/opt/rustwide/target/debug/deps/libtermcolor-b72ffe4cbd1728e7.rlib" "/opt/rustwide/target/debug/deps/libsolana_banks_server-9ad5f32580b05752.rlib" "/opt/rustwide/target/debug/deps/libtokio_stream-4ad715505b95c27e.rlib" "/opt/rustwide/target/debug/deps/libsolana_send_transaction_service-23a12a4c5695e4c7.rlib" "/opt/rustwide/target/debug/deps/libsolana_runtime-53279da16e3f0767.rlib" "/opt/rustwide/target/debug/deps/libdir_diff-e97329a0a0a24ed1.rlib" "/opt/rustwide/target/debug/deps/libwalkdir-f48fd0e5425183a1.rlib" "/opt/rustwide/target/debug/deps/libsame_file-fab28c3c81b2d2fa.rlib" "/opt/rustwide/target/debug/deps/libzstd-f757e8d55f12faff.rlib" "/opt/rustwide/target/debug/deps/libzstd_safe-8599be9160c1207d.rlib" "/opt/rustwide/target/debug/deps/libzstd_sys-b0439dece457dfa4.rlib" "/opt/rustwide/target/debug/deps/libsymlink-be1001e747e6b199.rlib" "/opt/rustwide/target/debug/deps/libsolana_compute_budget_program-0040e7d46306bdee.rlib" "/opt/rustwide/target/debug/deps/libregex-29a80ea3523697de.rlib" "/opt/rustwide/target/debug/deps/libaho_corasick-4a4928e0522c8a74.rlib" "/opt/rustwide/target/debug/deps/libregex_syntax-6ee924d67e38f866.rlib" "/opt/rustwide/target/debug/deps/libflate2-c7a608a0d7e7a072.rlib" "/opt/rustwide/target/debug/deps/libminiz_oxide-ee4a4762805ca1dc.rlib" "/opt/rustwide/target/debug/deps/libcrc32fast-104e9b895f0c2d44.rlib" "/opt/rustwide/target/debug/deps/libindex_list-cfbd029a847a93e2.rlib" "/opt/rustwide/target/debug/deps/libtar-9965372b1e4d6625.rlib" "/opt/rustwide/target/debug/deps/libxattr-0505aab22c431236.rlib" "/opt/rustwide/target/debug/deps/libfiletime-0a884fb22bcb00d8.rlib" "/opt/rustwide/target/debug/deps/libbzip2-135e3f83fd8d1875.rlib" "/opt/rustwide/target/debug/deps/libbzip2_sys-69d7e2d0c3e4cdd2.rlib" "/opt/rustwide/target/debug/deps/libsolana_bucket_map-6f3c94da83327222.rlib" "/opt/rustwide/target/debug/deps/libsolana_stake_program-add3e289262570a8.rlib" "/opt/rustwide/target/debug/deps/libsolana_config_program-f0c037d9d18aa520.rlib" "/opt/rustwide/target/debug/deps/libouroboros-d05379a8d6e7af64.rlib" "/opt/rustwide/target/debug/deps/libaliasable-3b36dcc4bf5e9a1e.rlib" "/opt/rustwide/target/debug/deps/libtempfile-aae6854e04c6e2dc.rlib" "/opt/rustwide/target/debug/deps/libfastrand-36b5f93a51c81f9b.rlib" "/opt/rustwide/target/debug/deps/librustix-a7b2b8ec2ac67b7d.rlib" "/opt/rustwide/target/debug/deps/libio_lifetimes-b81c2f4baa56ead1.rlib" "/opt/rustwide/target/debug/deps/liblinux_raw_sys-8cc4f4b00c14099c.rlib" "/opt/rustwide/target/debug/deps/libsolana_vote_program-f18a02a87699e745.rlib" "/opt/rustwide/target/debug/deps/libsolana_rayon_threadlimit-895a6fcaf4532c81.rlib" "/opt/rustwide/target/debug/deps/libsolana_address_lookup_table_program-91127af4cbd66341.rlib" "/opt/rustwide/target/debug/deps/libdashmap-959cff3b065fc400.rlib" "/opt/rustwide/target/debug/deps/librayon-3a31f068013d6e59.rlib" "/opt/rustwide/target/debug/deps/librayon_core-810548a7643b9071.rlib" "/opt/rustwide/target/debug/deps/libcrossbeam_deque-c88c73a8dbd1207f.rlib" "/opt/rustwide/target/debug/deps/libcrossbeam_epoch-ce14d878c6b46754.rlib" "/opt/rustwide/target/debug/deps/libmemoffset-cc94e166f136fd4e.rlib" "/opt/rustwide/target/debug/deps/libsolana_banks_client-4c61d306b1ec5851.rlib" "/opt/rustwide/target/debug/deps/libsolana_banks_interface-a72add976ed28ea9.rlib" "/opt/rustwide/target/debug/deps/libtarpc-79def754f3ccbf0a.rlib" "/opt/rustwide/target/debug/deps/libhumantime-cdc03476f0a21f32.rlib" "/opt/rustwide/target/debug/deps/libanyhow-2a8b4879abb5c883.rlib" "/opt/rustwide/target/debug/deps/libstatic_assertions-9a9c2cb46fa7a0a6.rlib" "/opt/rustwide/target/debug/deps/libtracing_opentelemetry-acb26e6e739e8645.rlib" "/opt/rustwide/target/debug/deps/libtracing_subscriber-9759920392381b07.rlib" "/opt/rustwide/target/debug/deps/libthread_local-541e5963f9bf00ff.rlib" "/opt/rustwide/target/debug/deps/libsharded_slab-24ee8a9fa7a57bac.rlib" "/opt/rustwide/target/debug/deps/libopentelemetry-110e35efffb5fa20.rlib" "/opt/rustwide/target/debug/deps/libcrossbeam_channel-c7cc992b117444ea.rlib" "/opt/rustwide/target/debug/deps/libcrossbeam_utils-3546b3b1c787b86b.rlib" "/opt/rustwide/target/debug/deps/librand-027ebd8cd3eea29e.rlib" "/opt/rustwide/target/debug/deps/librand_chacha-02db262bfffa7904.rlib" "/opt/rustwide/target/debug/deps/librand_core-ebc2a136de28cec1.rlib" "/opt/rustwide/target/debug/deps/libgetrandom-ea50d3a3c1361eef.rlib" "/opt/rustwide/target/debug/deps/libtokio_util-07b1555c097fed9d.rlib" "/opt/rustwide/target/debug/deps/libfutures-a596ea576e27c8ec.rlib" "/opt/rustwide/target/debug/deps/libfutures_executor-3df3c58fbeefd9f8.rlib" "/opt/rustwide/target/debug/deps/libtokio_serde-ac0246522929f92e.rlib" "/opt/rustwide/target/debug/deps/libpin_project-febd175ee98542d2.rlib" "/opt/rustwide/target/debug/deps/libchrono_humanize-26bfdcd6986614fa.rlib" "/opt/rustwide/target/debug/deps/libsolana_bpf_loader_program-f06ccca20b5a5128.rlib" "/opt/rustwide/target/debug/deps/libsolana_program_runtime-84b5ba7823a17d0b.rlib" "/opt/rustwide/target/debug/deps/liblibloading-13da5fc3cd712ff9.rlib" "/opt/rustwide/target/debug/deps/libsolana_measure-f27bbd5484fa64a2.rlib" "/opt/rustwide/target/debug/deps/libsolana_rbpf-4e91378351f25256.rlib" "/opt/rustwide/target/debug/deps/libgoblin-e6b145bf9ef881ab.rlib" "/opt/rustwide/target/debug/deps/libplain-3a5a6ed601a2c81a.rlib" "/opt/rustwide/target/debug/deps/libscroll-5e9bccdf0324d1c1.rlib" "/opt/rustwide/target/debug/deps/libhash32-0efe14c876703237.rlib" "/opt/rustwide/target/debug/deps/libcombine-6be7b92aca6cb974.rlib" "/opt/rustwide/target/debug/deps/libascii-7558f220cd647c4d.rlib" "/opt/rustwide/target/debug/deps/libunreachable-fd75c5c71d978a8e.rlib" "/opt/rustwide/target/debug/deps/libvoid-0d39243f9215f71c.rlib" "/opt/rustwide/target/debug/deps/libsolana_metrics-19eefccc85a0dcd2.rlib" "/opt/rustwide/target/debug/deps/libreqwest-842283154065a27b.rlib" "/opt/rustwide/target/debug/deps/librustls_pemfile-b8d8488d078135e6.rlib" "/opt/rustwide/target/debug/deps/libhyper_rustls-5ffa8c31f3c0898f.rlib" "/opt/rustwide/target/debug/deps/libwebpki_roots-925b43b98738999b.rlib" "/opt/rustwide/target/debug/deps/libbase64-8062ff4772a66de9.rlib" "/opt/rustwide/target/debug/deps/libipnet-c7c4785b48ce73f5.rlib" "/opt/rustwide/target/debug/deps/libtokio_rustls-ddaae62dde6cbb38.rlib" "/opt/rustwide/target/debug/deps/libserde_urlencoded-3c9d2a4c5bbd8f72.rlib" "/opt/rustwide/target/debug/deps/libmime-a79fe19129dcd0fb.rlib" "/opt/rustwide/target/debug/deps/libencoding_rs-73122f64baa7d749.rlib" "/opt/rustwide/target/debug/deps/librustls-f8de7fbf10257db8.rlib" "/opt/rustwide/target/debug/deps/libsct-b9ab05749cd41cb1.rlib" "/opt/rustwide/target/debug/deps/libwebpki-3c8ba8a5000f1bd2.rlib" "/opt/rustwide/target/debug/deps/libring-b8fafec2a33f5077.rlib" "/opt/rustwide/target/debug/deps/libspin-ba7f384cfb4b159f.rlib" "/opt/rustwide/target/debug/deps/libuntrusted-ec41ab00ed225515.rlib" "/opt/rustwide/target/debug/deps/libhyper-2817f74371872a25.rlib" "/opt/rustwide/target/debug/deps/libwant-c819868714771aeb.rlib" "/opt/rustwide/target/debug/deps/libtry_lock-ec51eacf97b087e9.rlib" "/opt/rustwide/target/debug/deps/libsocket2-8061dac41e4cc57a.rlib" "/opt/rustwide/target/debug/deps/libhttparse-30fefae29fd53c2e.rlib" "/opt/rustwide/target/debug/deps/libh2-89012bdb3df64120.rlib" "/opt/rustwide/target/debug/deps/libindexmap-4a7e2da62b4b6cd1.rlib" "/opt/rustwide/target/debug/deps/libhashbrown-f669da50cece7aa5.rlib" "/opt/rustwide/target/debug/deps/libtokio_util-a612c4e424195a36.rlib" "/opt/rustwide/target/debug/deps/libtower_service-a82a463fea06a00e.rlib" "/opt/rustwide/target/debug/deps/libtracing-b53a0f3b3e0b03c5.rlib" "/opt/rustwide/target/debug/deps/libtracing_core-0513f18324fc8959.rlib" "/opt/rustwide/target/debug/deps/libtokio-0acd06b9556f723a.rlib" "/opt/rustwide/target/debug/deps/libsignal_hook_registry-478a5747abd0441c.rlib" "/opt/rustwide/target/debug/deps/libnum_cpus-99eb5bb783d8d3db.rlib" "/opt/rustwide/target/debug/deps/libonce_cell-7d2ec3fb6b6c5a4d.rlib" "/opt/rustwide/target/debug/deps/libmio-b0a87029e4db1c23.rlib" "/opt/rustwide/target/debug/deps/libparking_lot-d1eea64f384462f4.rlib" "/opt/rustwide/target/debug/deps/libparking_lot_core-90123453098dda0a.rlib" "/opt/rustwide/target/debug/deps/libsmallvec-22f2447eab0ca59b.rlib" "/opt/rustwide/target/debug/deps/liblock_api-68f9f4627da435ce.rlib" "/opt/rustwide/target/debug/deps/libscopeguard-f471875f675163b5.rlib" "/opt/rustwide/target/debug/deps/libinstant-1bfa666718b38be4.rlib" "/opt/rustwide/target/debug/deps/libhttp_body-1af96f59fded0cc1.rlib" "/opt/rustwide/target/debug/deps/libfutures_util-75a1accf277982e5.rlib" "/opt/rustwide/target/debug/deps/libfutures_io-4614e9b19a26d89f.rlib" "/opt/rustwide/target/debug/deps/libslab-8bb798f134a0a9e7.rlib" "/opt/rustwide/target/debug/deps/libfutures_channel-6efe3e36c9bebe99.rlib" "/opt/rustwide/target/debug/deps/libpin_project_lite-e66e1bab7310d569.rlib" "/opt/rustwide/target/debug/deps/libfutures_sink-0848eae0e91803d6.rlib" "/opt/rustwide/target/debug/deps/libfutures_task-b59556b3c537ad98.rlib" "/opt/rustwide/target/debug/deps/libpin_utils-0d8eaf4ac0fcb221.rlib" "/opt/rustwide/target/debug/deps/libfutures_core-6002dc2ff0ad2c7a.rlib" "/opt/rustwide/target/debug/deps/liburl-25a81f6654f7c1c7.rlib" "/opt/rustwide/target/debug/deps/libidna-b865ee86652f4dd4.rlib" "/opt/rustwide/target/debug/deps/libunicode_normalization-65834209e2c3efa0.rlib" "/opt/rustwide/target/debug/deps/libtinyvec-4aa74f8a972e3d9d.rlib" "/opt/rustwide/target/debug/deps/libtinyvec_macros-8eb663675e81bb18.rlib" "/opt/rustwide/target/debug/deps/libunicode_bidi-df88d89b87cd1c3f.rlib" "/opt/rustwide/target/debug/deps/libform_urlencoded-4406ed733a551179.rlib" "/opt/rustwide/target/debug/deps/libhttp-1912e0b438bd2fae.rlib" "/opt/rustwide/target/debug/deps/libbytes-e760d6ac9a2f6963.rlib" "/opt/rustwide/target/debug/deps/libgethostname-45dae56d7cbfc3cb.rlib" "/opt/rustwide/target/debug/deps/libsolana_sdk-c6881901b289b781.rlib" "/opt/rustwide/target/debug/deps/libpbkdf2-d42c62eb5554318c.rlib" "/opt/rustwide/target/debug/deps/libserde_json-fd7582965d8df926.rlib" "/opt/rustwide/target/debug/deps/libryu-87a43729435ac998.rlib" "/opt/rustwide/target/debug/deps/libitoa-12e0c769e046c1b6.rlib" "/opt/rustwide/target/debug/deps/libqstring-7399ac8739d20853.rlib" "/opt/rustwide/target/debug/deps/libpercent_encoding-5b4f3c280783d946.rlib" "/opt/rustwide/target/debug/deps/libhmac-e28f37b03ff7093f.rlib" "/opt/rustwide/target/debug/deps/libcrypto_mac-48bc196fcfc51bdd.rlib" "/opt/rustwide/target/debug/deps/libed25519_dalek_bip32-2c783769f3764cec.rlib" "/opt/rustwide/target/debug/deps/libhmac-f0758add29eeba2c.rlib" "/opt/rustwide/target/debug/deps/libcrypto_mac-83e4d5504cb9d15e.rlib" "/opt/rustwide/target/debug/deps/libmemmap2-76dbc97e77cc2a60.rlib" "/opt/rustwide/target/debug/deps/libchrono-763d3ca01fb9b096.rlib" "/opt/rustwide/target/debug/deps/libiana_time_zone-bf2c4c30343f4ef7.rlib" "/opt/rustwide/target/debug/deps/libnum_integer-28e3d548d8250432.rlib" "/opt/rustwide/target/debug/deps/libtime-b9269e77d7e6666f.rlib" "/opt/rustwide/target/debug/deps/libed25519_dalek-8a35442199c54fea.rlib" "/opt/rustwide/target/debug/deps/libed25519-f3f7c8e116b332bd.rlib" "/opt/rustwide/target/debug/deps/libsignature-17d59ebc5e76f7ba.rlib" "/opt/rustwide/target/debug/deps/liburiparse-f68bec4413d21e96.rlib" "/opt/rustwide/target/debug/deps/libfnv-41a559218f992797.rlib" "/opt/rustwide/target/debug/deps/libderivation_path-68c1c581757ad18a.rlib" "/opt/rustwide/target/debug/deps/libfailure-b68257edc19570c8.rlib" "/opt/rustwide/target/debug/deps/libbacktrace-1f802f9c75daf5ff.rlib" "/opt/rustwide/target/debug/deps/libminiz_oxide-e57d79458c1d1dc6.rlib" "/opt/rustwide/target/debug/deps/libadler-478247d24f5486f3.rlib" "/opt/rustwide/target/debug/deps/libobject-60d03a19fcec6e88.rlib" "/opt/rustwide/target/debug/deps/libmemchr-399e4d4e829e4e4b.rlib" "/opt/rustwide/target/debug/deps/libaddr2line-b1bf6599b5592b4e.rlib" "/opt/rustwide/target/debug/deps/libgimli-05ab19e0b18c0f47.rlib" "/opt/rustwide/target/debug/deps/librustc_demangle-b9a7c4eabd61023e.rlib" "/opt/rustwide/target/debug/deps/libmpl_token_metadata-ca3f973ab33a1907.rlib" "/opt/rustwide/target/debug/deps/libspl_associated_token_account-930516feb1e9d874.rlib" "/opt/rustwide/target/debug/deps/libmpl_token_vault-baf51c4966458c93.rlib" "/opt/rustwide/target/debug/deps/libspl_token-316c1489dee504ec.rlib" "/opt/rustwide/target/debug/deps/libnum_enum-ea1c568cbbdfd404.rlib" "/opt/rustwide/target/debug/deps/libshank-1acdfea3596615b1.rlib" "/opt/rustwide/target/debug/deps/libsolana_program-4bbbc1ca9f1e8e69.rlib" "/opt/rustwide/target/debug/deps/liblibsecp256k1-b31511e7a14c2001.rlib" "/opt/rustwide/target/debug/deps/libbase64-758319727d7651ce.rlib" "/opt/rustwide/target/debug/deps/libhmac_drbg-a769b08769f66ddd.rlib" "/opt/rustwide/target/debug/deps/libhmac-1230a6e7ee6312e8.rlib" "/opt/rustwide/target/debug/deps/libcrypto_mac-2d748476a0870e5b.rlib" "/opt/rustwide/target/debug/deps/liblibsecp256k1_core-7abdacfeade12731.rlib" "/opt/rustwide/target/debug/deps/libcrunchy-f1c1fb46948390f3.rlib" "/opt/rustwide/target/debug/deps/librand-e7aedfd21d601098.rlib" "/opt/rustwide/target/debug/deps/librand_pcg-8c98fd2bf269356f.rlib" "/opt/rustwide/target/debug/deps/librand_chacha-bb507aaab39fd4f4.rlib" "/opt/rustwide/target/debug/deps/libppv_lite86-c3ad053967cc551c.rlib" "/opt/rustwide/target/debug/deps/libcurve25519_dalek-1fa690426eec1535.rlib" "/opt/rustwide/target/debug/deps/libzeroize-9ead41b9a1f05609.rlib" "/opt/rustwide/target/debug/deps/librand_core-9dae42a47d36ee1c.rlib" "/opt/rustwide/target/debug/deps/libgetrandom-4a53f218d7fe0143.rlib" "/opt/rustwide/target/debug/deps/liblibc-1c44c26a4c16f4d2.rlib" "/opt/rustwide/target/debug/deps/libbyteorder-f6bc7e7614c9a628.rlib" "/opt/rustwide/target/debug/deps/libbase64-58bd2041a3052460.rlib" "/opt/rustwide/target/debug/deps/libserde_bytes-c5f543858d403e48.rlib" "/opt/rustwide/target/debug/deps/libbs58-87068924f57c323a.rlib" "/opt/rustwide/target/debug/deps/libwasm_bindgen-b3f59eeaae44d607.rlib" "/opt/rustwide/target/debug/deps/libbitflags-82cc2d155c6eb112.rlib" "/opt/rustwide/target/debug/deps/libbv-082f595fc4de7f06.rlib" "/opt/rustwide/target/debug/deps/libbytemuck-c788bcc6651905a8.rlib" "/opt/rustwide/target/debug/deps/libitertools-ea912201e9c13d48.rlib" "/opt/rustwide/target/debug/deps/libeither-cac85af8160ee6c4.rlib" "/opt/rustwide/target/debug/deps/libblake3-6af9b76924f0d25b.rlib" "/opt/rustwide/target/debug/deps/libconstant_time_eq-ce65d812283498fe.rlib" "/opt/rustwide/target/debug/deps/libarrayvec-eaab725bd11a1a74.rlib" "/opt/rustwide/target/debug/deps/libdigest-edf4c809f36b9378.rlib" "/opt/rustwide/target/debug/deps/libsubtle-ae2c2164c6e4cd38.rlib" "/opt/rustwide/target/debug/deps/libblock_buffer-b2e2a59214b7552e.rlib" "/opt/rustwide/target/debug/deps/libcrypto_common-f84316a068255c3b.rlib" "/opt/rustwide/target/debug/deps/libarrayref-f94ceed2723be8cd.rlib" "/opt/rustwide/target/debug/deps/liblazy_static-a15e1ed0a3c31761.rlib" "/opt/rustwide/target/debug/deps/libsha3-5ac99ca99760bf18.rlib" "/opt/rustwide/target/debug/deps/libkeccak-1afd4d313c5b4b06.rlib" "/opt/rustwide/target/debug/deps/libsha2-cdfad86dc25151c8.rlib" "/opt/rustwide/target/debug/deps/libcpufeatures-e143b41ca3b14af5.rlib" "/opt/rustwide/target/debug/deps/libopaque_debug-502d41d476583e16.rlib" "/opt/rustwide/target/debug/deps/libdigest-82fe8ca033b22512.rlib" "/opt/rustwide/target/debug/deps/libblock_buffer-0ae3069282d20f8d.rlib" "/opt/rustwide/target/debug/deps/libblock_padding-4e7fecc44dbeff7c.rlib" "/opt/rustwide/target/debug/deps/libgeneric_array-6e456293bec2bf08.rlib" "/opt/rustwide/target/debug/deps/libtypenum-d40a559dcc4c7492.rlib" "/opt/rustwide/target/debug/deps/liblog-e4acea3c8ca43b70.rlib" "/opt/rustwide/target/debug/deps/libcfg_if-e5e118dd7d121aaa.rlib" "/opt/rustwide/target/debug/deps/libnum_traits-3b93294800e9dc5d.rlib" "/opt/rustwide/target/debug/deps/libbincode-a39a4553a4fe9a19.rlib" "/opt/rustwide/target/debug/deps/libserde-eab56612c7c0346c.rlib" "/opt/rustwide/target/debug/deps/libthiserror-45da240c9c9265d7.rlib" "/opt/rustwide/target/debug/deps/libborsh-ccce2e1a84529d73.rlib" "/opt/rustwide/rustup-home/toolchains/1.69.0-x86_64-unknown-linux-gnu/lib/rustlib/x86_64-unknown-linux-gnu/lib/libstd-89bc084783fdc439.rlib" "/opt/rustwide/rustup-home/toolchains/1.69.0-x86_64-unknown-linux-gnu/lib/rustlib/x86_64-unknown-linux-gnu/lib/libpanic_unwind-8bee4b287d4367c1.rlib" "/opt/rustwide/rustup-home/toolchains/1.69.0-x86_64-unknown-linux-gnu/lib/rustlib/x86_64-unknown-linux-gnu/lib/libobject-d61707aed80694c0.rlib" "/opt/rustwide/rustup-home/toolchains/1.69.0-x86_64-unknown-linux-gnu/lib/rustlib/x86_64-unknown-linux-gnu/lib/libmemchr-d85366256f22345b.rlib" "/opt/rustwide/rustup-home/toolchains/1.69.0-x86_64-unknown-linux-gnu/lib/rustlib/x86_64-unknown-linux-gnu/lib/libaddr2line-96069b86b8a8cae9.rlib" "/opt/rustwide/rustup-home/toolchains/1.69.0-x86_64-unknown-linux-gnu/lib/rustlib/x86_64-unknown-linux-gnu/lib/libgimli-d19d53abf68dfa6c.rlib" "/opt/rustwide/rustup-home/toolchains/1.69.0-x86_64-unknown-linux-gnu/lib/rustlib/x86_64-unknown-linux-gnu/lib/librustc_demangle-787cbccd19d64ac6.rlib" "/opt/rustwide/rustup-home/toolchains/1.69.0-x86_64-unknown-linux-gnu/lib/rustlib/x86_64-unknown-linux-gnu/lib/libstd_detect-b3837a36b830e0d0.rlib" "/opt/rustwide/rustup-home/toolchains/1.69.0-x86_64-unknown-linux-gnu/lib/rustlib/x86_64-unknown-linux-gnu/lib/libhashbrown-e3deb0e7e3f04966.rlib" "/opt/rustwide/rustup-home/toolchains/1.69.0-x86_64-unknown-linux-gnu/lib/rustlib/x86_64-unknown-linux-gnu/lib/libminiz_oxide-dabbb79c9815def4.rlib" "/opt/rustwide/rustup-home/toolchains/1.69.0-x86_64-unknown-linux-gnu/lib/rustlib/x86_64-unknown-linux-gnu/lib/libadler-305b01f34c9409f2.rlib" "/opt/rustwide/rustup-home/toolchains/1.69.0-x86_64-unknown-linux-gnu/lib/rustlib/x86_64-unknown-linux-gnu/lib/librustc_std_workspace_alloc-f833521df6074e73.rlib" "/opt/rustwide/rustup-home/toolchains/1.69.0-x86_64-unknown-linux-gnu/lib/rustlib/x86_64-unknown-linux-gnu/lib/libunwind-9ac333113350d171.rlib" "/opt/rustwide/rustup-home/toolchains/1.69.0-x86_64-unknown-linux-gnu/lib/rustlib/x86_64-unknown-linux-gnu/lib/libcfg_if-1c126114322d0eee.rlib" "/opt/rustwide/rustup-home/toolchains/1.69.0-x86_64-unknown-linux-gnu/lib/rustlib/x86_64-unknown-linux-gnu/lib/liblibc-bad9164fdeeecf92.rlib" "/opt/rustwide/rustup-home/toolchains/1.69.0-x86_64-unknown-linux-gnu/lib/rustlib/x86_64-unknown-linux-gnu/lib/liballoc-f9374b1e480fa681.rlib" "/opt/rustwide/rustup-home/toolchains/1.69.0-x86_64-unknown-linux-gnu/lib/rustlib/x86_64-unknown-linux-gnu/lib/librustc_std_workspace_core-207f06e41d9603af.rlib" "/opt/rustwide/rustup-home/toolchains/1.69.0-x86_64-unknown-linux-gnu/lib/rustlib/x86_64-unknown-linux-gnu/lib/libcore-7e2768e66e984e85.rlib" "/opt/rustwide/rustup-home/toolchains/1.69.0-x86_64-unknown-linux-gnu/lib/rustlib/x86_64-unknown-linux-gnu/lib/libcompiler_builtins-957b4aff41f8cd46.rlib" "-Wl,-Bdynamic" "-ldl" "-lgcc_s" "-lutil" "-lrt" "-lpthread" "-lm" "-ldl" "-lc" "-Wl,--eh-frame-hdr" "-Wl,-z,noexecstack" "-L" "/opt/rustwide/rustup-home/toolchains/1.69.0-x86_64-unknown-linux-gnu/lib/rustlib/x86_64-unknown-linux-gnu/lib" "-o" "/opt/rustwide/target/debug/deps/delete_pack_card-6cdb5efd13925210" "-Wl,--gc-sections" "-pie" "-Wl,-z,relro,-z,now" "-nodefaultlibs"
[INFO] [stdout]   = note: collect2: fatal error: ld terminated with signal 9 [Killed]
[INFO] [stdout]           compilation terminated.
[INFO] [stdout]           
[INFO] [stdout] 
[INFO] [stdout] 
[INFO] [stdout] error: aborting due to previous error
[INFO] [stdout] 
[INFO] [stdout] 
[INFO] [stderr] error: could not compile `mpl-nft-packs` due to 2 previous errors
[INFO] [stdout] error: linking with `cc` failed: exit status: 1
[INFO] [stdout]   |
[INFO] [stdout]   = note: LC_ALL="C" PATH="/opt/rustwide/rustup-home/toolchains/1.69.0-x86_64-unknown-linux-gnu/lib/rustlib/x86_64-unknown-linux-gnu/bin:/opt/rustwide/cargo-home/bin:/usr/local/sbin:/usr/local/bin:/usr/sbin:/usr/bin:/sbin:/bin" VSLANG="1033" "cc" "-m64" "/tmp/rustcmNYa0E/symbols.o" "/opt/rustwide/target/debug/deps/close_pack-65281d4a71f5a08e.close_pack.59bccf77-cgu.0.rcgu.o" "/opt/rustwide/target/debug/deps/close_pack-65281d4a71f5a08e.close_pack.59bccf77-cgu.1.rcgu.o" "/opt/rustwide/target/debug/deps/close_pack-65281d4a71f5a08e.close_pack.59bccf77-cgu.10.rcgu.o" "/opt/rustwide/target/debug/deps/close_pack-65281d4a71f5a08e.close_pack.59bccf77-cgu.11.rcgu.o" "/opt/rustwide/target/debug/deps/close_pack-65281d4a71f5a08e.close_pack.59bccf77-cgu.12.rcgu.o" "/opt/rustwide/target/debug/deps/close_pack-65281d4a71f5a08e.close_pack.59bccf77-cgu.13.rcgu.o" "/opt/rustwide/target/debug/deps/close_pack-65281d4a71f5a08e.close_pack.59bccf77-cgu.14.rcgu.o" "/opt/rustwide/target/debug/deps/close_pack-65281d4a71f5a08e.close_pack.59bccf77-cgu.15.rcgu.o" "/opt/rustwide/target/debug/deps/close_pack-65281d4a71f5a08e.close_pack.59bccf77-cgu.2.rcgu.o" "/opt/rustwide/target/debug/deps/close_pack-65281d4a71f5a08e.close_pack.59bccf77-cgu.3.rcgu.o" "/opt/rustwide/target/debug/deps/close_pack-65281d4a71f5a08e.close_pack.59bccf77-cgu.4.rcgu.o" "/opt/rustwide/target/debug/deps/close_pack-65281d4a71f5a08e.close_pack.59bccf77-cgu.5.rcgu.o" "/opt/rustwide/target/debug/deps/close_pack-65281d4a71f5a08e.close_pack.59bccf77-cgu.6.rcgu.o" "/opt/rustwide/target/debug/deps/close_pack-65281d4a71f5a08e.close_pack.59bccf77-cgu.7.rcgu.o" "/opt/rustwide/target/debug/deps/close_pack-65281d4a71f5a08e.close_pack.59bccf77-cgu.8.rcgu.o" "/opt/rustwide/target/debug/deps/close_pack-65281d4a71f5a08e.close_pack.59bccf77-cgu.9.rcgu.o" "/opt/rustwide/target/debug/deps/close_pack-65281d4a71f5a08e.a3azx8wxpefr9n2.rcgu.o" "-Wl,--as-needed" "-L" "/opt/rustwide/target/debug/deps" "-L" "/opt/rustwide/target/debug/build/blake3-7cfc7b8a80d6fba1/out" "-L" "/opt/rustwide/target/debug/build/blake3-7cfc7b8a80d6fba1/out" "-L" "/opt/rustwide/target/debug/build/bzip2-sys-1937587fa3fd0e33/out/lib" "-L" "/opt/rustwide/target/debug/build/ring-6daaec092e644472/out" "-L" "/opt/rustwide/target/debug/build/zstd-sys-f20ebe059a2d78c2/out" "-L" "/opt/rustwide/rustup-home/toolchains/1.69.0-x86_64-unknown-linux-gnu/lib/rustlib/x86_64-unknown-linux-gnu/lib" "-Wl,-Bstatic" "/opt/rustwide/rustup-home/toolchains/1.69.0-x86_64-unknown-linux-gnu/lib/rustlib/x86_64-unknown-linux-gnu/lib/libtest-7791a6353d4a7929.rlib" "/opt/rustwide/rustup-home/toolchains/1.69.0-x86_64-unknown-linux-gnu/lib/rustlib/x86_64-unknown-linux-gnu/lib/libgetopts-7b17724e9ce90a72.rlib" "/opt/rustwide/rustup-home/toolchains/1.69.0-x86_64-unknown-linux-gnu/lib/rustlib/x86_64-unknown-linux-gnu/lib/libunicode_width-596f8ce9d30a755e.rlib" "/opt/rustwide/rustup-home/toolchains/1.69.0-x86_64-unknown-linux-gnu/lib/rustlib/x86_64-unknown-linux-gnu/lib/librustc_std_workspace_std-da04f86254de594f.rlib" "/opt/rustwide/target/debug/deps/libmpl_nft_packs.rlib" "/opt/rustwide/target/debug/deps/libmpl_metaplex-6cd75a59c227b8cb.rlib" "/opt/rustwide/target/debug/deps/libmpl_auction-cc98a458e2c37a80.rlib" "/opt/rustwide/target/debug/deps/libsolana_program_test-c6e46ba89b5fda1e.rlib" "/opt/rustwide/target/debug/deps/libsolana_logger-845240696ca76a27.rlib" "/opt/rustwide/target/debug/deps/libenv_logger-ec77e561aa234382.rlib" "/opt/rustwide/target/debug/deps/libatty-548e022557250059.rlib" "/opt/rustwide/target/debug/deps/libtermcolor-b72ffe4cbd1728e7.rlib" "/opt/rustwide/target/debug/deps/libsolana_banks_server-9ad5f32580b05752.rlib" "/opt/rustwide/target/debug/deps/libtokio_stream-4ad715505b95c27e.rlib" "/opt/rustwide/target/debug/deps/libsolana_send_transaction_service-23a12a4c5695e4c7.rlib" "/opt/rustwide/target/debug/deps/libsolana_runtime-53279da16e3f0767.rlib" "/opt/rustwide/target/debug/deps/libdir_diff-e97329a0a0a24ed1.rlib" "/opt/rustwide/target/debug/deps/libwalkdir-f48fd0e5425183a1.rlib" "/opt/rustwide/target/debug/deps/libsame_file-fab28c3c81b2d2fa.rlib" "/opt/rustwide/target/debug/deps/libzstd-f757e8d55f12faff.rlib" "/opt/rustwide/target/debug/deps/libzstd_safe-8599be9160c1207d.rlib" "/opt/rustwide/target/debug/deps/libzstd_sys-b0439dece457dfa4.rlib" "/opt/rustwide/target/debug/deps/libsymlink-be1001e747e6b199.rlib" "/opt/rustwide/target/debug/deps/libsolana_compute_budget_program-0040e7d46306bdee.rlib" "/opt/rustwide/target/debug/deps/libregex-29a80ea3523697de.rlib" "/opt/rustwide/target/debug/deps/libaho_corasick-4a4928e0522c8a74.rlib" "/opt/rustwide/target/debug/deps/libregex_syntax-6ee924d67e38f866.rlib" "/opt/rustwide/target/debug/deps/libflate2-c7a608a0d7e7a072.rlib" "/opt/rustwide/target/debug/deps/libminiz_oxide-ee4a4762805ca1dc.rlib" "/opt/rustwide/target/debug/deps/libcrc32fast-104e9b895f0c2d44.rlib" "/opt/rustwide/target/debug/deps/libindex_list-cfbd029a847a93e2.rlib" "/opt/rustwide/target/debug/deps/libtar-9965372b1e4d6625.rlib" "/opt/rustwide/target/debug/deps/libxattr-0505aab22c431236.rlib" "/opt/rustwide/target/debug/deps/libfiletime-0a884fb22bcb00d8.rlib" "/opt/rustwide/target/debug/deps/libbzip2-135e3f83fd8d1875.rlib" "/opt/rustwide/target/debug/deps/libbzip2_sys-69d7e2d0c3e4cdd2.rlib" "/opt/rustwide/target/debug/deps/libsolana_bucket_map-6f3c94da83327222.rlib" "/opt/rustwide/target/debug/deps/libsolana_stake_program-add3e289262570a8.rlib" "/opt/rustwide/target/debug/deps/libsolana_config_program-f0c037d9d18aa520.rlib" "/opt/rustwide/target/debug/deps/libouroboros-d05379a8d6e7af64.rlib" "/opt/rustwide/target/debug/deps/libaliasable-3b36dcc4bf5e9a1e.rlib" "/opt/rustwide/target/debug/deps/libtempfile-aae6854e04c6e2dc.rlib" "/opt/rustwide/target/debug/deps/libfastrand-36b5f93a51c81f9b.rlib" "/opt/rustwide/target/debug/deps/librustix-a7b2b8ec2ac67b7d.rlib" "/opt/rustwide/target/debug/deps/libio_lifetimes-b81c2f4baa56ead1.rlib" "/opt/rustwide/target/debug/deps/liblinux_raw_sys-8cc4f4b00c14099c.rlib" "/opt/rustwide/target/debug/deps/libsolana_vote_program-f18a02a87699e745.rlib" "/opt/rustwide/target/debug/deps/libsolana_rayon_threadlimit-895a6fcaf4532c81.rlib" "/opt/rustwide/target/debug/deps/libsolana_address_lookup_table_program-91127af4cbd66341.rlib" "/opt/rustwide/target/debug/deps/libdashmap-959cff3b065fc400.rlib" "/opt/rustwide/target/debug/deps/librayon-3a31f068013d6e59.rlib" "/opt/rustwide/target/debug/deps/librayon_core-810548a7643b9071.rlib" "/opt/rustwide/target/debug/deps/libcrossbeam_deque-c88c73a8dbd1207f.rlib" "/opt/rustwide/target/debug/deps/libcrossbeam_epoch-ce14d878c6b46754.rlib" "/opt/rustwide/target/debug/deps/libmemoffset-cc94e166f136fd4e.rlib" "/opt/rustwide/target/debug/deps/libsolana_banks_client-4c61d306b1ec5851.rlib" "/opt/rustwide/target/debug/deps/libsolana_banks_interface-a72add976ed28ea9.rlib" "/opt/rustwide/target/debug/deps/libtarpc-79def754f3ccbf0a.rlib" "/opt/rustwide/target/debug/deps/libhumantime-cdc03476f0a21f32.rlib" "/opt/rustwide/target/debug/deps/libanyhow-2a8b4879abb5c883.rlib" "/opt/rustwide/target/debug/deps/libstatic_assertions-9a9c2cb46fa7a0a6.rlib" "/opt/rustwide/target/debug/deps/libtracing_opentelemetry-acb26e6e739e8645.rlib" "/opt/rustwide/target/debug/deps/libtracing_subscriber-9759920392381b07.rlib" "/opt/rustwide/target/debug/deps/libthread_local-541e5963f9bf00ff.rlib" "/opt/rustwide/target/debug/deps/libsharded_slab-24ee8a9fa7a57bac.rlib" "/opt/rustwide/target/debug/deps/libopentelemetry-110e35efffb5fa20.rlib" "/opt/rustwide/target/debug/deps/libcrossbeam_channel-c7cc992b117444ea.rlib" "/opt/rustwide/target/debug/deps/libcrossbeam_utils-3546b3b1c787b86b.rlib" "/opt/rustwide/target/debug/deps/librand-027ebd8cd3eea29e.rlib" "/opt/rustwide/target/debug/deps/librand_chacha-02db262bfffa7904.rlib" "/opt/rustwide/target/debug/deps/librand_core-ebc2a136de28cec1.rlib" "/opt/rustwide/target/debug/deps/libgetrandom-ea50d3a3c1361eef.rlib" "/opt/rustwide/target/debug/deps/libtokio_util-07b1555c097fed9d.rlib" "/opt/rustwide/target/debug/deps/libfutures-a596ea576e27c8ec.rlib" "/opt/rustwide/target/debug/deps/libfutures_executor-3df3c58fbeefd9f8.rlib" "/opt/rustwide/target/debug/deps/libtokio_serde-ac0246522929f92e.rlib" "/opt/rustwide/target/debug/deps/libpin_project-febd175ee98542d2.rlib" "/opt/rustwide/target/debug/deps/libchrono_humanize-26bfdcd6986614fa.rlib" "/opt/rustwide/target/debug/deps/libsolana_bpf_loader_program-f06ccca20b5a5128.rlib" "/opt/rustwide/target/debug/deps/libsolana_program_runtime-84b5ba7823a17d0b.rlib" "/opt/rustwide/target/debug/deps/liblibloading-13da5fc3cd712ff9.rlib" "/opt/rustwide/target/debug/deps/libsolana_measure-f27bbd5484fa64a2.rlib" "/opt/rustwide/target/debug/deps/libsolana_rbpf-4e91378351f25256.rlib" "/opt/rustwide/target/debug/deps/libgoblin-e6b145bf9ef881ab.rlib" "/opt/rustwide/target/debug/deps/libplain-3a5a6ed601a2c81a.rlib" "/opt/rustwide/target/debug/deps/libscroll-5e9bccdf0324d1c1.rlib" "/opt/rustwide/target/debug/deps/libhash32-0efe14c876703237.rlib" "/opt/rustwide/target/debug/deps/libcombine-6be7b92aca6cb974.rlib" "/opt/rustwide/target/debug/deps/libascii-7558f220cd647c4d.rlib" "/opt/rustwide/target/debug/deps/libunreachable-fd75c5c71d978a8e.rlib" "/opt/rustwide/target/debug/deps/libvoid-0d39243f9215f71c.rlib" "/opt/rustwide/target/debug/deps/libsolana_metrics-19eefccc85a0dcd2.rlib" "/opt/rustwide/target/debug/deps/libreqwest-842283154065a27b.rlib" "/opt/rustwide/target/debug/deps/librustls_pemfile-b8d8488d078135e6.rlib" "/opt/rustwide/target/debug/deps/libhyper_rustls-5ffa8c31f3c0898f.rlib" "/opt/rustwide/target/debug/deps/libwebpki_roots-925b43b98738999b.rlib" "/opt/rustwide/target/debug/deps/libbase64-8062ff4772a66de9.rlib" "/opt/rustwide/target/debug/deps/libipnet-c7c4785b48ce73f5.rlib" "/opt/rustwide/target/debug/deps/libtokio_rustls-ddaae62dde6cbb38.rlib" "/opt/rustwide/target/debug/deps/libserde_urlencoded-3c9d2a4c5bbd8f72.rlib" "/opt/rustwide/target/debug/deps/libmime-a79fe19129dcd0fb.rlib" "/opt/rustwide/target/debug/deps/libencoding_rs-73122f64baa7d749.rlib" "/opt/rustwide/target/debug/deps/librustls-f8de7fbf10257db8.rlib" "/opt/rustwide/target/debug/deps/libsct-b9ab05749cd41cb1.rlib" "/opt/rustwide/target/debug/deps/libwebpki-3c8ba8a5000f1bd2.rlib" "/opt/rustwide/target/debug/deps/libring-b8fafec2a33f5077.rlib" "/opt/rustwide/target/debug/deps/libspin-ba7f384cfb4b159f.rlib" "/opt/rustwide/target/debug/deps/libuntrusted-ec41ab00ed225515.rlib" "/opt/rustwide/target/debug/deps/libhyper-2817f74371872a25.rlib" "/opt/rustwide/target/debug/deps/libwant-c819868714771aeb.rlib" "/opt/rustwide/target/debug/deps/libtry_lock-ec51eacf97b087e9.rlib" "/opt/rustwide/target/debug/deps/libsocket2-8061dac41e4cc57a.rlib" "/opt/rustwide/target/debug/deps/libhttparse-30fefae29fd53c2e.rlib" "/opt/rustwide/target/debug/deps/libh2-89012bdb3df64120.rlib" "/opt/rustwide/target/debug/deps/libindexmap-4a7e2da62b4b6cd1.rlib" "/opt/rustwide/target/debug/deps/libhashbrown-f669da50cece7aa5.rlib" "/opt/rustwide/target/debug/deps/libtokio_util-a612c4e424195a36.rlib" "/opt/rustwide/target/debug/deps/libtower_service-a82a463fea06a00e.rlib" "/opt/rustwide/target/debug/deps/libtracing-b53a0f3b3e0b03c5.rlib" "/opt/rustwide/target/debug/deps/libtracing_core-0513f18324fc8959.rlib" "/opt/rustwide/target/debug/deps/libtokio-0acd06b9556f723a.rlib" "/opt/rustwide/target/debug/deps/libsignal_hook_registry-478a5747abd0441c.rlib" "/opt/rustwide/target/debug/deps/libnum_cpus-99eb5bb783d8d3db.rlib" "/opt/rustwide/target/debug/deps/libonce_cell-7d2ec3fb6b6c5a4d.rlib" "/opt/rustwide/target/debug/deps/libmio-b0a87029e4db1c23.rlib" "/opt/rustwide/target/debug/deps/libparking_lot-d1eea64f384462f4.rlib" "/opt/rustwide/target/debug/deps/libparking_lot_core-90123453098dda0a.rlib" "/opt/rustwide/target/debug/deps/libsmallvec-22f2447eab0ca59b.rlib" "/opt/rustwide/target/debug/deps/liblock_api-68f9f4627da435ce.rlib" "/opt/rustwide/target/debug/deps/libscopeguard-f471875f675163b5.rlib" "/opt/rustwide/target/debug/deps/libinstant-1bfa666718b38be4.rlib" "/opt/rustwide/target/debug/deps/libhttp_body-1af96f59fded0cc1.rlib" "/opt/rustwide/target/debug/deps/libfutures_util-75a1accf277982e5.rlib" "/opt/rustwide/target/debug/deps/libfutures_io-4614e9b19a26d89f.rlib" "/opt/rustwide/target/debug/deps/libslab-8bb798f134a0a9e7.rlib" "/opt/rustwide/target/debug/deps/libfutures_channel-6efe3e36c9bebe99.rlib" "/opt/rustwide/target/debug/deps/libpin_project_lite-e66e1bab7310d569.rlib" "/opt/rustwide/target/debug/deps/libfutures_sink-0848eae0e91803d6.rlib" "/opt/rustwide/target/debug/deps/libfutures_task-b59556b3c537ad98.rlib" "/opt/rustwide/target/debug/deps/libpin_utils-0d8eaf4ac0fcb221.rlib" "/opt/rustwide/target/debug/deps/libfutures_core-6002dc2ff0ad2c7a.rlib" "/opt/rustwide/target/debug/deps/liburl-25a81f6654f7c1c7.rlib" "/opt/rustwide/target/debug/deps/libidna-b865ee86652f4dd4.rlib" "/opt/rustwide/target/debug/deps/libunicode_normalization-65834209e2c3efa0.rlib" "/opt/rustwide/target/debug/deps/libtinyvec-4aa74f8a972e3d9d.rlib" "/opt/rustwide/target/debug/deps/libtinyvec_macros-8eb663675e81bb18.rlib" "/opt/rustwide/target/debug/deps/libunicode_bidi-df88d89b87cd1c3f.rlib" "/opt/rustwide/target/debug/deps/libform_urlencoded-4406ed733a551179.rlib" "/opt/rustwide/target/debug/deps/libhttp-1912e0b438bd2fae.rlib" "/opt/rustwide/target/debug/deps/libbytes-e760d6ac9a2f6963.rlib" "/opt/rustwide/target/debug/deps/libgethostname-45dae56d7cbfc3cb.rlib" "/opt/rustwide/target/debug/deps/libsolana_sdk-c6881901b289b781.rlib" "/opt/rustwide/target/debug/deps/libpbkdf2-d42c62eb5554318c.rlib" "/opt/rustwide/target/debug/deps/libserde_json-fd7582965d8df926.rlib" "/opt/rustwide/target/debug/deps/libryu-87a43729435ac998.rlib" "/opt/rustwide/target/debug/deps/libitoa-12e0c769e046c1b6.rlib" "/opt/rustwide/target/debug/deps/libqstring-7399ac8739d20853.rlib" "/opt/rustwide/target/debug/deps/libpercent_encoding-5b4f3c280783d946.rlib" "/opt/rustwide/target/debug/deps/libhmac-e28f37b03ff7093f.rlib" "/opt/rustwide/target/debug/deps/libcrypto_mac-48bc196fcfc51bdd.rlib" "/opt/rustwide/target/debug/deps/libed25519_dalek_bip32-2c783769f3764cec.rlib" "/opt/rustwide/target/debug/deps/libhmac-f0758add29eeba2c.rlib" "/opt/rustwide/target/debug/deps/libcrypto_mac-83e4d5504cb9d15e.rlib" "/opt/rustwide/target/debug/deps/libmemmap2-76dbc97e77cc2a60.rlib" "/opt/rustwide/target/debug/deps/libchrono-763d3ca01fb9b096.rlib" "/opt/rustwide/target/debug/deps/libiana_time_zone-bf2c4c30343f4ef7.rlib" "/opt/rustwide/target/debug/deps/libnum_integer-28e3d548d8250432.rlib" "/opt/rustwide/target/debug/deps/libtime-b9269e77d7e6666f.rlib" "/opt/rustwide/target/debug/deps/libed25519_dalek-8a35442199c54fea.rlib" "/opt/rustwide/target/debug/deps/libed25519-f3f7c8e116b332bd.rlib" "/opt/rustwide/target/debug/deps/libsignature-17d59ebc5e76f7ba.rlib" "/opt/rustwide/target/debug/deps/liburiparse-f68bec4413d21e96.rlib" "/opt/rustwide/target/debug/deps/libfnv-41a559218f992797.rlib" "/opt/rustwide/target/debug/deps/libderivation_path-68c1c581757ad18a.rlib" "/opt/rustwide/target/debug/deps/libfailure-b68257edc19570c8.rlib" "/opt/rustwide/target/debug/deps/libbacktrace-1f802f9c75daf5ff.rlib" "/opt/rustwide/target/debug/deps/libminiz_oxide-e57d79458c1d1dc6.rlib" "/opt/rustwide/target/debug/deps/libadler-478247d24f5486f3.rlib" "/opt/rustwide/target/debug/deps/libobject-60d03a19fcec6e88.rlib" "/opt/rustwide/target/debug/deps/libmemchr-399e4d4e829e4e4b.rlib" "/opt/rustwide/target/debug/deps/libaddr2line-b1bf6599b5592b4e.rlib" "/opt/rustwide/target/debug/deps/libgimli-05ab19e0b18c0f47.rlib" "/opt/rustwide/target/debug/deps/librustc_demangle-b9a7c4eabd61023e.rlib" "/opt/rustwide/target/debug/deps/libmpl_token_metadata-ca3f973ab33a1907.rlib" "/opt/rustwide/target/debug/deps/libspl_associated_token_account-930516feb1e9d874.rlib" "/opt/rustwide/target/debug/deps/libmpl_token_vault-baf51c4966458c93.rlib" "/opt/rustwide/target/debug/deps/libspl_token-316c1489dee504ec.rlib" "/opt/rustwide/target/debug/deps/libnum_enum-ea1c568cbbdfd404.rlib" "/opt/rustwide/target/debug/deps/libshank-1acdfea3596615b1.rlib" "/opt/rustwide/target/debug/deps/libsolana_program-4bbbc1ca9f1e8e69.rlib" "/opt/rustwide/target/debug/deps/liblibsecp256k1-b31511e7a14c2001.rlib" "/opt/rustwide/target/debug/deps/libbase64-758319727d7651ce.rlib" "/opt/rustwide/target/debug/deps/libhmac_drbg-a769b08769f66ddd.rlib" "/opt/rustwide/target/debug/deps/libhmac-1230a6e7ee6312e8.rlib" "/opt/rustwide/target/debug/deps/libcrypto_mac-2d748476a0870e5b.rlib" "/opt/rustwide/target/debug/deps/liblibsecp256k1_core-7abdacfeade12731.rlib" "/opt/rustwide/target/debug/deps/libcrunchy-f1c1fb46948390f3.rlib" "/opt/rustwide/target/debug/deps/librand-e7aedfd21d601098.rlib" "/opt/rustwide/target/debug/deps/librand_pcg-8c98fd2bf269356f.rlib" "/opt/rustwide/target/debug/deps/librand_chacha-bb507aaab39fd4f4.rlib" "/opt/rustwide/target/debug/deps/libppv_lite86-c3ad053967cc551c.rlib" "/opt/rustwide/target/debug/deps/libcurve25519_dalek-1fa690426eec1535.rlib" "/opt/rustwide/target/debug/deps/libzeroize-9ead41b9a1f05609.rlib" "/opt/rustwide/target/debug/deps/librand_core-9dae42a47d36ee1c.rlib" "/opt/rustwide/target/debug/deps/libgetrandom-4a53f218d7fe0143.rlib" "/opt/rustwide/target/debug/deps/liblibc-1c44c26a4c16f4d2.rlib" "/opt/rustwide/target/debug/deps/libbyteorder-f6bc7e7614c9a628.rlib" "/opt/rustwide/target/debug/deps/libbase64-58bd2041a3052460.rlib" "/opt/rustwide/target/debug/deps/libserde_bytes-c5f543858d403e48.rlib" "/opt/rustwide/target/debug/deps/libbs58-87068924f57c323a.rlib" "/opt/rustwide/target/debug/deps/libwasm_bindgen-b3f59eeaae44d607.rlib" "/opt/rustwide/target/debug/deps/libbitflags-82cc2d155c6eb112.rlib" "/opt/rustwide/target/debug/deps/libbv-082f595fc4de7f06.rlib" "/opt/rustwide/target/debug/deps/libbytemuck-c788bcc6651905a8.rlib" "/opt/rustwide/target/debug/deps/libitertools-ea912201e9c13d48.rlib" "/opt/rustwide/target/debug/deps/libeither-cac85af8160ee6c4.rlib" "/opt/rustwide/target/debug/deps/libblake3-6af9b76924f0d25b.rlib" "/opt/rustwide/target/debug/deps/libconstant_time_eq-ce65d812283498fe.rlib" "/opt/rustwide/target/debug/deps/libarrayvec-eaab725bd11a1a74.rlib" "/opt/rustwide/target/debug/deps/libdigest-edf4c809f36b9378.rlib" "/opt/rustwide/target/debug/deps/libsubtle-ae2c2164c6e4cd38.rlib" "/opt/rustwide/target/debug/deps/libblock_buffer-b2e2a59214b7552e.rlib" "/opt/rustwide/target/debug/deps/libcrypto_common-f84316a068255c3b.rlib" "/opt/rustwide/target/debug/deps/libarrayref-f94ceed2723be8cd.rlib" "/opt/rustwide/target/debug/deps/liblazy_static-a15e1ed0a3c31761.rlib" "/opt/rustwide/target/debug/deps/libsha3-5ac99ca99760bf18.rlib" "/opt/rustwide/target/debug/deps/libkeccak-1afd4d313c5b4b06.rlib" "/opt/rustwide/target/debug/deps/libsha2-cdfad86dc25151c8.rlib" "/opt/rustwide/target/debug/deps/libcpufeatures-e143b41ca3b14af5.rlib" "/opt/rustwide/target/debug/deps/libopaque_debug-502d41d476583e16.rlib" "/opt/rustwide/target/debug/deps/libdigest-82fe8ca033b22512.rlib" "/opt/rustwide/target/debug/deps/libblock_buffer-0ae3069282d20f8d.rlib" "/opt/rustwide/target/debug/deps/libblock_padding-4e7fecc44dbeff7c.rlib" "/opt/rustwide/target/debug/deps/libgeneric_array-6e456293bec2bf08.rlib" "/opt/rustwide/target/debug/deps/libtypenum-d40a559dcc4c7492.rlib" "/opt/rustwide/target/debug/deps/liblog-e4acea3c8ca43b70.rlib" "/opt/rustwide/target/debug/deps/libcfg_if-e5e118dd7d121aaa.rlib" "/opt/rustwide/target/debug/deps/libnum_traits-3b93294800e9dc5d.rlib" "/opt/rustwide/target/debug/deps/libbincode-a39a4553a4fe9a19.rlib" "/opt/rustwide/target/debug/deps/libserde-eab56612c7c0346c.rlib" "/opt/rustwide/target/debug/deps/libthiserror-45da240c9c9265d7.rlib" "/opt/rustwide/target/debug/deps/libborsh-ccce2e1a84529d73.rlib" "/opt/rustwide/rustup-home/toolchains/1.69.0-x86_64-unknown-linux-gnu/lib/rustlib/x86_64-unknown-linux-gnu/lib/libstd-89bc084783fdc439.rlib" "/opt/rustwide/rustup-home/toolchains/1.69.0-x86_64-unknown-linux-gnu/lib/rustlib/x86_64-unknown-linux-gnu/lib/libpanic_unwind-8bee4b287d4367c1.rlib" "/opt/rustwide/rustup-home/toolchains/1.69.0-x86_64-unknown-linux-gnu/lib/rustlib/x86_64-unknown-linux-gnu/lib/libobject-d61707aed80694c0.rlib" "/opt/rustwide/rustup-home/toolchains/1.69.0-x86_64-unknown-linux-gnu/lib/rustlib/x86_64-unknown-linux-gnu/lib/libmemchr-d85366256f22345b.rlib" "/opt/rustwide/rustup-home/toolchains/1.69.0-x86_64-unknown-linux-gnu/lib/rustlib/x86_64-unknown-linux-gnu/lib/libaddr2line-96069b86b8a8cae9.rlib" "/opt/rustwide/rustup-home/toolchains/1.69.0-x86_64-unknown-linux-gnu/lib/rustlib/x86_64-unknown-linux-gnu/lib/libgimli-d19d53abf68dfa6c.rlib" "/opt/rustwide/rustup-home/toolchains/1.69.0-x86_64-unknown-linux-gnu/lib/rustlib/x86_64-unknown-linux-gnu/lib/librustc_demangle-787cbccd19d64ac6.rlib" "/opt/rustwide/rustup-home/toolchains/1.69.0-x86_64-unknown-linux-gnu/lib/rustlib/x86_64-unknown-linux-gnu/lib/libstd_detect-b3837a36b830e0d0.rlib" "/opt/rustwide/rustup-home/toolchains/1.69.0-x86_64-unknown-linux-gnu/lib/rustlib/x86_64-unknown-linux-gnu/lib/libhashbrown-e3deb0e7e3f04966.rlib" "/opt/rustwide/rustup-home/toolchains/1.69.0-x86_64-unknown-linux-gnu/lib/rustlib/x86_64-unknown-linux-gnu/lib/libminiz_oxide-dabbb79c9815def4.rlib" "/opt/rustwide/rustup-home/toolchains/1.69.0-x86_64-unknown-linux-gnu/lib/rustlib/x86_64-unknown-linux-gnu/lib/libadler-305b01f34c9409f2.rlib" "/opt/rustwide/rustup-home/toolchains/1.69.0-x86_64-unknown-linux-gnu/lib/rustlib/x86_64-unknown-linux-gnu/lib/librustc_std_workspace_alloc-f833521df6074e73.rlib" "/opt/rustwide/rustup-home/toolchains/1.69.0-x86_64-unknown-linux-gnu/lib/rustlib/x86_64-unknown-linux-gnu/lib/libunwind-9ac333113350d171.rlib" "/opt/rustwide/rustup-home/toolchains/1.69.0-x86_64-unknown-linux-gnu/lib/rustlib/x86_64-unknown-linux-gnu/lib/libcfg_if-1c126114322d0eee.rlib" "/opt/rustwide/rustup-home/toolchains/1.69.0-x86_64-unknown-linux-gnu/lib/rustlib/x86_64-unknown-linux-gnu/lib/liblibc-bad9164fdeeecf92.rlib" "/opt/rustwide/rustup-home/toolchains/1.69.0-x86_64-unknown-linux-gnu/lib/rustlib/x86_64-unknown-linux-gnu/lib/liballoc-f9374b1e480fa681.rlib" "/opt/rustwide/rustup-home/toolchains/1.69.0-x86_64-unknown-linux-gnu/lib/rustlib/x86_64-unknown-linux-gnu/lib/librustc_std_workspace_core-207f06e41d9603af.rlib" "/opt/rustwide/rustup-home/toolchains/1.69.0-x86_64-unknown-linux-gnu/lib/rustlib/x86_64-unknown-linux-gnu/lib/libcore-7e2768e66e984e85.rlib" "/opt/rustwide/rustup-home/toolchains/1.69.0-x86_64-unknown-linux-gnu/lib/rustlib/x86_64-unknown-linux-gnu/lib/libcompiler_builtins-957b4aff41f8cd46.rlib" "-Wl,-Bdynamic" "-ldl" "-lgcc_s" "-lutil" "-lrt" "-lpthread" "-lm" "-ldl" "-lc" "-Wl,--eh-frame-hdr" "-Wl,-z,noexecstack" "-L" "/opt/rustwide/rustup-home/toolchains/1.69.0-x86_64-unknown-linux-gnu/lib/rustlib/x86_64-unknown-linux-gnu/lib" "-o" "/opt/rustwide/target/debug/deps/close_pack-65281d4a71f5a08e" "-Wl,--gc-sections" "-pie" "-Wl,-z,relro,-z,now" "-nodefaultlibs"
[INFO] [stdout]   = note: collect2: fatal error: ld terminated with signal 9 [Killed]
[INFO] [stdout]           compilation terminated.
[INFO] [stdout]           
[INFO] [stdout] 
[INFO] [stdout] 
[INFO] [stdout] error: aborting due to previous error
[INFO] [stdout] 
[INFO] [stdout] 
[INFO] [stderr] error: could not compile `mpl-nft-packs` due to 2 previous errors
[INFO] running `Command { std: "docker" "inspect" "e78fb749efb51432880f8c06c6fe528255eee20bb7f4c6fadc9c91b92bf9e9d4", kill_on_drop: false }`
[INFO] running `Command { std: "docker" "rm" "-f" "e78fb749efb51432880f8c06c6fe528255eee20bb7f4c6fadc9c91b92bf9e9d4", kill_on_drop: false }`
[INFO] [stdout] e78fb749efb51432880f8c06c6fe528255eee20bb7f4c6fadc9c91b92bf9e9d4
