[INFO] fetching crate movey-utils 0.0.2...
[INFO] testing movey-utils-0.0.2 against 1.69.0 for beta-1.70-1
[INFO] extracting crate movey-utils 0.0.2 into /workspace/builds/worker-3-tc1/source
[INFO] validating manifest of crates.io crate movey-utils 0.0.2 on toolchain 1.69.0
[INFO] running `Command { std: CARGO_HOME="/workspace/cargo-home" RUSTUP_HOME="/workspace/rustup-home" "/workspace/cargo-home/bin/cargo" "+1.69.0" "metadata" "--manifest-path" "Cargo.toml" "--no-deps", kill_on_drop: false }`
[INFO] started tweaking crates.io crate movey-utils 0.0.2
[INFO] finished tweaking crates.io crate movey-utils 0.0.2
[INFO] tweaked toml for crates.io crate movey-utils 0.0.2 written to /workspace/builds/worker-3-tc1/source/Cargo.toml
[INFO] running `Command { std: CARGO_HOME="/workspace/cargo-home" RUSTUP_HOME="/workspace/rustup-home" __CARGO_TEST_CHANNEL_OVERRIDE_DO_NOT_USE_THIS="nightly" "/workspace/cargo-home/bin/cargo" "+1.69.0" "generate-lockfile" "--manifest-path" "Cargo.toml" "-Zno-index-update", kill_on_drop: false }`
[INFO] running `Command { std: CARGO_HOME="/workspace/cargo-home" RUSTUP_HOME="/workspace/rustup-home" "/workspace/cargo-home/bin/cargo" "+1.69.0" "fetch" "--manifest-path" "Cargo.toml", kill_on_drop: false }`
[INFO] [stderr]  Downloading crates ...
[INFO] [stderr]   Downloaded serde_test v0.8.23
[INFO] [stderr]   Downloaded slog-stdlog v4.1.1
[INFO] [stderr]   Downloaded slog-syslog v0.13.0
[INFO] [stderr]   Downloaded syslog v5.0.0
[INFO] running `Command { std: "docker" "create" "-v" "/var/lib/crater-agent-workspace/builds/worker-3-tc1/target:/opt/rustwide/target:rw,Z" "-v" "/var/lib/crater-agent-workspace/builds/worker-3-tc1/source:/opt/rustwide/workdir:ro,Z" "-v" "/var/lib/crater-agent-workspace/cargo-home:/opt/rustwide/cargo-home:ro,Z" "-v" "/var/lib/crater-agent-workspace/rustup-home:/opt/rustwide/rustup-home:ro,Z" "-e" "SOURCE_DIR=/opt/rustwide/workdir" "-e" "CARGO_TARGET_DIR=/opt/rustwide/target" "-e" "CARGO_HOME=/opt/rustwide/cargo-home" "-e" "RUSTUP_HOME=/opt/rustwide/rustup-home" "-w" "/opt/rustwide/workdir" "-m" "1610612736" "--user" "0:0" "--network" "none" "ghcr.io/rust-lang/crates-build-env/linux@sha256:5ff2268d62e97bff2cde7d5815dd6ed5b47097566f13b8d0ca110b04b60e07ed" "/opt/rustwide/cargo-home/bin/cargo" "+1.69.0" "metadata" "--no-deps" "--format-version=1", kill_on_drop: false }`
[INFO] [stdout] 116880f5a9a7486c00d53cea8ef9028acb060fe777c15c03c871eb06817b736f
[INFO] running `Command { std: "docker" "start" "-a" "116880f5a9a7486c00d53cea8ef9028acb060fe777c15c03c871eb06817b736f", kill_on_drop: false }`
[INFO] running `Command { std: "docker" "inspect" "116880f5a9a7486c00d53cea8ef9028acb060fe777c15c03c871eb06817b736f", kill_on_drop: false }`
[INFO] running `Command { std: "docker" "rm" "-f" "116880f5a9a7486c00d53cea8ef9028acb060fe777c15c03c871eb06817b736f", kill_on_drop: false }`
[INFO] [stdout] 116880f5a9a7486c00d53cea8ef9028acb060fe777c15c03c871eb06817b736f
[INFO] running `Command { std: "docker" "create" "-v" "/var/lib/crater-agent-workspace/builds/worker-3-tc1/target:/opt/rustwide/target:rw,Z" "-v" "/var/lib/crater-agent-workspace/builds/worker-3-tc1/source:/opt/rustwide/workdir:ro,Z" "-v" "/var/lib/crater-agent-workspace/cargo-home:/opt/rustwide/cargo-home:ro,Z" "-v" "/var/lib/crater-agent-workspace/rustup-home:/opt/rustwide/rustup-home:ro,Z" "-e" "SOURCE_DIR=/opt/rustwide/workdir" "-e" "CARGO_TARGET_DIR=/opt/rustwide/target" "-e" "CARGO_INCREMENTAL=0" "-e" "RUST_BACKTRACE=full" "-e" "RUSTFLAGS=--cap-lints=warn" "-e" "RUSTDOCFLAGS=--cap-lints=warn" "-e" "CARGO_HOME=/opt/rustwide/cargo-home" "-e" "RUSTUP_HOME=/opt/rustwide/rustup-home" "-w" "/opt/rustwide/workdir" "-m" "1610612736" "--user" "0:0" "--network" "none" "ghcr.io/rust-lang/crates-build-env/linux@sha256:5ff2268d62e97bff2cde7d5815dd6ed5b47097566f13b8d0ca110b04b60e07ed" "/opt/rustwide/cargo-home/bin/cargo" "+1.69.0" "build" "--frozen" "--message-format=json", kill_on_drop: false }`
[INFO] [stdout] 8286221fb1e59d40b0619513857c0c6d392c343ad6fb78aba62a240afd8d6fe6
[INFO] running `Command { std: "docker" "start" "-a" "8286221fb1e59d40b0619513857c0c6d392c343ad6fb78aba62a240afd8d6fe6", kill_on_drop: false }`
[INFO] [stderr]    Compiling autocfg v1.1.0
[INFO] [stderr]    Compiling cfg-if v1.0.0
[INFO] [stderr]    Compiling proc-macro2 v1.0.56
[INFO] [stderr]    Compiling quote v1.0.26
[INFO] [stderr]    Compiling unicode-ident v1.0.8
[INFO] [stderr]    Compiling libc v0.2.142
[INFO] [stderr]    Compiling version_check v0.9.4
[INFO] [stderr]    Compiling memchr v2.5.0
[INFO] [stderr]    Compiling syn v1.0.109
[INFO] [stderr]    Compiling serde_derive v1.0.160
[INFO] [stderr]    Compiling slog v2.7.0
[INFO] [stderr]    Compiling futures-core v0.3.28
[INFO] [stderr]    Compiling serde v1.0.160
[INFO] [stderr]    Compiling futures-task v0.3.28
[INFO] [stderr]    Compiling log v0.4.17
[INFO] [stderr]    Compiling futures-channel v0.3.28
[INFO] [stderr]    Compiling once_cell v1.17.1
[INFO] [stderr]    Compiling lazy_static v1.4.0
[INFO] [stderr]    Compiling futures-util v0.3.28
[INFO] [stderr]    Compiling futures-sink v0.3.28
[INFO] [stderr]    Compiling hashbrown v0.12.3
[INFO] [stderr]    Compiling parking_lot_core v0.9.7
[INFO] [stderr]    Compiling lexical-core v0.7.6
[INFO] [stderr]    Compiling proc-macro-error-attr v1.0.4
[INFO] [stderr]    Compiling proc-macro-error v1.0.4
[INFO] [stderr]    Compiling error-chain v0.12.4
[INFO] [stderr]    Compiling ryu v1.0.13
[INFO] [stderr]    Compiling slab v0.4.8
[INFO] [stderr]    Compiling lock_api v0.4.9
[INFO] [stderr]    Compiling num-traits v0.2.15
[INFO] [stderr]    Compiling indexmap v1.9.3
[INFO] [stderr]    Compiling bitflags v1.3.2
[INFO] [stderr]    Compiling pin-utils v0.1.0
[INFO] [stderr]    Compiling itoa v1.0.6
[INFO] [stderr]    Compiling serde v0.8.23
[INFO] [stderr]    Compiling pin-project-lite v0.2.9
[INFO] [stderr]    Compiling futures-io v0.3.28
[INFO] [stderr]    Compiling scopeguard v1.1.0
[INFO] [stderr]    Compiling cc v1.0.79
[INFO] [stderr]    Compiling smallvec v1.10.0
[INFO] [stderr]    Compiling crossbeam-utils v0.8.15
[INFO] [stderr]    Compiling aho-corasick v1.0.1
[INFO] [stderr]    Compiling nom v5.1.3
[INFO] [stderr]    Compiling time-core v0.1.0
[INFO] [stderr]    Compiling syn v2.0.15
[INFO] [stderr]    Compiling gimli v0.27.2
[INFO] [stderr]    Compiling failure_derive v0.1.8
[INFO] [stderr]    Compiling dirs-sys-next v0.1.2
[INFO] [stderr]    Compiling serde_json v1.0.96
[INFO] [stderr]    Compiling regex-syntax v0.7.1
[INFO] [stderr]    Compiling adler v1.0.2
[INFO] [stderr]    Compiling static_assertions v1.1.0
[INFO] [stderr]    Compiling unicode-xid v0.2.4
[INFO] [stderr]    Compiling arrayvec v0.5.2
[INFO] [stderr]    Compiling linked-hash-map v0.5.6
[INFO] [stderr]    Compiling miniz_oxide v0.6.2
[INFO] [stderr]    Compiling dirs-next v2.0.0
[INFO] [stderr]    Compiling yaml-rust v0.4.5
[INFO] [stderr]    Compiling atty v0.2.14
[INFO] [stderr]    Compiling time v0.1.45
[INFO] [stderr]    Compiling time-macros v0.2.8
[INFO] [stderr]    Compiling backtrace v0.3.67
[INFO] [stderr]    Compiling object v0.30.3
[INFO] [stderr]    Compiling thread_local v1.1.7
[INFO] [stderr]    Compiling slog-async v2.7.0
[INFO] [stderr]    Compiling num-traits v0.1.43
[INFO] [stderr]    Compiling serde_test v0.8.23
[INFO] [stderr]    Compiling arc-swap v1.6.0
[INFO] [stderr]    Compiling anyhow v1.0.71
[INFO] [stderr]    Compiling os_str_bytes v6.5.0
[INFO] [stderr]    Compiling rustc-demangle v0.1.23
[INFO] [stderr]    Compiling linked-hash-map v0.3.0
[INFO] [stderr]    Compiling either v1.8.1
[INFO] [stderr]    Compiling bytes v1.4.0
[INFO] [stderr]    Compiling num_threads v0.1.6
[INFO] [stderr]    Compiling itertools v0.10.5
[INFO] [stderr]    Compiling slog-scope v4.4.0
[INFO] [stderr]    Compiling regex v1.8.1
[INFO] [stderr]    Compiling clap_lex v0.2.4
[INFO] [stderr]    Compiling addr2line v0.19.0
[INFO] [stderr]    Compiling combine v4.6.6
[INFO] [stderr]    Compiling syslog v5.0.0
[INFO] [stderr]    Compiling crossbeam-channel v0.5.8
[INFO] [stderr]    Compiling term v0.7.0
[INFO] [stderr]    Compiling dashmap v5.4.0
[INFO] [stderr]    Compiling time v0.3.20
[INFO] [stderr]    Compiling parking_lot v0.12.1
[INFO] [stderr]    Compiling strsim v0.10.0
[INFO] [stderr]    Compiling futures-executor v0.3.28
[INFO] [stderr]    Compiling serde-hjson v0.9.1
[INFO] [stderr]    Compiling textwrap v0.16.0
[INFO] [stderr]    Compiling futures v0.3.28
[INFO] [stderr]    Compiling rust-ini v0.13.0
[INFO] [stderr]    Compiling take_mut v0.2.2
[INFO] [stderr]    Compiling termcolor v1.2.0
[INFO] [stderr]    Compiling slog-syslog v0.13.0
[INFO] [stderr]    Compiling slog-stdlog v4.1.1
[INFO] [stderr]    Compiling synstructure v0.12.6
[INFO] [stderr]    Compiling slog-term v2.9.0
[INFO] [stderr]    Compiling clap v3.2.25
[INFO] [stderr]    Compiling serial_test_derive v0.9.0
[INFO] [stderr]    Compiling serial_test v0.9.0
[INFO] [stderr]    Compiling failure v0.1.8
[INFO] [stderr]    Compiling toml_datetime v0.5.1
[INFO] [stderr]    Compiling toml v0.5.11
[INFO] [stderr]    Compiling toml_edit v0.15.0
[INFO] [stderr]    Compiling config v0.10.1
[INFO] [stderr]    Compiling movey-utils v0.0.2 (/opt/rustwide/workdir)
[INFO] [stderr]     Finished dev [unoptimized + debuginfo] target(s) in 26.92s
[INFO] running `Command { std: "docker" "inspect" "8286221fb1e59d40b0619513857c0c6d392c343ad6fb78aba62a240afd8d6fe6", kill_on_drop: false }`
[INFO] running `Command { std: "docker" "rm" "-f" "8286221fb1e59d40b0619513857c0c6d392c343ad6fb78aba62a240afd8d6fe6", kill_on_drop: false }`
[INFO] [stdout] 8286221fb1e59d40b0619513857c0c6d392c343ad6fb78aba62a240afd8d6fe6
[INFO] running `Command { std: "docker" "create" "-v" "/var/lib/crater-agent-workspace/builds/worker-3-tc1/target:/opt/rustwide/target:rw,Z" "-v" "/var/lib/crater-agent-workspace/builds/worker-3-tc1/source:/opt/rustwide/workdir:ro,Z" "-v" "/var/lib/crater-agent-workspace/cargo-home:/opt/rustwide/cargo-home:ro,Z" "-v" "/var/lib/crater-agent-workspace/rustup-home:/opt/rustwide/rustup-home:ro,Z" "-e" "SOURCE_DIR=/opt/rustwide/workdir" "-e" "CARGO_TARGET_DIR=/opt/rustwide/target" "-e" "CARGO_INCREMENTAL=0" "-e" "RUST_BACKTRACE=full" "-e" "RUSTFLAGS=--cap-lints=warn" "-e" "RUSTDOCFLAGS=--cap-lints=warn" "-e" "CARGO_HOME=/opt/rustwide/cargo-home" "-e" "RUSTUP_HOME=/opt/rustwide/rustup-home" "-w" "/opt/rustwide/workdir" "-m" "1610612736" "--user" "0:0" "--network" "none" "ghcr.io/rust-lang/crates-build-env/linux@sha256:5ff2268d62e97bff2cde7d5815dd6ed5b47097566f13b8d0ca110b04b60e07ed" "/opt/rustwide/cargo-home/bin/cargo" "+1.69.0" "test" "--frozen" "--no-run" "--message-format=json", kill_on_drop: false }`
[INFO] [stdout] ca007c9a903c85f3ba7d9a3023a28bd1b2cf222373809099f0ef62841c7766e7
[INFO] running `Command { std: "docker" "start" "-a" "ca007c9a903c85f3ba7d9a3023a28bd1b2cf222373809099f0ef62841c7766e7", kill_on_drop: false }`
[INFO] [stderr]    Compiling movey-utils v0.0.2 (/opt/rustwide/workdir)
[INFO] [stdout] error[E0433]: failed to resolve: use of undeclared crate or module `utils`
[INFO] [stdout]  --> tests/test_config.rs:1:5
[INFO] [stdout]   |
[INFO] [stdout] 1 | use utils::app_config::*;
[INFO] [stdout]   |     ^^^^^ use of undeclared crate or module `utils`
[INFO] [stdout] 
[INFO] [stdout] 
[INFO] [stdout] error[E0433]: failed to resolve: use of undeclared type `AppConfig`
[INFO] [stdout]   --> tests/test_config.rs:11:5
[INFO] [stdout]    |
[INFO] [stdout] 11 |     AppConfig::init(Some(config_contents)).unwrap();
[INFO] [stdout]    |     ^^^^^^^^^ use of undeclared type `AppConfig`
[INFO] [stdout]    |
[INFO] [stdout] help: consider importing this struct
[INFO] [stdout]    |
[INFO] [stdout] 1  | use movey_utils::app_config::AppConfig;
[INFO] [stdout]    |
[INFO] [stdout] 
[INFO] [stdout] 
[INFO] [stdout] error[E0433]: failed to resolve: use of undeclared type `AppConfig`
[INFO] [stdout]   --> tests/test_config.rs:14:18
[INFO] [stdout]    |
[INFO] [stdout] 14 |     let config = AppConfig::fetch().unwrap();
[INFO] [stdout]    |                  ^^^^^^^^^ use of undeclared type `AppConfig`
[INFO] [stdout]    |
[INFO] [stdout] help: consider importing this struct
[INFO] [stdout]    |
[INFO] [stdout] 1  | use movey_utils::app_config::AppConfig;
[INFO] [stdout]    |
[INFO] [stdout] 
[INFO] [stdout] 
[INFO] [stdout] error[E0433]: failed to resolve: use of undeclared type `AppConfig`
[INFO] [stdout]   --> tests/test_config.rs:26:5
[INFO] [stdout]    |
[INFO] [stdout] 26 |     AppConfig::init(Some(config_contents)).unwrap();
[INFO] [stdout]    |     ^^^^^^^^^ use of undeclared type `AppConfig`
[INFO] [stdout]    |
[INFO] [stdout] help: consider importing this struct
[INFO] [stdout]    |
[INFO] [stdout] 1  | use movey_utils::app_config::AppConfig;
[INFO] [stdout]    |
[INFO] [stdout] 
[INFO] [stdout] 
[INFO] [stdout] error[E0433]: failed to resolve: use of undeclared type `AppConfig`
[INFO] [stdout]   --> tests/test_config.rs:29:16
[INFO] [stdout]    |
[INFO] [stdout] 29 |     assert_eq!(AppConfig::get::<bool>("debug").unwrap(), false);
[INFO] [stdout]    |                ^^^^^^^^^ use of undeclared type `AppConfig`
[INFO] [stdout]    |
[INFO] [stdout] help: consider importing this struct
[INFO] [stdout]    |
[INFO] [stdout] 1  | use movey_utils::app_config::AppConfig;
[INFO] [stdout]    |
[INFO] [stdout] 
[INFO] [stdout] 
[INFO] [stdout] error[E0433]: failed to resolve: use of undeclared type `AppConfig`
[INFO] [stdout]   --> tests/test_config.rs:31:9
[INFO] [stdout]    |
[INFO] [stdout] 31 |         AppConfig::get::<String>("database.url").unwrap(),
[INFO] [stdout]    |         ^^^^^^^^^ use of undeclared type `AppConfig`
[INFO] [stdout]    |
[INFO] [stdout] help: consider importing this struct
[INFO] [stdout]    |
[INFO] [stdout] 1  | use movey_utils::app_config::AppConfig;
[INFO] [stdout]    |
[INFO] [stdout] 
[INFO] [stdout] 
[INFO] [stdout] error[E0433]: failed to resolve: use of undeclared type `AppConfig`
[INFO] [stdout]   --> tests/test_config.rs:41:5
[INFO] [stdout]    |
[INFO] [stdout] 41 |     AppConfig::init(Some(config_contents)).unwrap();
[INFO] [stdout]    |     ^^^^^^^^^ use of undeclared type `AppConfig`
[INFO] [stdout]    |
[INFO] [stdout] help: consider importing this struct
[INFO] [stdout]    |
[INFO] [stdout] 1  | use movey_utils::app_config::AppConfig;
[INFO] [stdout]    |
[INFO] [stdout] 
[INFO] [stdout] 
[INFO] [stdout] error[E0433]: failed to resolve: use of undeclared type `AppConfig`
[INFO] [stdout]   --> tests/test_config.rs:44:5
[INFO] [stdout]    |
[INFO] [stdout] 44 |     AppConfig::set("database.url", "new url").unwrap();
[INFO] [stdout]    |     ^^^^^^^^^ use of undeclared type `AppConfig`
[INFO] [stdout]    |
[INFO] [stdout] help: consider importing this struct
[INFO] [stdout]    |
[INFO] [stdout] 1  | use movey_utils::app_config::AppConfig;
[INFO] [stdout]    |
[INFO] [stdout] 
[INFO] [stdout] 
[INFO] [stdout] error[E0433]: failed to resolve: use of undeclared type `AppConfig`
[INFO] [stdout]   --> tests/test_config.rs:47:18
[INFO] [stdout]    |
[INFO] [stdout] 47 |     let config = AppConfig::fetch().unwrap();
[INFO] [stdout]    |                  ^^^^^^^^^ use of undeclared type `AppConfig`
[INFO] [stdout]    |
[INFO] [stdout] help: consider importing this struct
[INFO] [stdout]    |
[INFO] [stdout] 1  | use movey_utils::app_config::AppConfig;
[INFO] [stdout]    |
[INFO] [stdout] 
[INFO] [stdout] 
[INFO] [stdout] error: aborting due to 9 previous errors
[INFO] [stdout] 
[INFO] [stdout] 
[INFO] [stdout] For more information about this error, try `rustc --explain E0433`.
[INFO] [stdout] 
[INFO] [stderr] error: could not compile `movey-utils` due to 10 previous errors
[INFO] [stderr] warning: build failed, waiting for other jobs to finish...
[INFO] running `Command { std: "docker" "inspect" "ca007c9a903c85f3ba7d9a3023a28bd1b2cf222373809099f0ef62841c7766e7", kill_on_drop: false }`
[INFO] running `Command { std: "docker" "rm" "-f" "ca007c9a903c85f3ba7d9a3023a28bd1b2cf222373809099f0ef62841c7766e7", kill_on_drop: false }`
[INFO] [stdout] ca007c9a903c85f3ba7d9a3023a28bd1b2cf222373809099f0ef62841c7766e7
