[INFO] fetching crate motorx-core 0.0.10...
[INFO] testing motorx-core-0.0.10 against 1.69.0 for beta-1.70-1
[INFO] extracting crate motorx-core 0.0.10 into /workspace/builds/worker-0-tc1/source
[INFO] validating manifest of crates.io crate motorx-core 0.0.10 on toolchain 1.69.0
[INFO] running `Command { std: CARGO_HOME="/workspace/cargo-home" RUSTUP_HOME="/workspace/rustup-home" "/workspace/cargo-home/bin/cargo" "+1.69.0" "metadata" "--manifest-path" "Cargo.toml" "--no-deps", kill_on_drop: false }`
[INFO] started tweaking crates.io crate motorx-core 0.0.10
[INFO] finished tweaking crates.io crate motorx-core 0.0.10
[INFO] tweaked toml for crates.io crate motorx-core 0.0.10 written to /workspace/builds/worker-0-tc1/source/Cargo.toml
[INFO] running `Command { std: CARGO_HOME="/workspace/cargo-home" RUSTUP_HOME="/workspace/rustup-home" __CARGO_TEST_CHANNEL_OVERRIDE_DO_NOT_USE_THIS="nightly" "/workspace/cargo-home/bin/cargo" "+1.69.0" "generate-lockfile" "--manifest-path" "Cargo.toml" "-Zno-index-update", kill_on_drop: false }`
[INFO] running `Command { std: CARGO_HOME="/workspace/cargo-home" RUSTUP_HOME="/workspace/rustup-home" "/workspace/cargo-home/bin/cargo" "+1.69.0" "fetch" "--manifest-path" "Cargo.toml", kill_on_drop: false }`
[INFO] [stderr]  Downloading crates ...
[INFO] [stderr]   Downloaded http-serde v1.1.2
[INFO] [stderr]   Downloaded tokio-util_wasi v0.7.5
[INFO] [stderr]   Downloaded hyper_wasi v0.15.1
[INFO] [stderr]   Downloaded mio_wasi v0.8.6
[INFO] [stderr]   Downloaded h2_wasi v0.3.15
[INFO] [stderr]   Downloaded tokio_wasi v1.25.1
[INFO] [stderr]   Downloaded http-body v1.0.0-rc1
[INFO] [stderr]   Downloaded hyper v1.0.0-rc.1
[INFO] [stderr]   Downloaded http-body-util v0.1.0-rc.1
[INFO] running `Command { std: "docker" "create" "-v" "/var/lib/crater-agent-workspace/builds/worker-0-tc1/target:/opt/rustwide/target:rw,Z" "-v" "/var/lib/crater-agent-workspace/builds/worker-0-tc1/source:/opt/rustwide/workdir:ro,Z" "-v" "/var/lib/crater-agent-workspace/cargo-home:/opt/rustwide/cargo-home:ro,Z" "-v" "/var/lib/crater-agent-workspace/rustup-home:/opt/rustwide/rustup-home:ro,Z" "-e" "SOURCE_DIR=/opt/rustwide/workdir" "-e" "CARGO_TARGET_DIR=/opt/rustwide/target" "-e" "CARGO_HOME=/opt/rustwide/cargo-home" "-e" "RUSTUP_HOME=/opt/rustwide/rustup-home" "-w" "/opt/rustwide/workdir" "-m" "1610612736" "--user" "0:0" "--network" "none" "ghcr.io/rust-lang/crates-build-env/linux@sha256:5ff2268d62e97bff2cde7d5815dd6ed5b47097566f13b8d0ca110b04b60e07ed" "/opt/rustwide/cargo-home/bin/cargo" "+1.69.0" "metadata" "--no-deps" "--format-version=1", kill_on_drop: false }`
[INFO] [stdout] 253c5e33b984e5bb434e3a147fabe94dee8bf138435a5e2ed26b28cbff74f793
[INFO] running `Command { std: "docker" "start" "-a" "253c5e33b984e5bb434e3a147fabe94dee8bf138435a5e2ed26b28cbff74f793", kill_on_drop: false }`
[INFO] running `Command { std: "docker" "inspect" "253c5e33b984e5bb434e3a147fabe94dee8bf138435a5e2ed26b28cbff74f793", kill_on_drop: false }`
[INFO] running `Command { std: "docker" "rm" "-f" "253c5e33b984e5bb434e3a147fabe94dee8bf138435a5e2ed26b28cbff74f793", kill_on_drop: false }`
[INFO] [stdout] 253c5e33b984e5bb434e3a147fabe94dee8bf138435a5e2ed26b28cbff74f793
[INFO] running `Command { std: "docker" "create" "-v" "/var/lib/crater-agent-workspace/builds/worker-0-tc1/target:/opt/rustwide/target:rw,Z" "-v" "/var/lib/crater-agent-workspace/builds/worker-0-tc1/source:/opt/rustwide/workdir:ro,Z" "-v" "/var/lib/crater-agent-workspace/cargo-home:/opt/rustwide/cargo-home:ro,Z" "-v" "/var/lib/crater-agent-workspace/rustup-home:/opt/rustwide/rustup-home:ro,Z" "-e" "SOURCE_DIR=/opt/rustwide/workdir" "-e" "CARGO_TARGET_DIR=/opt/rustwide/target" "-e" "CARGO_INCREMENTAL=0" "-e" "RUST_BACKTRACE=full" "-e" "RUSTFLAGS=--cap-lints=warn" "-e" "RUSTDOCFLAGS=--cap-lints=warn" "-e" "CARGO_HOME=/opt/rustwide/cargo-home" "-e" "RUSTUP_HOME=/opt/rustwide/rustup-home" "-w" "/opt/rustwide/workdir" "-m" "1610612736" "--user" "0:0" "--network" "none" "ghcr.io/rust-lang/crates-build-env/linux@sha256:5ff2268d62e97bff2cde7d5815dd6ed5b47097566f13b8d0ca110b04b60e07ed" "/opt/rustwide/cargo-home/bin/cargo" "+1.69.0" "build" "--frozen" "--message-format=json", kill_on_drop: false }`
[INFO] [stdout] f76daeed3c69c4f4b3c0224d06b99ba9e7bb2b276e714cf559d6e22bd75fc49a
[INFO] running `Command { std: "docker" "start" "-a" "f76daeed3c69c4f4b3c0224d06b99ba9e7bb2b276e714cf559d6e22bd75fc49a", kill_on_drop: false }`
[INFO] [stderr]    Compiling parking_lot_core v0.9.7
[INFO] [stderr]    Compiling smallvec v1.10.0
[INFO] [stderr]    Compiling lock_api v0.4.9
[INFO] [stderr]    Compiling futures-task v0.3.28
[INFO] [stderr]    Compiling tokio v1.28.0
[INFO] [stderr]    Compiling futures-util v0.3.28
[INFO] [stderr]    Compiling tokio-macros v2.1.0
[INFO] [stderr]    Compiling http-body v1.0.0-rc1
[INFO] [stderr]    Compiling regex-syntax v0.7.1
[INFO] [stderr]    Compiling once_cell v1.17.1
[INFO] [stderr]    Compiling parking_lot v0.12.1
[INFO] [stderr]    Compiling tracing-core v0.1.30
[INFO] [stderr]    Compiling tracing v0.1.37
[INFO] [stderr]    Compiling regex v1.8.1
[INFO] [stderr]    Compiling http-body-util v0.1.0-rc.1
[INFO] [stderr]    Compiling tokio-util v0.7.8
[INFO] [stderr]    Compiling h2 v0.3.18
[INFO] [stderr]    Compiling hyper v1.0.0-rc.1
[INFO] [stderr]    Compiling motorx-core v0.0.10 (/opt/rustwide/workdir)
[INFO] [stdout] warning: unused import: `str::FromStr`
[INFO] [stdout]  --> src/config/mod.rs:7:50
[INFO] [stdout]   |
[INFO] [stdout] 7 | use std::{collections::HashMap, net::SocketAddr, str::FromStr};
[INFO] [stdout]   |                                                  ^^^^^^^^^^^^
[INFO] [stdout]   |
[INFO] [stdout]   = note: `#[warn(unused_imports)]` on by default
[INFO] [stdout] 
[INFO] [stdout] 
[INFO] [stdout] warning: unused variable: `err`
[INFO] [stdout]   --> src/conn_pool.rs:66:36
[INFO] [stdout]    |
[INFO] [stdout] 66 |                         if let Err(err) = conn.await {
[INFO] [stdout]    |                                    ^^^ help: if this is intentional, prefix it with an underscore: `_err`
[INFO] [stdout]    |
[INFO] [stdout]    = note: `#[warn(unused_variables)]` on by default
[INFO] [stdout] 
[INFO] [stdout] 
[INFO] [stdout] warning: unused variable: `err`
[INFO] [stdout]    --> src/handle/util.rs:238:20
[INFO] [stdout]     |
[INFO] [stdout] 238 |         if let Err(err) = conn.await {
[INFO] [stdout]     |                    ^^^ help: if this is intentional, prefix it with an underscore: `_err`
[INFO] [stdout] 
[INFO] [stdout] 
[INFO] [stdout] warning: unused variable: `e`
[INFO] [stdout]    --> src/lib.rs:196:25
[INFO] [stdout]     |
[INFO] [stdout] 196 |                     Err(e) => {
[INFO] [stdout]     |                         ^ help: if this is intentional, prefix it with an underscore: `_e`
[INFO] [stdout] 
[INFO] [stdout] 
[INFO] [stdout] warning: unused variable: `err`
[INFO] [stdout]    --> src/lib.rs:219:20
[INFO] [stdout]     |
[INFO] [stdout] 219 |         if let Err(err) = server::conn::http1::Builder::new()
[INFO] [stdout]     |                    ^^^ help: if this is intentional, prefix it with an underscore: `_err`
[INFO] [stdout] 
[INFO] [stdout] 
[INFO] [stdout] warning: function `default_max_connections` is never used
[INFO] [stdout]   --> src/config/mod.rs:35:4
[INFO] [stdout]    |
[INFO] [stdout] 35 | fn default_max_connections() -> usize {
[INFO] [stdout]    |    ^^^^^^^^^^^^^^^^^^^^^^^
[INFO] [stdout]    |
[INFO] [stdout]    = note: `#[warn(dead_code)]` on by default
[INFO] [stdout] 
[INFO] [stdout] 
[INFO] [stdout] warning: function `default_server_max_connections` is never used
[INFO] [stdout]   --> src/config/mod.rs:39:4
[INFO] [stdout]    |
[INFO] [stdout] 39 | fn default_server_max_connections() -> usize {
[INFO] [stdout]    |    ^^^^^^^^^^^^^^^^^^^^^^^^^^^^^^
[INFO] [stdout] 
[INFO] [stdout] 
[INFO] [stdout] warning: function `default_cache_methods` is never used
[INFO] [stdout]    --> src/config/rule.rs:120:4
[INFO] [stdout]     |
[INFO] [stdout] 120 | fn default_cache_methods() -> Vec<Method> {
[INFO] [stdout]     |    ^^^^^^^^^^^^^^^^^^^^^
[INFO] [stdout] 
[INFO] [stdout] 
[INFO] [stdout] warning: function `default_cache_max_age` is never used
[INFO] [stdout]    --> src/config/rule.rs:124:4
[INFO] [stdout]     |
[INFO] [stdout] 124 | fn default_cache_max_age() -> Duration {
[INFO] [stdout]     |    ^^^^^^^^^^^^^^^^^^^^^
[INFO] [stdout] 
[INFO] [stdout] 
[INFO] [stdout] warning: function `tunnel` is never used
[INFO] [stdout]    --> src/handle/util.rs:254:14
[INFO] [stdout]     |
[INFO] [stdout] 254 | pub async fn tunnel(mut upgraded: Upgraded, addr: &str) -> std::io::Result<()> {
[INFO] [stdout]     |              ^^^^^^
[INFO] [stdout] 
[INFO] [stdout] 
[INFO] [stdout] warning: 10 warnings emitted
[INFO] [stdout] 
[INFO] [stdout] 
[INFO] [stderr]     Finished dev [unoptimized + debuginfo] target(s) in 28.10s
[INFO] running `Command { std: "docker" "inspect" "f76daeed3c69c4f4b3c0224d06b99ba9e7bb2b276e714cf559d6e22bd75fc49a", kill_on_drop: false }`
[INFO] running `Command { std: "docker" "rm" "-f" "f76daeed3c69c4f4b3c0224d06b99ba9e7bb2b276e714cf559d6e22bd75fc49a", kill_on_drop: false }`
[INFO] [stdout] f76daeed3c69c4f4b3c0224d06b99ba9e7bb2b276e714cf559d6e22bd75fc49a
[INFO] running `Command { std: "docker" "create" "-v" "/var/lib/crater-agent-workspace/builds/worker-0-tc1/target:/opt/rustwide/target:rw,Z" "-v" "/var/lib/crater-agent-workspace/builds/worker-0-tc1/source:/opt/rustwide/workdir:ro,Z" "-v" "/var/lib/crater-agent-workspace/cargo-home:/opt/rustwide/cargo-home:ro,Z" "-v" "/var/lib/crater-agent-workspace/rustup-home:/opt/rustwide/rustup-home:ro,Z" "-e" "SOURCE_DIR=/opt/rustwide/workdir" "-e" "CARGO_TARGET_DIR=/opt/rustwide/target" "-e" "CARGO_INCREMENTAL=0" "-e" "RUST_BACKTRACE=full" "-e" "RUSTFLAGS=--cap-lints=warn" "-e" "RUSTDOCFLAGS=--cap-lints=warn" "-e" "CARGO_HOME=/opt/rustwide/cargo-home" "-e" "RUSTUP_HOME=/opt/rustwide/rustup-home" "-w" "/opt/rustwide/workdir" "-m" "1610612736" "--user" "0:0" "--network" "none" "ghcr.io/rust-lang/crates-build-env/linux@sha256:5ff2268d62e97bff2cde7d5815dd6ed5b47097566f13b8d0ca110b04b60e07ed" "/opt/rustwide/cargo-home/bin/cargo" "+1.69.0" "test" "--frozen" "--no-run" "--message-format=json", kill_on_drop: false }`
[INFO] [stdout] 54a483e824287b8c53f5cec09264364a8b2670935e1c8864e7754fbbdcba4483
[INFO] running `Command { std: "docker" "start" "-a" "54a483e824287b8c53f5cec09264364a8b2670935e1c8864e7754fbbdcba4483", kill_on_drop: false }`
[INFO] [stderr]    Compiling tokio v1.28.0
[INFO] [stderr]    Compiling syn v2.0.15
[INFO] [stderr]    Compiling tracing-core v0.1.30
[INFO] [stderr]    Compiling mio v0.8.6
[INFO] [stderr]    Compiling signal-hook-registry v1.4.1
[INFO] [stderr]    Compiling num_cpus v1.15.0
[INFO] [stderr]    Compiling serde v1.0.160
[INFO] [stderr]    Compiling syn v1.0.109
[INFO] [stderr]    Compiling async-trait v0.1.68
[INFO] [stderr]    Compiling tracing v0.1.37
[INFO] [stderr]    Compiling axum-core v0.3.4
[INFO] [stderr]    Compiling regex-syntax v0.6.29
[INFO] [stderr]    Compiling serde_json v1.0.96
[INFO] [stderr]    Compiling tower-layer v0.3.2
[INFO] [stderr]    Compiling axum v0.6.17
[INFO] [stderr]    Compiling overload v0.1.1
[INFO] [stderr]    Compiling nu-ansi-term v0.46.0
[INFO] [stderr]    Compiling tracing-log v0.1.3
[INFO] [stderr]    Compiling sharded-slab v0.1.4
[INFO] [stderr]    Compiling thread_local v1.1.7
[INFO] [stderr]    Compiling sync_wrapper v0.1.2
[INFO] [stderr]    Compiling matchit v0.7.0
[INFO] [stderr]    Compiling regex-automata v0.1.10
[INFO] [stderr]    Compiling serde_urlencoded v0.7.1
[INFO] [stderr]    Compiling tokio-macros v2.1.0
[INFO] [stderr]    Compiling openssl-macros v0.1.1
[INFO] [stderr]    Compiling thiserror-impl v1.0.40
[INFO] [stderr]    Compiling openssl v0.10.52
[INFO] [stderr]    Compiling matchers v0.1.0
[INFO] [stderr]    Compiling serde_path_to_error v0.1.11
[INFO] [stderr]    Compiling tracing-subscriber v0.3.17
[INFO] [stderr]    Compiling thiserror v1.0.40
[INFO] [stderr]    Compiling pin-project-internal v1.0.12
[INFO] [stderr]    Compiling pin-project v1.0.12
[INFO] [stderr]    Compiling native-tls v0.2.11
[INFO] [stderr]    Compiling tokio-util v0.7.8
[INFO] [stderr]    Compiling tokio-native-tls v0.3.1
[INFO] [stderr]    Compiling tower v0.4.13
[INFO] [stderr]    Compiling h2 v0.3.18
[INFO] [stderr]    Compiling hyper v0.14.26
[INFO] [stderr]    Compiling hyper v1.0.0-rc.1
[INFO] [stderr]    Compiling motorx-core v0.0.10 (/opt/rustwide/workdir)
[INFO] [stdout] warning: unused import: `str::FromStr`
[INFO] [stdout]  --> src/config/mod.rs:7:50
[INFO] [stdout]   |
[INFO] [stdout] 7 | use std::{collections::HashMap, net::SocketAddr, str::FromStr};
[INFO] [stdout]   |                                                  ^^^^^^^^^^^^
[INFO] [stdout]   |
[INFO] [stdout]   = note: `#[warn(unused_imports)]` on by default
[INFO] [stdout] 
[INFO] [stdout] 
[INFO] [stdout] warning: unused variable: `err`
[INFO] [stdout]   --> src/conn_pool.rs:66:36
[INFO] [stdout]    |
[INFO] [stdout] 66 |                         if let Err(err) = conn.await {
[INFO] [stdout]    |                                    ^^^ help: if this is intentional, prefix it with an underscore: `_err`
[INFO] [stdout]    |
[INFO] [stdout]    = note: `#[warn(unused_variables)]` on by default
[INFO] [stdout] 
[INFO] [stdout] 
[INFO] [stdout] warning: unused variable: `err`
[INFO] [stdout]    --> src/handle/util.rs:238:20
[INFO] [stdout]     |
[INFO] [stdout] 238 |         if let Err(err) = conn.await {
[INFO] [stdout]     |                    ^^^ help: if this is intentional, prefix it with an underscore: `_err`
[INFO] [stdout] 
[INFO] [stdout] 
[INFO] [stdout] warning: unused variable: `e`
[INFO] [stdout]    --> src/lib.rs:196:25
[INFO] [stdout]     |
[INFO] [stdout] 196 |                     Err(e) => {
[INFO] [stdout]     |                         ^ help: if this is intentional, prefix it with an underscore: `_e`
[INFO] [stdout] 
[INFO] [stdout] 
[INFO] [stdout] warning: unused variable: `err`
[INFO] [stdout]    --> src/lib.rs:219:20
[INFO] [stdout]     |
[INFO] [stdout] 219 |         if let Err(err) = server::conn::http1::Builder::new()
[INFO] [stdout]     |                    ^^^ help: if this is intentional, prefix it with an underscore: `_err`
[INFO] [stdout] 
[INFO] [stdout] 
[INFO] [stdout] warning: function `default_max_connections` is never used
[INFO] [stdout]   --> src/config/mod.rs:35:4
[INFO] [stdout]    |
[INFO] [stdout] 35 | fn default_max_connections() -> usize {
[INFO] [stdout]    |    ^^^^^^^^^^^^^^^^^^^^^^^
[INFO] [stdout]    |
[INFO] [stdout]    = note: `#[warn(dead_code)]` on by default
[INFO] [stdout] 
[INFO] [stdout] 
[INFO] [stdout] warning: function `default_server_max_connections` is never used
[INFO] [stdout]   --> src/config/mod.rs:39:4
[INFO] [stdout]    |
[INFO] [stdout] 39 | fn default_server_max_connections() -> usize {
[INFO] [stdout]    |    ^^^^^^^^^^^^^^^^^^^^^^^^^^^^^^
[INFO] [stdout] 
[INFO] [stdout] 
[INFO] [stdout] warning: function `default_cache_methods` is never used
[INFO] [stdout]    --> src/config/rule.rs:120:4
[INFO] [stdout]     |
[INFO] [stdout] 120 | fn default_cache_methods() -> Vec<Method> {
[INFO] [stdout]     |    ^^^^^^^^^^^^^^^^^^^^^
[INFO] [stdout] 
[INFO] [stdout] 
[INFO] [stdout] warning: function `default_cache_max_age` is never used
[INFO] [stdout]    --> src/config/rule.rs:124:4
[INFO] [stdout]     |
[INFO] [stdout] 124 | fn default_cache_max_age() -> Duration {
[INFO] [stdout]     |    ^^^^^^^^^^^^^^^^^^^^^
[INFO] [stdout] 
[INFO] [stdout] 
[INFO] [stdout] warning: function `tunnel` is never used
[INFO] [stdout]    --> src/handle/util.rs:254:14
[INFO] [stdout]     |
[INFO] [stdout] 254 | pub async fn tunnel(mut upgraded: Upgraded, addr: &str) -> std::io::Result<()> {
[INFO] [stdout]     |              ^^^^^^
[INFO] [stdout] 
[INFO] [stdout] 
[INFO] [stderr]    Compiling hyper-tls v0.5.0
[INFO] [stdout] warning: 10 warnings emitted
[INFO] [stdout] 
[INFO] [stdout] 
[INFO] [stderr]    Compiling reqwest v0.11.17
[INFO] [stdout] warning: unused import: `str::FromStr`
[INFO] [stdout]  --> src/config/mod.rs:7:50
[INFO] [stdout]   |
[INFO] [stdout] 7 | use std::{collections::HashMap, net::SocketAddr, str::FromStr};
[INFO] [stdout]   |                                                  ^^^^^^^^^^^^
[INFO] [stdout]   |
[INFO] [stdout]   = note: `#[warn(unused_imports)]` on by default
[INFO] [stdout] 
[INFO] [stdout] 
[INFO] [stdout] warning: unused variable: `err`
[INFO] [stdout]   --> src/conn_pool.rs:66:36
[INFO] [stdout]    |
[INFO] [stdout] 66 |                         if let Err(err) = conn.await {
[INFO] [stdout]    |                                    ^^^ help: if this is intentional, prefix it with an underscore: `_err`
[INFO] [stdout]    |
[INFO] [stdout]    = note: `#[warn(unused_variables)]` on by default
[INFO] [stdout] 
[INFO] [stdout] 
[INFO] [stdout] warning: unused variable: `err`
[INFO] [stdout]    --> src/handle/util.rs:238:20
[INFO] [stdout]     |
[INFO] [stdout] 238 |         if let Err(err) = conn.await {
[INFO] [stdout]     |                    ^^^ help: if this is intentional, prefix it with an underscore: `_err`
[INFO] [stdout] 
[INFO] [stdout] 
[INFO] [stdout] warning: unused variable: `e`
[INFO] [stdout]    --> src/lib.rs:196:25
[INFO] [stdout]     |
[INFO] [stdout] 196 |                     Err(e) => {
[INFO] [stdout]     |                         ^ help: if this is intentional, prefix it with an underscore: `_e`
[INFO] [stdout] 
[INFO] [stdout] 
[INFO] [stdout] warning: unused variable: `err`
[INFO] [stdout]    --> src/lib.rs:219:20
[INFO] [stdout]     |
[INFO] [stdout] 219 |         if let Err(err) = server::conn::http1::Builder::new()
[INFO] [stdout]     |                    ^^^ help: if this is intentional, prefix it with an underscore: `_err`
[INFO] [stdout] 
[INFO] [stdout] 
[INFO] [stdout] warning: function `default_max_connections` is never used
[INFO] [stdout]   --> src/config/mod.rs:35:4
[INFO] [stdout]    |
[INFO] [stdout] 35 | fn default_max_connections() -> usize {
[INFO] [stdout]    |    ^^^^^^^^^^^^^^^^^^^^^^^
[INFO] [stdout]    |
[INFO] [stdout]    = note: `#[warn(dead_code)]` on by default
[INFO] [stdout] 
[INFO] [stdout] 
[INFO] [stdout] warning: function `default_server_max_connections` is never used
[INFO] [stdout]   --> src/config/mod.rs:39:4
[INFO] [stdout]    |
[INFO] [stdout] 39 | fn default_server_max_connections() -> usize {
[INFO] [stdout]    |    ^^^^^^^^^^^^^^^^^^^^^^^^^^^^^^
[INFO] [stdout] 
[INFO] [stdout] 
[INFO] [stdout] warning: function `default_cache_methods` is never used
[INFO] [stdout]    --> src/config/rule.rs:120:4
[INFO] [stdout]     |
[INFO] [stdout] 120 | fn default_cache_methods() -> Vec<Method> {
[INFO] [stdout]     |    ^^^^^^^^^^^^^^^^^^^^^
[INFO] [stdout] 
[INFO] [stdout] 
[INFO] [stdout] warning: function `default_cache_max_age` is never used
[INFO] [stdout]    --> src/config/rule.rs:124:4
[INFO] [stdout]     |
[INFO] [stdout] 124 | fn default_cache_max_age() -> Duration {
[INFO] [stdout]     |    ^^^^^^^^^^^^^^^^^^^^^
[INFO] [stdout] 
[INFO] [stdout] 
[INFO] [stdout] warning: function `tunnel` is never used
[INFO] [stdout]    --> src/handle/util.rs:254:14
[INFO] [stdout]     |
[INFO] [stdout] 254 | pub async fn tunnel(mut upgraded: Upgraded, addr: &str) -> std::io::Result<()> {
[INFO] [stdout]     |              ^^^^^^
[INFO] [stdout] 
[INFO] [stdout] 
[INFO] [stdout] warning: 10 warnings emitted
[INFO] [stdout] 
[INFO] [stdout] 
[INFO] [stderr]     Finished test [unoptimized + debuginfo] target(s) in 1m 06s
[INFO] running `Command { std: "docker" "inspect" "54a483e824287b8c53f5cec09264364a8b2670935e1c8864e7754fbbdcba4483", kill_on_drop: false }`
[INFO] running `Command { std: "docker" "rm" "-f" "54a483e824287b8c53f5cec09264364a8b2670935e1c8864e7754fbbdcba4483", kill_on_drop: false }`
[INFO] [stdout] 54a483e824287b8c53f5cec09264364a8b2670935e1c8864e7754fbbdcba4483
[INFO] running `Command { std: "docker" "create" "-v" "/var/lib/crater-agent-workspace/builds/worker-0-tc1/target:/opt/rustwide/target:rw,Z" "-v" "/var/lib/crater-agent-workspace/builds/worker-0-tc1/source:/opt/rustwide/workdir:ro,Z" "-v" "/var/lib/crater-agent-workspace/cargo-home:/opt/rustwide/cargo-home:ro,Z" "-v" "/var/lib/crater-agent-workspace/rustup-home:/opt/rustwide/rustup-home:ro,Z" "-e" "SOURCE_DIR=/opt/rustwide/workdir" "-e" "CARGO_TARGET_DIR=/opt/rustwide/target" "-e" "CARGO_INCREMENTAL=0" "-e" "RUST_BACKTRACE=full" "-e" "RUSTFLAGS=--cap-lints=warn" "-e" "RUSTDOCFLAGS=--cap-lints=warn" "-e" "CARGO_HOME=/opt/rustwide/cargo-home" "-e" "RUSTUP_HOME=/opt/rustwide/rustup-home" "-w" "/opt/rustwide/workdir" "-m" "1610612736" "--user" "0:0" "--network" "none" "ghcr.io/rust-lang/crates-build-env/linux@sha256:5ff2268d62e97bff2cde7d5815dd6ed5b47097566f13b8d0ca110b04b60e07ed" "/opt/rustwide/cargo-home/bin/cargo" "+1.69.0" "test" "--frozen", kill_on_drop: false }`
[INFO] [stdout] a581a9c3b77a91bab3c4583cac63303240001267b9485e877170cae90036c154
[INFO] running `Command { std: "docker" "start" "-a" "a581a9c3b77a91bab3c4583cac63303240001267b9485e877170cae90036c154", kill_on_drop: false }`
[INFO] [stderr] warning: unused import: `str::FromStr`
[INFO] [stderr]  --> src/config/mod.rs:7:50
[INFO] [stderr]   |
[INFO] [stderr] 7 | use std::{collections::HashMap, net::SocketAddr, str::FromStr};
[INFO] [stderr]   |                                                  ^^^^^^^^^^^^
[INFO] [stderr]   |
[INFO] [stderr]   = note: `#[warn(unused_imports)]` on by default
[INFO] [stderr] 
[INFO] [stderr] warning: unused variable: `err`
[INFO] [stderr]   --> src/conn_pool.rs:66:36
[INFO] [stderr]    |
[INFO] [stderr] 66 |                         if let Err(err) = conn.await {
[INFO] [stderr]    |                                    ^^^ help: if this is intentional, prefix it with an underscore: `_err`
[INFO] [stderr]    |
[INFO] [stderr]    = note: `#[warn(unused_variables)]` on by default
[INFO] [stderr] 
[INFO] [stderr] warning: unused variable: `err`
[INFO] [stderr]    --> src/handle/util.rs:238:20
[INFO] [stderr]     |
[INFO] [stderr] 238 |         if let Err(err) = conn.await {
[INFO] [stderr]     |                    ^^^ help: if this is intentional, prefix it with an underscore: `_err`
[INFO] [stderr] 
[INFO] [stderr] warning: unused variable: `e`
[INFO] [stderr]    --> src/lib.rs:196:25
[INFO] [stderr]     |
[INFO] [stderr] 196 |                     Err(e) => {
[INFO] [stderr]     |                         ^ help: if this is intentional, prefix it with an underscore: `_e`
[INFO] [stderr] 
[INFO] [stderr] warning: unused variable: `err`
[INFO] [stderr]    --> src/lib.rs:219:20
[INFO] [stderr]     |
[INFO] [stderr] 219 |         if let Err(err) = server::conn::http1::Builder::new()
[INFO] [stderr]     |                    ^^^ help: if this is intentional, prefix it with an underscore: `_err`
[INFO] [stderr] 
[INFO] [stderr] warning: function `default_max_connections` is never used
[INFO] [stderr]   --> src/config/mod.rs:35:4
[INFO] [stderr]    |
[INFO] [stderr] 35 | fn default_max_connections() -> usize {
[INFO] [stderr]    |    ^^^^^^^^^^^^^^^^^^^^^^^
[INFO] [stderr]    |
[INFO] [stderr]    = note: `#[warn(dead_code)]` on by default
[INFO] [stderr] 
[INFO] [stderr] warning: function `default_server_max_connections` is never used
[INFO] [stderr]   --> src/config/mod.rs:39:4
[INFO] [stderr]    |
[INFO] [stderr] 39 | fn default_server_max_connections() -> usize {
[INFO] [stderr]    |    ^^^^^^^^^^^^^^^^^^^^^^^^^^^^^^
[INFO] [stderr] 
[INFO] [stderr] warning: function `default_cache_methods` is never used
[INFO] [stderr]    --> src/config/rule.rs:120:4
[INFO] [stderr]     |
[INFO] [stderr] 120 | fn default_cache_methods() -> Vec<Method> {
[INFO] [stderr]     |    ^^^^^^^^^^^^^^^^^^^^^
[INFO] [stderr] 
[INFO] [stderr] warning: function `default_cache_max_age` is never used
[INFO] [stderr]    --> src/config/rule.rs:124:4
[INFO] [stderr]     |
[INFO] [stderr] 124 | fn default_cache_max_age() -> Duration {
[INFO] [stderr]     |    ^^^^^^^^^^^^^^^^^^^^^
[INFO] [stderr] 
[INFO] [stderr] warning: function `tunnel` is never used
[INFO] [stderr]    --> src/handle/util.rs:254:14
[INFO] [stderr]     |
[INFO] [stderr] 254 | pub async fn tunnel(mut upgraded: Upgraded, addr: &str) -> std::io::Result<()> {
[INFO] [stderr]     |              ^^^^^^
[INFO] [stderr] 
[INFO] [stderr] warning: `motorx-core` (lib) generated 10 warnings (run `cargo fix --lib -p motorx-core` to apply 5 suggestions)
[INFO] [stderr] warning: `motorx-core` (lib test) generated 10 warnings (10 duplicates)
[INFO] [stderr]     Finished test [unoptimized + debuginfo] target(s) in 0.19s
[INFO] [stderr]      Running unittests src/lib.rs (/opt/rustwide/target/debug/deps/motorx_core-e379330148e0cc9f)
[INFO] [stdout] 
[INFO] [stdout] running 0 tests
[INFO] [stdout] 
[INFO] [stdout] test result: ok. 0 passed; 0 failed; 0 ignored; 0 measured; 0 filtered out; finished in 0.00s
[INFO] [stdout] 
[INFO] [stderr]    Doc-tests motorx-core
[INFO] [stdout] 
[INFO] [stdout] running 2 tests
[INFO] [stdout] test src/lib.rs - (line 5) ... FAILED
[INFO] [stdout] test src/lib.rs - Server (line 55) ... FAILED
[INFO] [stdout] 
[INFO] [stdout] failures:
[INFO] [stdout] 
[INFO] [stdout] ---- src/lib.rs - (line 5) stdout ----
[INFO] [stdout] error[E0063]: missing fields `addr`, `certs`, `max_connections` and 3 other fields in initializer of `Config`
[INFO] [stdout]  --> src/lib.rs:10:43
[INFO] [stdout]   |
[INFO] [stdout] 7 |     let server = motorx_core::Server::new(motorx_core::Config { /* Your config here */ });
[INFO] [stdout]   |                                           ^^^^^^^^^^^^^^^^^^^ missing `addr`, `certs`, `max_connections` and 3 other fields
[INFO] [stdout] 
[INFO] [stdout] error: aborting due to previous error
[INFO] [stdout] 
[INFO] [stdout] For more information about this error, try `rustc --explain E0063`.
[INFO] [stdout] Couldn't compile the test.
[INFO] [stdout] ---- src/lib.rs - Server (line 55) stdout ----
[INFO] [stdout] error[E0063]: missing fields `addr`, `certs`, `max_connections` and 3 other fields in initializer of `Config`
[INFO] [stdout]  --> src/lib.rs:60:43
[INFO] [stdout]   |
[INFO] [stdout] 7 |     let server = motorx_core::Server::new(motorx_core::Config { /* Your config here */ });
[INFO] [stdout]   |                                           ^^^^^^^^^^^^^^^^^^^ missing `addr`, `certs`, `max_connections` and 3 other fields
[INFO] [stdout] 
[INFO] [stdout] error: aborting due to previous error
[INFO] [stdout] 
[INFO] [stdout] For more information about this error, try `rustc --explain E0063`.
[INFO] [stdout] Couldn't compile the test.
[INFO] [stdout] 
[INFO] [stdout] failures:
[INFO] [stdout]     src/lib.rs - (line 5)
[INFO] [stdout]     src/lib.rs - Server (line 55)
[INFO] [stdout] 
[INFO] [stdout] test result: FAILED. 0 passed; 2 failed; 0 ignored; 0 measured; 0 filtered out; finished in 0.11s
[INFO] [stdout] 
[INFO] [stderr] error: doctest failed, to rerun pass `--doc`
[INFO] running `Command { std: "docker" "inspect" "a581a9c3b77a91bab3c4583cac63303240001267b9485e877170cae90036c154", kill_on_drop: false }`
[INFO] running `Command { std: "docker" "rm" "-f" "a581a9c3b77a91bab3c4583cac63303240001267b9485e877170cae90036c154", kill_on_drop: false }`
[INFO] [stdout] a581a9c3b77a91bab3c4583cac63303240001267b9485e877170cae90036c154
