[INFO] fetching crate moonramp-gateway 0.1.22...
[INFO] testing moonramp-gateway-0.1.22 against 1.69.0 for beta-1.70-1
[INFO] extracting crate moonramp-gateway 0.1.22 into /workspace/builds/worker-6-tc1/source
[INFO] validating manifest of crates.io crate moonramp-gateway 0.1.22 on toolchain 1.69.0
[INFO] running `Command { std: CARGO_HOME="/workspace/cargo-home" RUSTUP_HOME="/workspace/rustup-home" "/workspace/cargo-home/bin/cargo" "+1.69.0" "metadata" "--manifest-path" "Cargo.toml" "--no-deps", kill_on_drop: false }`
[INFO] started tweaking crates.io crate moonramp-gateway 0.1.22
[INFO] finished tweaking crates.io crate moonramp-gateway 0.1.22
[INFO] tweaked toml for crates.io crate moonramp-gateway 0.1.22 written to /workspace/builds/worker-6-tc1/source/Cargo.toml
[INFO] running `Command { std: CARGO_HOME="/workspace/cargo-home" RUSTUP_HOME="/workspace/rustup-home" __CARGO_TEST_CHANNEL_OVERRIDE_DO_NOT_USE_THIS="nightly" "/workspace/cargo-home/bin/cargo" "+1.69.0" "generate-lockfile" "--manifest-path" "Cargo.toml" "-Zno-index-update", kill_on_drop: false }`
[INFO] running `Command { std: CARGO_HOME="/workspace/cargo-home" RUSTUP_HOME="/workspace/rustup-home" "/workspace/cargo-home/bin/cargo" "+1.69.0" "fetch" "--manifest-path" "Cargo.toml", kill_on_drop: false }`
[INFO] [stderr]  Downloading crates ...
[INFO] [stderr]   Downloaded moonramp-core v0.1.22
[INFO] [stderr]   Downloaded wasmtime-environ v0.35.3
[INFO] [stderr]   Downloaded wasmtime-types v0.35.3
[INFO] [stderr]   Downloaded wasmtime-fiber v0.35.3
[INFO] [stderr]   Downloaded cranelift-entity v0.82.3
[INFO] [stderr]   Downloaded region v2.2.0
[INFO] [stderr]   Downloaded wasmtime-jit v0.35.3
[INFO] [stderr]   Downloaded cranelift-frontend v0.82.3
[INFO] [stderr]   Downloaded memfd v0.4.1
[INFO] [stderr]   Downloaded more-asserts v0.2.2
[INFO] [stderr]   Downloaded cranelift-codegen-meta v0.82.3
[INFO] [stderr]   Downloaded cranelift-bforest v0.82.3
[INFO] [stderr]   Downloaded zstd v0.10.2+zstd.1.5.2
[INFO] [stderr]   Downloaded wasi-common v0.35.3
[INFO] [stderr]   Downloaded unicode-normalization v0.1.9
[INFO] [stderr]   Downloaded awc v3.1.1
[INFO] [stderr]   Downloaded argon2 v0.4.1
[INFO] [stderr]   Downloaded regalloc v0.0.34
[INFO] [stderr]   Downloaded cranelift-wasm v0.82.3
[INFO] [stderr]   Downloaded actix-tls v3.0.3
[INFO] [stderr]   Downloaded wasmtime-jit-debug v0.35.3
[INFO] [stderr]   Downloaded idna v0.2.1
[INFO] [stderr]   Downloaded cranelift-native v0.82.3
[INFO] [stderr]   Downloaded secp256k1 v0.22.2
[INFO] [stderr]   Downloaded object v0.27.1
[INFO] [stderr]   Downloaded url v2.3.0
[INFO] [stderr]   Downloaded actix-web-httpauth v0.6.0
[INFO] [stderr]   Downloaded rustix v0.33.7
[INFO] [stderr]   Downloaded moonramp-lunar-core v0.1.22
[INFO] [stderr]   Downloaded moonramp-wallet v0.1.22
[INFO] [stderr]   Downloaded zstd-sys v1.6.3+zstd.1.5.2
[INFO] [stderr]   Downloaded linux-raw-sys v0.0.42
[INFO] [stderr]   Downloaded wasmtime-runtime v0.35.3
[INFO] [stderr]   Downloaded wiggle v0.35.3
[INFO] [stderr]   Downloaded io-lifetimes v0.5.3
[INFO] [stderr]   Downloaded moonramp-lunar v0.1.22
[INFO] [stderr]   Downloaded wasmtime v0.35.3
[INFO] [stderr]   Downloaded wiggle-generate v0.35.3
[INFO] [stderr]   Downloaded wiggle-macro v0.35.3
[INFO] [stderr]   Downloaded wasmtime-wasi v0.35.3
[INFO] [stderr]   Downloaded moonramp-lunar-macro v0.1.22
[INFO] [stderr]   Downloaded cap-fs-ext v0.24.4
[INFO] [stderr]   Downloaded ittapi-rs v0.2.0
[INFO] [stderr]   Downloaded cranelift-codegen v0.82.3
[INFO] [stderr]   Downloaded bitcoincore-rpc-json v0.15.0
[INFO] [stderr]   Downloaded bip39 v1.2.0
[INFO] [stderr]   Downloaded cap-time-ext v0.24.4
[INFO] [stderr]   Downloaded is-terminal v0.1.0
[INFO] [stderr]   Downloaded system-interface v0.20.0
[INFO] [stderr]   Downloaded wasi-cap-std-sync v0.35.3
[INFO] [stderr]   Downloaded cap-rand v0.24.4
[INFO] [stderr]   Downloaded ambient-authority v0.0.1
[INFO] [stderr]   Downloaded fs-set-times v0.15.0
[INFO] [stderr]   Downloaded winx v0.31.0
[INFO] [stderr]   Downloaded cap-primitives v0.24.4
[INFO] [stderr]   Downloaded io-extras v0.13.2
[INFO] [stderr]   Downloaded cap-std v0.24.4
[INFO] [stderr]   Downloaded wasmtime-cache v0.35.3
[INFO] [stderr]   Downloaded zstd-safe v4.1.6+zstd.1.5.2
[INFO] [stderr]   Downloaded wasmtime-cranelift v0.35.3
[INFO] [stderr]   Downloaded cranelift-codegen-shared v0.82.3
[INFO] [stderr]   Downloaded secp256k1-sys v0.5.2
[INFO] [stderr]   Downloaded bitcoin v0.28.2
[INFO] running `Command { std: "docker" "create" "-v" "/var/lib/crater-agent-workspace/builds/worker-6-tc1/target:/opt/rustwide/target:rw,Z" "-v" "/var/lib/crater-agent-workspace/builds/worker-6-tc1/source:/opt/rustwide/workdir:ro,Z" "-v" "/var/lib/crater-agent-workspace/cargo-home:/opt/rustwide/cargo-home:ro,Z" "-v" "/var/lib/crater-agent-workspace/rustup-home:/opt/rustwide/rustup-home:ro,Z" "-e" "SOURCE_DIR=/opt/rustwide/workdir" "-e" "CARGO_TARGET_DIR=/opt/rustwide/target" "-e" "CARGO_HOME=/opt/rustwide/cargo-home" "-e" "RUSTUP_HOME=/opt/rustwide/rustup-home" "-w" "/opt/rustwide/workdir" "-m" "1610612736" "--user" "0:0" "--network" "none" "ghcr.io/rust-lang/crates-build-env/linux@sha256:5ff2268d62e97bff2cde7d5815dd6ed5b47097566f13b8d0ca110b04b60e07ed" "/opt/rustwide/cargo-home/bin/cargo" "+1.69.0" "metadata" "--no-deps" "--format-version=1", kill_on_drop: false }`
[INFO] [stdout] 20683063c9bda915c3f9908098fb63afa514d462dfc546c9c6b9279ea17ff2e3
[INFO] running `Command { std: "docker" "start" "-a" "20683063c9bda915c3f9908098fb63afa514d462dfc546c9c6b9279ea17ff2e3", kill_on_drop: false }`
[INFO] running `Command { std: "docker" "inspect" "20683063c9bda915c3f9908098fb63afa514d462dfc546c9c6b9279ea17ff2e3", kill_on_drop: false }`
[INFO] running `Command { std: "docker" "rm" "-f" "20683063c9bda915c3f9908098fb63afa514d462dfc546c9c6b9279ea17ff2e3", kill_on_drop: false }`
[INFO] [stdout] 20683063c9bda915c3f9908098fb63afa514d462dfc546c9c6b9279ea17ff2e3
[INFO] running `Command { std: "docker" "create" "-v" "/var/lib/crater-agent-workspace/builds/worker-6-tc1/target:/opt/rustwide/target:rw,Z" "-v" "/var/lib/crater-agent-workspace/builds/worker-6-tc1/source:/opt/rustwide/workdir:ro,Z" "-v" "/var/lib/crater-agent-workspace/cargo-home:/opt/rustwide/cargo-home:ro,Z" "-v" "/var/lib/crater-agent-workspace/rustup-home:/opt/rustwide/rustup-home:ro,Z" "-e" "SOURCE_DIR=/opt/rustwide/workdir" "-e" "CARGO_TARGET_DIR=/opt/rustwide/target" "-e" "CARGO_INCREMENTAL=0" "-e" "RUST_BACKTRACE=full" "-e" "RUSTFLAGS=--cap-lints=warn" "-e" "RUSTDOCFLAGS=--cap-lints=warn" "-e" "CARGO_HOME=/opt/rustwide/cargo-home" "-e" "RUSTUP_HOME=/opt/rustwide/rustup-home" "-w" "/opt/rustwide/workdir" "-m" "1610612736" "--user" "0:0" "--network" "none" "ghcr.io/rust-lang/crates-build-env/linux@sha256:5ff2268d62e97bff2cde7d5815dd6ed5b47097566f13b8d0ca110b04b60e07ed" "/opt/rustwide/cargo-home/bin/cargo" "+1.69.0" "build" "--frozen" "--message-format=json", kill_on_drop: false }`
[INFO] [stdout] 59ccd3227fc1e2892d650fcb323ab8b904b5d0990372cc6a6888c93bb695f71c
[INFO] running `Command { std: "docker" "start" "-a" "59ccd3227fc1e2892d650fcb323ab8b904b5d0990372cc6a6888c93bb695f71c", kill_on_drop: false }`
[INFO] [stderr]    Compiling libc v0.2.142
[INFO] [stderr]    Compiling serde v1.0.160
[INFO] [stderr]    Compiling once_cell v1.17.1
[INFO] [stderr]    Compiling memchr v2.5.0
[INFO] [stderr]    Compiling syn v2.0.15
[INFO] [stderr]    Compiling indexmap v1.9.3
[INFO] [stderr]    Compiling generic-array v0.14.7
[INFO] [stderr]    Compiling hashbrown v0.12.3
[INFO] [stderr]    Compiling getrandom v0.2.9
[INFO] [stderr]    Compiling io-lifetimes v0.5.3
[INFO] [stderr]    Compiling rustix v0.33.7
[INFO] [stderr]    Compiling linux-raw-sys v0.0.42
[INFO] [stderr]    Compiling rand_core v0.6.4
[INFO] [stderr]    Compiling tracing-core v0.1.30
[INFO] [stderr]    Compiling fallible-iterator v0.2.0
[INFO] [stderr]    Compiling syn v1.0.109
[INFO] [stderr]    Compiling stable_deref_trait v1.2.0
[INFO] [stderr]    Compiling target-lexicon v0.12.7
[INFO] [stderr]    Compiling rand_chacha v0.3.1
[INFO] [stderr]    Compiling jobserver v0.1.26
[INFO] [stderr]    Compiling tokio v1.28.0
[INFO] [stderr]    Compiling cc v1.0.79
[INFO] [stderr]    Compiling rand v0.8.5
[INFO] [stderr]    Compiling aho-corasick v1.0.1
[INFO] [stderr]    Compiling mio v0.8.6
[INFO] [stderr]    Compiling cranelift-codegen-shared v0.82.3
[INFO] [stderr]    Compiling cranelift-codegen-meta v0.82.3
[INFO] [stderr]    Compiling futures-task v0.3.28
[INFO] [stderr]    Compiling subtle v2.4.1
[INFO] [stderr]    Compiling io-lifetimes v1.0.10
[INFO] [stderr]    Compiling regex v1.8.1
[INFO] [stderr]    Compiling leb128 v0.2.5
[INFO] [stderr]    Compiling zstd-sys v1.6.3+zstd.1.5.2
[INFO] [stderr]    Compiling wasmtime-fiber v0.35.3
[INFO] [stderr]    Compiling crypto-common v0.1.6
[INFO] [stderr]    Compiling block-buffer v0.10.4
[INFO] [stderr]    Compiling futures-util v0.3.28
[INFO] [stderr]    Compiling rustix v0.37.18
[INFO] [stderr]    Compiling wasmparser v0.83.0
[INFO] [stderr]    Compiling regalloc v0.0.34
[INFO] [stderr]    Compiling digest v0.10.6
[INFO] [stderr]    Compiling cranelift-codegen v0.82.3
[INFO] [stderr]    Compiling serde_derive v1.0.160
[INFO] [stderr]    Compiling tracing-attributes v0.1.24
[INFO] [stderr]    Compiling thiserror-impl v1.0.40
[INFO] [stderr]    Compiling maybe-uninit v2.0.0
[INFO] [stderr]    Compiling io-extras v0.13.2
[INFO] [stderr]    Compiling backtrace v0.3.67
[INFO] [stderr]    Compiling tracing v0.1.37
[INFO] [stderr]    Compiling more-asserts v0.2.2
[INFO] [stderr]    Compiling gimli v0.27.2
[INFO] [stderr]    Compiling thiserror v1.0.40
[INFO] [stderr]    Compiling either v1.8.1
[INFO] [stderr]    Compiling cap-primitives v0.24.4
[INFO] [stderr]    Compiling zstd-safe v4.1.6+zstd.1.5.2
[INFO] [stderr]    Compiling local-waker v0.1.3
[INFO] [stderr]    Compiling ambient-authority v0.0.1
[INFO] [stderr]    Compiling log v0.4.17
[INFO] [stderr]    Compiling miniz_oxide v0.6.2
[INFO] [stderr]    Compiling is-terminal v0.4.7
[INFO] [stderr]    Compiling tokio-util v0.7.8
[INFO] [stderr]    Compiling fs-set-times v0.15.0
[INFO] [stderr]    Compiling wasmtime-runtime v0.35.3
[INFO] [stderr]    Compiling ittapi-rs v0.2.0
[INFO] [stderr]    Compiling dirs-sys v0.3.7
[INFO] [stderr]    Compiling object v0.30.3
[INFO] [stderr]    Compiling cpp_demangle v0.3.5
[INFO] [stderr]    Compiling maybe-owned v0.3.4
[INFO] [stderr]    Compiling env_logger v0.10.0
[INFO] [stderr]    Compiling dirs v4.0.0
[INFO] [stderr]    Compiling smallvec v0.6.14
[INFO] [stderr]    Compiling addr2line v0.19.0
[INFO] [stderr]    Compiling actix-utils v3.0.1
[INFO] [stderr]    Compiling itertools v0.10.5
[INFO] [stderr]    Compiling actix-rt v2.8.0
[INFO] [stderr]    Compiling wasm-encoder v0.26.0
[INFO] [stderr]    Compiling wast v35.0.2
[INFO] [stderr]    Compiling psm v0.1.21
[INFO] [stderr]    Compiling digest v0.9.0
[INFO] [stderr]    Compiling block-buffer v0.9.0
[INFO] [stderr]    Compiling actix-service v2.0.2
[INFO] [stderr]    Compiling region v2.2.0
[INFO] [stderr]    Compiling ahash v0.8.3
[INFO] [stderr]    Compiling dirs-sys-next v0.1.2
[INFO] [stderr]    Compiling memfd v0.4.1
[INFO] [stderr]    Compiling unicode-segmentation v1.10.1
[INFO] [stderr]    Compiling base64 v0.13.1
[INFO] [stderr]    Compiling cap-std v0.24.4
[INFO] [stderr]    Compiling wasmtime-cache v0.35.3
[INFO] [stderr]    Compiling wast v57.0.0
[INFO] [stderr]    Compiling heck v0.3.3
[INFO] [stderr]    Compiling directories-next v2.0.0
[INFO] [stderr]    Compiling sha2 v0.9.9
[INFO] [stderr]    Compiling witx v0.9.1
[INFO] [stderr]    Compiling unicode-normalization v0.1.9
[INFO] [stderr]    Compiling shellexpand v2.1.2
[INFO] [stderr]    Compiling file-per-thread-logger v0.1.6
[INFO] [stderr]    Compiling cranelift-entity v0.82.3
[INFO] [stderr]    Compiling bincode v1.3.3
[INFO] [stderr]    Compiling toml v0.5.11
[INFO] [stderr]    Compiling wasmtime-types v0.35.3
[INFO] [stderr]    Compiling gimli v0.26.2
[INFO] [stderr]    Compiling object v0.27.1
[INFO] [stderr]    Compiling cranelift-bforest v0.82.3
[INFO] [stderr]    Compiling actix-codec v0.5.0
[INFO] [stderr]    Compiling bytestring v1.3.0
[INFO] [stderr]    Compiling wasmtime v0.35.3
[INFO] [stderr]    Compiling convert_case v0.4.0
[INFO] [stderr]    Compiling h2 v0.3.18
[INFO] [stderr]    Compiling wiggle-generate v0.35.3
[INFO] [stderr]    Compiling derive_more v0.99.17
[INFO] [stderr]    Compiling serde_json v1.0.96
[INFO] [stderr]    Compiling rayon v1.7.0
[INFO] [stderr]    Compiling wat v1.0.63
[INFO] [stderr]    Compiling wasmtime-environ v0.35.3
[INFO] [stderr]    Compiling wasmtime-jit-debug v0.35.3
[INFO] [stderr]    Compiling addr2line v0.17.0
[INFO] [stderr]    Compiling async-trait v0.1.68
[INFO] [stderr]    Compiling local-channel v0.1.3
[INFO] [stderr]    Compiling sha1 v0.10.5
[INFO] [stderr]    Compiling secp256k1-sys v0.5.2
[INFO] [stderr]    Compiling language-tags v0.3.2
[INFO] [stderr]    Compiling matches v0.1.10
[INFO] [stderr]    Compiling wasi-common v0.35.3
[INFO] [stderr]    Compiling idna v0.2.1
[INFO] [stderr]    Compiling actix-http v3.3.1
[INFO] [stderr]    Compiling wiggle-macro v0.35.3
[INFO] [stderr]    Compiling ahash v0.7.6
[INFO] [stderr]    Compiling serde_urlencoded v0.7.1
[INFO] [stderr]    Compiling num-traits v0.2.15
[INFO] [stderr]    Compiling cap-fs-ext v0.24.4
[INFO] [stderr]    Compiling system-interface v0.20.0
[INFO] [stderr]    Compiling time v0.3.20
[INFO] [stderr]    Compiling url v2.3.0
[INFO] [stderr]    Compiling actix-router v0.5.1
[INFO] [stderr]    Compiling actix-server v2.2.0
[INFO] [stderr]    Compiling cap-rand v0.24.4
[INFO] [stderr]    Compiling futures-channel v0.3.28
[INFO] [stderr]    Compiling actix-web v4.3.1
[INFO] [stderr]    Compiling bitcoin_hashes v0.10.0
[INFO] [stderr]    Compiling cap-time-ext v0.24.4
[INFO] [stderr]    Compiling is-terminal v0.1.0
[INFO] [stderr]    Compiling base64ct v1.6.0
[INFO] [stderr]    Compiling wasmtime-wasi v0.35.3
[INFO] [stderr]    Compiling bech32 v0.8.1
[INFO] [stderr]    Compiling byteorder v1.4.3
[INFO] [stderr]    Compiling password-hash v0.4.2
[INFO] [stderr]    Compiling rmp v0.8.11
[INFO] [stderr]    Compiling cranelift-frontend v0.82.3
[INFO] [stderr]    Compiling cranelift-native v0.82.3
[INFO] [stderr]    Compiling actix-tls v3.0.3
[INFO] [stderr]    Compiling blake2 v0.10.6
[INFO] [stderr]    Compiling cranelift-wasm v0.82.3
[INFO] [stderr]    Compiling hmac v0.12.1
[INFO] [stderr]    Compiling bitcoin_hashes v0.11.0
[INFO] [stderr]    Compiling rand_core v0.4.2
[INFO] [stderr]    Compiling hkdf v0.12.3
[INFO] [stderr]    Compiling hyper v0.14.26
[INFO] [stderr]    Compiling argon2 v0.4.1
[INFO] [stderr]    Compiling awc v3.1.1
[INFO] [stderr]    Compiling wasmtime-cranelift v0.35.3
[INFO] [stderr]    Compiling bip39 v1.2.0
[INFO] [stderr]    Compiling actix-cors v0.6.4
[INFO] [stderr]    Compiling actix-web-httpauth v0.6.0
[INFO] [stderr]    Compiling rmp-serde v1.1.1
[INFO] [stderr]    Compiling uuid v0.8.2
[INFO] [stderr]    Compiling wee_alloc v0.4.5
[INFO] [stderr]    Compiling bs58 v0.4.0
[INFO] [stderr]    Compiling lz4_flex v0.9.5
[INFO] [stderr]    Compiling memory_units v0.4.0
[INFO] [stderr]    Compiling cfg-if v0.1.10
[INFO] [stderr]    Compiling moonramp-lunar-macro v0.1.22
[INFO] [stderr]    Compiling wasmtime-jit v0.35.3
[INFO] [stderr]    Compiling secp256k1 v0.22.2
[INFO] [stderr]    Compiling bitcoin v0.28.2
[INFO] [stderr]    Compiling bitcoincore-rpc-json v0.15.0
[INFO] [stderr]    Compiling zstd v0.10.2+zstd.1.5.2
[INFO] [stderr]    Compiling wiggle v0.35.3
[INFO] [stderr]    Compiling wasi-cap-std-sync v0.35.3
[INFO] [stderr]    Compiling moonramp-core v0.1.22
[INFO] [stderr]    Compiling moonramp-wallet v0.1.22
[INFO] [stderr]    Compiling moonramp-lunar-core v0.1.22
[INFO] [stderr]    Compiling moonramp-lunar v0.1.22
[INFO] [stderr]    Compiling moonramp-gateway v0.1.22 (/opt/rustwide/workdir)
[INFO] [stdout] error[E0432]: unresolved import `moonramp_core::log`
[INFO] [stdout]   --> src/bitcoin.rs:17:42
[INFO] [stdout]    |
[INFO] [stdout] 17 |     anyhow, bitcoincore_rpc_json, hyper, log, serde, serde_json, uuid, wasmtime, wasmtime_wasi,
[INFO] [stdout]    |                                          ^^^ no `log` in the root
[INFO] [stdout] 
[INFO] [stdout] 
[INFO] [stdout] error[E0432]: unresolved import `hyper::Client`
[INFO] [stdout]  --> src/bitcoin.rs:7:11
[INFO] [stdout]   |
[INFO] [stdout] 7 |     Body, Client, Method, Request,
[INFO] [stdout]   |           ^^^^^^
[INFO] [stdout]   |           |
[INFO] [stdout]   |           no `Client` in the root
[INFO] [stdout]   |           help: a similar name exists in the module (notice the capitalization): `client`
[INFO] [stdout] 
[INFO] [stdout] 
[INFO] [stdout] error: cannot determine resolution for the macro `debug`
[INFO] [stdout]   --> src/bitcoin.rs:55:21
[INFO] [stdout]    |
[INFO] [stdout] 55 |                     debug!("BitcoinGatewayRequest: 0x{:02X} {} bytes", req_ptr, req_len);
[INFO] [stdout]    |                     ^^^^^
[INFO] [stdout]    |
[INFO] [stdout]    = note: import resolution is stuck, try simplifying macro imports
[INFO] [stdout] 
[INFO] [stdout] 
[INFO] [stdout] error: cannot determine resolution for the macro `trace`
[INFO] [stdout]   --> src/bitcoin.rs:89:29
[INFO] [stdout]    |
[INFO] [stdout] 89 | ...                   trace!("REQUEST {:?}", res);
[INFO] [stdout]    |                       ^^^^^
[INFO] [stdout]    |
[INFO] [stdout]    = note: import resolution is stuck, try simplifying macro imports
[INFO] [stdout] 
[INFO] [stdout] 
[INFO] [stdout] error: cannot determine resolution for the macro `debug`
[INFO] [stdout]   --> src/bitcoin.rs:92:37
[INFO] [stdout]    |
[INFO] [stdout] 92 | ...                   debug!("REQUEST ERROR {:?}", err);
[INFO] [stdout]    |                       ^^^^^
[INFO] [stdout]    |
[INFO] [stdout]    = note: import resolution is stuck, try simplifying macro imports
[INFO] [stdout] 
[INFO] [stdout] 
[INFO] [stdout] error: cannot determine resolution for the macro `debug`
[INFO] [stdout]   --> src/bitcoin.rs:99:21
[INFO] [stdout]    |
[INFO] [stdout] 99 |                     debug!("RESPONSE {:?}", res);
[INFO] [stdout]    |                     ^^^^^
[INFO] [stdout]    |
[INFO] [stdout]    = note: import resolution is stuck, try simplifying macro imports
[INFO] [stdout] 
[INFO] [stdout] 
[INFO] [stdout] error: cannot determine resolution for the macro `debug`
[INFO] [stdout]    --> src/bitcoin.rs:126:21
[INFO] [stdout]     |
[INFO] [stdout] 126 |                     debug!("Res JSON Ptr 0x{:02X}", res_json_ptr);
[INFO] [stdout]     |                     ^^^^^
[INFO] [stdout]     |
[INFO] [stdout]     = note: import resolution is stuck, try simplifying macro imports
[INFO] [stdout] 
[INFO] [stdout] 
[INFO] [stdout] error: cannot determine resolution for the macro `trace`
[INFO] [stdout]    --> src/bitcoin.rs:152:5
[INFO] [stdout]     |
[INFO] [stdout] 152 |     trace!("REQUEST {}", json_rpc);
[INFO] [stdout]     |     ^^^^^
[INFO] [stdout]     |
[INFO] [stdout]     = note: import resolution is stuck, try simplifying macro imports
[INFO] [stdout] 
[INFO] [stdout] 
[INFO] [stdout] error: cannot determine resolution for the macro `trace`
[INFO] [stdout]    --> src/bitcoin.rs:169:5
[INFO] [stdout]     |
[INFO] [stdout] 169 |     trace!("RESPONSE {}", res.status());
[INFO] [stdout]     |     ^^^^^
[INFO] [stdout]     |
[INFO] [stdout]     = note: import resolution is stuck, try simplifying macro imports
[INFO] [stdout] 
[INFO] [stdout] 
[INFO] [stdout] error[E0277]: the size for values of type `[u8]` cannot be known at compilation time
[INFO] [stdout]    --> src/bitcoin.rs:171:10
[INFO] [stdout]     |
[INFO] [stdout] 171 |         &hyper::body::to_bytes(res.into_body()).await?,
[INFO] [stdout]     |          ^^^^^^^^^^^^^^^^^^^^^^^^^^^^^^^^^^^^^^^^^^^^^ doesn't have a size known at compile-time
[INFO] [stdout]     |
[INFO] [stdout]     = help: the trait `std::marker::Sized` is not implemented for `[u8]`
[INFO] [stdout]     = note: all local variables must have a statically known size
[INFO] [stdout]     = help: unsized locals are gated as an unstable feature
[INFO] [stdout] 
[INFO] [stdout] 
[INFO] [stdout] error[E0277]: the size for values of type `[u8]` cannot be known at compilation time
[INFO] [stdout]    --> src/bitcoin.rs:171:54
[INFO] [stdout]     |
[INFO] [stdout] 171 |         &hyper::body::to_bytes(res.into_body()).await?,
[INFO] [stdout]     |                                                      ^ doesn't have a size known at compile-time
[INFO] [stdout]     |
[INFO] [stdout]     = help: the trait `std::marker::Sized` is not implemented for `[u8]`
[INFO] [stdout] note: required by a bound in `Break`
[INFO] [stdout]    --> /rustc/84c898d65adf2f39a5a98507f1fe0ce10a2b8dbc/library/core/src/ops/control_flow.rs:93:5
[INFO] [stdout] 
[INFO] [stdout] 
[INFO] [stdout] error: aborting due to 11 previous errors
[INFO] [stdout] 
[INFO] [stdout] 
[INFO] [stdout] Some errors have detailed explanations: E0277, E0432.
[INFO] [stdout] 
[INFO] [stdout] For more information about an error, try `rustc --explain E0277`.
[INFO] [stdout] 
[INFO] [stderr] error: could not compile `moonramp-gateway` due to 12 previous errors
[INFO] running `Command { std: "docker" "inspect" "59ccd3227fc1e2892d650fcb323ab8b904b5d0990372cc6a6888c93bb695f71c", kill_on_drop: false }`
[INFO] running `Command { std: "docker" "rm" "-f" "59ccd3227fc1e2892d650fcb323ab8b904b5d0990372cc6a6888c93bb695f71c", kill_on_drop: false }`
[INFO] [stdout] 59ccd3227fc1e2892d650fcb323ab8b904b5d0990372cc6a6888c93bb695f71c
