[INFO] fetching crate mongoose 0.1.16...
[INFO] testing mongoose-0.1.16 against 1.69.0 for beta-1.70-1
[INFO] extracting crate mongoose 0.1.16 into /workspace/builds/worker-1-tc1/source
[INFO] validating manifest of crates.io crate mongoose 0.1.16 on toolchain 1.69.0
[INFO] running `Command { std: CARGO_HOME="/workspace/cargo-home" RUSTUP_HOME="/workspace/rustup-home" "/workspace/cargo-home/bin/cargo" "+1.69.0" "metadata" "--manifest-path" "Cargo.toml" "--no-deps", kill_on_drop: false }`
[INFO] removed /workspace/builds/worker-1-tc1/source/.cargo/config.toml
[INFO] started tweaking crates.io crate mongoose 0.1.16
[INFO] finished tweaking crates.io crate mongoose 0.1.16
[INFO] tweaked toml for crates.io crate mongoose 0.1.16 written to /workspace/builds/worker-1-tc1/source/Cargo.toml
[INFO] running `Command { std: CARGO_HOME="/workspace/cargo-home" RUSTUP_HOME="/workspace/rustup-home" __CARGO_TEST_CHANNEL_OVERRIDE_DO_NOT_USE_THIS="nightly" "/workspace/cargo-home/bin/cargo" "+1.69.0" "generate-lockfile" "--manifest-path" "Cargo.toml" "-Zno-index-update", kill_on_drop: false }`
[INFO] running `Command { std: CARGO_HOME="/workspace/cargo-home" RUSTUP_HOME="/workspace/rustup-home" "/workspace/cargo-home/bin/cargo" "+1.69.0" "fetch" "--manifest-path" "Cargo.toml", kill_on_drop: false }`
[INFO] [stderr]  Downloading crates ...
[INFO] [stderr]   Downloaded rustc_version_runtime v0.2.1
[INFO] [stderr]   Downloaded async_once v0.2.6
[INFO] [stderr]   Downloaded bson v2.6.1
[INFO] [stderr]   Downloaded rust-argon2 v1.0.0
[INFO] [stderr]   Downloaded typed-builder v0.10.0
[INFO] [stderr]   Downloaded mongodb v2.5.0
[INFO] running `Command { std: "docker" "create" "-v" "/var/lib/crater-agent-workspace/builds/worker-1-tc1/target:/opt/rustwide/target:rw,Z" "-v" "/var/lib/crater-agent-workspace/builds/worker-1-tc1/source:/opt/rustwide/workdir:ro,Z" "-v" "/var/lib/crater-agent-workspace/cargo-home:/opt/rustwide/cargo-home:ro,Z" "-v" "/var/lib/crater-agent-workspace/rustup-home:/opt/rustwide/rustup-home:ro,Z" "-e" "SOURCE_DIR=/opt/rustwide/workdir" "-e" "CARGO_TARGET_DIR=/opt/rustwide/target" "-e" "CARGO_HOME=/opt/rustwide/cargo-home" "-e" "RUSTUP_HOME=/opt/rustwide/rustup-home" "-w" "/opt/rustwide/workdir" "-m" "1610612736" "--user" "0:0" "--network" "none" "ghcr.io/rust-lang/crates-build-env/linux@sha256:5ff2268d62e97bff2cde7d5815dd6ed5b47097566f13b8d0ca110b04b60e07ed" "/opt/rustwide/cargo-home/bin/cargo" "+1.69.0" "metadata" "--no-deps" "--format-version=1", kill_on_drop: false }`
[INFO] [stdout] 5150e77d67c1b4eccd1eeb04a387023a5469c7eac0e764c61dae0826e0a2fc64
[INFO] running `Command { std: "docker" "start" "-a" "5150e77d67c1b4eccd1eeb04a387023a5469c7eac0e764c61dae0826e0a2fc64", kill_on_drop: false }`
[INFO] running `Command { std: "docker" "inspect" "5150e77d67c1b4eccd1eeb04a387023a5469c7eac0e764c61dae0826e0a2fc64", kill_on_drop: false }`
[INFO] running `Command { std: "docker" "rm" "-f" "5150e77d67c1b4eccd1eeb04a387023a5469c7eac0e764c61dae0826e0a2fc64", kill_on_drop: false }`
[INFO] [stdout] 5150e77d67c1b4eccd1eeb04a387023a5469c7eac0e764c61dae0826e0a2fc64
[INFO] running `Command { std: "docker" "create" "-v" "/var/lib/crater-agent-workspace/builds/worker-1-tc1/target:/opt/rustwide/target:rw,Z" "-v" "/var/lib/crater-agent-workspace/builds/worker-1-tc1/source:/opt/rustwide/workdir:ro,Z" "-v" "/var/lib/crater-agent-workspace/cargo-home:/opt/rustwide/cargo-home:ro,Z" "-v" "/var/lib/crater-agent-workspace/rustup-home:/opt/rustwide/rustup-home:ro,Z" "-e" "SOURCE_DIR=/opt/rustwide/workdir" "-e" "CARGO_TARGET_DIR=/opt/rustwide/target" "-e" "CARGO_INCREMENTAL=0" "-e" "RUST_BACKTRACE=full" "-e" "RUSTFLAGS=--cap-lints=warn" "-e" "RUSTDOCFLAGS=--cap-lints=warn" "-e" "CARGO_HOME=/opt/rustwide/cargo-home" "-e" "RUSTUP_HOME=/opt/rustwide/rustup-home" "-w" "/opt/rustwide/workdir" "-m" "1610612736" "--user" "0:0" "--network" "none" "ghcr.io/rust-lang/crates-build-env/linux@sha256:5ff2268d62e97bff2cde7d5815dd6ed5b47097566f13b8d0ca110b04b60e07ed" "/opt/rustwide/cargo-home/bin/cargo" "+1.69.0" "build" "--frozen" "--message-format=json", kill_on_drop: false }`
[INFO] [stdout] d22cb55af9f337ac2eaed84865da5f154c9a7abd1931c0437ed31ef3a2f59c20
[INFO] running `Command { std: "docker" "start" "-a" "d22cb55af9f337ac2eaed84865da5f154c9a7abd1931c0437ed31ef3a2f59c20", kill_on_drop: false }`
[INFO] [stderr]    Compiling generic-array v0.14.7
[INFO] [stderr]    Compiling syn v2.0.15
[INFO] [stderr]    Compiling syn v1.0.109
[INFO] [stderr]    Compiling getrandom v0.2.9
[INFO] [stderr]    Compiling ring v0.16.20
[INFO] [stderr]    Compiling futures-channel v0.3.28
[INFO] [stderr]    Compiling tokio v1.28.0
[INFO] [stderr]    Compiling untrusted v0.7.1
[INFO] [stderr]    Compiling futures-util v0.3.28
[INFO] [stderr]    Compiling rand_core v0.6.4
[INFO] [stderr]    Compiling spin v0.5.2
[INFO] [stderr]    Compiling subtle v2.4.1
[INFO] [stderr]    Compiling futures-io v0.3.28
[INFO] [stderr]    Compiling rand_chacha v0.3.1
[INFO] [stderr]    Compiling signal-hook-registry v1.4.1
[INFO] [stderr]    Compiling num-traits v0.2.15
[INFO] [stderr]    Compiling fnv v1.0.7
[INFO] [stderr]    Compiling semver-parser v0.7.0
[INFO] [stderr]    Compiling block-buffer v0.10.4
[INFO] [stderr]    Compiling crypto-common v0.1.6
[INFO] [stderr]    Compiling digest v0.10.6
[INFO] [stderr]    Compiling semver v0.9.0
[INFO] [stderr]    Compiling rand v0.8.5
[INFO] [stderr]    Compiling num-integer v0.1.45
[INFO] [stderr]    Compiling async-trait v0.1.68
[INFO] [stderr]    Compiling rustc_version v0.2.3
[INFO] [stderr]    Compiling serde_json v1.0.96
[INFO] [stderr]    Compiling time-core v0.1.0
[INFO] [stderr]    Compiling scopeguard v1.1.0
[INFO] [stderr]    Compiling heck v0.4.1
[INFO] [stderr]    Compiling rustls v0.20.8
[INFO] [stderr]    Compiling match_cfg v0.1.0
[INFO] [stderr]    Compiling matches v0.1.10
[INFO] [stderr]    Compiling hostname v0.3.1
[INFO] [stderr]    Compiling lock_api v0.4.9
[INFO] [stderr]    Compiling idna v0.2.3
[INFO] [stderr]    Compiling rustc_version_runtime v0.2.1
[INFO] [stderr]    Compiling time-macros v0.2.8
[INFO] [stderr]    Compiling parking_lot_core v0.9.7
[INFO] [stderr]    Compiling time v0.1.45
[INFO] [stderr]    Compiling cpufeatures v0.2.7
[INFO] [stderr]    Compiling data-encoding v2.3.3
[INFO] [stderr]    Compiling linked-hash-map v0.5.6
[INFO] [stderr]    Compiling iana-time-zone v0.1.56
[INFO] [stderr]    Compiling resolv-conf v0.7.0
[INFO] [stderr]    Compiling lru-cache v0.1.2
[INFO] [stderr]    Compiling webpki v0.22.0
[INFO] [stderr]    Compiling sct v0.7.0
[INFO] [stderr]    Compiling chrono v0.4.24
[INFO] [stderr]    Compiling parking_lot v0.12.1
[INFO] [stderr]    Compiling darling_core v0.13.4
[INFO] [stderr]    Compiling time v0.3.20
[INFO] [stderr]    Compiling ahash v0.7.6
[INFO] [stderr]    Compiling base64 v0.13.1
[INFO] [stderr]    Compiling hex v0.4.3
[INFO] [stderr]    Compiling convert_case v0.4.0
[INFO] [stderr]    Compiling rustls-pemfile v1.0.2
[INFO] [stderr]    Compiling webpki-roots v0.22.6
[INFO] [stderr]    Compiling sha-1 v0.10.1
[INFO] [stderr]    Compiling sha2 v0.10.6
[INFO] [stderr]    Compiling hmac v0.12.1
[INFO] [stderr]    Compiling md-5 v0.10.5
[INFO] [stderr]    Compiling pbkdf2 v0.11.0
[INFO] [stderr]    Compiling stringprep v0.1.2
[INFO] [stderr]    Compiling take_mut v0.2.2
[INFO] [stderr]    Compiling convert_case v0.6.0
[INFO] [stderr]    Compiling nanoid v0.4.0
[INFO] [stderr]    Compiling async_once v0.2.6
[INFO] [stderr]    Compiling dotenv v0.15.0
[INFO] [stderr]    Compiling enum-as-inner v0.4.0
[INFO] [stderr]    Compiling serde_derive v1.0.160
[INFO] [stderr]    Compiling tokio-macros v2.1.0
[INFO] [stderr]    Compiling futures-macro v0.3.28
[INFO] [stderr]    Compiling thiserror-impl v1.0.40
[INFO] [stderr]    Compiling darling_macro v0.13.4
[INFO] [stderr]    Compiling tracing-attributes v0.1.24
[INFO] [stderr]    Compiling typed-builder v0.10.0
[INFO] [stderr]    Compiling darling v0.13.4
[INFO] [stderr]    Compiling serde_with_macros v1.5.2
[INFO] [stderr]    Compiling thiserror v1.0.40
[INFO] [stderr]    Compiling derive_more v0.99.17
[INFO] [stderr]    Compiling derivative v2.2.0
[INFO] [stderr]    Compiling tracing v0.1.37
[INFO] [stderr]    Compiling serde v1.0.160
[INFO] [stderr]    Compiling futures-executor v0.3.28
[INFO] [stderr]    Compiling futures v0.3.28
[INFO] [stderr]    Compiling trust-dns-proto v0.21.2
[INFO] [stderr]    Compiling tokio-rustls v0.23.4
[INFO] [stderr]    Compiling tokio-util v0.7.8
[INFO] [stderr]    Compiling trust-dns-resolver v0.21.2
[INFO] [stderr]    Compiling serde_bytes v0.11.9
[INFO] [stderr]    Compiling uuid v1.3.2
[INFO] [stderr]    Compiling serde_with v1.14.0
[INFO] [stderr]    Compiling bson v2.6.1
[INFO] [stderr]    Compiling mongodb v2.5.0
[INFO] [stderr]    Compiling mongoose v0.1.16 (/opt/rustwide/workdir)
[INFO] [stderr]     Finished dev [unoptimized + debuginfo] target(s) in 1m 49s
[INFO] running `Command { std: "docker" "inspect" "d22cb55af9f337ac2eaed84865da5f154c9a7abd1931c0437ed31ef3a2f59c20", kill_on_drop: false }`
[INFO] running `Command { std: "docker" "rm" "-f" "d22cb55af9f337ac2eaed84865da5f154c9a7abd1931c0437ed31ef3a2f59c20", kill_on_drop: false }`
[INFO] [stdout] d22cb55af9f337ac2eaed84865da5f154c9a7abd1931c0437ed31ef3a2f59c20
[INFO] running `Command { std: "docker" "create" "-v" "/var/lib/crater-agent-workspace/builds/worker-1-tc1/target:/opt/rustwide/target:rw,Z" "-v" "/var/lib/crater-agent-workspace/builds/worker-1-tc1/source:/opt/rustwide/workdir:ro,Z" "-v" "/var/lib/crater-agent-workspace/cargo-home:/opt/rustwide/cargo-home:ro,Z" "-v" "/var/lib/crater-agent-workspace/rustup-home:/opt/rustwide/rustup-home:ro,Z" "-e" "SOURCE_DIR=/opt/rustwide/workdir" "-e" "CARGO_TARGET_DIR=/opt/rustwide/target" "-e" "CARGO_INCREMENTAL=0" "-e" "RUST_BACKTRACE=full" "-e" "RUSTFLAGS=--cap-lints=warn" "-e" "RUSTDOCFLAGS=--cap-lints=warn" "-e" "CARGO_HOME=/opt/rustwide/cargo-home" "-e" "RUSTUP_HOME=/opt/rustwide/rustup-home" "-w" "/opt/rustwide/workdir" "-m" "1610612736" "--user" "0:0" "--network" "none" "ghcr.io/rust-lang/crates-build-env/linux@sha256:5ff2268d62e97bff2cde7d5815dd6ed5b47097566f13b8d0ca110b04b60e07ed" "/opt/rustwide/cargo-home/bin/cargo" "+1.69.0" "test" "--frozen" "--no-run" "--message-format=json", kill_on_drop: false }`
[INFO] [stdout] e396dd624827b2fa2266389108633d9695aa7f283a1e671a31a64b5c33b052e1
[INFO] running `Command { std: "docker" "start" "-a" "e396dd624827b2fa2266389108633d9695aa7f283a1e671a31a64b5c33b052e1", kill_on_drop: false }`
[INFO] [stderr]    Compiling mio v0.8.6
[INFO] [stderr]    Compiling tracing-core v0.1.30
[INFO] [stderr]    Compiling rustls v0.20.8
[INFO] [stderr]    Compiling overload v0.1.1
[INFO] [stderr]    Compiling blake2b_simd v1.0.1
[INFO] [stderr]    Compiling sharded-slab v0.1.4
[INFO] [stderr]    Compiling thread_local v1.1.7
[INFO] [stderr]    Compiling deunicode v0.4.3
[INFO] [stderr]    Compiling nu-ansi-term v0.46.0
[INFO] [stderr]    Compiling slug v0.1.4
[INFO] [stderr]    Compiling md5 v0.7.0
[INFO] [stderr]    Compiling tokio v1.28.0
[INFO] [stderr]    Compiling tracing v0.1.37
[INFO] [stderr]    Compiling tracing-log v0.1.3
[INFO] [stderr]    Compiling rust-argon2 v1.0.0
[INFO] [stderr]    Compiling tracing-subscriber v0.3.17
[INFO] [stderr]    Compiling trust-dns-proto v0.21.2
[INFO] [stderr]    Compiling tokio-util v0.7.8
[INFO] [stderr]    Compiling tokio-rustls v0.23.4
[INFO] [stderr]    Compiling trust-dns-resolver v0.21.2
[INFO] [stderr]    Compiling mongodb v2.5.0
[INFO] [stderr]    Compiling mongoose v0.1.16 (/opt/rustwide/workdir)
[INFO] [stderr]     Finished test [unoptimized + debuginfo] target(s) in 1m 03s
[INFO] running `Command { std: "docker" "inspect" "e396dd624827b2fa2266389108633d9695aa7f283a1e671a31a64b5c33b052e1", kill_on_drop: false }`
[INFO] running `Command { std: "docker" "rm" "-f" "e396dd624827b2fa2266389108633d9695aa7f283a1e671a31a64b5c33b052e1", kill_on_drop: false }`
[INFO] [stdout] e396dd624827b2fa2266389108633d9695aa7f283a1e671a31a64b5c33b052e1
[INFO] running `Command { std: "docker" "create" "-v" "/var/lib/crater-agent-workspace/builds/worker-1-tc1/target:/opt/rustwide/target:rw,Z" "-v" "/var/lib/crater-agent-workspace/builds/worker-1-tc1/source:/opt/rustwide/workdir:ro,Z" "-v" "/var/lib/crater-agent-workspace/cargo-home:/opt/rustwide/cargo-home:ro,Z" "-v" "/var/lib/crater-agent-workspace/rustup-home:/opt/rustwide/rustup-home:ro,Z" "-e" "SOURCE_DIR=/opt/rustwide/workdir" "-e" "CARGO_TARGET_DIR=/opt/rustwide/target" "-e" "CARGO_INCREMENTAL=0" "-e" "RUST_BACKTRACE=full" "-e" "RUSTFLAGS=--cap-lints=warn" "-e" "RUSTDOCFLAGS=--cap-lints=warn" "-e" "CARGO_HOME=/opt/rustwide/cargo-home" "-e" "RUSTUP_HOME=/opt/rustwide/rustup-home" "-w" "/opt/rustwide/workdir" "-m" "1610612736" "--user" "0:0" "--network" "none" "ghcr.io/rust-lang/crates-build-env/linux@sha256:5ff2268d62e97bff2cde7d5815dd6ed5b47097566f13b8d0ca110b04b60e07ed" "/opt/rustwide/cargo-home/bin/cargo" "+1.69.0" "test" "--frozen", kill_on_drop: false }`
[INFO] [stdout] f02acfbbe8067ae47502cdf1207e1fe55f5d44774609a0b48d2a2489866a373a
[INFO] running `Command { std: "docker" "start" "-a" "f02acfbbe8067ae47502cdf1207e1fe55f5d44774609a0b48d2a2489866a373a", kill_on_drop: false }`
[INFO] [stderr]     Finished test [unoptimized + debuginfo] target(s) in 0.31s
[INFO] [stderr]      Running unittests src/lib.rs (/opt/rustwide/target/debug/deps/mongoose-ff8482e5137879f6)
[INFO] [stdout] 
[INFO] [stdout] running 25 tests
[INFO] [stdout] test tests::create_tests::create::create_ttl_indexes ... ignored, run this last, since its so long
[INFO] [stdout] test tests::delete_tests::delete::delete_one ... FAILED
[INFO] [stdout] test tests::delete_tests::delete::bulk_delete ... FAILED
[INFO] [stdout] test tests::create_tests::create::create_one_with_relation ... FAILED
[INFO] [stdout] test tests::read_tests::read::aggregate_arbitrary ... FAILED
[INFO] [stdout] test tests::create_tests::create::bulk_create_with_relation ... FAILED
[INFO] [stdout] test tests::create_tests::create::bulk_insert ... FAILED
[INFO] [stdout] test tests::create_tests::create::create_indexes ... FAILED
[INFO] [stdout] test tests::create_tests::create::create_one ... FAILED
[INFO] [stdout] test tests::read_tests::read::count ... FAILED
[INFO] [stdout] test tests::read_tests::read::match_aggregate ... FAILED
[INFO] [stdout] test tests::read_tests::read::raw_aggregate ... FAILED
[INFO] [stdout] test tests::read_tests::read::join_to_many ... FAILED
[INFO] [stdout] test tests::read_tests::read::read ... FAILED
[INFO] [stdout] test tests::update_tests::update::pull ... FAILED
[INFO] [stdout] test tests::read_tests::read::read_by_id ... FAILED
[INFO] [stdout] test tests::view_tests::views::create_view ... FAILED
[INFO] [stdout] test tests::view_tests::views::read_from_view ... ignored, should wait for view to be created
[INFO] [stdout] test tests::update_tests::update::decrement ... FAILED
[INFO] [stdout] test tests::update_tests::update::increment ... FAILED
[INFO] [stdout] test tests::update_tests::update::push ... FAILED
[INFO] [stdout] test tests::update_tests::update::update_sub_document ... FAILED
[INFO] [stdout] test tests::read_tests::read::in_operator ... FAILED
[INFO] [stdout] test tests::read_tests::read::list ... FAILED
[INFO] [stdout] test tests::read_tests::read::pagination ... FAILED
[INFO] [stdout] 
[INFO] [stdout] failures:
[INFO] [stdout] 
[INFO] [stdout] ---- tests::delete_tests::delete::delete_one stdout ----
[INFO] [stdout] Error: Insert("users")
[INFO] [stdout] 
[INFO] [stdout] ---- tests::delete_tests::delete::bulk_delete stdout ----
[INFO] [stdout] Error: BulkInsert("users")
[INFO] [stdout] 
[INFO] [stdout] ---- tests::create_tests::create::create_one_with_relation stdout ----
[INFO] [stdout] Error: Insert("users")
[INFO] [stdout] 
[INFO] [stdout] ---- tests::read_tests::read::aggregate_arbitrary stdout ----
[INFO] [stdout] Error: Insert("users")
[INFO] [stdout] 
[INFO] [stdout] ---- tests::create_tests::create::bulk_create_with_relation stdout ----
[INFO] [stdout] Error: Insert("users")
[INFO] [stdout] 
[INFO] [stdout] ---- tests::create_tests::create::bulk_insert stdout ----
[INFO] [stdout] Error: BulkInsert("users")
[INFO] [stdout] 
[INFO] [stdout] ---- tests::create_tests::create::create_indexes stdout ----
[INFO] [stdout] Error: CreateIndex("users")
[INFO] [stdout] 
[INFO] [stdout] ---- tests::create_tests::create::create_one stdout ----
[INFO] [stdout] thread 'tests::create_tests::create::create_one' panicked at 'assertion failed: new_user.is_ok()', src/tests/create_tests.rs:14:9
[INFO] [stdout] stack backtrace:
[INFO] [stdout]    0:     0x55a115d822ea - std::backtrace_rs::backtrace::libunwind::trace::ha9053a9a07ca49cb
[INFO] [stdout]                                at /rustc/84c898d65adf2f39a5a98507f1fe0ce10a2b8dbc/library/std/src/../../backtrace/src/backtrace/libunwind.rs:93:5
[INFO] [stdout]    1:     0x55a115d822ea - std::backtrace_rs::backtrace::trace_unsynchronized::h9c2852a457ad564e
[INFO] [stdout]                                at /rustc/84c898d65adf2f39a5a98507f1fe0ce10a2b8dbc/library/std/src/../../backtrace/src/backtrace/mod.rs:66:5
[INFO] [stdout]    2:     0x55a115d822ea - std::sys_common::backtrace::_print_fmt::h457936fbfaa0070f
[INFO] [stdout]                                at /rustc/84c898d65adf2f39a5a98507f1fe0ce10a2b8dbc/library/std/src/sys_common/backtrace.rs:65:5
[INFO] [stdout]    3:     0x55a115d822ea - <std::sys_common::backtrace::_print::DisplayBacktrace as core::fmt::Display>::fmt::h5779d7bf7f70cb0c
[INFO] [stdout]                                at /rustc/84c898d65adf2f39a5a98507f1fe0ce10a2b8dbc/library/std/src/sys_common/backtrace.rs:44:22
[INFO] [stdout]    4:     0x55a115dacb2e - core::fmt::write::h5a4baaff1bcd3eb5
[INFO] [stdout]                                at /rustc/84c898d65adf2f39a5a98507f1fe0ce10a2b8dbc/library/core/src/fmt/mod.rs:1232:17
[INFO] [stdout]    5:     0x55a115d7ed25 - std::io::Write::write_fmt::h478f79c628ef31d1
[INFO] [stdout]                                at /rustc/84c898d65adf2f39a5a98507f1fe0ce10a2b8dbc/library/std/src/io/mod.rs:1684:15
[INFO] [stdout]    6:     0x55a115d820b5 - std::sys_common::backtrace::_print::h5fcdc36060f177e8
[INFO] [stdout]                                at /rustc/84c898d65adf2f39a5a98507f1fe0ce10a2b8dbc/library/std/src/sys_common/backtrace.rs:47:5
[INFO] [stdout]    7:     0x55a115d820b5 - std::sys_common::backtrace::print::h54ca9458b876c8bf
[INFO] [stdout]                                at /rustc/84c898d65adf2f39a5a98507f1fe0ce10a2b8dbc/library/std/src/sys_common/backtrace.rs:34:9
[INFO] [stdout]    8:     0x55a115d83e7f - std::panicking::default_hook::{{closure}}::hbe471161c7664ed6
[INFO] [stdout]                                at /rustc/84c898d65adf2f39a5a98507f1fe0ce10a2b8dbc/library/std/src/panicking.rs:271:22
[INFO] [stdout]    9:     0x55a115d83b3f - std::panicking::default_hook::ha3500da57aa4ac4f
[INFO] [stdout]                                at /rustc/84c898d65adf2f39a5a98507f1fe0ce10a2b8dbc/library/std/src/panicking.rs:287:9
[INFO] [stdout]   10:     0x55a1150d2927 - <alloc::boxed::Box<F,A> as core::ops::function::Fn<Args>>::call::hdf1b89dd137ece34
[INFO] [stdout]                                at /rustc/84c898d65adf2f39a5a98507f1fe0ce10a2b8dbc/library/alloc/src/boxed.rs:2001:9
[INFO] [stdout]   11:     0x55a1150d2927 - test::test_main::{{closure}}::h9081a79f20e75698
[INFO] [stdout]                                at /rustc/84c898d65adf2f39a5a98507f1fe0ce10a2b8dbc/library/test/src/lib.rs:135:21
[INFO] [stdout]   12:     0x55a115d845ad - <alloc::boxed::Box<F,A> as core::ops::function::Fn<Args>>::call::h6507bddc3eebb4a5
[INFO] [stdout]                                at /rustc/84c898d65adf2f39a5a98507f1fe0ce10a2b8dbc/library/alloc/src/boxed.rs:2001:9
[INFO] [stdout]   13:     0x55a115d845ad - std::panicking::rust_panic_with_hook::h50c09d000dc561d2
[INFO] [stdout]                                at /rustc/84c898d65adf2f39a5a98507f1fe0ce10a2b8dbc/library/std/src/panicking.rs:696:13
[INFO] [stdout]   14:     0x55a115d842e2 - std::panicking::begin_panic_handler::{{closure}}::h9e2b2176e00e0d9c
[INFO] [stdout]                                at /rustc/84c898d65adf2f39a5a98507f1fe0ce10a2b8dbc/library/std/src/panicking.rs:581:13
[INFO] [stdout]   15:     0x55a115d82756 - std::sys_common::backtrace::__rust_end_short_backtrace::h5739b8e512c09d02
[INFO] [stdout]                                at /rustc/84c898d65adf2f39a5a98507f1fe0ce10a2b8dbc/library/std/src/sys_common/backtrace.rs:150:18
[INFO] [stdout]   16:     0x55a115d84032 - rust_begin_unwind
[INFO] [stdout]                                at /rustc/84c898d65adf2f39a5a98507f1fe0ce10a2b8dbc/library/std/src/panicking.rs:579:5
[INFO] [stdout]   17:     0x55a114eb14f3 - core::panicking::panic_fmt::hf33a1475b4dc5c3e
[INFO] [stdout]                                at /rustc/84c898d65adf2f39a5a98507f1fe0ce10a2b8dbc/library/core/src/panicking.rs:64:14
[INFO] [stdout]   18:     0x55a114eb158d - core::panicking::panic::h9533b2fee90b999e
[INFO] [stdout]                                at /rustc/84c898d65adf2f39a5a98507f1fe0ce10a2b8dbc/library/core/src/panicking.rs:114:5
[INFO] [stdout]   19:     0x55a11505199f - mongoose::tests::create_tests::create::create_one::{{closure}}::hdd5e311a155a27fb
[INFO] [stdout]                                at /opt/rustwide/workdir/src/tests/create_tests.rs:14:9
[INFO] [stdout]   20:     0x55a1150974ed - <core::pin::Pin<P> as core::future::future::Future>::poll::h916d51ae9777bfbc
[INFO] [stdout]                                at /rustc/84c898d65adf2f39a5a98507f1fe0ce10a2b8dbc/library/core/src/future/future.rs:125:9
[INFO] [stdout]   21:     0x55a11509726a - <core::pin::Pin<P> as core::future::future::Future>::poll::h6cc0fcdb1793a71e
[INFO] [stdout]                                at /rustc/84c898d65adf2f39a5a98507f1fe0ce10a2b8dbc/library/core/src/future/future.rs:125:9
[INFO] [stdout]   22:     0x55a11505f463 - tokio::runtime::scheduler::current_thread::CoreGuard::block_on::{{closure}}::{{closure}}::{{closure}}::hfdbba81d9b989dd9
[INFO] [stdout]                                at /opt/rustwide/cargo-home/registry/src/github.com-1ecc6299db9ec823/tokio-1.28.0/src/runtime/scheduler/current_thread.rs:541:57
[INFO] [stdout]   23:     0x55a11505f37c - tokio::runtime::coop::with_budget::he79dc7375c91bb3e
[INFO] [stdout]                                at /opt/rustwide/cargo-home/registry/src/github.com-1ecc6299db9ec823/tokio-1.28.0/src/runtime/coop.rs:107:5
[INFO] [stdout]   24:     0x55a11505f37c - tokio::runtime::coop::budget::h667c4ddeeb42b984
[INFO] [stdout]                                at /opt/rustwide/cargo-home/registry/src/github.com-1ecc6299db9ec823/tokio-1.28.0/src/runtime/coop.rs:73:5
[INFO] [stdout]   25:     0x55a11505f37c - tokio::runtime::scheduler::current_thread::CoreGuard::block_on::{{closure}}::{{closure}}::h16b3daac1f32e565
[INFO] [stdout]                                at /opt/rustwide/cargo-home/registry/src/github.com-1ecc6299db9ec823/tokio-1.28.0/src/runtime/scheduler/current_thread.rs:541:25
[INFO] [stdout]   26:     0x55a11505da5c - tokio::runtime::scheduler::current_thread::Context::enter::he1b0556adcd138a5
[INFO] [stdout]                                at /opt/rustwide/cargo-home/registry/src/github.com-1ecc6299db9ec823/tokio-1.28.0/src/runtime/scheduler/current_thread.rs:350:19
[INFO] [stdout]   27:     0x55a11505e8ea - tokio::runtime::scheduler::current_thread::CoreGuard::block_on::{{closure}}::h9c769a978f526d97
[INFO] [stdout]                                at /opt/rustwide/cargo-home/registry/src/github.com-1ecc6299db9ec823/tokio-1.28.0/src/runtime/scheduler/current_thread.rs:540:36
[INFO] [stdout]   28:     0x55a11505e592 - tokio::runtime::scheduler::current_thread::CoreGuard::enter::{{closure}}::hb848872ed087ae69
[INFO] [stdout]                                at /opt/rustwide/cargo-home/registry/src/github.com-1ecc6299db9ec823/tokio-1.28.0/src/runtime/scheduler/current_thread.rs:615:57
[INFO] [stdout]   29:     0x55a114fc1fcf - tokio::macros::scoped_tls::ScopedKey<T>::set::h0f59bc08fc402179
[INFO] [stdout]                                at /opt/rustwide/cargo-home/registry/src/github.com-1ecc6299db9ec823/tokio-1.28.0/src/macros/scoped_tls.rs:61:9
[INFO] [stdout]   30:     0x55a11505e32d - tokio::runtime::scheduler::current_thread::CoreGuard::enter::h7895864de0ca3ee7
[INFO] [stdout]                                at /opt/rustwide/cargo-home/registry/src/github.com-1ecc6299db9ec823/tokio-1.28.0/src/runtime/scheduler/current_thread.rs:615:27
[INFO] [stdout]   31:     0x55a11505e5d2 - tokio::runtime::scheduler::current_thread::CoreGuard::block_on::hc3ba12d499a0b7f7
[INFO] [stdout]                                at /opt/rustwide/cargo-home/registry/src/github.com-1ecc6299db9ec823/tokio-1.28.0/src/runtime/scheduler/current_thread.rs:530:19
[INFO] [stdout]   32:     0x55a11505d39c - tokio::runtime::scheduler::current_thread::CurrentThread::block_on::h243748fb48e81e82
[INFO] [stdout]                                at /opt/rustwide/cargo-home/registry/src/github.com-1ecc6299db9ec823/tokio-1.28.0/src/runtime/scheduler/current_thread.rs:154:24
[INFO] [stdout]   33:     0x55a115096811 - tokio::runtime::runtime::Runtime::block_on::h59074cc3a4b61b65
[INFO] [stdout]                                at /opt/rustwide/cargo-home/registry/src/github.com-1ecc6299db9ec823/tokio-1.28.0/src/runtime/runtime.rs:302:47
[INFO] [stdout]   34:     0x55a11505162d - mongoose::tests::create_tests::create::create_one::h565e464f18dfe8e6
[INFO] [stdout]                                at /opt/rustwide/workdir/src/tests/create_tests.rs:15:9
[INFO] [stdout]   35:     0x55a11505148c - mongoose::tests::create_tests::create::create_one::{{closure}}::hc8d0b8728ce90d0f
[INFO] [stdout]                                at /opt/rustwide/workdir/src/tests/create_tests.rs:12:30
[INFO] [stdout]   36:     0x55a114fe43c5 - core::ops::function::FnOnce::call_once::h05516a2189a163c3
[INFO] [stdout]                                at /rustc/84c898d65adf2f39a5a98507f1fe0ce10a2b8dbc/library/core/src/ops/function.rs:250:5
[INFO] [stdout]   37:     0x55a1150d7d0f - core::ops::function::FnOnce::call_once::h7d969581be7d0075
[INFO] [stdout]                                at /rustc/84c898d65adf2f39a5a98507f1fe0ce10a2b8dbc/library/core/src/ops/function.rs:250:5
[INFO] [stdout]   38:     0x55a1150d7d0f - test::__rust_begin_short_backtrace::hca25a52684e56655
[INFO] [stdout]                                at /rustc/84c898d65adf2f39a5a98507f1fe0ce10a2b8dbc/library/test/src/lib.rs:656:18
[INFO] [stdout]   39:     0x55a1150a932c - test::run_test::{{closure}}::ha8ac744c4af1a4bb
[INFO] [stdout]                                at /rustc/84c898d65adf2f39a5a98507f1fe0ce10a2b8dbc/library/test/src/lib.rs:647:30
[INFO] [stdout]   40:     0x55a1150a932c - core::ops::function::FnOnce::call_once{{vtable.shim}}::h7b411a9ed45bdecf
[INFO] [stdout]                                at /rustc/84c898d65adf2f39a5a98507f1fe0ce10a2b8dbc/library/core/src/ops/function.rs:250:5
[INFO] [stdout]   41:     0x55a1150d6cd6 - <alloc::boxed::Box<F,A> as core::ops::function::FnOnce<Args>>::call_once::hd05328869a8ed200
[INFO] [stdout]                                at /rustc/84c898d65adf2f39a5a98507f1fe0ce10a2b8dbc/library/alloc/src/boxed.rs:1987:9
[INFO] [stdout]   42:     0x55a1150d6cd6 - <core::panic::unwind_safe::AssertUnwindSafe<F> as core::ops::function::FnOnce<()>>::call_once::h0c601ce20bd5b2be
[INFO] [stdout]                                at /rustc/84c898d65adf2f39a5a98507f1fe0ce10a2b8dbc/library/core/src/panic/unwind_safe.rs:271:9
[INFO] [stdout]   43:     0x55a1150d6cd6 - std::panicking::try::do_call::ha4be5c164fe30854
[INFO] [stdout]                                at /rustc/84c898d65adf2f39a5a98507f1fe0ce10a2b8dbc/library/std/src/panicking.rs:487:40
[INFO] [stdout]   44:     0x55a1150d6cd6 - std::panicking::try::h604546f3609af05f
[INFO] [stdout]                                at /rustc/84c898d65adf2f39a5a98507f1fe0ce10a2b8dbc/library/std/src/panicking.rs:451:19
[INFO] [stdout]   45:     0x55a1150d6cd6 - std::panic::catch_unwind::h5bfa8afe44c9c2f9
[INFO] [stdout]                                at /rustc/84c898d65adf2f39a5a98507f1fe0ce10a2b8dbc/library/std/src/panic.rs:140:14
[INFO] [stdout]   46:     0x55a1150d6cd6 - test::run_test_in_process::hd50dee55dd63e6aa
[INFO] [stdout]                                at /rustc/84c898d65adf2f39a5a98507f1fe0ce10a2b8dbc/library/test/src/lib.rs:679:27
[INFO] [stdout]   47:     0x55a1150d6cd6 - test::run_test::run_test_inner::{{closure}}::h4aa0f433aa85cea8
[INFO] [stdout]                                at /rustc/84c898d65adf2f39a5a98507f1fe0ce10a2b8dbc/library/test/src/lib.rs:573:39
[INFO] [stdout]   48:     0x55a1150a39a1 - test::run_test::run_test_inner::{{closure}}::had56431adf24b4d6
[INFO] [stdout]                                at /rustc/84c898d65adf2f39a5a98507f1fe0ce10a2b8dbc/library/test/src/lib.rs:600:37
[INFO] [stdout]   49:     0x55a1150a39a1 - std::sys_common::backtrace::__rust_begin_short_backtrace::ha8d9890e0c73bf13
[INFO] [stdout]                                at /rustc/84c898d65adf2f39a5a98507f1fe0ce10a2b8dbc/library/std/src/sys_common/backtrace.rs:134:18
[INFO] [stdout]   50:     0x55a1150a93bb - std::thread::Builder::spawn_unchecked_::{{closure}}::{{closure}}::h251832bcb4a95327
[INFO] [stdout]                                at /rustc/84c898d65adf2f39a5a98507f1fe0ce10a2b8dbc/library/std/src/thread/mod.rs:560:17
[INFO] [stdout]   51:     0x55a1150a93bb - <core::panic::unwind_safe::AssertUnwindSafe<F> as core::ops::function::FnOnce<()>>::call_once::h8fdff598fa414831
[INFO] [stdout]                                at /rustc/84c898d65adf2f39a5a98507f1fe0ce10a2b8dbc/library/core/src/panic/unwind_safe.rs:271:9
[INFO] [stdout]   52:     0x55a1150a93bb - std::panicking::try::do_call::h455dd2f7764a950f
[INFO] [stdout]                                at /rustc/84c898d65adf2f39a5a98507f1fe0ce10a2b8dbc/library/std/src/panicking.rs:487:40
[INFO] [stdout]   53:     0x55a1150a93bb - std::panicking::try::had6f23b7b73ae72a
[INFO] [stdout]                                at /rustc/84c898d65adf2f39a5a98507f1fe0ce10a2b8dbc/library/std/src/panicking.rs:451:19
[INFO] [stdout]   54:     0x55a1150a93bb - std::panic::catch_unwind::ha6a5ca3915b4dad0
[INFO] [stdout]                                at /rustc/84c898d65adf2f39a5a98507f1fe0ce10a2b8dbc/library/std/src/panic.rs:140:14
[INFO] [stdout]   55:     0x55a1150a93bb - std::thread::Builder::spawn_unchecked_::{{closure}}::h883b72ef75da6231
[INFO] [stdout]                                at /rustc/84c898d65adf2f39a5a98507f1fe0ce10a2b8dbc/library/std/src/thread/mod.rs:559:30
[INFO] [stdout]   56:     0x55a1150a93bb - core::ops::function::FnOnce::call_once{{vtable.shim}}::hb7dff73dc8bd2ccb
[INFO] [stdout]                                at /rustc/84c898d65adf2f39a5a98507f1fe0ce10a2b8dbc/library/core/src/ops/function.rs:250:5
[INFO] [stdout]   57:     0x55a115d88cd3 - <alloc::boxed::Box<F,A> as core::ops::function::FnOnce<Args>>::call_once::h39990b24eedef2ab
[INFO] [stdout]                                at /rustc/84c898d65adf2f39a5a98507f1fe0ce10a2b8dbc/library/alloc/src/boxed.rs:1987:9
[INFO] [stdout]   58:     0x55a115d88cd3 - <alloc::boxed::Box<F,A> as core::ops::function::FnOnce<Args>>::call_once::h01a027258444143b
[INFO] [stdout]                                at /rustc/84c898d65adf2f39a5a98507f1fe0ce10a2b8dbc/library/alloc/src/boxed.rs:1987:9
[INFO] [stdout]   59:     0x55a115d88cd3 - std::sys::unix::thread::Thread::new::thread_start::ha4f1cdd9c25884ba
[INFO] [stdout]                                at /rustc/84c898d65adf2f39a5a98507f1fe0ce10a2b8dbc/library/std/src/sys/unix/thread.rs:108:17
[INFO] [stdout]   60:     0x7f259beb2b43 - <unknown>
[INFO] [stdout]   61:     0x7f259bf43bb4 - __clone
[INFO] [stdout]   62:                0x0 - <unknown>
[INFO] [stdout] 
[INFO] [stdout] ---- tests::read_tests::read::count stdout ----
[INFO] [stdout] Error: Insert("users")
[INFO] [stdout] 
[INFO] [stdout] ---- tests::read_tests::read::match_aggregate stdout ----
[INFO] [stdout] Error: Insert("users")
[INFO] [stdout] 
[INFO] [stdout] ---- tests::read_tests::read::raw_aggregate stdout ----
[INFO] [stdout] Error: Insert("users")
[INFO] [stdout] 
[INFO] [stdout] ---- tests::read_tests::read::join_to_many stdout ----
[INFO] [stdout] Error: Insert("users")
[INFO] [stdout] 
[INFO] [stdout] ---- tests::read_tests::read::read stdout ----
[INFO] [stdout] Error: Insert("users")
[INFO] [stdout] 
[INFO] [stdout] ---- tests::update_tests::update::pull stdout ----
[INFO] [stdout] Error: Insert("users")
[INFO] [stdout] 
[INFO] [stdout] ---- tests::read_tests::read::read_by_id stdout ----
[INFO] [stdout] Error: Insert("users")
[INFO] [stdout] 
[INFO] [stdout] ---- tests::view_tests::views::create_view stdout ----
[INFO] [stdout] Error: CreateIndex("posts")
[INFO] [stdout] 
[INFO] [stdout] ---- tests::update_tests::update::decrement stdout ----
[INFO] [stdout] Error: Insert("users")
[INFO] [stdout] 
[INFO] [stdout] ---- tests::update_tests::update::increment stdout ----
[INFO] [stdout] Error: Insert("users")
[INFO] [stdout] 
[INFO] [stdout] ---- tests::update_tests::update::push stdout ----
[INFO] [stdout] Error: Insert("users")
[INFO] [stdout] 
[INFO] [stdout] ---- tests::update_tests::update::update_sub_document stdout ----
[INFO] [stdout] Error: Insert("users")
[INFO] [stdout] 
[INFO] [stdout] ---- tests::read_tests::read::in_operator stdout ----
[INFO] [stdout] Error: BulkInsert("users")
[INFO] [stdout] 
[INFO] [stdout] ---- tests::read_tests::read::list stdout ----
[INFO] [stdout] Error: BulkInsert("users")
[INFO] [stdout] 
[INFO] [stdout] ---- tests::read_tests::read::pagination stdout ----
[INFO] [stdout] Error: BulkInsert("users")
[INFO] [stdout] 
[INFO] [stdout] 
[INFO] [stdout] failures:
[INFO] [stdout]     tests::create_tests::create::bulk_create_with_relation
[INFO] [stdout]     tests::create_tests::create::bulk_insert
[INFO] [stdout]     tests::create_tests::create::create_indexes
[INFO] [stdout]     tests::create_tests::create::create_one
[INFO] [stdout]     tests::create_tests::create::create_one_with_relation
[INFO] [stdout]     tests::delete_tests::delete::bulk_delete
[INFO] [stdout]     tests::delete_tests::delete::delete_one
[INFO] [stdout]     tests::read_tests::read::aggregate_arbitrary
[INFO] [stdout]     tests::read_tests::read::count
[INFO] [stdout]     tests::read_tests::read::in_operator
[INFO] [stdout]     tests::read_tests::read::join_to_many
[INFO] [stdout]     tests::read_tests::read::list
[INFO] [stdout]     tests::read_tests::read::match_aggregate
[INFO] [stdout]     tests::read_tests::read::pagination
[INFO] [stdout]     tests::read_tests::read::raw_aggregate
[INFO] [stdout]     tests::read_tests::read::read
[INFO] [stdout]     tests::read_tests::read::read_by_id
[INFO] [stdout]     tests::update_tests::update::decrement
[INFO] [stdout]     tests::update_tests::update::increment
[INFO] [stdout]     tests::update_tests::update::pull
[INFO] [stdout]     tests::update_tests::update::push
[INFO] [stdout]     tests::update_tests::update::update_sub_document
[INFO] [stdout]     tests::view_tests::views::create_view
[INFO] [stdout] 
[INFO] [stdout] test result: FAILED. 0 passed; 23 failed; 2 ignored; 0 measured; 0 filtered out; finished in 36.71s
[INFO] [stdout] 
[INFO] [stderr] error: test failed, to rerun pass `--lib`
[INFO] running `Command { std: "docker" "inspect" "f02acfbbe8067ae47502cdf1207e1fe55f5d44774609a0b48d2a2489866a373a", kill_on_drop: false }`
[INFO] running `Command { std: "docker" "rm" "-f" "f02acfbbe8067ae47502cdf1207e1fe55f5d44774609a0b48d2a2489866a373a", kill_on_drop: false }`
[INFO] [stdout] f02acfbbe8067ae47502cdf1207e1fe55f5d44774609a0b48d2a2489866a373a
