[INFO] fetching crate mongodb-macro 1.0.3...
[INFO] testing mongodb-macro-1.0.3 against 1.69.0 for beta-1.70-1
[INFO] extracting crate mongodb-macro 1.0.3 into /workspace/builds/worker-2-tc1/source
[INFO] validating manifest of crates.io crate mongodb-macro 1.0.3 on toolchain 1.69.0
[INFO] running `Command { std: CARGO_HOME="/workspace/cargo-home" RUSTUP_HOME="/workspace/rustup-home" "/workspace/cargo-home/bin/cargo" "+1.69.0" "metadata" "--manifest-path" "Cargo.toml" "--no-deps", kill_on_drop: false }`
[INFO] started tweaking crates.io crate mongodb-macro 1.0.3
[INFO] finished tweaking crates.io crate mongodb-macro 1.0.3
[INFO] tweaked toml for crates.io crate mongodb-macro 1.0.3 written to /workspace/builds/worker-2-tc1/source/Cargo.toml
[INFO] running `Command { std: CARGO_HOME="/workspace/cargo-home" RUSTUP_HOME="/workspace/rustup-home" __CARGO_TEST_CHANNEL_OVERRIDE_DO_NOT_USE_THIS="nightly" "/workspace/cargo-home/bin/cargo" "+1.69.0" "generate-lockfile" "--manifest-path" "Cargo.toml" "-Zno-index-update", kill_on_drop: false }`
[INFO] running `Command { std: CARGO_HOME="/workspace/cargo-home" RUSTUP_HOME="/workspace/rustup-home" "/workspace/cargo-home/bin/cargo" "+1.69.0" "fetch" "--manifest-path" "Cargo.toml", kill_on_drop: false }`
[INFO] [stderr]  Downloading crates ...
[INFO] [stderr]   Downloaded envmnt v0.10.4
[INFO] running `Command { std: "docker" "create" "-v" "/var/lib/crater-agent-workspace/builds/worker-2-tc1/target:/opt/rustwide/target:rw,Z" "-v" "/var/lib/crater-agent-workspace/builds/worker-2-tc1/source:/opt/rustwide/workdir:ro,Z" "-v" "/var/lib/crater-agent-workspace/cargo-home:/opt/rustwide/cargo-home:ro,Z" "-v" "/var/lib/crater-agent-workspace/rustup-home:/opt/rustwide/rustup-home:ro,Z" "-e" "SOURCE_DIR=/opt/rustwide/workdir" "-e" "CARGO_TARGET_DIR=/opt/rustwide/target" "-e" "CARGO_HOME=/opt/rustwide/cargo-home" "-e" "RUSTUP_HOME=/opt/rustwide/rustup-home" "-w" "/opt/rustwide/workdir" "-m" "1610612736" "--user" "0:0" "--network" "none" "ghcr.io/rust-lang/crates-build-env/linux@sha256:5ff2268d62e97bff2cde7d5815dd6ed5b47097566f13b8d0ca110b04b60e07ed" "/opt/rustwide/cargo-home/bin/cargo" "+1.69.0" "metadata" "--no-deps" "--format-version=1", kill_on_drop: false }`
[INFO] [stdout] 19361422a992710f0543dd61d21c737dba444d7f2f698f633cf6fa62cc07ae5d
[INFO] running `Command { std: "docker" "start" "-a" "19361422a992710f0543dd61d21c737dba444d7f2f698f633cf6fa62cc07ae5d", kill_on_drop: false }`
[INFO] running `Command { std: "docker" "inspect" "19361422a992710f0543dd61d21c737dba444d7f2f698f633cf6fa62cc07ae5d", kill_on_drop: false }`
[INFO] running `Command { std: "docker" "rm" "-f" "19361422a992710f0543dd61d21c737dba444d7f2f698f633cf6fa62cc07ae5d", kill_on_drop: false }`
[INFO] [stdout] 19361422a992710f0543dd61d21c737dba444d7f2f698f633cf6fa62cc07ae5d
[INFO] running `Command { std: "docker" "create" "-v" "/var/lib/crater-agent-workspace/builds/worker-2-tc1/target:/opt/rustwide/target:rw,Z" "-v" "/var/lib/crater-agent-workspace/builds/worker-2-tc1/source:/opt/rustwide/workdir:ro,Z" "-v" "/var/lib/crater-agent-workspace/cargo-home:/opt/rustwide/cargo-home:ro,Z" "-v" "/var/lib/crater-agent-workspace/rustup-home:/opt/rustwide/rustup-home:ro,Z" "-e" "SOURCE_DIR=/opt/rustwide/workdir" "-e" "CARGO_TARGET_DIR=/opt/rustwide/target" "-e" "CARGO_INCREMENTAL=0" "-e" "RUST_BACKTRACE=full" "-e" "RUSTFLAGS=--cap-lints=warn" "-e" "RUSTDOCFLAGS=--cap-lints=warn" "-e" "CARGO_HOME=/opt/rustwide/cargo-home" "-e" "RUSTUP_HOME=/opt/rustwide/rustup-home" "-w" "/opt/rustwide/workdir" "-m" "1610612736" "--user" "0:0" "--network" "none" "ghcr.io/rust-lang/crates-build-env/linux@sha256:5ff2268d62e97bff2cde7d5815dd6ed5b47097566f13b8d0ca110b04b60e07ed" "/opt/rustwide/cargo-home/bin/cargo" "+1.69.0" "build" "--frozen" "--message-format=json", kill_on_drop: false }`
[INFO] [stdout] 3db78d49cf14a63ac1038450f1fd03981ee94c96d7cc005b008fcc966228fe6a
[INFO] running `Command { std: "docker" "start" "-a" "3db78d49cf14a63ac1038450f1fd03981ee94c96d7cc005b008fcc966228fe6a", kill_on_drop: false }`
[INFO] [stderr]    Compiling fsio v0.4.0
[INFO] [stderr]    Compiling envmnt v0.10.4
[INFO] [stderr]    Compiling mongodb-macro v1.0.3 (/opt/rustwide/workdir)
[INFO] [stderr]     Finished dev [unoptimized + debuginfo] target(s) in 0.60s
[INFO] running `Command { std: "docker" "inspect" "3db78d49cf14a63ac1038450f1fd03981ee94c96d7cc005b008fcc966228fe6a", kill_on_drop: false }`
[INFO] running `Command { std: "docker" "rm" "-f" "3db78d49cf14a63ac1038450f1fd03981ee94c96d7cc005b008fcc966228fe6a", kill_on_drop: false }`
[INFO] [stdout] 3db78d49cf14a63ac1038450f1fd03981ee94c96d7cc005b008fcc966228fe6a
[INFO] running `Command { std: "docker" "create" "-v" "/var/lib/crater-agent-workspace/builds/worker-2-tc1/target:/opt/rustwide/target:rw,Z" "-v" "/var/lib/crater-agent-workspace/builds/worker-2-tc1/source:/opt/rustwide/workdir:ro,Z" "-v" "/var/lib/crater-agent-workspace/cargo-home:/opt/rustwide/cargo-home:ro,Z" "-v" "/var/lib/crater-agent-workspace/rustup-home:/opt/rustwide/rustup-home:ro,Z" "-e" "SOURCE_DIR=/opt/rustwide/workdir" "-e" "CARGO_TARGET_DIR=/opt/rustwide/target" "-e" "CARGO_INCREMENTAL=0" "-e" "RUST_BACKTRACE=full" "-e" "RUSTFLAGS=--cap-lints=warn" "-e" "RUSTDOCFLAGS=--cap-lints=warn" "-e" "CARGO_HOME=/opt/rustwide/cargo-home" "-e" "RUSTUP_HOME=/opt/rustwide/rustup-home" "-w" "/opt/rustwide/workdir" "-m" "1610612736" "--user" "0:0" "--network" "none" "ghcr.io/rust-lang/crates-build-env/linux@sha256:5ff2268d62e97bff2cde7d5815dd6ed5b47097566f13b8d0ca110b04b60e07ed" "/opt/rustwide/cargo-home/bin/cargo" "+1.69.0" "test" "--frozen" "--no-run" "--message-format=json", kill_on_drop: false }`
[INFO] [stdout] b0e9473dc7b71f85832b4e5e8bb298718b5aa8f108250ffd5eec9368972caa59
[INFO] running `Command { std: "docker" "start" "-a" "b0e9473dc7b71f85832b4e5e8bb298718b5aa8f108250ffd5eec9368972caa59", kill_on_drop: false }`
[INFO] [stderr]    Compiling syn v1.0.109
[INFO] [stderr]    Compiling futures-core v0.3.28
[INFO] [stderr]    Compiling tinyvec_macros v0.1.1
[INFO] [stderr]    Compiling pin-project-lite v0.2.9
[INFO] [stderr]    Compiling generic-array v0.14.7
[INFO] [stderr]    Compiling ring v0.16.20
[INFO] [stderr]    Compiling tokio v1.28.0
[INFO] [stderr]    Compiling slab v0.4.8
[INFO] [stderr]    Compiling spin v0.5.2
[INFO] [stderr]    Compiling unicode-bidi v0.3.13
[INFO] [stderr]    Compiling syn v2.0.15
[INFO] [stderr]    Compiling getrandom v0.2.9
[INFO] [stderr]    Compiling untrusted v0.7.1
[INFO] [stderr]    Compiling io-lifetimes v1.0.10
[INFO] [stderr]    Compiling futures-task v0.3.28
[INFO] [stderr]    Compiling mio v0.8.6
[INFO] [stderr]    Compiling tinyvec v1.6.0
[INFO] [stderr]    Compiling num_cpus v1.15.0
[INFO] [stderr]    Compiling indexmap v1.9.3
[INFO] [stderr]    Compiling signal-hook-registry v1.4.1
[INFO] [stderr]    Compiling socket2 v0.4.9
[INFO] [stderr]    Compiling rand_core v0.6.4
[INFO] [stderr]    Compiling ppv-lite86 v0.2.17
[INFO] [stderr]    Compiling fnv v1.0.7
[INFO] [stderr]    Compiling semver-parser v0.7.0
[INFO] [stderr]    Compiling futures-util v0.3.28
[INFO] [stderr]    Compiling rustix v0.37.18
[INFO] [stderr]    Compiling bytes v1.4.0
[INFO] [stderr]    Compiling ident_case v1.0.1
[INFO] [stderr]    Compiling futures-io v0.3.28
[INFO] [stderr]    Compiling rand_chacha v0.3.1
[INFO] [stderr]    Compiling semver v0.9.0
[INFO] [stderr]    Compiling num-traits v0.2.15
[INFO] [stderr]    Compiling async-trait v0.1.68
[INFO] [stderr]    Compiling block-buffer v0.10.4
[INFO] [stderr]    Compiling crypto-common v0.1.6
[INFO] [stderr]    Compiling unicode-normalization v0.1.22
[INFO] [stderr]    Compiling percent-encoding v2.2.0
[INFO] [stderr]    Compiling radium v0.7.0
[INFO] [stderr]    Compiling parking_lot_core v0.9.7
[INFO] [stderr]    Compiling digest v0.10.6
[INFO] [stderr]    Compiling futures-channel v0.3.28
[INFO] [stderr]    Compiling form_urlencoded v1.1.0
[INFO] [stderr]    Compiling rand v0.8.5
[INFO] [stderr]    Compiling rustc_version v0.2.3
[INFO] [stderr]    Compiling ahash v0.7.6
[INFO] [stderr]    Compiling num-integer v0.1.45
[INFO] [stderr]    Compiling utf8parse v0.2.1
[INFO] [stderr]    Compiling serde_json v1.0.96
[INFO] [stderr]    Compiling matches v0.1.10
[INFO] [stderr]    Compiling rustls v0.20.8
[INFO] [stderr]    Compiling time-core v0.1.0
[INFO] [stderr]    Compiling tap v1.0.1
[INFO] [stderr]    Compiling idna v0.3.0
[INFO] [stderr]    Compiling match_cfg v0.1.0
[INFO] [stderr]    Compiling time-macros v0.2.8
[INFO] [stderr]    Compiling hostname v0.3.1
[INFO] [stderr]    Compiling wyz v0.5.1
[INFO] [stderr]    Compiling rustc_version_runtime v0.2.1
[INFO] [stderr]    Compiling idna v0.2.3
[INFO] [stderr]    Compiling anstyle-parse v0.2.0
[INFO] [stderr]    Compiling cpufeatures v0.2.7
[INFO] [stderr]    Compiling quick-error v1.2.3
[INFO] [stderr]    Compiling linked-hash-map v0.5.6
[INFO] [stderr]    Compiling anstyle v1.0.0
[INFO] [stderr]    Compiling ipnet v2.7.2
[INFO] [stderr]    Compiling url v2.3.1
[INFO] [stderr]    Compiling funty v2.0.0
[INFO] [stderr]    Compiling colorchoice v1.0.0
[INFO] [stderr]    Compiling anstyle-query v1.0.0
[INFO] [stderr]    Compiling data-encoding v2.3.3
[INFO] [stderr]    Compiling lru-cache v0.1.2
[INFO] [stderr]    Compiling is-terminal v0.4.7
[INFO] [stderr]    Compiling anstream v0.3.1
[INFO] [stderr]    Compiling resolv-conf v0.7.0
[INFO] [stderr]    Compiling parking_lot v0.12.1
[INFO] [stderr]    Compiling futures-sink v0.3.28
[INFO] [stderr]    Compiling base64 v0.21.0
[INFO] [stderr]    Compiling clap_lex v0.4.1
[INFO] [stderr]    Compiling iana-time-zone v0.1.56
[INFO] [stderr]    Compiling bitvec v1.0.1
[INFO] [stderr]    Compiling base64 v0.13.1
[INFO] [stderr]    Compiling hex v0.4.3
[INFO] [stderr]    Compiling rustls-pemfile v1.0.2
[INFO] [stderr]    Compiling clap_builder v4.2.5
[INFO] [stderr]    Compiling envmnt v0.10.4
[INFO] [stderr]    Compiling sha-1 v0.10.1
[INFO] [stderr]    Compiling sha2 v0.10.6
[INFO] [stderr]    Compiling chrono v0.4.24
[INFO] [stderr]    Compiling stringprep v0.1.2
[INFO] [stderr]    Compiling md-5 v0.10.5
[INFO] [stderr]    Compiling pbkdf2 v0.11.0
[INFO] [stderr]    Compiling hmac v0.12.1
[INFO] [stderr]    Compiling take_mut v0.2.2
[INFO] [stderr]    Compiling mongodb-macro v1.0.3 (/opt/rustwide/workdir)
[INFO] [stderr]    Compiling time v0.3.20
[INFO] [stderr]    Compiling webpki v0.22.0
[INFO] [stderr]    Compiling sct v0.7.0
[INFO] [stderr]    Compiling webpki-roots v0.22.6
[INFO] [stderr]    Compiling darling_core v0.13.4
[INFO] [stderr]    Compiling serde_derive v1.0.160
[INFO] [stderr]    Compiling tokio-macros v2.1.0
[INFO] [stderr]    Compiling futures-macro v0.3.28
[INFO] [stderr]    Compiling thiserror-impl v1.0.40
[INFO] [stderr]    Compiling clap_derive v4.2.0
[INFO] [stderr]    Compiling enum-as-inner v0.4.0
[INFO] [stderr]    Compiling derive_more v0.99.17
[INFO] [stderr]    Compiling typed-builder v0.10.0
[INFO] [stderr]    Compiling derivative v2.2.0
[INFO] [stderr]    Compiling thiserror v1.0.40
[INFO] [stderr]    Compiling darling_macro v0.13.4
[INFO] [stderr]    Compiling clap v4.2.5
[INFO] [stderr]    Compiling darling v0.13.4
[INFO] [stderr]    Compiling serde_with_macros v1.5.2
[INFO] [stderr]    Compiling serde v1.0.160
[INFO] [stderr]    Compiling futures-executor v0.3.28
[INFO] [stderr]    Compiling trust-dns-proto v0.21.2
[INFO] [stderr]    Compiling tokio-rustls v0.23.4
[INFO] [stderr]    Compiling tokio-util v0.7.8
[INFO] [stderr]    Compiling serde_bytes v0.11.9
[INFO] [stderr]    Compiling uuid v1.3.2
[INFO] [stderr]    Compiling serde_with v1.14.0
[INFO] [stderr]    Compiling trust-dns-resolver v0.21.2
[INFO] [stderr]    Compiling bson v2.6.1
[INFO] [stderr]    Compiling mongodb v2.5.0
[INFO] [stderr]     Finished test [unoptimized + debuginfo] target(s) in 43.01s
[INFO] running `Command { std: "docker" "inspect" "b0e9473dc7b71f85832b4e5e8bb298718b5aa8f108250ffd5eec9368972caa59", kill_on_drop: false }`
[INFO] running `Command { std: "docker" "rm" "-f" "b0e9473dc7b71f85832b4e5e8bb298718b5aa8f108250ffd5eec9368972caa59", kill_on_drop: false }`
[INFO] [stdout] b0e9473dc7b71f85832b4e5e8bb298718b5aa8f108250ffd5eec9368972caa59
[INFO] running `Command { std: "docker" "create" "-v" "/var/lib/crater-agent-workspace/builds/worker-2-tc1/target:/opt/rustwide/target:rw,Z" "-v" "/var/lib/crater-agent-workspace/builds/worker-2-tc1/source:/opt/rustwide/workdir:ro,Z" "-v" "/var/lib/crater-agent-workspace/cargo-home:/opt/rustwide/cargo-home:ro,Z" "-v" "/var/lib/crater-agent-workspace/rustup-home:/opt/rustwide/rustup-home:ro,Z" "-e" "SOURCE_DIR=/opt/rustwide/workdir" "-e" "CARGO_TARGET_DIR=/opt/rustwide/target" "-e" "CARGO_INCREMENTAL=0" "-e" "RUST_BACKTRACE=full" "-e" "RUSTFLAGS=--cap-lints=warn" "-e" "RUSTDOCFLAGS=--cap-lints=warn" "-e" "CARGO_HOME=/opt/rustwide/cargo-home" "-e" "RUSTUP_HOME=/opt/rustwide/rustup-home" "-w" "/opt/rustwide/workdir" "-m" "1610612736" "--user" "0:0" "--network" "none" "ghcr.io/rust-lang/crates-build-env/linux@sha256:5ff2268d62e97bff2cde7d5815dd6ed5b47097566f13b8d0ca110b04b60e07ed" "/opt/rustwide/cargo-home/bin/cargo" "+1.69.0" "test" "--frozen", kill_on_drop: false }`
[INFO] [stdout] 60624a73d213212f428b986d48752ce5ab43b6310bd0acb27d0cd18b9f8b75c1
[INFO] running `Command { std: "docker" "start" "-a" "60624a73d213212f428b986d48752ce5ab43b6310bd0acb27d0cd18b9f8b75c1", kill_on_drop: false }`
[INFO] [stderr]     Finished test [unoptimized + debuginfo] target(s) in 0.28s
[INFO] [stderr]      Running unittests src/lib.rs (/opt/rustwide/target/debug/deps/mongodb_macro-b0efecbb9c7d9410)
[INFO] [stdout] 
[INFO] [stdout] running 0 tests
[INFO] [stdout] 
[INFO] [stdout] test result: ok. 0 passed; 0 failed; 0 ignored; 0 measured; 0 filtered out; finished in 0.00s
[INFO] [stdout] 
[INFO] [stderr]    Doc-tests mongodb-macro
[INFO] [stdout] 
[INFO] [stdout] running 20 tests
[INFO] [stdout] test src/database.rs - database::database_config (line 20) ... FAILED
[INFO] [stdout] test src/client.rs - client::client_config (line 7) ... FAILED
[INFO] [stdout] test src/collection.rs - collection::collection (line 44) ... FAILED
[INFO] [stdout] test src/collection.rs - collection::collection_config (line 7) ... FAILED
[INFO] [stdout] test src/client.rs - client::client_config (line 19) ... FAILED
[INFO] [stdout] test src/database.rs - database::database (line 53) ... FAILED
[INFO] [stdout] test src/lib.rs - (line 45) - compile ... FAILED
[INFO] [stdout] test src/collection.rs - collection::collection_config (line 21) ... FAILED
[INFO] [stdout] test src/lib.rs - (line 19) - compile ... FAILED
[INFO] [stdout] test src/client.rs - client::client (line 61) ... FAILED
[INFO] [stdout] test src/database.rs - database::database (line 68) ... FAILED
[INFO] [stdout] test src/database.rs - database::database_config (line 7) ... FAILED
[INFO] [stdout] test src/client.rs - client::client (line 47) ... FAILED
[INFO] [stdout] test src/collection.rs - collection::collection (line 76) ... FAILED
[INFO] [stdout] test src/lib.rs - (line 69) - compile ... FAILED
[INFO] [stdout] test src/opts.rs - opts::config (line 21) ... FAILED
[INFO] [stdout] test src/collection.rs - collection::collection (line 60) ... FAILED
[INFO] [stdout] test src/lib.rs - (line 93) - compile ... FAILED
[INFO] [stdout] test src/opts.rs - opts::config (line 35) ... FAILED
[INFO] [stdout] test src/opts.rs - opts::config (line 5) ... FAILED
[INFO] [stdout] 
[INFO] [stdout] failures:
[INFO] [stdout] 
[INFO] [stdout] ---- src/database.rs - database::database_config (line 20) stdout ----
[INFO] [stdout] error[E0599]: no function or associated item named `parse` found for struct `Opts` in the current scope
[INFO] [stdout]  --> src/database.rs:27:22
[INFO] [stdout]   |
[INFO] [stdout] 3 | mongodb_macro::database_config!(Opts; ("MONGO_DB_URL", "MONGO_DB_NAME"));
[INFO] [stdout]   | ------------------------------------------------------------------------ function or associated item `parse` not found for this struct
[INFO] [stdout] ...
[INFO] [stdout] 9 |     let opts = Opts::parse();
[INFO] [stdout]   |                      ^^^^^ function or associated item not found in `Opts`
[INFO] [stdout]   |
[INFO] [stdout]   = help: items from traits can only be used if the trait is in scope
[INFO] [stdout] help: the following trait is implemented but not in scope; perhaps add a `use` for it:
[INFO] [stdout]   |
[INFO] [stdout] 2 | use clap::Parser;
[INFO] [stdout]   |
[INFO] [stdout] 
[INFO] [stdout] error: aborting due to previous error
[INFO] [stdout] 
[INFO] [stdout] For more information about this error, try `rustc --explain E0599`.
[INFO] [stdout] Couldn't compile the test.
[INFO] [stdout] ---- src/client.rs - client::client_config (line 7) stdout ----
[INFO] [stdout] error[E0599]: no function or associated item named `parse` found for struct `Opts` in the current scope
[INFO] [stdout]  --> src/client.rs:13:22
[INFO] [stdout]   |
[INFO] [stdout] 3 | mongodb_macro::client_config!(Opts);
[INFO] [stdout]   | ----------------------------------- function or associated item `parse` not found for this struct
[INFO] [stdout] ...
[INFO] [stdout] 8 |     let opts = Opts::parse();
[INFO] [stdout]   |                      ^^^^^ function or associated item not found in `Opts`
[INFO] [stdout]   |
[INFO] [stdout]   = help: items from traits can only be used if the trait is in scope
[INFO] [stdout] help: the following trait is implemented but not in scope; perhaps add a `use` for it:
[INFO] [stdout]   |
[INFO] [stdout] 2 | use clap::Parser;
[INFO] [stdout]   |
[INFO] [stdout] 
[INFO] [stdout] error: aborting due to previous error
[INFO] [stdout] 
[INFO] [stdout] For more information about this error, try `rustc --explain E0599`.
[INFO] [stdout] Couldn't compile the test.
[INFO] [stdout] ---- src/collection.rs - collection::collection (line 44) stdout ----
[INFO] [stdout] error[E0599]: no function or associated item named `parse` found for struct `CollectionFactoryOpts` in the current scope
[INFO] [stdout]  --> src/collection.rs:45:1
[INFO] [stdout]   |
[INFO] [stdout] 3 | mongodb_macro::collection!(CollectionFactory; CollectionFactoryOpts);
[INFO] [stdout]   | ^^^^^^^^^^^^^^^^^^^^^^^^^^^^^^^^^^^^^^^^^^^^^^^^^^^^^^^^^^^^^^^^^^^^
[INFO] [stdout]   | |
[INFO] [stdout]   | function or associated item `parse` not found for this struct
[INFO] [stdout]   | function or associated item not found in `CollectionFactoryOpts`
[INFO] [stdout]   |
[INFO] [stdout]   = help: items from traits can only be used if the trait is in scope
[INFO] [stdout]   = note: this error originates in the macro `$crate::collection` which comes from the expansion of the macro `mongodb_macro::collection` (in Nightly builds, run with -Z macro-backtrace for more info)
[INFO] [stdout] help: the following trait is implemented but not in scope; perhaps add a `use` for it:
[INFO] [stdout]   |
[INFO] [stdout] 2 | use clap::Parser;
[INFO] [stdout]   |
[INFO] [stdout] 
[INFO] [stdout] error: aborting due to previous error
[INFO] [stdout] 
[INFO] [stdout] For more information about this error, try `rustc --explain E0599`.
[INFO] [stdout] Couldn't compile the test.
[INFO] [stdout] ---- src/collection.rs - collection::collection_config (line 7) stdout ----
[INFO] [stdout] error[E0599]: no function or associated item named `parse` found for struct `Opts` in the current scope
[INFO] [stdout]   --> src/collection.rs:15:22
[INFO] [stdout]    |
[INFO] [stdout] 3  | mongodb_macro::collection_config!(Opts);
[INFO] [stdout]    | --------------------------------------- function or associated item `parse` not found for this struct
[INFO] [stdout] ...
[INFO] [stdout] 10 |     let opts = Opts::parse();
[INFO] [stdout]    |                      ^^^^^ function or associated item not found in `Opts`
[INFO] [stdout]    |
[INFO] [stdout]    = help: items from traits can only be used if the trait is in scope
[INFO] [stdout] help: the following trait is implemented but not in scope; perhaps add a `use` for it:
[INFO] [stdout]    |
[INFO] [stdout] 2  | use clap::Parser;
[INFO] [stdout]    |
[INFO] [stdout] 
[INFO] [stdout] error: aborting due to previous error
[INFO] [stdout] 
[INFO] [stdout] For more information about this error, try `rustc --explain E0599`.
[INFO] [stdout] Couldn't compile the test.
[INFO] [stdout] ---- src/client.rs - client::client_config (line 19) stdout ----
[INFO] [stdout] error[E0599]: no function or associated item named `parse` found for struct `Opts` in the current scope
[INFO] [stdout]  --> src/client.rs:25:22
[INFO] [stdout]   |
[INFO] [stdout] 3 | mongodb_macro::client_config!(Opts; "MONGO_DB_URL");
[INFO] [stdout]   | --------------------------------------------------- function or associated item `parse` not found for this struct
[INFO] [stdout] ...
[INFO] [stdout] 8 |     let opts = Opts::parse();
[INFO] [stdout]   |                      ^^^^^ function or associated item not found in `Opts`
[INFO] [stdout]   |
[INFO] [stdout]   = help: items from traits can only be used if the trait is in scope
[INFO] [stdout] help: the following trait is implemented but not in scope; perhaps add a `use` for it:
[INFO] [stdout]   |
[INFO] [stdout] 2 | use clap::Parser;
[INFO] [stdout]   |
[INFO] [stdout] 
[INFO] [stdout] error: aborting due to previous error
[INFO] [stdout] 
[INFO] [stdout] For more information about this error, try `rustc --explain E0599`.
[INFO] [stdout] Couldn't compile the test.
[INFO] [stdout] ---- src/database.rs - database::database (line 53) stdout ----
[INFO] [stdout] error[E0599]: no function or associated item named `parse` found for struct `DbFactoryOpts` in the current scope
[INFO] [stdout]  --> src/database.rs:54:1
[INFO] [stdout]   |
[INFO] [stdout] 3 | mongodb_macro::database!(DbFactory; DbFactoryOpts);
[INFO] [stdout]   | ^^^^^^^^^^^^^^^^^^^^^^^^^^^^^^^^^^^^^^^^^^^^^^^^^^
[INFO] [stdout]   | |
[INFO] [stdout]   | function or associated item `parse` not found for this struct
[INFO] [stdout]   | function or associated item not found in `DbFactoryOpts`
[INFO] [stdout]   |
[INFO] [stdout]   = help: items from traits can only be used if the trait is in scope
[INFO] [stdout]   = note: this error originates in the macro `$crate::database` which comes from the expansion of the macro `mongodb_macro::database` (in Nightly builds, run with -Z macro-backtrace for more info)
[INFO] [stdout] help: the following trait is implemented but not in scope; perhaps add a `use` for it:
[INFO] [stdout]   |
[INFO] [stdout] 2 | use clap::Parser;
[INFO] [stdout]   |
[INFO] [stdout] 
[INFO] [stdout] error: aborting due to previous error
[INFO] [stdout] 
[INFO] [stdout] For more information about this error, try `rustc --explain E0599`.
[INFO] [stdout] Couldn't compile the test.
[INFO] [stdout] ---- src/lib.rs - (line 45) stdout ----
[INFO] [stdout] error: unexpected token: `...`
[INFO] [stdout]   --> src/lib.rs:64:5
[INFO] [stdout]    |
[INFO] [stdout] 21 |     ...
[INFO] [stdout]    |     ^^^
[INFO] [stdout]    |
[INFO] [stdout] help: use `..` for an exclusive range
[INFO] [stdout]    |
[INFO] [stdout] 21 |     ..
[INFO] [stdout]    |
[INFO] [stdout] help: or `..=` for an inclusive range
[INFO] [stdout]    |
[INFO] [stdout] 21 |     ..=
[INFO] [stdout]    |
[INFO] [stdout] 
[INFO] [stdout] error[E0586]: inclusive range with no end
[INFO] [stdout]   --> src/lib.rs:64:5
[INFO] [stdout]    |
[INFO] [stdout] 21 |     ...
[INFO] [stdout]    |     ^^^ help: use `..` instead
[INFO] [stdout]    |
[INFO] [stdout]    = note: inclusive ranges must be bounded at the end (`..=b` or `a..=b`)
[INFO] [stdout] 
[INFO] [stdout] error[E0752]: `main` function is not allowed to be `async`
[INFO] [stdout]   --> src/lib.rs:56:1
[INFO] [stdout]    |
[INFO] [stdout] 13 | async fn main() -> std::io::Result<()> {
[INFO] [stdout]    | ^^^^^^^^^^^^^^^^^^^^^^^^^^^^^^^^^^^^^^ `main` function is not allowed to be `async`
[INFO] [stdout] 
[INFO] [stdout] error: aborting due to 3 previous errors
[INFO] [stdout] 
[INFO] [stdout] Some errors have detailed explanations: E0586, E0752.
[INFO] [stdout] For more information about an error, try `rustc --explain E0586`.
[INFO] [stdout] Couldn't compile the test.
[INFO] [stdout] ---- src/collection.rs - collection::collection_config (line 21) stdout ----
[INFO] [stdout] error[E0599]: no function or associated item named `parse` found for struct `Opts` in the current scope
[INFO] [stdout]   --> src/collection.rs:29:22
[INFO] [stdout]    |
[INFO] [stdout] 3  | mongodb_macro::collection_config!(Opts; ("MONGO_DB_URL", "MONGO_DB_NAME", "MONGO_COLLECTION_NAME"));
[INFO] [stdout]    | --------------------------------------------------------------------------------------------------- function or associated item `parse` not found for this struct
[INFO] [stdout] ...
[INFO] [stdout] 10 |     let opts = Opts::parse();
[INFO] [stdout]    |                      ^^^^^ function or associated item not found in `Opts`
[INFO] [stdout]    |
[INFO] [stdout]    = help: items from traits can only be used if the trait is in scope
[INFO] [stdout] help: the following trait is implemented but not in scope; perhaps add a `use` for it:
[INFO] [stdout]    |
[INFO] [stdout] 2  | use clap::Parser;
[INFO] [stdout]    |
[INFO] [stdout] 
[INFO] [stdout] error: aborting due to previous error
[INFO] [stdout] 
[INFO] [stdout] For more information about this error, try `rustc --explain E0599`.
[INFO] [stdout] Couldn't compile the test.
[INFO] [stdout] ---- src/lib.rs - (line 19) stdout ----
[INFO] [stdout] error: unexpected token: `...`
[INFO] [stdout]   --> src/lib.rs:40:5
[INFO] [stdout]    |
[INFO] [stdout] 23 |     ...
[INFO] [stdout]    |     ^^^
[INFO] [stdout]    |
[INFO] [stdout] help: use `..` for an exclusive range
[INFO] [stdout]    |
[INFO] [stdout] 23 |     ..
[INFO] [stdout]    |
[INFO] [stdout] help: or `..=` for an inclusive range
[INFO] [stdout]    |
[INFO] [stdout] 23 |     ..=
[INFO] [stdout]    |
[INFO] [stdout] 
[INFO] [stdout] error[E0586]: inclusive range with no end
[INFO] [stdout]   --> src/lib.rs:40:5
[INFO] [stdout]    |
[INFO] [stdout] 23 |     ...
[INFO] [stdout]    |     ^^^ help: use `..` instead
[INFO] [stdout]    |
[INFO] [stdout]    = note: inclusive ranges must be bounded at the end (`..=b` or `a..=b`)
[INFO] [stdout] 
[INFO] [stdout] error[E0752]: `main` function is not allowed to be `async`
[INFO] [stdout]   --> src/lib.rs:31:1
[INFO] [stdout]    |
[INFO] [stdout] 14 | async fn main() -> std::io::Result<()> {
[INFO] [stdout]    | ^^^^^^^^^^^^^^^^^^^^^^^^^^^^^^^^^^^^^^ `main` function is not allowed to be `async`
[INFO] [stdout] 
[INFO] [stdout] error: aborting due to 3 previous errors
[INFO] [stdout] 
[INFO] [stdout] Some errors have detailed explanations: E0586, E0752.
[INFO] [stdout] For more information about an error, try `rustc --explain E0586`.
[INFO] [stdout] Couldn't compile the test.
[INFO] [stdout] ---- src/client.rs - client::client (line 61) stdout ----
[INFO] [stdout] error[E0599]: no function or associated item named `parse` found for struct `ClientFactoryOpts` in the current scope
[INFO] [stdout]  --> src/client.rs:62:1
[INFO] [stdout]   |
[INFO] [stdout] 3 | mongodb_macro::client!(ClientFactory; ClientFactoryOpts; "MONGO_DB_URL");
[INFO] [stdout]   | ^^^^^^^^^^^^^^^^^^^^^^^^^^^^^^^^^^^^^^^^^^^^^^^^^^^^^^^^^^^^^^^^^^^^^^^^
[INFO] [stdout]   | |
[INFO] [stdout]   | function or associated item `parse` not found for this struct
[INFO] [stdout]   | function or associated item not found in `ClientFactoryOpts`
[INFO] [stdout]   |
[INFO] [stdout]   = help: items from traits can only be used if the trait is in scope
[INFO] [stdout]   = note: this error originates in the macro `mongodb_macro::client` (in Nightly builds, run with -Z macro-backtrace for more info)
[INFO] [stdout] help: the following trait is implemented but not in scope; perhaps add a `use` for it:
[INFO] [stdout]   |
[INFO] [stdout] 2 | use clap::Parser;
[INFO] [stdout]   |
[INFO] [stdout] 
[INFO] [stdout] error: aborting due to previous error
[INFO] [stdout] 
[INFO] [stdout] For more information about this error, try `rustc --explain E0599`.
[INFO] [stdout] Couldn't compile the test.
[INFO] [stdout] ---- src/database.rs - database::database (line 68) stdout ----
[INFO] [stdout] error[E0599]: no function or associated item named `parse` found for struct `DbFactoryOpts` in the current scope
[INFO] [stdout]  --> src/database.rs:69:1
[INFO] [stdout]   |
[INFO] [stdout] 3 | mongodb_macro::database!(DbFactory; DbFactoryOpts; ("MONGO_DB_URL", "MONGO_DB_NAME"));
[INFO] [stdout]   | ^^^^^^^^^^^^^^^^^^^^^^^^^^^^^^^^^^^^^^^^^^^^^^^^^^^^^^^^^^^^^^^^^^^^^^^^^^^^^^^^^^^^^
[INFO] [stdout]   | |
[INFO] [stdout]   | function or associated item `parse` not found for this struct
[INFO] [stdout]   | function or associated item not found in `DbFactoryOpts`
[INFO] [stdout]   |
[INFO] [stdout]   = help: items from traits can only be used if the trait is in scope
[INFO] [stdout]   = note: this error originates in the macro `mongodb_macro::database` (in Nightly builds, run with -Z macro-backtrace for more info)
[INFO] [stdout] help: the following trait is implemented but not in scope; perhaps add a `use` for it:
[INFO] [stdout]   |
[INFO] [stdout] 2 | use clap::Parser;
[INFO] [stdout]   |
[INFO] [stdout] 
[INFO] [stdout] error: aborting due to previous error
[INFO] [stdout] 
[INFO] [stdout] For more information about this error, try `rustc --explain E0599`.
[INFO] [stdout] Couldn't compile the test.
[INFO] [stdout] ---- src/database.rs - database::database_config (line 7) stdout ----
[INFO] [stdout] error[E0599]: no function or associated item named `parse` found for struct `Opts` in the current scope
[INFO] [stdout]  --> src/database.rs:14:22
[INFO] [stdout]   |
[INFO] [stdout] 3 | mongodb_macro::database_config!(Opts);
[INFO] [stdout]   | ------------------------------------- function or associated item `parse` not found for this struct
[INFO] [stdout] ...
[INFO] [stdout] 9 |     let opts = Opts::parse();
[INFO] [stdout]   |                      ^^^^^ function or associated item not found in `Opts`
[INFO] [stdout]   |
[INFO] [stdout]   = help: items from traits can only be used if the trait is in scope
[INFO] [stdout] help: the following trait is implemented but not in scope; perhaps add a `use` for it:
[INFO] [stdout]   |
[INFO] [stdout] 2 | use clap::Parser;
[INFO] [stdout]   |
[INFO] [stdout] 
[INFO] [stdout] error: aborting due to previous error
[INFO] [stdout] 
[INFO] [stdout] For more information about this error, try `rustc --explain E0599`.
[INFO] [stdout] Couldn't compile the test.
[INFO] [stdout] ---- src/client.rs - client::client (line 47) stdout ----
[INFO] [stdout] error[E0599]: no function or associated item named `parse` found for struct `ClientFactoryOpts` in the current scope
[INFO] [stdout]  --> src/client.rs:48:1
[INFO] [stdout]   |
[INFO] [stdout] 3 | mongodb_macro::client!(ClientFactory; ClientFactoryOpts);
[INFO] [stdout]   | ^^^^^^^^^^^^^^^^^^^^^^^^^^^^^^^^^^^^^^^^^^^^^^^^^^^^^^^^
[INFO] [stdout]   | |
[INFO] [stdout]   | function or associated item `parse` not found for this struct
[INFO] [stdout]   | function or associated item not found in `ClientFactoryOpts`
[INFO] [stdout]   |
[INFO] [stdout]   = help: items from traits can only be used if the trait is in scope
[INFO] [stdout]   = note: this error originates in the macro `$crate::client` which comes from the expansion of the macro `mongodb_macro::client` (in Nightly builds, run with -Z macro-backtrace for more info)
[INFO] [stdout] help: the following trait is implemented but not in scope; perhaps add a `use` for it:
[INFO] [stdout]   |
[INFO] [stdout] 2 | use clap::Parser;
[INFO] [stdout]   |
[INFO] [stdout] 
[INFO] [stdout] error: aborting due to previous error
[INFO] [stdout] 
[INFO] [stdout] For more information about this error, try `rustc --explain E0599`.
[INFO] [stdout] Couldn't compile the test.
[INFO] [stdout] ---- src/collection.rs - collection::collection (line 76) stdout ----
[INFO] [stdout] error[E0599]: no function or associated item named `parse` found for struct `CollectionFactoryOpts` in the current scope
[INFO] [stdout]  --> src/collection.rs:77:1
[INFO] [stdout]   |
[INFO] [stdout] 3 | mongodb_macro::collection!(CollectionFactory; CollectionFactoryOpts);
[INFO] [stdout]   | ^^^^^^^^^^^^^^^^^^^^^^^^^^^^^^^^^^^^^^^^^^^^^^^^^^^^^^^^^^^^^^^^^^^^
[INFO] [stdout]   | |
[INFO] [stdout]   | function or associated item `parse` not found for this struct
[INFO] [stdout]   | function or associated item not found in `CollectionFactoryOpts`
[INFO] [stdout]   |
[INFO] [stdout]   = help: items from traits can only be used if the trait is in scope
[INFO] [stdout]   = note: this error originates in the macro `$crate::collection` which comes from the expansion of the macro `mongodb_macro::collection` (in Nightly builds, run with -Z macro-backtrace for more info)
[INFO] [stdout] help: the following trait is implemented but not in scope; perhaps add a `use` for it:
[INFO] [stdout]   |
[INFO] [stdout] 2 | use clap::Parser;
[INFO] [stdout]   |
[INFO] [stdout] 
[INFO] [stdout] error: aborting due to previous error
[INFO] [stdout] 
[INFO] [stdout] For more information about this error, try `rustc --explain E0599`.
[INFO] [stdout] Couldn't compile the test.
[INFO] [stdout] ---- src/lib.rs - (line 69) stdout ----
[INFO] [stdout] error: unexpected token: `...`
[INFO] [stdout]   --> src/lib.rs:88:5
[INFO] [stdout]    |
[INFO] [stdout] 21 |     ...
[INFO] [stdout]    |     ^^^
[INFO] [stdout]    |
[INFO] [stdout] help: use `..` for an exclusive range
[INFO] [stdout]    |
[INFO] [stdout] 21 |     ..
[INFO] [stdout]    |
[INFO] [stdout] help: or `..=` for an inclusive range
[INFO] [stdout]    |
[INFO] [stdout] 21 |     ..=
[INFO] [stdout]    |
[INFO] [stdout] 
[INFO] [stdout] error[E0586]: inclusive range with no end
[INFO] [stdout]   --> src/lib.rs:88:5
[INFO] [stdout]    |
[INFO] [stdout] 21 |     ...
[INFO] [stdout]    |     ^^^ help: use `..` instead
[INFO] [stdout]    |
[INFO] [stdout]    = note: inclusive ranges must be bounded at the end (`..=b` or `a..=b`)
[INFO] [stdout] 
[INFO] [stdout] error[E0752]: `main` function is not allowed to be `async`
[INFO] [stdout]   --> src/lib.rs:79:1
[INFO] [stdout]    |
[INFO] [stdout] 12 | async fn main() -> std::io::Result<()> {
[INFO] [stdout]    | ^^^^^^^^^^^^^^^^^^^^^^^^^^^^^^^^^^^^^^ `main` function is not allowed to be `async`
[INFO] [stdout] 
[INFO] [stdout] error: aborting due to 3 previous errors
[INFO] [stdout] 
[INFO] [stdout] Some errors have detailed explanations: E0586, E0752.
[INFO] [stdout] For more information about an error, try `rustc --explain E0586`.
[INFO] [stdout] Couldn't compile the test.
[INFO] [stdout] ---- src/opts.rs - opts::config (line 21) stdout ----
[INFO] [stdout] error[E0599]: no function or associated item named `parse` found for struct `Opts` in the current scope
[INFO] [stdout]   --> src/opts.rs:29:22
[INFO] [stdout]    |
[INFO] [stdout] 3  | mongodb_macro::config!(Opts, "MONGO");
[INFO] [stdout]    | ------------------------------------- function or associated item `parse` not found for this struct
[INFO] [stdout] ...
[INFO] [stdout] 10 |     let opts = Opts::parse();
[INFO] [stdout]    |                      ^^^^^ function or associated item not found in `Opts`
[INFO] [stdout]    |
[INFO] [stdout]    = help: items from traits can only be used if the trait is in scope
[INFO] [stdout] help: the following trait is implemented but not in scope; perhaps add a `use` for it:
[INFO] [stdout]    |
[INFO] [stdout] 2  | use clap::Parser;
[INFO] [stdout]    |
[INFO] [stdout] 
[INFO] [stdout] error: aborting due to previous error
[INFO] [stdout] 
[INFO] [stdout] For more information about this error, try `rustc --explain E0599`.
[INFO] [stdout] Couldn't compile the test.
[INFO] [stdout] ---- src/collection.rs - collection::collection (line 60) stdout ----
[INFO] [stdout] error[E0599]: no function or associated item named `parse` found for struct `CollectionFactoryOpts` in the current scope
[INFO] [stdout]  --> src/collection.rs:61:1
[INFO] [stdout]   |
[INFO] [stdout] 3 | mongodb_macro::collection!(CollectionFactory; CollectionFactoryOpts; ("MONGO_DB_URL", "MONGO_DB_NAME", "MONGO_COLLECTION_NAME"));
[INFO] [stdout]   | ^^^^^^^^^^^^^^^^^^^^^^^^^^^^^^^^^^^^^^^^^^^^^^^^^^^^^^^^^^^^^^^^^^^^^^^^^^^^^^^^^^^^^^^^^^^^^^^^^^^^^^^^^^^^^^^^^^^^^^^^^^^^^^^^
[INFO] [stdout]   | |
[INFO] [stdout]   | function or associated item `parse` not found for this struct
[INFO] [stdout]   | function or associated item not found in `CollectionFactoryOpts`
[INFO] [stdout]   |
[INFO] [stdout]   = help: items from traits can only be used if the trait is in scope
[INFO] [stdout]   = note: this error originates in the macro `mongodb_macro::collection` (in Nightly builds, run with -Z macro-backtrace for more info)
[INFO] [stdout] help: the following trait is implemented but not in scope; perhaps add a `use` for it:
[INFO] [stdout]   |
[INFO] [stdout] 2 | use clap::Parser;
[INFO] [stdout]   |
[INFO] [stdout] 
[INFO] [stdout] error: aborting due to previous error
[INFO] [stdout] 
[INFO] [stdout] For more information about this error, try `rustc --explain E0599`.
[INFO] [stdout] Couldn't compile the test.
[INFO] [stdout] ---- src/lib.rs - (line 93) stdout ----
[INFO] [stdout] error: unexpected token: `...`
[INFO] [stdout]   --> src/lib.rs:116:5
[INFO] [stdout]    |
[INFO] [stdout] 25 |     ...
[INFO] [stdout]    |     ^^^
[INFO] [stdout]    |
[INFO] [stdout] help: use `..` for an exclusive range
[INFO] [stdout]    |
[INFO] [stdout] 25 |     ..
[INFO] [stdout]    |
[INFO] [stdout] help: or `..=` for an inclusive range
[INFO] [stdout]    |
[INFO] [stdout] 25 |     ..=
[INFO] [stdout]    |
[INFO] [stdout] 
[INFO] [stdout] error[E0586]: inclusive range with no end
[INFO] [stdout]   --> src/lib.rs:116:5
[INFO] [stdout]    |
[INFO] [stdout] 25 |     ...
[INFO] [stdout]    |     ^^^ help: use `..` instead
[INFO] [stdout]    |
[INFO] [stdout]    = note: inclusive ranges must be bounded at the end (`..=b` or `a..=b`)
[INFO] [stdout] 
[INFO] [stdout] error[E0752]: `main` function is not allowed to be `async`
[INFO] [stdout]   --> src/lib.rs:108:1
[INFO] [stdout]    |
[INFO] [stdout] 17 | async fn main() -> std::io::Result<()> {
[INFO] [stdout]    | ^^^^^^^^^^^^^^^^^^^^^^^^^^^^^^^^^^^^^^ `main` function is not allowed to be `async`
[INFO] [stdout] 
[INFO] [stdout] error: aborting due to 3 previous errors
[INFO] [stdout] 
[INFO] [stdout] Some errors have detailed explanations: E0586, E0752.
[INFO] [stdout] For more information about an error, try `rustc --explain E0586`.
[INFO] [stdout] Couldn't compile the test.
[INFO] [stdout] ---- src/opts.rs - opts::config (line 35) stdout ----
[INFO] [stdout] error[E0599]: no function or associated item named `parse` found for struct `Opts` in the current scope
[INFO] [stdout]   --> src/opts.rs:43:22
[INFO] [stdout]    |
[INFO] [stdout] 3  | mongodb_macro::config!(Opts; "MONGO_DB_URL", "MONGO_DB_NAME", "MONGO_COLLECTION_NAME");
[INFO] [stdout]    | -------------------------------------------------------------------------------------- function or associated item `parse` not found for this struct
[INFO] [stdout] ...
[INFO] [stdout] 10 |     let opts = Opts::parse();
[INFO] [stdout]    |                      ^^^^^ function or associated item not found in `Opts`
[INFO] [stdout]    |
[INFO] [stdout]    = help: items from traits can only be used if the trait is in scope
[INFO] [stdout] help: the following trait is implemented but not in scope; perhaps add a `use` for it:
[INFO] [stdout]    |
[INFO] [stdout] 2  | use clap::Parser;
[INFO] [stdout]    |
[INFO] [stdout] 
[INFO] [stdout] error: aborting due to previous error
[INFO] [stdout] 
[INFO] [stdout] For more information about this error, try `rustc --explain E0599`.
[INFO] [stdout] Couldn't compile the test.
[INFO] [stdout] ---- src/opts.rs - opts::config (line 5) stdout ----
[INFO] [stdout] error[E0599]: no function or associated item named `parse` found for struct `Opts` in the current scope
[INFO] [stdout]   --> src/opts.rs:13:22
[INFO] [stdout]    |
[INFO] [stdout] 3  | mongodb_macro::config!(Opts);
[INFO] [stdout]    | ---------------------------- function or associated item `parse` not found for this struct
[INFO] [stdout] ...
[INFO] [stdout] 10 |     let opts = Opts::parse();
[INFO] [stdout]    |                      ^^^^^ function or associated item not found in `Opts`
[INFO] [stdout]    |
[INFO] [stdout]    = help: items from traits can only be used if the trait is in scope
[INFO] [stdout] help: the following trait is implemented but not in scope; perhaps add a `use` for it:
[INFO] [stdout]    |
[INFO] [stdout] 2  | use clap::Parser;
[INFO] [stdout]    |
[INFO] [stdout] 
[INFO] [stdout] error: aborting due to previous error
[INFO] [stdout] 
[INFO] [stdout] For more information about this error, try `rustc --explain E0599`.
[INFO] [stdout] Couldn't compile the test.
[INFO] [stdout] 
[INFO] [stdout] failures:
[INFO] [stdout]     src/client.rs - client::client (line 47)
[INFO] [stdout]     src/client.rs - client::client (line 61)
[INFO] [stdout]     src/client.rs - client::client_config (line 19)
[INFO] [stdout]     src/client.rs - client::client_config (line 7)
[INFO] [stdout]     src/collection.rs - collection::collection (line 44)
[INFO] [stdout]     src/collection.rs - collection::collection (line 60)
[INFO] [stdout]     src/collection.rs - collection::collection (line 76)
[INFO] [stdout]     src/collection.rs - collection::collection_config (line 21)
[INFO] [stdout]     src/collection.rs - collection::collection_config (line 7)
[INFO] [stdout]     src/database.rs - database::database (line 53)
[INFO] [stdout]     src/database.rs - database::database (line 68)
[INFO] [stdout]     src/database.rs - database::database_config (line 20)
[INFO] [stdout]     src/database.rs - database::database_config (line 7)
[INFO] [stdout]     src/lib.rs - (line 19)
[INFO] [stdout]     src/lib.rs - (line 45)
[INFO] [stdout]     src/lib.rs - (line 69)
[INFO] [stdout]     src/lib.rs - (line 93)
[INFO] [stdout]     src/opts.rs - opts::config (line 21)
[INFO] [stdout]     src/opts.rs - opts::config (line 35)
[INFO] [stdout]     src/opts.rs - opts::config (line 5)
[INFO] [stdout] 
[INFO] [stdout] test result: FAILED. 0 passed; 20 failed; 0 ignored; 0 measured; 0 filtered out; finished in 0.26s
[INFO] [stdout] 
[INFO] [stderr] error: doctest failed, to rerun pass `--doc`
[INFO] running `Command { std: "docker" "inspect" "60624a73d213212f428b986d48752ce5ab43b6310bd0acb27d0cd18b9f8b75c1", kill_on_drop: false }`
[INFO] running `Command { std: "docker" "rm" "-f" "60624a73d213212f428b986d48752ce5ab43b6310bd0acb27d0cd18b9f8b75c1", kill_on_drop: false }`
[INFO] [stdout] 60624a73d213212f428b986d48752ce5ab43b6310bd0acb27d0cd18b9f8b75c1
