[INFO] fetching crate moka 0.10.2...
[INFO] testing moka-0.10.2 against 1.69.0 for beta-1.70-1
[INFO] extracting crate moka 0.10.2 into /workspace/builds/worker-3-tc1/source
[INFO] validating manifest of crates.io crate moka 0.10.2 on toolchain 1.69.0
[INFO] running `Command { std: CARGO_HOME="/workspace/cargo-home" RUSTUP_HOME="/workspace/rustup-home" "/workspace/cargo-home/bin/cargo" "+1.69.0" "metadata" "--manifest-path" "Cargo.toml" "--no-deps", kill_on_drop: false }`
[INFO] removed /workspace/builds/worker-3-tc1/source/.cargo/config
[INFO] started tweaking crates.io crate moka 0.10.2
[INFO] finished tweaking crates.io crate moka 0.10.2
[INFO] tweaked toml for crates.io crate moka 0.10.2 written to /workspace/builds/worker-3-tc1/source/Cargo.toml
[INFO] running `Command { std: CARGO_HOME="/workspace/cargo-home" RUSTUP_HOME="/workspace/rustup-home" __CARGO_TEST_CHANNEL_OVERRIDE_DO_NOT_USE_THIS="nightly" "/workspace/cargo-home/bin/cargo" "+1.69.0" "generate-lockfile" "--manifest-path" "Cargo.toml" "-Zno-index-update", kill_on_drop: false }`
[INFO] running `Command { std: CARGO_HOME="/workspace/cargo-home" RUSTUP_HOME="/workspace/rustup-home" "/workspace/cargo-home/bin/cargo" "+1.69.0" "fetch" "--manifest-path" "Cargo.toml", kill_on_drop: false }`
[INFO] [stderr]  Downloading crates ...
[INFO] [stderr]   Downloaded tagptr v0.2.0
[INFO] [stderr]   Downloaded mach2 v0.4.1
[INFO] [stderr]   Downloaded quanta v0.11.0
[INFO] running `Command { std: "docker" "create" "-v" "/var/lib/crater-agent-workspace/builds/worker-3-tc1/target:/opt/rustwide/target:rw,Z" "-v" "/var/lib/crater-agent-workspace/builds/worker-3-tc1/source:/opt/rustwide/workdir:ro,Z" "-v" "/var/lib/crater-agent-workspace/cargo-home:/opt/rustwide/cargo-home:ro,Z" "-v" "/var/lib/crater-agent-workspace/rustup-home:/opt/rustwide/rustup-home:ro,Z" "-e" "SOURCE_DIR=/opt/rustwide/workdir" "-e" "CARGO_TARGET_DIR=/opt/rustwide/target" "-e" "CARGO_HOME=/opt/rustwide/cargo-home" "-e" "RUSTUP_HOME=/opt/rustwide/rustup-home" "-w" "/opt/rustwide/workdir" "-m" "1610612736" "--user" "0:0" "--network" "none" "ghcr.io/rust-lang/crates-build-env/linux@sha256:5ff2268d62e97bff2cde7d5815dd6ed5b47097566f13b8d0ca110b04b60e07ed" "/opt/rustwide/cargo-home/bin/cargo" "+1.69.0" "metadata" "--no-deps" "--format-version=1", kill_on_drop: false }`
[INFO] [stdout] 7b3cbee2ee2101e2a75d43740217718bbd1a42b96b0463f3bc486e8f14e10f10
[INFO] running `Command { std: "docker" "start" "-a" "7b3cbee2ee2101e2a75d43740217718bbd1a42b96b0463f3bc486e8f14e10f10", kill_on_drop: false }`
[INFO] running `Command { std: "docker" "inspect" "7b3cbee2ee2101e2a75d43740217718bbd1a42b96b0463f3bc486e8f14e10f10", kill_on_drop: false }`
[INFO] running `Command { std: "docker" "rm" "-f" "7b3cbee2ee2101e2a75d43740217718bbd1a42b96b0463f3bc486e8f14e10f10", kill_on_drop: false }`
[INFO] [stdout] 7b3cbee2ee2101e2a75d43740217718bbd1a42b96b0463f3bc486e8f14e10f10
[INFO] running `Command { std: "docker" "create" "-v" "/var/lib/crater-agent-workspace/builds/worker-3-tc1/target:/opt/rustwide/target:rw,Z" "-v" "/var/lib/crater-agent-workspace/builds/worker-3-tc1/source:/opt/rustwide/workdir:ro,Z" "-v" "/var/lib/crater-agent-workspace/cargo-home:/opt/rustwide/cargo-home:ro,Z" "-v" "/var/lib/crater-agent-workspace/rustup-home:/opt/rustwide/rustup-home:ro,Z" "-e" "SOURCE_DIR=/opt/rustwide/workdir" "-e" "CARGO_TARGET_DIR=/opt/rustwide/target" "-e" "CARGO_INCREMENTAL=0" "-e" "RUST_BACKTRACE=full" "-e" "RUSTFLAGS=--cap-lints=warn" "-e" "RUSTDOCFLAGS=--cap-lints=warn" "-e" "CARGO_HOME=/opt/rustwide/cargo-home" "-e" "RUSTUP_HOME=/opt/rustwide/rustup-home" "-w" "/opt/rustwide/workdir" "-m" "1610612736" "--user" "0:0" "--network" "none" "ghcr.io/rust-lang/crates-build-env/linux@sha256:5ff2268d62e97bff2cde7d5815dd6ed5b47097566f13b8d0ca110b04b60e07ed" "/opt/rustwide/cargo-home/bin/cargo" "+1.69.0" "build" "--frozen" "--message-format=json", kill_on_drop: false }`
[INFO] [stdout] 91f88c62e24c80cfe6ebf5af30ce1d0e8cb9aaaf80479e5f503892032470096e
[INFO] running `Command { std: "docker" "start" "-a" "91f88c62e24c80cfe6ebf5af30ce1d0e8cb9aaaf80479e5f503892032470096e", kill_on_drop: false }`
[INFO] [stderr]     Blocking waiting for file lock on package cache
[INFO] [stderr]    Compiling crossbeam-epoch v0.9.14
[INFO] [stderr]    Compiling moka v0.10.2 (/opt/rustwide/workdir)
[INFO] [stderr]    Compiling once_cell v1.17.1
[INFO] [stderr]    Compiling triomphe v0.1.8
[INFO] [stderr]    Compiling raw-cpuid v10.7.0
[INFO] [stderr]    Compiling tagptr v0.2.0
[INFO] [stderr]    Compiling getrandom v0.2.9
[INFO] [stderr]    Compiling scheduled-thread-pool v0.2.7
[INFO] [stderr]    Compiling uuid v1.3.2
[INFO] [stderr]    Compiling quanta v0.11.0
[INFO] [stderr]     Finished dev [unoptimized + debuginfo] target(s) in 3.12s
[INFO] running `Command { std: "docker" "inspect" "91f88c62e24c80cfe6ebf5af30ce1d0e8cb9aaaf80479e5f503892032470096e", kill_on_drop: false }`
[INFO] running `Command { std: "docker" "rm" "-f" "91f88c62e24c80cfe6ebf5af30ce1d0e8cb9aaaf80479e5f503892032470096e", kill_on_drop: false }`
[INFO] [stdout] 91f88c62e24c80cfe6ebf5af30ce1d0e8cb9aaaf80479e5f503892032470096e
[INFO] running `Command { std: "docker" "create" "-v" "/var/lib/crater-agent-workspace/builds/worker-3-tc1/target:/opt/rustwide/target:rw,Z" "-v" "/var/lib/crater-agent-workspace/builds/worker-3-tc1/source:/opt/rustwide/workdir:ro,Z" "-v" "/var/lib/crater-agent-workspace/cargo-home:/opt/rustwide/cargo-home:ro,Z" "-v" "/var/lib/crater-agent-workspace/rustup-home:/opt/rustwide/rustup-home:ro,Z" "-e" "SOURCE_DIR=/opt/rustwide/workdir" "-e" "CARGO_TARGET_DIR=/opt/rustwide/target" "-e" "CARGO_INCREMENTAL=0" "-e" "RUST_BACKTRACE=full" "-e" "RUSTFLAGS=--cap-lints=warn" "-e" "RUSTDOCFLAGS=--cap-lints=warn" "-e" "CARGO_HOME=/opt/rustwide/cargo-home" "-e" "RUSTUP_HOME=/opt/rustwide/rustup-home" "-w" "/opt/rustwide/workdir" "-m" "1610612736" "--user" "0:0" "--network" "none" "ghcr.io/rust-lang/crates-build-env/linux@sha256:5ff2268d62e97bff2cde7d5815dd6ed5b47097566f13b8d0ca110b04b60e07ed" "/opt/rustwide/cargo-home/bin/cargo" "+1.69.0" "test" "--frozen" "--no-run" "--message-format=json", kill_on_drop: false }`
[INFO] [stdout] 60a5ba5cb3b73f54a31dd016b07ed7d4317a3d3b173b6801990dd86c8864e75c
[INFO] running `Command { std: "docker" "start" "-a" "60a5ba5cb3b73f54a31dd016b07ed7d4317a3d3b173b6801990dd86c8864e75c", kill_on_drop: false }`
[INFO] [stderr]    Compiling syn v1.0.109
[INFO] [stderr]    Compiling value-bag v1.0.0-alpha.9
[INFO] [stderr]    Compiling log v0.4.17
[INFO] [stderr]    Compiling tokio v1.28.0
[INFO] [stderr]    Compiling tokio-macros v2.1.0
[INFO] [stderr]    Compiling event-listener v2.5.3
[INFO] [stderr]    Compiling futures-task v0.3.28
[INFO] [stderr]    Compiling tracing-core v0.1.30
[INFO] [stderr]    Compiling serde v1.0.160
[INFO] [stderr]    Compiling concurrent-queue v2.2.0
[INFO] [stderr]    Compiling futures-io v0.3.28
[INFO] [stderr]    Compiling waker-fn v1.1.0
[INFO] [stderr]    Compiling futures-util v0.3.28
[INFO] [stderr]    Compiling parking v2.1.0
[INFO] [stderr]    Compiling openssl-macros v0.1.1
[INFO] [stderr]    Compiling polling v2.8.0
[INFO] [stderr]    Compiling futures-channel v0.3.28
[INFO] [stderr]    Compiling futures-lite v1.13.0
[INFO] [stderr]    Compiling async-lock v2.7.0
[INFO] [stderr]    Compiling async-io v1.13.0
[INFO] [stderr]    Compiling async-task v4.4.0
[INFO] [stderr]    Compiling async-channel v1.8.0
[INFO] [stderr]    Compiling error-chain v0.12.4
[INFO] [stderr]    Compiling pulldown-cmark v0.9.2
[INFO] [stderr]    Compiling atomic-waker v1.1.1
[INFO] [stderr]    Compiling tracing v0.1.37
[INFO] [stderr]    Compiling ahash v0.8.3
[INFO] [stderr]    Compiling regex-syntax v0.7.1
[INFO] [stderr]    Compiling openssl v0.10.52
[INFO] [stderr]    Compiling encoding_rs v0.8.32
[INFO] [stderr]    Compiling mime v0.3.17
[INFO] [stderr]    Compiling base64 v0.21.0
[INFO] [stderr]    Compiling bytecount v0.6.3
[INFO] [stderr]    Compiling ipnet v2.7.2
[INFO] [stderr]    Compiling async-executor v1.5.1
[INFO] [stderr]    Compiling regex v1.8.1
[INFO] [stderr]    Compiling cargo-platform v0.1.2
[INFO] [stderr]    Compiling semver v1.0.17
[INFO] [stderr]    Compiling serde_json v1.0.96
[INFO] [stderr]    Compiling camino v1.1.4
[INFO] [stderr]    Compiling serde_urlencoded v0.7.1
[INFO] [stderr]    Compiling ctor v0.1.26
[INFO] [stderr]    Compiling async-attributes v1.1.2
[INFO] [stderr]    Compiling cargo_metadata v0.14.2
[INFO] [stderr]    Compiling mio v0.8.6
[INFO] [stderr]    Compiling native-tls v0.2.11
[INFO] [stderr]    Compiling want v0.3.0
[INFO] [stderr]    Compiling blocking v1.3.1
[INFO] [stderr]    Compiling kv-log-macro v1.0.7
[INFO] [stderr]    Compiling env_logger v0.9.3
[INFO] [stderr]    Compiling skeptic v0.13.7
[INFO] [stderr]    Compiling async-global-executor v2.3.1
[INFO] [stderr]    Compiling async-std v1.12.0
[INFO] [stderr]    Compiling tokio-util v0.7.8
[INFO] [stderr]    Compiling tokio-native-tls v0.3.1
[INFO] [stderr]    Compiling actix-rt v2.8.0
[INFO] [stderr]    Compiling h2 v0.3.18
[INFO] [stderr]    Compiling hyper v0.14.26
[INFO] [stderr]    Compiling hyper-tls v0.5.0
[INFO] [stderr]    Compiling reqwest v0.11.17
[INFO] [stderr]    Compiling moka v0.10.2 (/opt/rustwide/workdir)
[INFO] [stderr]     Finished test [unoptimized + debuginfo] target(s) in 38.72s
[INFO] running `Command { std: "docker" "inspect" "60a5ba5cb3b73f54a31dd016b07ed7d4317a3d3b173b6801990dd86c8864e75c", kill_on_drop: false }`
[INFO] running `Command { std: "docker" "rm" "-f" "60a5ba5cb3b73f54a31dd016b07ed7d4317a3d3b173b6801990dd86c8864e75c", kill_on_drop: false }`
[INFO] [stdout] 60a5ba5cb3b73f54a31dd016b07ed7d4317a3d3b173b6801990dd86c8864e75c
[INFO] running `Command { std: "docker" "create" "-v" "/var/lib/crater-agent-workspace/builds/worker-3-tc1/target:/opt/rustwide/target:rw,Z" "-v" "/var/lib/crater-agent-workspace/builds/worker-3-tc1/source:/opt/rustwide/workdir:ro,Z" "-v" "/var/lib/crater-agent-workspace/cargo-home:/opt/rustwide/cargo-home:ro,Z" "-v" "/var/lib/crater-agent-workspace/rustup-home:/opt/rustwide/rustup-home:ro,Z" "-e" "SOURCE_DIR=/opt/rustwide/workdir" "-e" "CARGO_TARGET_DIR=/opt/rustwide/target" "-e" "CARGO_INCREMENTAL=0" "-e" "RUST_BACKTRACE=full" "-e" "RUSTFLAGS=--cap-lints=warn" "-e" "RUSTDOCFLAGS=--cap-lints=warn" "-e" "CARGO_HOME=/opt/rustwide/cargo-home" "-e" "RUSTUP_HOME=/opt/rustwide/rustup-home" "-w" "/opt/rustwide/workdir" "-m" "1610612736" "--user" "0:0" "--network" "none" "ghcr.io/rust-lang/crates-build-env/linux@sha256:5ff2268d62e97bff2cde7d5815dd6ed5b47097566f13b8d0ca110b04b60e07ed" "/opt/rustwide/cargo-home/bin/cargo" "+1.69.0" "test" "--frozen", kill_on_drop: false }`
[INFO] [stdout] 09ef479fde8083d82dd48891c5be3d5632671a409c42270ab17e471eda9a0b05
[INFO] running `Command { std: "docker" "start" "-a" "09ef479fde8083d82dd48891c5be3d5632671a409c42270ab17e471eda9a0b05", kill_on_drop: false }`
[INFO] [stderr]     Finished test [unoptimized + debuginfo] target(s) in 0.19s
[INFO] [stderr]      Running unittests src/lib.rs (/opt/rustwide/target/debug/deps/moka-e1edf6f34f9d5cb7)
[INFO] [stdout] 
[INFO] [stdout] running 95 tests
[INFO] [stdout] test cht::map::bucket::tests::get_insert_remove ... ok
[INFO] [stdout] test cht::segment::tests::concurrent_overlapped_removal ... ok
[INFO] [stdout] test cht::segment::tests::concurrent_insert_with_or_modify ... ok
[INFO] [stdout] test cht::segment::tests::insert_if_not_present ... ok
[INFO] [stdout] test cht::segment::tests::concurrent_overlapped_insertion ... ok
[INFO] [stdout] test cht::segment::tests::concurrent_growth ... ok
[INFO] [stdout] test cht::segment::tests::concurrent_insertion ... ok
[INFO] [stdout] test cht::segment::tests::concurrent_insert_if_not_present ... ok
[INFO] [stdout] test common::concurrent::entry_info::test::check_struct_size ... ignored
[INFO] [stdout] test common::deque::tests::basics ... ok
[INFO] [stdout] test common::deque::tests::drop ... ok
[INFO] [stdout] test common::deque::tests::iter ... ok
[INFO] [stdout] test common::deque::tests::next_node ... ok
[INFO] [stdout] test common::frequency_sketch::tests::heavy_hitters ... ok
[INFO] [stdout] test common::frequency_sketch::tests::increment_distinct ... ok
[INFO] [stdout] test common::frequency_sketch::tests::increment_max ... ok
[INFO] [stdout] test common::frequency_sketch::tests::increment_once ... ok
[INFO] [stdout] test common::frequency_sketch::tests::index_of_around_zero ... ok
[INFO] [stdout] test common::frequency_sketch::tests::reset ... ok
[INFO] [stdout] test sync::builder::tests::build_cache ... ok
[INFO] [stdout] test sync::builder::tests::build_cache_too_long_tti - should panic ... ok
[INFO] [stdout] test sync::builder::tests::build_cache_too_long_ttl - should panic ... ok
[INFO] [stdout] test cht::segment::tests::concurrent_overlapped_growth ... ok
[INFO] [stdout] test sync::cache::tests::basic_multi_threads ... ok
[INFO] [stdout] test sync::builder::tests::build_segmented_cache ... ok
[INFO] [stdout] test sync::cache::tests::borrowed_forms_of_key ... ok
[INFO] [stdout] test sync::cache::tests::drop_value_immediately_after_eviction ... ignored
[INFO] [stdout] test sync::cache::tests::enabling_and_disabling_thread_pools ... ignored
[INFO] [stdout] test cht::segment::tests::concurrent_growth_and_removal ... ok
[INFO] [stdout] test sync::cache::tests::entry_by_ref_or_insert_with_if ... ok
[INFO] [stdout] test cht::segment::tests::concurrent_removal ... ok
[INFO] [stdout] test sync::cache::tests::entry_or_insert_with_if ... FAILED
[INFO] [stdout] test cht::segment::tests::growth ... ok
[INFO] [stdout] test sync::cache::tests::handle_panic_in_get_with ... ok
[INFO] [stdout] test cht::segment::tests::concurrent_insertion_and_removal ... ok
[INFO] [stdout] test sync::cache::tests::basic_single_thread ... ok
[INFO] [stdout] test sync::cache::tests::get_with ... ok
[INFO] [stdout] test sync::cache::tests::handle_panic_in_try_get_with ... ok
[INFO] [stdout] test sync::cache::tests::max_capacity_zero ... ok
[INFO] [stdout] test sync::cache::tests::get_with_by_ref ... ok
[INFO] [stdout] test cht::segment::tests::keys_in_single_segment ... ok
[INFO] [stdout] test sync::cache::tests::test_debug_format ... ok
[INFO] [stdout] test sync::cache::tests::test_immediate_removal_notifications_with_updates ... ok
[INFO] [stdout] test sync::cache::tests::test_iter ... ok
[INFO] [stdout] test cht::segment::tests::insert_with_or_modify ... ok
[INFO] [stdout] test sync::cache::tests::test_key_lock_used_by_immediate_removal_notifications ... ignored
[INFO] [stdout] test cht::segment::tests::remove_if ... ok
[INFO] [stdout] test cht::segment::tests::removal ... ok
[INFO] [stdout] test cht::segment::tests::drop_map_after_concurrent_updates ... ok
[INFO] [stdout] test sync::cache::tests::optionally_get_with_by_ref ... ok
[INFO] [stdout] test sync::cache::tests::optionally_get_with ... ok
[INFO] [stdout] test sync::segment::tests::basic_multi_threads ... ok
[INFO] [stdout] test sync::cache::tests::invalidate_all ... ok
[INFO] [stdout] test sync::segment::tests::borrowed_forms_of_key ... ok
[INFO] [stdout] test sync::segment::tests::drop_value_immediately_after_eviction ... ignored
[INFO] [stdout] test sync::segment::tests::enabling_and_disabling_thread_pools ... ignored
[INFO] [stdout] test sync::cache::tests::test_iter_multi_threads ... ok
[INFO] [stdout] test sync::cache::tests::size_aware_eviction ... ok
[INFO] [stdout] test sync::cache::tests::recover_from_panicking_eviction_listener ... ok
[INFO] [stdout] test cht::segment::tests::insertion ... ok
[INFO] [stdout] test sync::segment::tests::max_capacity_zero ... ok
[INFO] [stdout] test cht::segment::tests::single_segment ... ok
[INFO] [stdout] test sync::segment::tests::non_power_of_two_segments ... ok
[INFO] [stdout] test cht::segment::tests::drop_value ... ok
[INFO] [stdout] test sync::segment::tests::test_debug_format ... ok
[INFO] [stdout] test sync::segment::tests::test_iter ... ok
[INFO] [stdout] test sync::segment::tests::get_with ... ok
[INFO] [stdout] test sync::segment::tests::get_with_if ... ok
[INFO] [stdout] test sync_base::base_cache::tests::test_skt_capacity_will_not_overflow ... ok
[INFO] [stdout] test unsync::builder::tests::build_cache ... ok
[INFO] [stdout] test unsync::builder::tests::build_cache_too_long_tti - should panic ... ok
[INFO] [stdout] test unsync::builder::tests::build_cache_too_long_ttl - should panic ... ok
[INFO] [stdout] test unsync::cache::tests::basic_single_thread ... ok
[INFO] [stdout] test sync::cache::tests::test_removal_notifications ... ok
[INFO] [stdout] test unsync::cache::tests::invalidate_entries_if ... ok
[INFO] [stdout] test unsync::cache::tests::size_aware_eviction ... ok
[INFO] [stdout] test unsync::cache::tests::invalidate_all ... ok
[INFO] [stdout] test unsync::cache::tests::test_debug_format ... ok
[INFO] [stdout] test unsync::cache::tests::time_to_idle ... ok
[INFO] [stdout] test unsync::cache::tests::time_to_live ... ok
[INFO] [stdout] test unsync::cache::tests::test_skt_capacity_will_not_overflow ... ok
[INFO] [stdout] test sync::cache::tests::try_get_with ... ok
[INFO] [stdout] test sync::segment::tests::test_iter_multi_threads ... ok
[INFO] [stdout] test sync::cache::tests::try_get_with_by_ref ... ok
[INFO] [stdout] test sync::cache::tests::time_to_idle ... ok
[INFO] [stdout] test sync::cache::tests::time_to_live ... ok
[INFO] [stdout] test cht::segment::tests::drop_many_values ... ok
[INFO] [stdout] test sync::segment::tests::basic_single_thread ... ok
[INFO] [stdout] test cht::segment::tests::drop_many_values_concurrent ... ok
[INFO] [stdout] test sync::segment::tests::optionally_get_with ... ok
[INFO] [stdout] test sync::segment::tests::invalidate_all ... ok
[INFO] [stdout] test sync::segment::tests::try_get_with ... ok
[INFO] [stdout] test sync::segment::tests::size_aware_eviction ... ok
[INFO] [stdout] test sync::cache::tests::invalidate_entries_if ... ok
[INFO] [stdout] test sync::segment::tests::invalidate_entries_if ... ok
[INFO] [stdout] 
[INFO] [stdout] failures:
[INFO] [stdout] 
[INFO] [stdout] ---- sync::cache::tests::entry_or_insert_with_if stdout ----
[INFO] [stdout] thread '<unnamed>' panicked at 'assertion failed: `(left == right)`
[INFO] [stdout]   left: `None`,
[INFO] [stdout]  right: `Some("thread1")`', src/sync/cache.rs:2911:17
[INFO] [stdout] stack backtrace:
[INFO] [stdout]    0:     0x55de50b80c2a - std::backtrace_rs::backtrace::libunwind::trace::ha9053a9a07ca49cb
[INFO] [stdout]                                at /rustc/84c898d65adf2f39a5a98507f1fe0ce10a2b8dbc/library/std/src/../../backtrace/src/backtrace/libunwind.rs:93:5
[INFO] [stdout]    1:     0x55de50b80c2a - std::backtrace_rs::backtrace::trace_unsynchronized::h9c2852a457ad564e
[INFO] [stdout]                                at /rustc/84c898d65adf2f39a5a98507f1fe0ce10a2b8dbc/library/std/src/../../backtrace/src/backtrace/mod.rs:66:5
[INFO] [stdout]    2:     0x55de50b80c2a - std::sys_common::backtrace::_print_fmt::h457936fbfaa0070f
[INFO] [stdout]                                at /rustc/84c898d65adf2f39a5a98507f1fe0ce10a2b8dbc/library/std/src/sys_common/backtrace.rs:65:5
[INFO] [stdout]    3:     0x55de50b80c2a - <std::sys_common::backtrace::_print::DisplayBacktrace as core::fmt::Display>::fmt::h5779d7bf7f70cb0c
[INFO] [stdout]                                at /rustc/84c898d65adf2f39a5a98507f1fe0ce10a2b8dbc/library/std/src/sys_common/backtrace.rs:44:22
[INFO] [stdout]    4:     0x55de50ba484e - core::fmt::write::h5a4baaff1bcd3eb5
[INFO] [stdout]                                at /rustc/84c898d65adf2f39a5a98507f1fe0ce10a2b8dbc/library/core/src/fmt/mod.rs:1232:17
[INFO] [stdout]    5:     0x55de50b7dc35 - std::io::Write::write_fmt::h478f79c628ef31d1
[INFO] [stdout]                                at /rustc/84c898d65adf2f39a5a98507f1fe0ce10a2b8dbc/library/std/src/io/mod.rs:1684:15
[INFO] [stdout]    6:     0x55de50b809f5 - std::sys_common::backtrace::_print::h5fcdc36060f177e8
[INFO] [stdout]                                at /rustc/84c898d65adf2f39a5a98507f1fe0ce10a2b8dbc/library/std/src/sys_common/backtrace.rs:47:5
[INFO] [stdout]    7:     0x55de50b809f5 - std::sys_common::backtrace::print::h54ca9458b876c8bf
[INFO] [stdout]                                at /rustc/84c898d65adf2f39a5a98507f1fe0ce10a2b8dbc/library/std/src/sys_common/backtrace.rs:34:9
[INFO] [stdout]    8:     0x55de50b827bf - std::panicking::default_hook::{{closure}}::hbe471161c7664ed6
[INFO] [stdout]                                at /rustc/84c898d65adf2f39a5a98507f1fe0ce10a2b8dbc/library/std/src/panicking.rs:271:22
[INFO] [stdout]    9:     0x55de50b8247f - std::panicking::default_hook::ha3500da57aa4ac4f
[INFO] [stdout]                                at /rustc/84c898d65adf2f39a5a98507f1fe0ce10a2b8dbc/library/std/src/panicking.rs:287:9
[INFO] [stdout]   10:     0x55de50b15437 - <alloc::boxed::Box<F,A> as core::ops::function::Fn<Args>>::call::hdf1b89dd137ece34
[INFO] [stdout]                                at /rustc/84c898d65adf2f39a5a98507f1fe0ce10a2b8dbc/library/alloc/src/boxed.rs:2001:9
[INFO] [stdout]   11:     0x55de50b15437 - test::test_main::{{closure}}::h9081a79f20e75698
[INFO] [stdout]                                at /rustc/84c898d65adf2f39a5a98507f1fe0ce10a2b8dbc/library/test/src/lib.rs:135:21
[INFO] [stdout]   12:     0x55de50b82eed - <alloc::boxed::Box<F,A> as core::ops::function::Fn<Args>>::call::h6507bddc3eebb4a5
[INFO] [stdout]                                at /rustc/84c898d65adf2f39a5a98507f1fe0ce10a2b8dbc/library/alloc/src/boxed.rs:2001:9
[INFO] [stdout]   13:     0x55de50b82eed - std::panicking::rust_panic_with_hook::h50c09d000dc561d2
[INFO] [stdout]                                at /rustc/84c898d65adf2f39a5a98507f1fe0ce10a2b8dbc/library/std/src/panicking.rs:696:13
[INFO] [stdout]   14:     0x55de50b82c69 - std::panicking::begin_panic_handler::{{closure}}::h9e2b2176e00e0d9c
[INFO] [stdout]                                at /rustc/84c898d65adf2f39a5a98507f1fe0ce10a2b8dbc/library/std/src/panicking.rs:583:13
[INFO] [stdout]   15:     0x55de50b81096 - std::sys_common::backtrace::__rust_end_short_backtrace::h5739b8e512c09d02
[INFO] [stdout]                                at /rustc/84c898d65adf2f39a5a98507f1fe0ce10a2b8dbc/library/std/src/sys_common/backtrace.rs:150:18
[INFO] [stdout]   16:     0x55de50b82972 - rust_begin_unwind
[INFO] [stdout]                                at /rustc/84c898d65adf2f39a5a98507f1fe0ce10a2b8dbc/library/std/src/panicking.rs:579:5
[INFO] [stdout]   17:     0x55de50260b83 - core::panicking::panic_fmt::hf33a1475b4dc5c3e
[INFO] [stdout]                                at /rustc/84c898d65adf2f39a5a98507f1fe0ce10a2b8dbc/library/core/src/panicking.rs:64:14
[INFO] [stdout]   18:     0x55de50260e5f - core::panicking::assert_failed_inner::haf9816227b20b6f2
[INFO] [stdout]   19:     0x55de50942eca - core::panicking::assert_failed::h9277885a56a96796
[INFO] [stdout]                                at /rustc/84c898d65adf2f39a5a98507f1fe0ce10a2b8dbc/library/core/src/panicking.rs:211:5
[INFO] [stdout]   20:     0x55de50835438 - moka::sync::cache::tests::entry_or_insert_with_if::{{closure}}::hcdce84a4a7d4fcad
[INFO] [stdout]                                at /opt/rustwide/workdir/src/sync/cache.rs:2911:17
[INFO] [stdout]   21:     0x55de50619899 - std::sys_common::backtrace::__rust_begin_short_backtrace::h3093ceaacb4fd777
[INFO] [stdout]                                at /rustc/84c898d65adf2f39a5a98507f1fe0ce10a2b8dbc/library/std/src/sys_common/backtrace.rs:134:18
[INFO] [stdout]   22:     0x55de503c93dc - std::thread::Builder::spawn_unchecked_::{{closure}}::{{closure}}::h455e80bf7317beae
[INFO] [stdout]                                at /rustc/84c898d65adf2f39a5a98507f1fe0ce10a2b8dbc/library/std/src/thread/mod.rs:560:17
[INFO] [stdout]   23:     0x55de504dd180 - <core::panic::unwind_safe::AssertUnwindSafe<F> as core::ops::function::FnOnce<()>>::call_once::hda03947728b35660
[INFO] [stdout]                                at /rustc/84c898d65adf2f39a5a98507f1fe0ce10a2b8dbc/library/core/src/panic/unwind_safe.rs:271:9
[INFO] [stdout]   24:     0x55de5075ae86 - std::panicking::try::do_call::h9facb65e9533c862
[INFO] [stdout]                                at /rustc/84c898d65adf2f39a5a98507f1fe0ce10a2b8dbc/library/std/src/panicking.rs:487:40
[INFO] [stdout]   25:     0x55de507af98b - __rust_try
[INFO] [stdout]   26:     0x55de50750352 - std::panicking::try::h33ab2fbf0a5d798e
[INFO] [stdout]                                at /rustc/84c898d65adf2f39a5a98507f1fe0ce10a2b8dbc/library/std/src/panicking.rs:451:19
[INFO] [stdout]   27:     0x55de50457796 - std::panic::catch_unwind::hb08d5ca57a1e599c
[INFO] [stdout]                                at /rustc/84c898d65adf2f39a5a98507f1fe0ce10a2b8dbc/library/std/src/panic.rs:140:14
[INFO] [stdout]   28:     0x55de503b3c42 - std::thread::Builder::spawn_unchecked_::{{closure}}::h3d7cac71871a6d1b
[INFO] [stdout]                                at /rustc/84c898d65adf2f39a5a98507f1fe0ce10a2b8dbc/library/std/src/thread/mod.rs:559:30
[INFO] [stdout]   29:     0x55de50504e0e - core::ops::function::FnOnce::call_once{{vtable.shim}}::h8daf6e7752af3388
[INFO] [stdout]                                at /rustc/84c898d65adf2f39a5a98507f1fe0ce10a2b8dbc/library/core/src/ops/function.rs:250:5
[INFO] [stdout]   30:     0x55de50b87333 - <alloc::boxed::Box<F,A> as core::ops::function::FnOnce<Args>>::call_once::h39990b24eedef2ab
[INFO] [stdout]                                at /rustc/84c898d65adf2f39a5a98507f1fe0ce10a2b8dbc/library/alloc/src/boxed.rs:1987:9
[INFO] [stdout]   31:     0x55de50b87333 - <alloc::boxed::Box<F,A> as core::ops::function::FnOnce<Args>>::call_once::h01a027258444143b
[INFO] [stdout]                                at /rustc/84c898d65adf2f39a5a98507f1fe0ce10a2b8dbc/library/alloc/src/boxed.rs:1987:9
[INFO] [stdout]   32:     0x55de50b87333 - std::sys::unix::thread::Thread::new::thread_start::ha4f1cdd9c25884ba
[INFO] [stdout]                                at /rustc/84c898d65adf2f39a5a98507f1fe0ce10a2b8dbc/library/std/src/sys/unix/thread.rs:108:17
[INFO] [stdout]   33:     0x7f69a7ef3b43 - <unknown>
[INFO] [stdout]   34:     0x7f69a7f84bb4 - __clone
[INFO] [stdout]   35:                0x0 - <unknown>
[INFO] [stdout] thread 'sync::cache::tests::entry_or_insert_with_if' panicked at 'Failed to join: Any { .. }', src/sync/cache.rs:2930:22
[INFO] [stdout] stack backtrace:
[INFO] [stdout]    0:     0x55de50b80c2a - std::backtrace_rs::backtrace::libunwind::trace::ha9053a9a07ca49cb
[INFO] [stdout]                                at /rustc/84c898d65adf2f39a5a98507f1fe0ce10a2b8dbc/library/std/src/../../backtrace/src/backtrace/libunwind.rs:93:5
[INFO] [stdout]    1:     0x55de50b80c2a - std::backtrace_rs::backtrace::trace_unsynchronized::h9c2852a457ad564e
[INFO] [stdout]                                at /rustc/84c898d65adf2f39a5a98507f1fe0ce10a2b8dbc/library/std/src/../../backtrace/src/backtrace/mod.rs:66:5
[INFO] [stdout]    2:     0x55de50b80c2a - std::sys_common::backtrace::_print_fmt::h457936fbfaa0070f
[INFO] [stdout]                                at /rustc/84c898d65adf2f39a5a98507f1fe0ce10a2b8dbc/library/std/src/sys_common/backtrace.rs:65:5
[INFO] [stdout]    3:     0x55de50b80c2a - <std::sys_common::backtrace::_print::DisplayBacktrace as core::fmt::Display>::fmt::h5779d7bf7f70cb0c
[INFO] [stdout]                                at /rustc/84c898d65adf2f39a5a98507f1fe0ce10a2b8dbc/library/std/src/sys_common/backtrace.rs:44:22
[INFO] [stdout]    4:     0x55de50ba484e - core::fmt::write::h5a4baaff1bcd3eb5
[INFO] [stdout]                                at /rustc/84c898d65adf2f39a5a98507f1fe0ce10a2b8dbc/library/core/src/fmt/mod.rs:1232:17
[INFO] [stdout]    5:     0x55de50b7dc35 - std::io::Write::write_fmt::h478f79c628ef31d1
[INFO] [stdout]                                at /rustc/84c898d65adf2f39a5a98507f1fe0ce10a2b8dbc/library/std/src/io/mod.rs:1684:15
[INFO] [stdout]    6:     0x55de50b809f5 - std::sys_common::backtrace::_print::h5fcdc36060f177e8
[INFO] [stdout]                                at /rustc/84c898d65adf2f39a5a98507f1fe0ce10a2b8dbc/library/std/src/sys_common/backtrace.rs:47:5
[INFO] [stdout]    7:     0x55de50b809f5 - std::sys_common::backtrace::print::h54ca9458b876c8bf
[INFO] [stdout]                                at /rustc/84c898d65adf2f39a5a98507f1fe0ce10a2b8dbc/library/std/src/sys_common/backtrace.rs:34:9
[INFO] [stdout]    8:     0x55de50b827bf - std::panicking::default_hook::{{closure}}::hbe471161c7664ed6
[INFO] [stdout]                                at /rustc/84c898d65adf2f39a5a98507f1fe0ce10a2b8dbc/library/std/src/panicking.rs:271:22
[INFO] [stdout]    9:     0x55de50b8247f - std::panicking::default_hook::ha3500da57aa4ac4f
[INFO] [stdout]                                at /rustc/84c898d65adf2f39a5a98507f1fe0ce10a2b8dbc/library/std/src/panicking.rs:287:9
[INFO] [stdout]   10:     0x55de50b15437 - <alloc::boxed::Box<F,A> as core::ops::function::Fn<Args>>::call::hdf1b89dd137ece34
[INFO] [stdout]                                at /rustc/84c898d65adf2f39a5a98507f1fe0ce10a2b8dbc/library/alloc/src/boxed.rs:2001:9
[INFO] [stdout]   11:     0x55de50b15437 - test::test_main::{{closure}}::h9081a79f20e75698
[INFO] [stdout]                                at /rustc/84c898d65adf2f39a5a98507f1fe0ce10a2b8dbc/library/test/src/lib.rs:135:21
[INFO] [stdout]   12:     0x55de50b82eed - <alloc::boxed::Box<F,A> as core::ops::function::Fn<Args>>::call::h6507bddc3eebb4a5
[INFO] [stdout]                                at /rustc/84c898d65adf2f39a5a98507f1fe0ce10a2b8dbc/library/alloc/src/boxed.rs:2001:9
[INFO] [stdout]   13:     0x55de50b82eed - std::panicking::rust_panic_with_hook::h50c09d000dc561d2
[INFO] [stdout]                                at /rustc/84c898d65adf2f39a5a98507f1fe0ce10a2b8dbc/library/std/src/panicking.rs:696:13
[INFO] [stdout]   14:     0x55de50b82c69 - std::panicking::begin_panic_handler::{{closure}}::h9e2b2176e00e0d9c
[INFO] [stdout]                                at /rustc/84c898d65adf2f39a5a98507f1fe0ce10a2b8dbc/library/std/src/panicking.rs:583:13
[INFO] [stdout]   15:     0x55de50b81096 - std::sys_common::backtrace::__rust_end_short_backtrace::h5739b8e512c09d02
[INFO] [stdout]                                at /rustc/84c898d65adf2f39a5a98507f1fe0ce10a2b8dbc/library/std/src/sys_common/backtrace.rs:150:18
[INFO] [stdout]   16:     0x55de50b82972 - rust_begin_unwind
[INFO] [stdout]                                at /rustc/84c898d65adf2f39a5a98507f1fe0ce10a2b8dbc/library/std/src/panicking.rs:579:5
[INFO] [stdout]   17:     0x55de50260b83 - core::panicking::panic_fmt::hf33a1475b4dc5c3e
[INFO] [stdout]                                at /rustc/84c898d65adf2f39a5a98507f1fe0ce10a2b8dbc/library/core/src/panicking.rs:64:14
[INFO] [stdout]   18:     0x55de50260fd3 - core::result::unwrap_failed::hdff5465d74574b44
[INFO] [stdout]                                at /rustc/84c898d65adf2f39a5a98507f1fe0ce10a2b8dbc/library/core/src/result.rs:1750:5
[INFO] [stdout]   19:     0x55de5077966e - core::result::Result<T,E>::expect::h88885fad0aeb02a9
[INFO] [stdout]                                at /rustc/84c898d65adf2f39a5a98507f1fe0ce10a2b8dbc/library/core/src/result.rs:1047:23
[INFO] [stdout]   20:     0x55de508346a5 - moka::sync::cache::tests::entry_or_insert_with_if::h06f240456b8df16d
[INFO] [stdout]                                at /opt/rustwide/workdir/src/sync/cache.rs:2930:13
[INFO] [stdout]   21:     0x55de50833ec7 - moka::sync::cache::tests::entry_or_insert_with_if::{{closure}}::hbdce11231aaccf0b
[INFO] [stdout]                                at /opt/rustwide/workdir/src/sync/cache.rs:2798:34
[INFO] [stdout]   22:     0x55de5050b455 - core::ops::function::FnOnce::call_once::hf6ef53deab1e9a6a
[INFO] [stdout]                                at /rustc/84c898d65adf2f39a5a98507f1fe0ce10a2b8dbc/library/core/src/ops/function.rs:250:5
[INFO] [stdout]   23:     0x55de50b1a81f - core::ops::function::FnOnce::call_once::h7d969581be7d0075
[INFO] [stdout]                                at /rustc/84c898d65adf2f39a5a98507f1fe0ce10a2b8dbc/library/core/src/ops/function.rs:250:5
[INFO] [stdout]   24:     0x55de50b1a81f - test::__rust_begin_short_backtrace::hca25a52684e56655
[INFO] [stdout]                                at /rustc/84c898d65adf2f39a5a98507f1fe0ce10a2b8dbc/library/test/src/lib.rs:656:18
[INFO] [stdout]   25:     0x55de50aebe3c - test::run_test::{{closure}}::ha8ac744c4af1a4bb
[INFO] [stdout]                                at /rustc/84c898d65adf2f39a5a98507f1fe0ce10a2b8dbc/library/test/src/lib.rs:647:30
[INFO] [stdout]   26:     0x55de50aebe3c - core::ops::function::FnOnce::call_once{{vtable.shim}}::h7b411a9ed45bdecf
[INFO] [stdout]                                at /rustc/84c898d65adf2f39a5a98507f1fe0ce10a2b8dbc/library/core/src/ops/function.rs:250:5
[INFO] [stdout]   27:     0x55de50b197e6 - <alloc::boxed::Box<F,A> as core::ops::function::FnOnce<Args>>::call_once::hd05328869a8ed200
[INFO] [stdout]                                at /rustc/84c898d65adf2f39a5a98507f1fe0ce10a2b8dbc/library/alloc/src/boxed.rs:1987:9
[INFO] [stdout]   28:     0x55de50b197e6 - <core::panic::unwind_safe::AssertUnwindSafe<F> as core::ops::function::FnOnce<()>>::call_once::h0c601ce20bd5b2be
[INFO] [stdout]                                at /rustc/84c898d65adf2f39a5a98507f1fe0ce10a2b8dbc/library/core/src/panic/unwind_safe.rs:271:9
[INFO] [stdout]   29:     0x55de50b197e6 - std::panicking::try::do_call::ha4be5c164fe30854
[INFO] [stdout]                                at /rustc/84c898d65adf2f39a5a98507f1fe0ce10a2b8dbc/library/std/src/panicking.rs:487:40
[INFO] [stdout]   30:     0x55de50b197e6 - std::panicking::try::h604546f3609af05f
[INFO] [stdout]                                at /rustc/84c898d65adf2f39a5a98507f1fe0ce10a2b8dbc/library/std/src/panicking.rs:451:19
[INFO] [stdout]   31:     0x55de50b197e6 - std::panic::catch_unwind::h5bfa8afe44c9c2f9
[INFO] [stdout]                                at /rustc/84c898d65adf2f39a5a98507f1fe0ce10a2b8dbc/library/std/src/panic.rs:140:14
[INFO] [stdout]   32:     0x55de50b197e6 - test::run_test_in_process::hd50dee55dd63e6aa
[INFO] [stdout]                                at /rustc/84c898d65adf2f39a5a98507f1fe0ce10a2b8dbc/library/test/src/lib.rs:679:27
[INFO] [stdout]   33:     0x55de50b197e6 - test::run_test::run_test_inner::{{closure}}::h4aa0f433aa85cea8
[INFO] [stdout]                                at /rustc/84c898d65adf2f39a5a98507f1fe0ce10a2b8dbc/library/test/src/lib.rs:573:39
[INFO] [stdout]   34:     0x55de50ae64b1 - test::run_test::run_test_inner::{{closure}}::had56431adf24b4d6
[INFO] [stdout]                                at /rustc/84c898d65adf2f39a5a98507f1fe0ce10a2b8dbc/library/test/src/lib.rs:600:37
[INFO] [stdout]   35:     0x55de50ae64b1 - std::sys_common::backtrace::__rust_begin_short_backtrace::ha8d9890e0c73bf13
[INFO] [stdout]                                at /rustc/84c898d65adf2f39a5a98507f1fe0ce10a2b8dbc/library/std/src/sys_common/backtrace.rs:134:18
[INFO] [stdout]   36:     0x55de50aebecb - std::thread::Builder::spawn_unchecked_::{{closure}}::{{closure}}::h251832bcb4a95327
[INFO] [stdout]                                at /rustc/84c898d65adf2f39a5a98507f1fe0ce10a2b8dbc/library/std/src/thread/mod.rs:560:17
[INFO] [stdout]   37:     0x55de50aebecb - <core::panic::unwind_safe::AssertUnwindSafe<F> as core::ops::function::FnOnce<()>>::call_once::h8fdff598fa414831
[INFO] [stdout]                                at /rustc/84c898d65adf2f39a5a98507f1fe0ce10a2b8dbc/library/core/src/panic/unwind_safe.rs:271:9
[INFO] [stdout]   38:     0x55de50aebecb - std::panicking::try::do_call::h455dd2f7764a950f
[INFO] [stdout]                                at /rustc/84c898d65adf2f39a5a98507f1fe0ce10a2b8dbc/library/std/src/panicking.rs:487:40
[INFO] [stdout]   39:     0x55de50aebecb - std::panicking::try::had6f23b7b73ae72a
[INFO] [stdout]                                at /rustc/84c898d65adf2f39a5a98507f1fe0ce10a2b8dbc/library/std/src/panicking.rs:451:19
[INFO] [stdout]   40:     0x55de50aebecb - std::panic::catch_unwind::ha6a5ca3915b4dad0
[INFO] [stdout]                                at /rustc/84c898d65adf2f39a5a98507f1fe0ce10a2b8dbc/library/std/src/panic.rs:140:14
[INFO] [stdout]   41:     0x55de50aebecb - std::thread::Builder::spawn_unchecked_::{{closure}}::h883b72ef75da6231
[INFO] [stdout]                                at /rustc/84c898d65adf2f39a5a98507f1fe0ce10a2b8dbc/library/std/src/thread/mod.rs:559:30
[INFO] [stdout]   42:     0x55de50aebecb - core::ops::function::FnOnce::call_once{{vtable.shim}}::hb7dff73dc8bd2ccb
[INFO] [stdout]                                at /rustc/84c898d65adf2f39a5a98507f1fe0ce10a2b8dbc/library/core/src/ops/function.rs:250:5
[INFO] [stdout]   43:     0x55de50b87333 - <alloc::boxed::Box<F,A> as core::ops::function::FnOnce<Args>>::call_once::h39990b24eedef2ab
[INFO] [stdout]                                at /rustc/84c898d65adf2f39a5a98507f1fe0ce10a2b8dbc/library/alloc/src/boxed.rs:1987:9
[INFO] [stdout]   44:     0x55de50b87333 - <alloc::boxed::Box<F,A> as core::ops::function::FnOnce<Args>>::call_once::h01a027258444143b
[INFO] [stdout]                                at /rustc/84c898d65adf2f39a5a98507f1fe0ce10a2b8dbc/library/alloc/src/boxed.rs:1987:9
[INFO] [stdout]   45:     0x55de50b87333 - std::sys::unix::thread::Thread::new::thread_start::ha4f1cdd9c25884ba
[INFO] [stdout]                                at /rustc/84c898d65adf2f39a5a98507f1fe0ce10a2b8dbc/library/std/src/sys/unix/thread.rs:108:17
[INFO] [stdout]   46:     0x7f69a7ef3b43 - <unknown>
[INFO] [stdout]   47:     0x7f69a7f84bb4 - __clone
[INFO] [stdout]   48:                0x0 - <unknown>
[INFO] [stdout] 
[INFO] [stdout] 
[INFO] [stdout] failures:
[INFO] [stdout]     sync::cache::tests::entry_or_insert_with_if
[INFO] [stdout] 
[INFO] [stdout] test result: FAILED. 88 passed; 1 failed; 6 ignored; 0 measured; 0 filtered out; finished in 8.65s
[INFO] [stdout] 
[INFO] [stderr] error: test failed, to rerun pass `--lib`
[INFO] running `Command { std: "docker" "inspect" "09ef479fde8083d82dd48891c5be3d5632671a409c42270ab17e471eda9a0b05", kill_on_drop: false }`
[INFO] running `Command { std: "docker" "rm" "-f" "09ef479fde8083d82dd48891c5be3d5632671a409c42270ab17e471eda9a0b05", kill_on_drop: false }`
[INFO] [stdout] 09ef479fde8083d82dd48891c5be3d5632671a409c42270ab17e471eda9a0b05
