[INFO] fetching crate modular-frost 0.7.0...
[INFO] testing modular-frost-0.7.0 against 1.69.0 for beta-1.70-1
[INFO] extracting crate modular-frost 0.7.0 into /workspace/builds/worker-0-tc1/source
[INFO] validating manifest of crates.io crate modular-frost 0.7.0 on toolchain 1.69.0
[INFO] running `Command { std: CARGO_HOME="/workspace/cargo-home" RUSTUP_HOME="/workspace/rustup-home" "/workspace/cargo-home/bin/cargo" "+1.69.0" "metadata" "--manifest-path" "Cargo.toml" "--no-deps", kill_on_drop: false }`
[INFO] started tweaking crates.io crate modular-frost 0.7.0
[INFO] finished tweaking crates.io crate modular-frost 0.7.0
[INFO] tweaked toml for crates.io crate modular-frost 0.7.0 written to /workspace/builds/worker-0-tc1/source/Cargo.toml
[INFO] running `Command { std: CARGO_HOME="/workspace/cargo-home" RUSTUP_HOME="/workspace/rustup-home" __CARGO_TEST_CHANNEL_OVERRIDE_DO_NOT_USE_THIS="nightly" "/workspace/cargo-home/bin/cargo" "+1.69.0" "generate-lockfile" "--manifest-path" "Cargo.toml" "-Zno-index-update", kill_on_drop: false }`
[INFO] running `Command { std: CARGO_HOME="/workspace/cargo-home" RUSTUP_HOME="/workspace/rustup-home" "/workspace/cargo-home/bin/cargo" "+1.69.0" "fetch" "--manifest-path" "Cargo.toml", kill_on_drop: false }`
[INFO] [stderr]  Downloading crates ...
[INFO] [stderr]   Downloaded ciphersuite v0.3.0
[INFO] [stderr]   Downloaded ecdsa v0.15.1
[INFO] [stderr]   Downloaded minimal-ed448 v0.3.1
[INFO] [stderr]   Downloaded p256 v0.12.0
[INFO] [stderr]   Downloaded primeorder v0.12.1
[INFO] [stderr]   Downloaded dalek-ff-group v0.3.0
[INFO] [stderr]   Downloaded flexible-transcript v0.3.1
[INFO] [stderr]   Downloaded dleq v0.3.1
[INFO] [stderr]   Downloaded k256 v0.12.0
[INFO] [stderr]   Downloaded multiexp v0.3.1
[INFO] [stderr]   Downloaded schnorr-signatures v0.4.0
[INFO] [stderr]   Downloaded dkg v0.4.0
[INFO] running `Command { std: "docker" "create" "-v" "/var/lib/crater-agent-workspace/builds/worker-0-tc1/target:/opt/rustwide/target:rw,Z" "-v" "/var/lib/crater-agent-workspace/builds/worker-0-tc1/source:/opt/rustwide/workdir:ro,Z" "-v" "/var/lib/crater-agent-workspace/cargo-home:/opt/rustwide/cargo-home:ro,Z" "-v" "/var/lib/crater-agent-workspace/rustup-home:/opt/rustwide/rustup-home:ro,Z" "-e" "SOURCE_DIR=/opt/rustwide/workdir" "-e" "CARGO_TARGET_DIR=/opt/rustwide/target" "-e" "CARGO_HOME=/opt/rustwide/cargo-home" "-e" "RUSTUP_HOME=/opt/rustwide/rustup-home" "-w" "/opt/rustwide/workdir" "-m" "1610612736" "--user" "0:0" "--network" "none" "ghcr.io/rust-lang/crates-build-env/linux@sha256:5ff2268d62e97bff2cde7d5815dd6ed5b47097566f13b8d0ca110b04b60e07ed" "/opt/rustwide/cargo-home/bin/cargo" "+1.69.0" "metadata" "--no-deps" "--format-version=1", kill_on_drop: false }`
[INFO] [stdout] c72cb39358e6d42868291071b9cf14b57172f0873bc70c2bd99883f7d178c693
[INFO] running `Command { std: "docker" "start" "-a" "c72cb39358e6d42868291071b9cf14b57172f0873bc70c2bd99883f7d178c693", kill_on_drop: false }`
[INFO] running `Command { std: "docker" "inspect" "c72cb39358e6d42868291071b9cf14b57172f0873bc70c2bd99883f7d178c693", kill_on_drop: false }`
[INFO] running `Command { std: "docker" "rm" "-f" "c72cb39358e6d42868291071b9cf14b57172f0873bc70c2bd99883f7d178c693", kill_on_drop: false }`
[INFO] [stdout] c72cb39358e6d42868291071b9cf14b57172f0873bc70c2bd99883f7d178c693
[INFO] running `Command { std: "docker" "create" "-v" "/var/lib/crater-agent-workspace/builds/worker-0-tc1/target:/opt/rustwide/target:rw,Z" "-v" "/var/lib/crater-agent-workspace/builds/worker-0-tc1/source:/opt/rustwide/workdir:ro,Z" "-v" "/var/lib/crater-agent-workspace/cargo-home:/opt/rustwide/cargo-home:ro,Z" "-v" "/var/lib/crater-agent-workspace/rustup-home:/opt/rustwide/rustup-home:ro,Z" "-e" "SOURCE_DIR=/opt/rustwide/workdir" "-e" "CARGO_TARGET_DIR=/opt/rustwide/target" "-e" "CARGO_INCREMENTAL=0" "-e" "RUST_BACKTRACE=full" "-e" "RUSTFLAGS=--cap-lints=warn" "-e" "RUSTDOCFLAGS=--cap-lints=warn" "-e" "CARGO_HOME=/opt/rustwide/cargo-home" "-e" "RUSTUP_HOME=/opt/rustwide/rustup-home" "-w" "/opt/rustwide/workdir" "-m" "1610612736" "--user" "0:0" "--network" "none" "ghcr.io/rust-lang/crates-build-env/linux@sha256:5ff2268d62e97bff2cde7d5815dd6ed5b47097566f13b8d0ca110b04b60e07ed" "/opt/rustwide/cargo-home/bin/cargo" "+1.69.0" "build" "--frozen" "--message-format=json", kill_on_drop: false }`
[INFO] [stdout] 67002282844ae779d38c72fdbf3e2bca0a3bf8443625f32433649f5e270e4bd4
[INFO] running `Command { std: "docker" "start" "-a" "67002282844ae779d38c72fdbf3e2bca0a3bf8443625f32433649f5e270e4bd4", kill_on_drop: false }`
[INFO] [stderr]    Compiling radium v0.7.0
[INFO] [stderr]    Compiling subtle v2.4.1
[INFO] [stderr]    Compiling tap v1.0.1
[INFO] [stderr]    Compiling rand_core v0.6.4
[INFO] [stderr]    Compiling funty v2.0.0
[INFO] [stderr]    Compiling generic-array v0.14.7
[INFO] [stderr]    Compiling syn v2.0.15
[INFO] [stderr]    Compiling wyz v0.5.1
[INFO] [stderr]    Compiling rand_chacha v0.3.1
[INFO] [stderr]    Compiling bitvec v1.0.1
[INFO] [stderr]    Compiling crypto-common v0.1.6
[INFO] [stderr]    Compiling block-buffer v0.10.4
[INFO] [stderr]    Compiling inout v0.1.3
[INFO] [stderr]    Compiling digest v0.10.6
[INFO] [stderr]    Compiling blake2 v0.10.6
[INFO] [stderr]    Compiling flexible-transcript v0.3.1
[INFO] [stderr]    Compiling ff v0.12.1
[INFO] [stderr]    Compiling group v0.12.1
[INFO] [stderr]    Compiling zeroize_derive v1.4.2
[INFO] [stderr]    Compiling thiserror-impl v1.0.40
[INFO] [stderr]    Compiling zeroize v1.6.0
[INFO] [stderr]    Compiling multiexp v0.3.1
[INFO] [stderr]    Compiling cipher v0.4.4
[INFO] [stderr]    Compiling ciphersuite v0.3.0
[INFO] [stderr]    Compiling dleq v0.3.1
[INFO] [stdout] error[E0599]: the method `zeroize` exists for mutable reference `&mut <G as Group>::Scalar`, but its trait bounds were not satisfied
[INFO] [stdout]    --> /opt/rustwide/cargo-home/registry/src/github.com-1ecc6299db9ec823/dleq-0.3.1/src/lib.rs:107:45
[INFO] [stdout]     |
[INFO] [stdout] 107 | #[derive(Clone, Copy, PartialEq, Eq, Debug, Zeroize)]
[INFO] [stdout]     |                                             ^^^^^^^ method cannot be called on `&mut <G as Group>::Scalar` due to unsatisfied trait bounds
[INFO] [stdout]     |
[INFO] [stdout]     = note: the following trait bounds were not satisfied:
[INFO] [stdout]             `<G as Group>::Scalar: DefaultIsZeroes`
[INFO] [stdout]             which is required by `<G as Group>::Scalar: Zeroize`
[INFO] [stdout]             `&mut <G as Group>::Scalar: DefaultIsZeroes`
[INFO] [stdout]             which is required by `&mut <G as Group>::Scalar: Zeroize`
[INFO] [stdout]     = note: this error originates in the derive macro `Zeroize` (in Nightly builds, run with -Z macro-backtrace for more info)
[INFO] [stdout] 
[INFO] [stdout] 
[INFO] [stdout] error[E0599]: the method `zeroize` exists for mutable reference `&mut <G as Group>::Scalar`, but its trait bounds were not satisfied
[INFO] [stdout]    --> /opt/rustwide/cargo-home/registry/src/github.com-1ecc6299db9ec823/dleq-0.3.1/src/lib.rs:212:39
[INFO] [stdout]     |
[INFO] [stdout] 212 | #[derive(Clone, PartialEq, Eq, Debug, Zeroize)]
[INFO] [stdout]     |                                       ^^^^^^^ method cannot be called on `&mut <G as Group>::Scalar` due to unsatisfied trait bounds
[INFO] [stdout]     |
[INFO] [stdout]     = note: the following trait bounds were not satisfied:
[INFO] [stdout]             `<G as Group>::Scalar: DefaultIsZeroes`
[INFO] [stdout]             which is required by `<G as Group>::Scalar: Zeroize`
[INFO] [stdout]             `&mut <G as Group>::Scalar: DefaultIsZeroes`
[INFO] [stdout]             which is required by `&mut <G as Group>::Scalar: Zeroize`
[INFO] [stdout]     = note: this error originates in the derive macro `Zeroize` (in Nightly builds, run with -Z macro-backtrace for more info)
[INFO] [stdout] 
[INFO] [stdout] 
[INFO] [stdout] error[E0599]: the method `zeroize` exists for mutable reference `&mut Vec<<G as Group>::Scalar>`, but its trait bounds were not satisfied
[INFO] [stdout]    --> /opt/rustwide/cargo-home/registry/src/github.com-1ecc6299db9ec823/dleq-0.3.1/src/lib.rs:212:39
[INFO] [stdout]     |
[INFO] [stdout] 212 | #[derive(Clone, PartialEq, Eq, Debug, Zeroize)]
[INFO] [stdout]     |                                       ^^^^^^^ method cannot be called on `&mut Vec<<G as Group>::Scalar>` due to unsatisfied trait bounds
[INFO] [stdout]     |
[INFO] [stdout]     = note: the following trait bounds were not satisfied:
[INFO] [stdout]             `&mut Vec<<G as Group>::Scalar>: DefaultIsZeroes`
[INFO] [stdout]             which is required by `&mut Vec<<G as Group>::Scalar>: Zeroize`
[INFO] [stdout]     = note: this error originates in the derive macro `Zeroize` (in Nightly builds, run with -Z macro-backtrace for more info)
[INFO] [stdout] 
[INFO] [stdout] 
[INFO] [stdout] error: aborting due to 3 previous errors
[INFO] [stdout] 
[INFO] [stdout] 
[INFO] [stdout] For more information about this error, try `rustc --explain E0599`.
[INFO] [stdout] 
[INFO] [stderr] error: could not compile `dleq` due to 4 previous errors
[INFO] [stderr] warning: build failed, waiting for other jobs to finish...
[INFO] running `Command { std: "docker" "inspect" "67002282844ae779d38c72fdbf3e2bca0a3bf8443625f32433649f5e270e4bd4", kill_on_drop: false }`
[INFO] running `Command { std: "docker" "rm" "-f" "67002282844ae779d38c72fdbf3e2bca0a3bf8443625f32433649f5e270e4bd4", kill_on_drop: false }`
[INFO] [stdout] 67002282844ae779d38c72fdbf3e2bca0a3bf8443625f32433649f5e270e4bd4
