[INFO] fetching crate mnemos-common 0.1.0...
[INFO] testing mnemos-common-0.1.0 against 1.69.0 for beta-1.70-1
[INFO] extracting crate mnemos-common 0.1.0 into /workspace/builds/worker-6-tc1/source
[INFO] validating manifest of crates.io crate mnemos-common 0.1.0 on toolchain 1.69.0
[INFO] running `Command { std: CARGO_HOME="/workspace/cargo-home" RUSTUP_HOME="/workspace/rustup-home" "/workspace/cargo-home/bin/cargo" "+1.69.0" "metadata" "--manifest-path" "Cargo.toml" "--no-deps", kill_on_drop: false }`
[INFO] started tweaking crates.io crate mnemos-common 0.1.0
[INFO] finished tweaking crates.io crate mnemos-common 0.1.0
[INFO] tweaked toml for crates.io crate mnemos-common 0.1.0 written to /workspace/builds/worker-6-tc1/source/Cargo.toml
[INFO] running `Command { std: CARGO_HOME="/workspace/cargo-home" RUSTUP_HOME="/workspace/rustup-home" __CARGO_TEST_CHANNEL_OVERRIDE_DO_NOT_USE_THIS="nightly" "/workspace/cargo-home/bin/cargo" "+1.69.0" "generate-lockfile" "--manifest-path" "Cargo.toml" "-Zno-index-update", kill_on_drop: false }`
[INFO] running `Command { std: CARGO_HOME="/workspace/cargo-home" RUSTUP_HOME="/workspace/rustup-home" "/workspace/cargo-home/bin/cargo" "+1.69.0" "fetch" "--manifest-path" "Cargo.toml", kill_on_drop: false }`
[INFO] [stderr]  Downloading crates ...
[INFO] [stderr]   Downloaded postcard v0.7.3
[INFO] [stderr]   Downloaded postcard-cobs v0.1.5-pre
[INFO] running `Command { std: "docker" "create" "-v" "/var/lib/crater-agent-workspace/builds/worker-6-tc1/target:/opt/rustwide/target:rw,Z" "-v" "/var/lib/crater-agent-workspace/builds/worker-6-tc1/source:/opt/rustwide/workdir:ro,Z" "-v" "/var/lib/crater-agent-workspace/cargo-home:/opt/rustwide/cargo-home:ro,Z" "-v" "/var/lib/crater-agent-workspace/rustup-home:/opt/rustwide/rustup-home:ro,Z" "-e" "SOURCE_DIR=/opt/rustwide/workdir" "-e" "CARGO_TARGET_DIR=/opt/rustwide/target" "-e" "CARGO_HOME=/opt/rustwide/cargo-home" "-e" "RUSTUP_HOME=/opt/rustwide/rustup-home" "-w" "/opt/rustwide/workdir" "-m" "1610612736" "--user" "0:0" "--network" "none" "ghcr.io/rust-lang/crates-build-env/linux@sha256:5ff2268d62e97bff2cde7d5815dd6ed5b47097566f13b8d0ca110b04b60e07ed" "/opt/rustwide/cargo-home/bin/cargo" "+1.69.0" "metadata" "--no-deps" "--format-version=1", kill_on_drop: false }`
[INFO] [stdout] a0a0387e1697b9c0dae24788f08e0ebf6298734a079f0c30d437fcc9c70afed0
[INFO] running `Command { std: "docker" "start" "-a" "a0a0387e1697b9c0dae24788f08e0ebf6298734a079f0c30d437fcc9c70afed0", kill_on_drop: false }`
[INFO] running `Command { std: "docker" "inspect" "a0a0387e1697b9c0dae24788f08e0ebf6298734a079f0c30d437fcc9c70afed0", kill_on_drop: false }`
[INFO] running `Command { std: "docker" "rm" "-f" "a0a0387e1697b9c0dae24788f08e0ebf6298734a079f0c30d437fcc9c70afed0", kill_on_drop: false }`
[INFO] [stdout] a0a0387e1697b9c0dae24788f08e0ebf6298734a079f0c30d437fcc9c70afed0
[INFO] running `Command { std: "docker" "create" "-v" "/var/lib/crater-agent-workspace/builds/worker-6-tc1/target:/opt/rustwide/target:rw,Z" "-v" "/var/lib/crater-agent-workspace/builds/worker-6-tc1/source:/opt/rustwide/workdir:ro,Z" "-v" "/var/lib/crater-agent-workspace/cargo-home:/opt/rustwide/cargo-home:ro,Z" "-v" "/var/lib/crater-agent-workspace/rustup-home:/opt/rustwide/rustup-home:ro,Z" "-e" "SOURCE_DIR=/opt/rustwide/workdir" "-e" "CARGO_TARGET_DIR=/opt/rustwide/target" "-e" "CARGO_INCREMENTAL=0" "-e" "RUST_BACKTRACE=full" "-e" "RUSTFLAGS=--cap-lints=warn" "-e" "RUSTDOCFLAGS=--cap-lints=warn" "-e" "CARGO_HOME=/opt/rustwide/cargo-home" "-e" "RUSTUP_HOME=/opt/rustwide/rustup-home" "-w" "/opt/rustwide/workdir" "-m" "1610612736" "--user" "0:0" "--network" "none" "ghcr.io/rust-lang/crates-build-env/linux@sha256:5ff2268d62e97bff2cde7d5815dd6ed5b47097566f13b8d0ca110b04b60e07ed" "/opt/rustwide/cargo-home/bin/cargo" "+1.69.0" "build" "--frozen" "--message-format=json", kill_on_drop: false }`
[INFO] [stdout] 5a86f186fcce6e275f71bbe818d94f76ad360f8f6f3a4b62bc48ce28939e23a0
[INFO] running `Command { std: "docker" "start" "-a" "5a86f186fcce6e275f71bbe818d94f76ad360f8f6f3a4b62bc48ce28939e23a0", kill_on_drop: false }`
[INFO] [stderr]     Blocking waiting for file lock on package cache
[INFO] [stderr]    Compiling semver v1.0.17
[INFO] [stderr]    Compiling serde v1.0.160
[INFO] [stderr]    Compiling stable_deref_trait v1.2.0
[INFO] [stderr]    Compiling postcard-cobs v0.1.5-pre
[INFO] [stderr]    Compiling lock_api v0.4.9
[INFO] [stderr]    Compiling hash32 v0.2.1
[INFO] [stderr]    Compiling syn v2.0.15
[INFO] [stderr]    Compiling rustc_version v0.4.0
[INFO] [stderr]    Compiling spin v0.9.8
[INFO] [stderr]    Compiling heapless v0.7.16
[INFO] [stderr]    Compiling serde_derive v1.0.160
[INFO] [stderr]    Compiling postcard v0.7.3
[INFO] [stderr]    Compiling mnemos-common v0.1.0 (/opt/rustwide/workdir)
[INFO] [stderr]     Finished dev [unoptimized + debuginfo] target(s) in 10.22s
[INFO] running `Command { std: "docker" "inspect" "5a86f186fcce6e275f71bbe818d94f76ad360f8f6f3a4b62bc48ce28939e23a0", kill_on_drop: false }`
[INFO] running `Command { std: "docker" "rm" "-f" "5a86f186fcce6e275f71bbe818d94f76ad360f8f6f3a4b62bc48ce28939e23a0", kill_on_drop: false }`
[INFO] [stdout] 5a86f186fcce6e275f71bbe818d94f76ad360f8f6f3a4b62bc48ce28939e23a0
[INFO] running `Command { std: "docker" "create" "-v" "/var/lib/crater-agent-workspace/builds/worker-6-tc1/target:/opt/rustwide/target:rw,Z" "-v" "/var/lib/crater-agent-workspace/builds/worker-6-tc1/source:/opt/rustwide/workdir:ro,Z" "-v" "/var/lib/crater-agent-workspace/cargo-home:/opt/rustwide/cargo-home:ro,Z" "-v" "/var/lib/crater-agent-workspace/rustup-home:/opt/rustwide/rustup-home:ro,Z" "-e" "SOURCE_DIR=/opt/rustwide/workdir" "-e" "CARGO_TARGET_DIR=/opt/rustwide/target" "-e" "CARGO_INCREMENTAL=0" "-e" "RUST_BACKTRACE=full" "-e" "RUSTFLAGS=--cap-lints=warn" "-e" "RUSTDOCFLAGS=--cap-lints=warn" "-e" "CARGO_HOME=/opt/rustwide/cargo-home" "-e" "RUSTUP_HOME=/opt/rustwide/rustup-home" "-w" "/opt/rustwide/workdir" "-m" "1610612736" "--user" "0:0" "--network" "none" "ghcr.io/rust-lang/crates-build-env/linux@sha256:5ff2268d62e97bff2cde7d5815dd6ed5b47097566f13b8d0ca110b04b60e07ed" "/opt/rustwide/cargo-home/bin/cargo" "+1.69.0" "test" "--frozen" "--no-run" "--message-format=json", kill_on_drop: false }`
[INFO] [stdout] 4c27567a3d58031391791115a701dfa574cfca9ad41a0e1a816819f02e9af41d
[INFO] running `Command { std: "docker" "start" "-a" "4c27567a3d58031391791115a701dfa574cfca9ad41a0e1a816819f02e9af41d", kill_on_drop: false }`
[INFO] [stderr]    Compiling mnemos-common v0.1.0 (/opt/rustwide/workdir)
[INFO] [stderr]     Finished test [unoptimized + debuginfo] target(s) in 0.52s
[INFO] running `Command { std: "docker" "inspect" "4c27567a3d58031391791115a701dfa574cfca9ad41a0e1a816819f02e9af41d", kill_on_drop: false }`
[INFO] running `Command { std: "docker" "rm" "-f" "4c27567a3d58031391791115a701dfa574cfca9ad41a0e1a816819f02e9af41d", kill_on_drop: false }`
[INFO] [stdout] 4c27567a3d58031391791115a701dfa574cfca9ad41a0e1a816819f02e9af41d
[INFO] running `Command { std: "docker" "create" "-v" "/var/lib/crater-agent-workspace/builds/worker-6-tc1/target:/opt/rustwide/target:rw,Z" "-v" "/var/lib/crater-agent-workspace/builds/worker-6-tc1/source:/opt/rustwide/workdir:ro,Z" "-v" "/var/lib/crater-agent-workspace/cargo-home:/opt/rustwide/cargo-home:ro,Z" "-v" "/var/lib/crater-agent-workspace/rustup-home:/opt/rustwide/rustup-home:ro,Z" "-e" "SOURCE_DIR=/opt/rustwide/workdir" "-e" "CARGO_TARGET_DIR=/opt/rustwide/target" "-e" "CARGO_INCREMENTAL=0" "-e" "RUST_BACKTRACE=full" "-e" "RUSTFLAGS=--cap-lints=warn" "-e" "RUSTDOCFLAGS=--cap-lints=warn" "-e" "CARGO_HOME=/opt/rustwide/cargo-home" "-e" "RUSTUP_HOME=/opt/rustwide/rustup-home" "-w" "/opt/rustwide/workdir" "-m" "1610612736" "--user" "0:0" "--network" "none" "ghcr.io/rust-lang/crates-build-env/linux@sha256:5ff2268d62e97bff2cde7d5815dd6ed5b47097566f13b8d0ca110b04b60e07ed" "/opt/rustwide/cargo-home/bin/cargo" "+1.69.0" "test" "--frozen", kill_on_drop: false }`
[INFO] [stdout] 60e71c643ba87357d8fb737729039245b267738f5225d6db02fea0f17461fffb
[INFO] running `Command { std: "docker" "start" "-a" "60e71c643ba87357d8fb737729039245b267738f5225d6db02fea0f17461fffb", kill_on_drop: false }`
[INFO] [stderr]     Blocking waiting for file lock on package cache
[INFO] [stderr]     Finished test [unoptimized + debuginfo] target(s) in 0.27s
[INFO] [stderr]      Running unittests src/lib.rs (/opt/rustwide/target/debug/deps/mnemos_common-b97e2927f6cef760)
[INFO] [stdout] 
[INFO] [stdout] running 0 tests
[INFO] [stdout] 
[INFO] [stdout] test result: ok. 0 passed; 0 failed; 0 ignored; 0 measured; 0 filtered out; finished in 0.00s
[INFO] [stdout] 
[INFO] [stderr]    Doc-tests mnemos-common
[INFO] [stdout] 
[INFO] [stdout] running 2 tests
[INFO] [stdout] test src/syscall/mod.rs - syscall::slice::SysCallSlice (line 236) ... FAILED
[INFO] [stdout] test src/syscall/mod.rs - syscall::slice::SysCallSliceMut (line 285) ... FAILED
[INFO] [stdout] 
[INFO] [stdout] failures:
[INFO] [stdout] 
[INFO] [stdout] ---- src/syscall/mod.rs - syscall::slice::SysCallSlice (line 236) stdout ----
[INFO] [stdout] error[E0433]: failed to resolve: use of undeclared crate or module `common`
[INFO] [stdout]  --> src/syscall/mod.rs:237:5
[INFO] [stdout]   |
[INFO] [stdout] 3 | use common::syscall::slice::SysCallSlice;
[INFO] [stdout]   |     ^^^^^^ use of undeclared crate or module `common`
[INFO] [stdout] 
[INFO] [stdout] error: aborting due to previous error
[INFO] [stdout] 
[INFO] [stdout] For more information about this error, try `rustc --explain E0433`.
[INFO] [stdout] Couldn't compile the test.
[INFO] [stdout] ---- src/syscall/mod.rs - syscall::slice::SysCallSliceMut (line 285) stdout ----
[INFO] [stdout] error[E0433]: failed to resolve: use of undeclared crate or module `common`
[INFO] [stdout]  --> src/syscall/mod.rs:286:5
[INFO] [stdout]   |
[INFO] [stdout] 3 | use common::syscall::slice::{SysCallSliceMut, SysCallSlice};
[INFO] [stdout]   |     ^^^^^^ use of undeclared crate or module `common`
[INFO] [stdout] 
[INFO] [stdout] error: aborting due to previous error
[INFO] [stdout] 
[INFO] [stdout] For more information about this error, try `rustc --explain E0433`.
[INFO] [stdout] Couldn't compile the test.
[INFO] [stdout] 
[INFO] [stdout] failures:
[INFO] [stdout]     src/syscall/mod.rs - syscall::slice::SysCallSlice (line 236)
[INFO] [stdout]     src/syscall/mod.rs - syscall::slice::SysCallSliceMut (line 285)
[INFO] [stdout] 
[INFO] [stdout] test result: FAILED. 0 passed; 2 failed; 0 ignored; 0 measured; 0 filtered out; finished in 0.02s
[INFO] [stdout] 
[INFO] [stderr] error: doctest failed, to rerun pass `--doc`
[INFO] running `Command { std: "docker" "inspect" "60e71c643ba87357d8fb737729039245b267738f5225d6db02fea0f17461fffb", kill_on_drop: false }`
[INFO] running `Command { std: "docker" "rm" "-f" "60e71c643ba87357d8fb737729039245b267738f5225d6db02fea0f17461fffb", kill_on_drop: false }`
[INFO] [stdout] 60e71c643ba87357d8fb737729039245b267738f5225d6db02fea0f17461fffb
