[INFO] fetching crate mla 1.3.0...
[INFO] testing mla-1.3.0 against 1.69.0 for beta-1.70-1
[INFO] extracting crate mla 1.3.0 into /workspace/builds/worker-2-tc1/source
[INFO] validating manifest of crates.io crate mla 1.3.0 on toolchain 1.69.0
[INFO] running `Command { std: CARGO_HOME="/workspace/cargo-home" RUSTUP_HOME="/workspace/rustup-home" "/workspace/cargo-home/bin/cargo" "+1.69.0" "metadata" "--manifest-path" "Cargo.toml" "--no-deps", kill_on_drop: false }`
[INFO] started tweaking crates.io crate mla 1.3.0
[INFO] finished tweaking crates.io crate mla 1.3.0
[INFO] tweaked toml for crates.io crate mla 1.3.0 written to /workspace/builds/worker-2-tc1/source/Cargo.toml
[INFO] running `Command { std: CARGO_HOME="/workspace/cargo-home" RUSTUP_HOME="/workspace/rustup-home" __CARGO_TEST_CHANNEL_OVERRIDE_DO_NOT_USE_THIS="nightly" "/workspace/cargo-home/bin/cargo" "+1.69.0" "generate-lockfile" "--manifest-path" "Cargo.toml" "-Zno-index-update", kill_on_drop: false }`
[INFO] running `Command { std: CARGO_HOME="/workspace/cargo-home" RUSTUP_HOME="/workspace/rustup-home" "/workspace/cargo-home/bin/cargo" "+1.69.0" "fetch" "--manifest-path" "Cargo.toml", kill_on_drop: false }`
[INFO] [stderr]  Downloading crates ...
[INFO] [stderr]   Downloaded x25519-dalek v1.2.0
[INFO] running `Command { std: "docker" "create" "-v" "/var/lib/crater-agent-workspace/builds/worker-2-tc1/target:/opt/rustwide/target:rw,Z" "-v" "/var/lib/crater-agent-workspace/builds/worker-2-tc1/source:/opt/rustwide/workdir:ro,Z" "-v" "/var/lib/crater-agent-workspace/cargo-home:/opt/rustwide/cargo-home:ro,Z" "-v" "/var/lib/crater-agent-workspace/rustup-home:/opt/rustwide/rustup-home:ro,Z" "-e" "SOURCE_DIR=/opt/rustwide/workdir" "-e" "CARGO_TARGET_DIR=/opt/rustwide/target" "-e" "CARGO_HOME=/opt/rustwide/cargo-home" "-e" "RUSTUP_HOME=/opt/rustwide/rustup-home" "-w" "/opt/rustwide/workdir" "-m" "1610612736" "--user" "0:0" "--network" "none" "ghcr.io/rust-lang/crates-build-env/linux@sha256:5ff2268d62e97bff2cde7d5815dd6ed5b47097566f13b8d0ca110b04b60e07ed" "/opt/rustwide/cargo-home/bin/cargo" "+1.69.0" "metadata" "--no-deps" "--format-version=1", kill_on_drop: false }`
[INFO] [stdout] 287c99f3de0aa6d6182f0df2b262d4e74c1a6d60a06e9696657d3dc3eca72167
[INFO] running `Command { std: "docker" "start" "-a" "287c99f3de0aa6d6182f0df2b262d4e74c1a6d60a06e9696657d3dc3eca72167", kill_on_drop: false }`
[INFO] running `Command { std: "docker" "inspect" "287c99f3de0aa6d6182f0df2b262d4e74c1a6d60a06e9696657d3dc3eca72167", kill_on_drop: false }`
[INFO] running `Command { std: "docker" "rm" "-f" "287c99f3de0aa6d6182f0df2b262d4e74c1a6d60a06e9696657d3dc3eca72167", kill_on_drop: false }`
[INFO] [stdout] 287c99f3de0aa6d6182f0df2b262d4e74c1a6d60a06e9696657d3dc3eca72167
[INFO] running `Command { std: "docker" "create" "-v" "/var/lib/crater-agent-workspace/builds/worker-2-tc1/target:/opt/rustwide/target:rw,Z" "-v" "/var/lib/crater-agent-workspace/builds/worker-2-tc1/source:/opt/rustwide/workdir:ro,Z" "-v" "/var/lib/crater-agent-workspace/cargo-home:/opt/rustwide/cargo-home:ro,Z" "-v" "/var/lib/crater-agent-workspace/rustup-home:/opt/rustwide/rustup-home:ro,Z" "-e" "SOURCE_DIR=/opt/rustwide/workdir" "-e" "CARGO_TARGET_DIR=/opt/rustwide/target" "-e" "CARGO_INCREMENTAL=0" "-e" "RUST_BACKTRACE=full" "-e" "RUSTFLAGS=--cap-lints=warn" "-e" "RUSTDOCFLAGS=--cap-lints=warn" "-e" "CARGO_HOME=/opt/rustwide/cargo-home" "-e" "RUSTUP_HOME=/opt/rustwide/rustup-home" "-w" "/opt/rustwide/workdir" "-m" "1610612736" "--user" "0:0" "--network" "none" "ghcr.io/rust-lang/crates-build-env/linux@sha256:5ff2268d62e97bff2cde7d5815dd6ed5b47097566f13b8d0ca110b04b60e07ed" "/opt/rustwide/cargo-home/bin/cargo" "+1.69.0" "build" "--frozen" "--message-format=json", kill_on_drop: false }`
[INFO] [stdout] 67672ac9190dfaf84244091b3f0730ddf3b727f9d2826ebd5b638e95af59f4f4
[INFO] running `Command { std: "docker" "start" "-a" "67672ac9190dfaf84244091b3f0730ddf3b727f9d2826ebd5b638e95af59f4f4", kill_on_drop: false }`
[INFO] [stderr]    Compiling version_check v0.9.4
[INFO] [stderr]    Compiling typenum v1.16.0
[INFO] [stderr]    Compiling subtle v2.4.1
[INFO] [stderr]    Compiling cfg-if v1.0.0
[INFO] [stderr]    Compiling libc v0.2.142
[INFO] [stderr]    Compiling serde_derive v1.0.160
[INFO] [stderr]    Compiling cpufeatures v0.2.7
[INFO] [stderr]    Compiling syn v2.0.15
[INFO] [stderr]    Compiling serde v1.0.160
[INFO] [stderr]    Compiling alloc-no-stdlib v2.0.4
[INFO] [stderr]    Compiling opaque-debug v0.3.0
[INFO] [stderr]    Compiling byteorder v1.4.3
[INFO] [stderr]    Compiling alloc-stdlib v0.2.2
[INFO] [stderr]    Compiling ppv-lite86 v0.2.17
[INFO] [stderr]    Compiling generic-array v0.14.7
[INFO] [stderr]    Compiling rand_core v0.5.1
[INFO] [stderr]    Compiling brotli-decompressor v2.3.4
[INFO] [stderr]    Compiling bitflags v1.3.2
[INFO] [stderr]    Compiling getrandom v0.2.9
[INFO] [stderr]    Compiling rand_core v0.6.4
[INFO] [stderr]    Compiling rand_chacha v0.3.1
[INFO] [stderr]    Compiling brotli v3.3.4
[INFO] [stderr]    Compiling rand v0.8.5
[INFO] [stderr]    Compiling crypto-common v0.1.6
[INFO] [stderr]    Compiling block-buffer v0.10.4
[INFO] [stderr]    Compiling inout v0.1.3
[INFO] [stderr]    Compiling universal-hash v0.5.0
[INFO] [stderr]    Compiling cipher v0.4.4
[INFO] [stderr]    Compiling digest v0.10.6
[INFO] [stderr]    Compiling digest v0.9.0
[INFO] [stderr]    Compiling polyval v0.6.0
[INFO] [stderr]    Compiling hmac v0.12.1
[INFO] [stderr]    Compiling ctr v0.9.2
[INFO] [stderr]    Compiling aes v0.8.2
[INFO] [stderr]    Compiling sha2 v0.10.6
[INFO] [stderr]    Compiling hkdf v0.12.3
[INFO] [stderr]    Compiling ghash v0.5.0
[INFO] [stderr]    Compiling zeroize_derive v1.4.2
[INFO] [stderr]    Compiling zeroize v1.3.0
[INFO] [stderr]    Compiling curve25519-dalek v3.2.1
[INFO] [stderr]    Compiling x25519-dalek v1.2.0
[INFO] [stderr]    Compiling bincode v1.3.3
[INFO] [stderr]    Compiling mla v1.3.0 (/opt/rustwide/workdir)
[INFO] [stderr]     Finished dev [unoptimized + debuginfo] target(s) in 15.61s
[INFO] running `Command { std: "docker" "inspect" "67672ac9190dfaf84244091b3f0730ddf3b727f9d2826ebd5b638e95af59f4f4", kill_on_drop: false }`
[INFO] running `Command { std: "docker" "rm" "-f" "67672ac9190dfaf84244091b3f0730ddf3b727f9d2826ebd5b638e95af59f4f4", kill_on_drop: false }`
[INFO] [stdout] 67672ac9190dfaf84244091b3f0730ddf3b727f9d2826ebd5b638e95af59f4f4
[INFO] running `Command { std: "docker" "create" "-v" "/var/lib/crater-agent-workspace/builds/worker-2-tc1/target:/opt/rustwide/target:rw,Z" "-v" "/var/lib/crater-agent-workspace/builds/worker-2-tc1/source:/opt/rustwide/workdir:ro,Z" "-v" "/var/lib/crater-agent-workspace/cargo-home:/opt/rustwide/cargo-home:ro,Z" "-v" "/var/lib/crater-agent-workspace/rustup-home:/opt/rustwide/rustup-home:ro,Z" "-e" "SOURCE_DIR=/opt/rustwide/workdir" "-e" "CARGO_TARGET_DIR=/opt/rustwide/target" "-e" "CARGO_INCREMENTAL=0" "-e" "RUST_BACKTRACE=full" "-e" "RUSTFLAGS=--cap-lints=warn" "-e" "RUSTDOCFLAGS=--cap-lints=warn" "-e" "CARGO_HOME=/opt/rustwide/cargo-home" "-e" "RUSTUP_HOME=/opt/rustwide/rustup-home" "-w" "/opt/rustwide/workdir" "-m" "1610612736" "--user" "0:0" "--network" "none" "ghcr.io/rust-lang/crates-build-env/linux@sha256:5ff2268d62e97bff2cde7d5815dd6ed5b47097566f13b8d0ca110b04b60e07ed" "/opt/rustwide/cargo-home/bin/cargo" "+1.69.0" "test" "--frozen" "--no-run" "--message-format=json", kill_on_drop: false }`
[INFO] [stdout] d6947a82e7208fd0d6693ca83e13168a04581d3e141dd81908ecf9d68d74da94
[INFO] running `Command { std: "docker" "start" "-a" "d6947a82e7208fd0d6693ca83e13168a04581d3e141dd81908ecf9d68d74da94", kill_on_drop: false }`
[INFO] [stderr]    Compiling autocfg v1.1.0
[INFO] [stderr]    Compiling crossbeam-utils v0.8.15
[INFO] [stderr]    Compiling scopeguard v1.1.0
[INFO] [stderr]    Compiling memchr v2.5.0
[INFO] [stderr]    Compiling either v1.8.1
[INFO] [stderr]    Compiling itoa v1.0.6
[INFO] [stderr]    Compiling ryu v1.0.13
[INFO] [stderr]    Compiling rayon-core v1.11.0
[INFO] [stderr]    Compiling serde_json v1.0.96
[INFO] [stderr]    Compiling num_cpus v1.15.0
[INFO] [stderr]    Compiling unicode-width v0.1.10
[INFO] [stderr]    Compiling plotters-backend v0.3.4
[INFO] [stderr]    Compiling textwrap v0.11.0
[INFO] [stderr]    Compiling itertools v0.10.5
[INFO] [stderr]    Compiling memoffset v0.8.0
[INFO] [stderr]    Compiling crossbeam-epoch v0.9.14
[INFO] [stderr]    Compiling num-traits v0.2.15
[INFO] [stderr]    Compiling plotters-svg v0.3.3
[INFO] [stderr]    Compiling crossbeam-channel v0.5.8
[INFO] [stderr]    Compiling csv-core v0.1.10
[INFO] [stderr]    Compiling crossbeam-deque v0.8.3
[INFO] [stderr]    Compiling regex-syntax v0.7.1
[INFO] [stderr]    Compiling half v1.8.2
[INFO] [stderr]    Compiling same-file v1.0.6
[INFO] [stderr]    Compiling cast v0.3.0
[INFO] [stderr]    Compiling walkdir v2.3.3
[INFO] [stderr]    Compiling serde_cbor v0.11.2
[INFO] [stderr]    Compiling plotters v0.3.4
[INFO] [stderr]    Compiling criterion-plot v0.4.5
[INFO] [stderr]    Compiling tinytemplate v1.2.1
[INFO] [stderr]    Compiling rayon v1.7.0
[INFO] [stderr]    Compiling regex v1.8.1
[INFO] [stderr]    Compiling csv v1.2.1
[INFO] [stderr]    Compiling clap v2.34.0
[INFO] [stderr]    Compiling aead v0.5.2
[INFO] [stderr]    Compiling atty v0.2.14
[INFO] [stderr]    Compiling oorandom v11.1.3
[INFO] [stderr]    Compiling lazy_static v1.4.0
[INFO] [stderr]    Compiling aes-gcm v0.10.1
[INFO] [stderr]    Compiling hex v0.4.3
[INFO] [stderr]    Compiling static_assertions v1.1.0
[INFO] [stderr]    Compiling hex-literal v0.3.4
[INFO] [stderr]    Compiling criterion v0.3.6
[INFO] [stderr]    Compiling mla v1.3.0 (/opt/rustwide/workdir)
[INFO] [stdout] error: couldn't read src/../../samples/test_x25519_archive_v1_pub.pem: No such file or directory (os error 2)
[INFO] [stdout]     --> src/lib.rs:1904:38
[INFO] [stdout]      |
[INFO] [stdout] 1904 |         let pem_pub: &'static [u8] = include_bytes!("../../samples/test_x25519_archive_v1_pub.pem");
[INFO] [stdout]      |                                      ^^^^^^^^^^^^^^^^^^^^^^^^^^^^^^^^^^^^^^^^^^^^^^^^^^^^^^^^^^^^^^
[INFO] [stdout]      |
[INFO] [stdout]      = note: this error originates in the macro `include_bytes` (in Nightly builds, run with -Z macro-backtrace for more info)
[INFO] [stdout] 
[INFO] [stdout] 
[INFO] [stdout] error: couldn't read src/../../samples/test_x25519_archive_v1.pem: No such file or directory (os error 2)
[INFO] [stdout]     --> src/lib.rs:1998:39
[INFO] [stdout]      |
[INFO] [stdout] 1998 |         let pem_priv: &'static [u8] = include_bytes!("../../samples/test_x25519_archive_v1.pem");
[INFO] [stdout]      |                                       ^^^^^^^^^^^^^^^^^^^^^^^^^^^^^^^^^^^^^^^^^^^^^^^^^^^^^^^^^^
[INFO] [stdout]      |
[INFO] [stdout]      = note: this error originates in the macro `include_bytes` (in Nightly builds, run with -Z macro-backtrace for more info)
[INFO] [stdout] 
[INFO] [stdout] 
[INFO] [stdout] error: couldn't read src/../../samples/archive_v1.mla: No such file or directory (os error 2)
[INFO] [stdout]     --> src/lib.rs:2000:39
[INFO] [stdout]      |
[INFO] [stdout] 2000 |         let mla_data: &'static [u8] = include_bytes!("../../samples/archive_v1.mla");
[INFO] [stdout]      |                                       ^^^^^^^^^^^^^^^^^^^^^^^^^^^^^^^^^^^^^^^^^^^^^^
[INFO] [stdout]      |
[INFO] [stdout]      = note: this error originates in the macro `include_bytes` (in Nightly builds, run with -Z macro-backtrace for more info)
[INFO] [stdout] 
[INFO] [stdout] 
[INFO] [stdout] error[E0432]: unresolved import `curve25519_parser`
[INFO] [stdout]     --> src/lib.rs:1237:9
[INFO] [stdout]      |
[INFO] [stdout] 1237 |     use curve25519_parser::{parse_openssl_25519_privkey, parse_openssl_25519_pubkey};
[INFO] [stdout]      |         ^^^^^^^^^^^^^^^^^ use of undeclared crate or module `curve25519_parser`
[INFO] [stdout] 
[INFO] [stdout] 
[INFO] [stdout] error[E0283]: type annotations needed
[INFO] [stdout]     --> src/layers/compress.rs:1043:58
[INFO] [stdout]      |
[INFO] [stdout] 1043 |             assert_eq!(pos, (UNCOMPRESSED_DATA_SIZE + 4).into());
[INFO] [stdout]      |                                                          ^^^^
[INFO] [stdout]      |
[INFO] [stdout]      = note: cannot satisfy `_: From<u32>`
[INFO] [stdout]      = note: required for `u32` to implement `Into<_>`
[INFO] [stdout] help: try using a fully qualified path to specify the expected types
[INFO] [stdout]      |
[INFO] [stdout] 1043 |             assert_eq!(pos, <u32 as Into<T>>::into((UNCOMPRESSED_DATA_SIZE + 4)));
[INFO] [stdout]      |                             +++++++++++++++++++++++                            ~
[INFO] [stdout] 
[INFO] [stdout] 
[INFO] [stdout] error[E0283]: type annotations needed
[INFO] [stdout]     --> src/layers/compress.rs:1043:58
[INFO] [stdout]      |
[INFO] [stdout] 1043 |             assert_eq!(pos, (UNCOMPRESSED_DATA_SIZE + 4).into());
[INFO] [stdout]      |             ---------------------------------------------^^^^--- type must be known at this point
[INFO] [stdout]      |
[INFO] [stdout]      = note: multiple `impl`s satisfying `u64: PartialEq<_>` found in the following crates: `core`, `serde_json`:
[INFO] [stdout]              - impl PartialEq for u64;
[INFO] [stdout]              - impl PartialEq<serde_json::Value> for u64;
[INFO] [stdout] help: try using a fully qualified path to specify the expected types
[INFO] [stdout]      |
[INFO] [stdout] 1043 |             assert_eq!(pos, <u32 as Into<T>>::into((UNCOMPRESSED_DATA_SIZE + 4)));
[INFO] [stdout]      |                             +++++++++++++++++++++++                            ~
[INFO] [stdout] 
[INFO] [stdout] 
[INFO] [stdout] error[E0283]: type annotations needed
[INFO] [stdout]     --> src/layers/compress.rs:1050:66
[INFO] [stdout]      |
[INFO] [stdout] 1050 |             assert_eq!(pos, (UNCOMPRESSED_DATA_SIZE + 4 + 5 + 2).into());
[INFO] [stdout]      |             -----------------------------------------------------^^^^--- type must be known at this point
[INFO] [stdout]      |
[INFO] [stdout]      = note: multiple `impl`s satisfying `u64: PartialEq<_>` found in the following crates: `core`, `serde_json`:
[INFO] [stdout]              - impl PartialEq for u64;
[INFO] [stdout]              - impl PartialEq<serde_json::Value> for u64;
[INFO] [stdout] help: try using a fully qualified path to specify the expected types
[INFO] [stdout]      |
[INFO] [stdout] 1050 |             assert_eq!(pos, <u32 as Into<T>>::into((UNCOMPRESSED_DATA_SIZE + 4 + 5 + 2)));
[INFO] [stdout]      |                             +++++++++++++++++++++++                                    ~
[INFO] [stdout] 
[INFO] [stdout] 
[INFO] [stdout] error[E0283]: type annotations needed
[INFO] [stdout]     --> src/layers/compress.rs:1059:74
[INFO] [stdout]      |
[INFO] [stdout] 1059 |             assert_eq!(pos, (UNCOMPRESSED_DATA_SIZE * 2 + 4 + 5 + 2 + 5).into());
[INFO] [stdout]      |             -------------------------------------------------------------^^^^--- type must be known at this point
[INFO] [stdout]      |
[INFO] [stdout]      = note: multiple `impl`s satisfying `u64: PartialEq<_>` found in the following crates: `core`, `serde_json`:
[INFO] [stdout]              - impl PartialEq for u64;
[INFO] [stdout]              - impl PartialEq<serde_json::Value> for u64;
[INFO] [stdout] help: try using a fully qualified path to specify the expected types
[INFO] [stdout]      |
[INFO] [stdout] 1059 |             assert_eq!(pos, <u32 as Into<T>>::into((UNCOMPRESSED_DATA_SIZE * 2 + 4 + 5 + 2 + 5)));
[INFO] [stdout]      |                             +++++++++++++++++++++++                                            ~
[INFO] [stdout] 
[INFO] [stdout] 
[INFO] [stdout] error[E0283]: type annotations needed
[INFO] [stdout]     --> src/layers/compress.rs:1066:74
[INFO] [stdout]      |
[INFO] [stdout] 1066 |             assert_eq!(pos, (UNCOMPRESSED_DATA_SIZE * 2 + 4 + 5 + 2 + 5).into());
[INFO] [stdout]      |             -------------------------------------------------------------^^^^--- type must be known at this point
[INFO] [stdout]      |
[INFO] [stdout]      = note: multiple `impl`s satisfying `u64: PartialEq<_>` found in the following crates: `core`, `serde_json`:
[INFO] [stdout]              - impl PartialEq for u64;
[INFO] [stdout]              - impl PartialEq<serde_json::Value> for u64;
[INFO] [stdout] help: try using a fully qualified path to specify the expected types
[INFO] [stdout]      |
[INFO] [stdout] 1066 |             assert_eq!(pos, <u32 as Into<T>>::into((UNCOMPRESSED_DATA_SIZE * 2 + 4 + 5 + 2 + 5)));
[INFO] [stdout]      |                             +++++++++++++++++++++++                                            ~
[INFO] [stdout] 
[INFO] [stdout] 
[INFO] [stdout] error: aborting due to 9 previous errors
[INFO] [stdout] 
[INFO] [stdout] 
[INFO] [stdout] Some errors have detailed explanations: E0283, E0432.
[INFO] [stdout] 
[INFO] [stdout] For more information about an error, try `rustc --explain E0283`.
[INFO] [stdout] 
[INFO] [stderr] error: could not compile `mla` due to 10 previous errors
[INFO] [stderr] warning: build failed, waiting for other jobs to finish...
[INFO] running `Command { std: "docker" "inspect" "d6947a82e7208fd0d6693ca83e13168a04581d3e141dd81908ecf9d68d74da94", kill_on_drop: false }`
[INFO] running `Command { std: "docker" "rm" "-f" "d6947a82e7208fd0d6693ca83e13168a04581d3e141dd81908ecf9d68d74da94", kill_on_drop: false }`
[INFO] [stdout] d6947a82e7208fd0d6693ca83e13168a04581d3e141dd81908ecf9d68d74da94
